(244588,6,3,0,0,0,0,0,0,0,0,0,0,0,'',0),(244589,6,3,0,0,0,0,0,0,0,0,0,0,0,'',0),(244590,0,0,0,0,0,0,0,0,0,0,0,0,0,'',0),(244591,0,0,0,0,0,0,0,0,0,0,0,0,0,'',0),(244592,0,11,0,0,0,0,0,0,0,0,0,0,0,'',0),(244593,5,1,0,0,0,0,0,0,0,0,0,0,0,'',1),(244594,0,0,0,0,0,0,0,0,0,0,0,0,0,'',0),(244595,0,0,0,0,0,0,0,0,0,0,0,0,0,'',0),(244596,0,0,0,0,0,0,0,0,0,0,0,0,0,'',0),(244597,0,0,0,0,0,0,0,0,0,0,0,0,0,'',0),(244598,5,1,0,0,0,0,0,0,0,0,0,0,0,'',0),(244599,5,0,0,0,0,0,0,0,0,0,0,0,0,'',0),(244600,5,1,0,0,0,0,0,0,0,0,0,0,0,'',1),(244601,5,1,0,0,0,0,0,0,0,0,0,0,0,'',1),(244602,3,11,0,0,0,0,0,0,0,0,0,0,0,'',0),(244603,5,1,0,0,0,0,0,0,0,0,0,0,0,'',1),(244604,5,1,0,0,0,0,0,0,0,0,0,0,0,'',1),(244605,3,10,0,0,0,0,0,0,0,0,0,0,0,'',0),(244606,3,11,0,0,0,0,0,0,0,0,0,0,0,'',0),(244607,5,1,0,0,0,0,0,0,0,0,0,0,0,'',1),(244608,5,1,0,0,0,0,0,0,0,0,0,0,0,'',1),(244609,0,0,0,0,0,0,0,0,0,0,0,0,0,'',0),(244610,5,1,0,0,0,0,0,0,0,0,0,0,0,'',0),(244611,7,11,0,0,0,0,0,0,0,0,0,0,0,'',1),(244612,5,1,0,0,0,0,0,0,0,0,0,0,0,'',0),(244614,0,0,0,0,0,0,0,0,0,0,0,0,0,'',0),(244615,5,1,0,0,0,0,0,0,0,0,0,0,0,'',0),(244616,5,1,0,0,0,0,0,0,0,0,0,0,0,'',0),(244617,5,1,0,0,0,0,0,0,0,0,0,0,0,'',0),(244618,5,3,0,0,0,0,0,0,0,0,0,0,0,'',0),(244619,3,10,0,0,0,0,0,0,0,0,0,0,0,'',0),(244620,5,1,0,0,0,0,0,0,0,0,0,0,0,'',1),(244621,2,3,0,0,0,0,0,0,0,0,0,0,0,'',0),(244622,0,0,0,0,0,0,0,0,0,0,0,0,0,'',0),(244623,5,1,0,0,0,0,0,0,0,0,0,0,0,'',1),(244624,5,1,0,0,0,0,0,0,0,0,0,0,0,'',0),(244625,5,1,0,0,0,0,0,0,0,0,0,0,0,'',0),(244626,0,0,0,0,0,0,0,0,0,0,0,0,0,'',0),(244627,5,0,0,0,0,0,0,0,0,0,0,0,0,'',1),(244628,3,11,0,0,0,0,0,0,0,0,0,0,0,'',0),(244629,5,1,0,0,0,0,0,0,0,0,0,0,0,'',0),(244630,0,0,0,0,0,0,0,0,0,0,0,0,0,'',0),(244631,5,1,0,0,0,0,0,0,0,0,0,0,0,'',0),(244632,5,1,0,0,0,0,0,0,0,0,0,0,0,'',1),(244633,5,11,0,0,0,0,0,0,0,0,0,0,0,'',0),(244634,5,3,0,0,0,0,0,0,0,0,0,0,0,'',0),(244635,7,11,0,0,0,0,0,0,0,0,0,0,0,'',1),(244636,5,1,0,0,0,0,0,0,0,0,0,0,0,'',1),(244637,0,11,0,0,0,0,0,0,0,0,0,0,0,'',0),(244638,5,1,0,0,0,0,0,0,0,0,0,0,0,'',0),(244639,5,1,0,0,0,0,0,0,0,0,0,0,0,'',0),(244640,0,0,0,0,0,0,0,0,0,0,0,0,0,'',0),(244641,5,3,0,0,0,0,0,0,0,0,0,0,0,'',0),(244642,5,1,0,0,0,0,0,0,0,0,0,0,0,'',0),(244643,5,1,0,0,0,0,0,0,0,0,0,0,0,'',1),(244644,0,0,0,0,0,0,0,0,0,0,0,0,0,'',0),(244645,0,0,0,0,0,0,0,0,0,0,0,0,0,'',0),(244646,0,0,0,0,0,0,0,0,0,0,0,0,0,'',0),(244647,5,1,0,0,0,0,0,0,0,0,0,0,0,'',0),(244648,0,0,0,0,0,0,0,0,0,0,0,0,0,'',0),(244650,3,11,0,0,0,0,0,0,0,0,0,0,0,'',0),(244651,3,11,0,0,0,0,0,0,0,0,0,0,0,'',0),(244652,5,3,0,0,0,0,0,0,0,0,0,0,0,'',0),(244653,3,11,0,0,0,0,0,0,0,0,0,0,0,'',0),(244654,3,11,0,0,0,0,0,0,0,0,0,0,0,'',0),(244655,5,11,0,0,0,0,0,0,0,0,0,0,0,'',0),(244656,0,0,0,0,0,0,0,0,0,0,0,0,0,'',0),(244657,5,1,0,0,0,0,0,0,0,0,0,0,0,'',1),(244658,5,3,0,0,0,0,0,0,0,0,0,0,0,'',0),(244659,0,0,0,0,0,0,0,0,0,0,0,0,0,'',0),(244660,1,3,0,0,0,0,0,0,0,0,0,0,0,'',0),(244661,5,1,0,0,0,0,0,0,0,0,0,0,0,'',0),(244662,3,10,0,0,0,0,0,0,0,0,0,0,0,'',0),(244663,5,1,0,0,0,0,0,0,0,0,0,0,0,'',1),(244664,3,11,0,0,0,0,0,0,0,0,0,0,0,'',0),(244665,5,0,0,0,0,0,0,0,0,0,0,0,0,'',0),(244666,5,1,0,0,0,0,0,0,0,0,0,0,0,'',1),(244667,3,3,0,0,0,0,0,0,0,0,0,0,0,'',0),(244668,5,1,0,0,0,0,0,0,0,0,0,0,0,'',0),(244669,0,0,0,0,0,0,0,0,0,0,0,0,0,'',0),(244670,5,1,0,0,0,0,0,0,0,0,0,0,0,'',1),(244671,5,1,0,0,0,0,0,0,0,0,0,0,0,'',0),(244672,5,3,0,0,0,0,0,0,0,0,0,0,0,'',0),(244673,5,1,0,0,0,0,0,0,0,0,0,0,0,'',1),(244674,5,11,0,0,0,0,0,0,0,0,0,0,0,'',0),(244675,5,1,0,0,0,0,0,0,0,0,0,0,0,'',1),(244676,3,10,0,0,0,0,0,0,0,0,0,0,0,'',0),(244677,5,11,0,0,0,0,0,0,0,0,0,0,0,'',0),(244678,5,1,0,0,0,0,0,0,0,0,0,0,0,'',0),(244679,5,3,0,0,0,0,0,0,0,0,0,0,0,'',0),(244680,0,0,0,0,0,0,0,0,0,0,0,0,0,'',0),(244681,7,11,0,0,0,0,0,0,0,0,0,0,0,'',1),(244682,3,11,0,0,0,0,0,0,0,0,0,0,0,'',0),(244683,5,1,0,0,0,0,0,0,0,0,0,0,0,'',0),(244684,5,1,0,0,0,0,0,0,0,0,0,0,0,'',0),(244685,2,11,0,0,0,0,0,0,0,0,0,0,0,'',0),(244686,0,11,0,0,0,0,0,0,0,0,0,0,0,'',0),(244687,5,0,0,0,0,0,0,0,0,0,0,0,0,'',1),(244688,0,0,0,0,0,0,0,0,0,0,0,0,0,'',0),(244689,5,1,0,0,0,0,0,0,0,0,0,0,0,'',0),(244690,5,1,0,0,0,0,0,0,0,0,0,0,0,'',0),(244691,5,1,0,0,0,0,0,0,0,0,0,0,0,'',0),(244692,5,1,0,0,0,0,0,0,0,0,0,0,0,'',0),(244693,3,11,0,0,0,0,0,0,0,0,0,0,0,'',0),(244694,0,0,0,0,0,0,0,0,0,0,0,0,0,'',0),(244695,0,0,0,0,0,0,0,0,0,0,0,0,0,'',0),(244696,5,1,0,0,0,0,0,0,0,0,0,0,0,'',0),(244697,7,11,0,0,0,0,0,0,0,0,0,0,0,'',1),(244698,5,1,0,0,0,0,0,0,0,0,0,0,0,'',1),(244699,5,0,0,0,0,0,0,0,0,0,0,0,0,'',0),(244700,5,1,0,0,0,0,0,0,0,0,0,0,0,'',1),(244701,7,11,0,0,0,0,0,0,0,0,0,0,0,'',1),(244702,0,0,0,0,0,0,0,0,0,0,0,0,0,'',0),(244703,3,11,0,0,0,0,0,0,0,0,0,0,0,'',0),(244704,0,0,0,0,0,0,0,0,0,0,0,0,0,'',0),(244705,5,11,0,0,0,0,0,0,0,0,0,0,0,'',0),(244706,3,10,0,0,0,0,0,0,0,0,0,0,0,'',0),(244707,5,3,0,0,0,0,0,0,0,0,0,0,0,'',0),(244708,0,11,0,0,0,0,0,0,0,0,0,0,0,'',0),(244709,5,1,0,0,0,0,0,0,0,0,0,0,0,'',0),(244710,0,0,0,0,0,0,0,0,0,0,0,0,0,'',0),(244711,3,11,0,0,0,0,0,0,0,0,0,0,0,'',0),(244712,1,3,0,0,0,0,0,0,0,0,0,0,0,'',0),(244713,5,1,0,0,0,0,0,0,0,0,0,0,0,'',0),(244714,5,1,0,0,0,0,0,0,0,0,0,0,0,'',0),(244715,3,3,0,0,0,0,0,0,0,0,0,0,0,'',0),(244716,5,1,0,0,0,0,0,0,0,0,0,0,0,'',1),(244717,5,1,0,0,0,0,0,0,0,0,0,0,0,'',1),(244718,5,3,0,0,0,0,0,0,0,0,0,0,0,'',0),(244719,5,11,0,0,0,0,0,0,0,0,0,0,0,'',0),(244720,5,1,0,0,0,0,0,0,0,0,0,0,0,'',0),(244721,3,10,0,0,0,0,0,0,0,0,0,0,0,'',0),(244722,3,10,0,0,0,0,0,0,0,0,0,0,0,'',0),(244723,5,1,0,0,0,0,0,0,0,0,0,0,0,'',0),(244724,0,0,0,0,0,0,0,0,0,0,0,0,0,'',0),(244725,0,11,0,0,0,0,0,0,0,0,0,0,0,'',0),(244726,0,11,0,0,0,0,0,0,0,0,0,0,0,'',0),(244727,3,10,0,0,0,0,0,0,0,0,0,0,0,'',0),(244728,3,11,0,0,0,0,0,0,0,0,0,0,0,'',0),(244729,5,3,0,0,0,0,0,0,0,0,0,0,0,'',0),(244730,5,1,0,0,0,0,0,0,0,0,0,0,0,'',0),(244731,0,0,0,0,0,0,0,0,0,0,0,0,0,'',0),(244732,0,0,0,0,0,0,0,0,0,0,0,0,0,'',0),(244733,0,0,0,0,0,0,0,0,0,0,0,0,0,'',0),(244734,0,0,0,0,0,0,0,0,0,0,0,0,0,'',0),(244735,0,0,0,0,0,0,0,0,0,0,0,0,0,'',0),(244736,0,0,0,0,0,0,0,0,0,0,0,0,0,'',0),(244737,3,3,0,0,0,0,0,0,0,0,0,0,0,'',0),(244738,0,0,0,0,0,0,0,0,0,0,0,0,0,'',0),(244739,0,0,0,0,0,0,0,0,0,0,0,0,0,'',0),(244740,3,10,0,0,0,0,0,0,0,0,0,0,0,'',0),(244741,5,1,0,0,0,0,0,0,0,0,0,0,0,'',0),(244742,0,0,0,0,0,0,0,0,0,0,0,0,0,'',0),(244743,0,0,0,0,0,0,0,0,0,0,0,0,0,'',0),(244744,3,11,0,0,0,0,0,0,0,0,0,0,0,'',0),(244745,5,1,0,0,0,0,0,0,0,0,0,0,0,'',0),(244746,3,11,0,0,0,0,0,0,0,0,0,0,0,'',0),(244747,0,0,0,0,0,0,0,0,0,0,0,0,0,'',0),(244748,0,0,0,0,0,0,0,0,0,0,0,0,0,'',0),(244749,5,1,0,0,0,0,0,0,0,0,0,0,0,'',0),(244750,3,3,0,0,0,0,0,0,0,0,0,0,0,'',0),(244751,0,0,0,0,0,0,0,0,0,0,0,0,0,'',0),(244752,0,0,0,0,0,0,0,0,0,0,0,0,0,'',0),(244753,5,1,0,0,0,0,0,0,0,0,0,0,0,'',0),(244754,5,11,0,0,0,0,0,0,0,0,0,0,0,'',0),(244755,3,11,0,0,0,0,0,0,0,0,0,0,0,'',0),(244756,0,0,0,0,0,0,0,0,0,0,0,0,0,'',0),(244757,3,11,0,0,0,0,0,0,0,0,0,0,0,'',0),(244758,5,1,0,0,0,0,0,0,0,0,0,0,0,'',1),(244759,5,1,0,0,0,0,0,0,0,0,0,0,0,'',0),(244760,0,0,0,0,0,0,0,0,0,0,0,0,0,'',0),(244761,3,3,0,0,0,0,0,0,0,0,0,0,0,'',0),(244762,0,0,0,0,0,0,0,0,0,0,0,0,0,'',0),(244763,5,1,0,0,0,0,0,0,0,0,0,0,0,'',0),(244764,5,1,0,0,0,0,0,0,0,0,0,0,0,'',0),(244765,0,0,0,0,0,0,0,0,0,0,0,0,0,'',0),(244766,5,0,0,0,0,0,0,0,0,0,0,0,0,'',1),(244767,3,3,0,0,0,0,0,0,0,0,0,0,0,'',0),(244768,5,1,0,0,0,0,0,0,0,0,0,0,0,'',0),(244769,2,10,0,0,0,0,0,0,0,0,0,0,0,'',0),(244770,5,1,0,0,0,0,0,0,0,0,0,0,0,'',0),(244771,5,1,0,0,0,0,0,0,0,0,0,0,0,'',1),(244772,0,0,0,0,0,0,0,0,0,0,0,0,0,'',0),(244773,5,0,0,0,0,0,0,0,0,0,0,0,0,'',1),(244774,5,1,0,0,0,0,0,0,0,0,0,0,0,'',1),(244775,5,1,0,0,0,0,0,0,0,0,0,0,0,'',1),(244776,0,11,0,0,0,0,0,0,0,0,0,0,0,'',0),(244777,5,1,0,0,0,0,0,0,0,0,0,0,0,'',0),(244778,5,1,0,0,0,0,0,0,0,0,0,0,0,'',0),(244779,0,0,0,0,0,0,0,0,0,0,0,0,0,'',0),(244780,0,11,0,0,0,0,0,0,0,0,0,0,0,'',0),(244781,5,1,0,0,0,0,0,0,0,0,0,0,0,'',1),(244782,0,3,0,0,0,0,0,0,0,0,0,0,0,'',0),(244783,0,0,0,0,0,0,0,0,0,0,0,0,0,'',0),(244784,3,10,0,0,0,0,0,0,0,0,0,0,0,'',0),(244785,5,1,0,0,0,0,0,0,0,0,0,0,0,'',1),(244786,0,0,0,0,0,0,0,0,0,0,0,0,0,'',0),(244787,3,11,0,0,0,0,0,0,0,0,0,0,0,'',0),(244788,5,11,0,0,0,0,0,0,0,0,0,0,0,'',0),(244789,0,0,0,0,0,0,0,0,0,0,0,0,0,'',0),(244790,0,0,0,0,0,0,0,0,0,0,0,0,0,'',0),(244791,0,0,0,0,0,0,0,0,0,0,0,0,0,'',0),(244792,7,3,0,0,0,0,0,0,0,0,0,0,0,'',1),(244793,3,3,0,0,0,0,0,0,0,0,0,0,0,'',0),(244794,5,11,0,0,0,0,0,0,0,0,0,0,0,'',0),(244795,0,0,0,0,0,0,0,0,0,0,0,0,0,'',0),(244796,0,0,0,0,0,0,0,0,0,0,0,0,0,'',0),(244797,5,1,0,0,0,0,0,0,0,0,0,0,0,'',1),(244798,3,3,0,0,0,0,0,0,0,0,0,0,0,'',0),(244799,3,3,0,0,0,0,0,0,0,0,0,0,0,'',0),(244800,0,0,0,0,0,0,0,0,0,0,0,0,0,'',0),(244801,5,1,0,0,0,0,0,0,0,0,0,0,0,'',0),(244802,3,11,0,0,0,0,0,0,0,0,0,0,0,'',0),(244803,5,1,0,0,0,0,0,0,0,0,0,0,0,'',1),(244804,3,11,0,0,0,0,0,0,0,0,0,0,0,'',0),(244805,5,1,0,0,0,0,0,0,0,0,0,0,0,'',0),(244806,5,1,0,0,0,0,0,0,0,0,0,0,0,'',0),(244807,3,10,0,0,0,0,0,0,0,0,0,0,0,'',0),(244808,1,11,0,0,0,0,0,0,0,0,0,0,0,'',0),(244809,0,0,0,0,0,0,0,0,0,0,0,0,0,'',0),(244810,5,1,0,0,0,0,0,0,0,0,0,0,0,'',1),(244811,5,1,0,0,0,0,0,0,0,0,0,0,0,'',0),(244812,3,11,0,0,0,0,0,0,0,0,0,0,0,'',0),(244813,5,11,0,0,0,0,0,0,0,0,0,0,0,'',0),(244814,7,11,0,0,0,0,0,0,0,0,0,0,0,'',1),(244815,0,0,0,0,0,0,0,0,0,0,0,0,0,'',0),(244816,7,11,0,0,0,0,0,0,0,0,0,0,0,'',1),(244817,5,1,0,0,0,0,0,0,0,0,0,0,0,'',0),(244818,7,11,0,0,0,0,0,0,0,0,0,0,0,'',1),(244819,5,1,0,0,0,0,0,0,0,0,0,0,0,'',0),(244820,5,0,0,0,0,0,0,0,0,0,0,0,0,'',1),(244821,5,1,0,0,0,0,0,0,0,0,0,0,0,'',0),(244822,0,0,0,0,0,0,0,0,0,0,0,0,0,'',0),(244823,5,1,0,0,0,0,0,0,0,0,0,0,0,'',0),(244824,5,0,0,0,0,0,0,0,0,0,0,0,0,'',0),(244825,5,1,0,0,0,0,0,0,0,0,0,0,0,'',1),(244826,0,0,0,0,0,0,0,0,0,0,0,0,0,'',0),(244827,2,11,0,0,0,0,0,0,0,0,0,0,0,'',0),(244828,0,0,0,0,0,0,0,0,0,0,0,0,0,'',0),(244829,5,11,0,0,0,0,0,0,0,0,0,0,0,'',0),(244830,3,11,0,0,0,0,0,0,0,0,0,0,0,'',0),(244831,5,1,0,0,0,0,0,0,0,0,0,0,0,'',0),(244832,5,1,0,0,0,0,0,0,0,0,0,0,0,'',1),(244833,5,11,0,0,0,0,0,0,0,0,0,0,0,'',0),(244834,0,0,0,0,0,0,0,0,0,0,0,0,0,'',0),(244835,5,1,0,0,0,0,0,0,0,0,0,0,0,'',0),(244836,5,1,0,0,0,0,0,0,0,0,0,0,0,'',0),(244837,5,11,0,0,0,0,0,0,0,0,0,0,0,'',0),(244838,5,1,0,0,0,0,0,0,0,0,0,0,0,'',1),(244839,0,0,0,0,0,0,0,0,0,0,0,0,0,'',0),(244840,5,11,0,0,0,0,0,0,0,0,0,0,0,'',0),(244841,5,11,0,0,0,0,0,0,0,0,0,0,0,'',0),(244842,5,1,0,0,0,0,0,0,0,0,0,0,0,'',1),(244843,5,1,0,0,0,0,0,0,0,0,0,0,0,'',0),(244844,0,0,0,0,0,0,0,0,0,0,0,0,0,'',0),(244845,0,0,0,0,0,0,0,0,0,0,0,0,0,'',0),(244846,3,3,0,0,0,0,0,0,0,0,0,0,0,'',0),(244847,5,11,0,0,0,0,0,0,0,0,0,0,0,'',0),(244848,5,11,0,0,0,0,0,0,0,0,0,0,0,'',0),(244849,0,0,0,0,0,0,0,0,0,0,0,0,0,'',0),(244850,5,11,0,0,0,0,0,0,0,0,0,0,0,'',0),(244851,5,11,0,0,0,0,0,0,0,0,0,0,0,'',0),(244852,1,10,0,0,0,0,0,0,0,0,0,0,0,'',0),(244853,1,10,0,0,0,0,0,0,0,0,0,0,0,'',0),(244854,3,10,0,0,0,0,0,0,0,0,0,0,0,'',0),(244855,5,1,0,0,0,0,0,0,0,0,0,0,0,'',0),(244856,0,0,0,0,0,0,0,0,0,0,0,0,0,'',0),(244857,5,11,0,0,0,0,0,0,0,0,0,0,0,'',0),(244858,0,0,0,0,0,0,0,0,0,0,0,0,0,'',0),(244859,0,0,0,0,0,0,0,0,0,0,0,0,0,'',0),(244860,3,10,0,0,0,0,0,0,0,0,0,0,0,'',0),(244861,5,1,0,0,0,0,0,0,0,0,0,0,0,'',0),(244862,5,1,0,0,0,0,0,0,0,0,0,0,0,'',0),(244863,5,1,0,0,0,0,0,0,0,0,0,0,0,'',0),(244864,5,1,0,0,0,0,0,0,0,0,0,0,0,'',0),(244865,2,10,0,0,0,0,0,0,0,0,0,0,0,'',0),(244866,0,0,0,0,0,0,0,0,0,0,0,0,0,'',0),(244867,5,1,0,0,0,0,0,0,0,0,0,0,0,'',0),(244868,5,1,0,0,0,0,0,0,0,0,0,0,0,'',0),(244869,5,1,0,0,0,0,0,0,0,0,0,0,0,'',1),(244870,0,11,0,0,0,0,0,0,0,0,0,0,0,'',0),(244871,0,0,0,0,0,0,0,0,0,0,0,0,0,'',0),(244872,5,1,0,0,0,0,0,0,0,0,0,0,0,'',1),(244873,5,1,0,0,0,0,0,0,0,0,0,0,0,'',0),(244874,3,11,0,0,0,0,0,0,0,0,0,0,0,'',0),(244875,3,11,0,0,0,0,0,0,0,0,0,0,0,'',0),(244876,3,11,0,0,0,0,0,0,0,0,0,0,0,'',0),(244877,6,11,0,0,0,0,0,0,0,0,0,0,0,'',0),(244878,0,11,0,0,0,0,0,0,0,0,0,0,0,'',0),(244879,0,0,0,0,0,0,0,0,0,0,0,0,0,'',0),(244880,5,11,0,0,0,0,0,0,0,0,0,0,0,'',0),(244881,5,1,0,0,0,0,0,0,0,0,0,0,0,'',0),(244882,5,1,0,0,0,0,0,0,0,0,0,0,0,'',0),(244883,5,1,0,0,0,0,0,0,0,0,0,0,0,'',1),(244884,0,0,0,0,0,0,0,0,0,0,0,0,0,'',0),(244885,5,3,0,0,0,0,0,0,0,0,0,0,0,'',0),(244886,0,0,0,0,0,0,0,0,0,0,0,0,0,'',0),(244887,3,3,0,0,0,0,0,0,0,0,0,0,0,'',0),(244888,3,3,0,0,0,0,0,0,0,0,0,0,0,'',0),(244889,5,1,0,0,0,0,0,0,0,0,0,0,0,'',0),(244890,0,0,0,0,0,0,0,0,0,0,0,0,0,'',0),(244891,1,11,0,0,0,0,0,0,0,0,0,0,0,'',0),(244892,5,1,0,0,0,0,0,0,0,0,0,0,0,'',1),(244893,5,1,0,0,0,0,0,0,0,0,0,0,0,'',1),(244894,5,11,0,0,0,0,0,0,0,0,0,0,0,'',0),(244895,5,11,0,0,0,0,0,0,0,0,0,0,0,'',0),(244896,0,11,0,0,0,0,0,0,0,0,0,0,0,'',0),(244897,3,11,0,0,0,0,0,0,0,0,0,0,0,'',0),(244898,0,0,0,0,0,0,0,0,0,0,0,0,0,'',0),(244899,5,1,0,0,0,0,0,0,0,0,0,0,0,'',0),(244900,5,1,0,0,0,0,0,0,0,0,0,0,0,'',0),(244901,5,1,0,0,0,0,0,0,0,0,0,0,0,'',0),(244902,0,0,0,0,0,0,0,0,0,0,0,0,0,'',0),(244903,5,1,0,0,0,0,0,0,0,0,0,0,0,'',0),(244904,0,0,0,0,0,0,0,0,0,0,0,0,0,'',0),(244905,5,1,0,0,0,0,0,0,0,0,0,0,0,'',1),(244906,5,1,0,0,0,0,0,0,0,0,0,0,0,'',0),(244907,5,1,0,0,0,0,0,0,0,0,0,0,0,'',0),(244908,0,0,0,0,0,0,0,0,0,0,0,0,0,'',0),(244909,0,0,0,0,0,0,0,0,0,0,0,0,0,'',0),(244910,0,0,0,0,0,0,0,0,0,0,0,0,0,'',0),(244911,3,10,0,0,0,0,0,0,0,0,0,0,0,'',0),(244912,3,3,0,0,0,0,0,0,0,0,0,0,0,'',0),(244913,3,3,0,0,0,0,0,0,0,0,0,0,0,'',0),(244914,5,1,0,0,0,0,0,0,0,0,0,0,0,'',1),(244915,0,11,0,0,0,0,0,0,0,0,0,0,0,'',0),(244916,5,1,0,0,0,0,0,0,0,0,0,0,0,'',1),(244917,0,0,0,0,0,0,0,0,0,0,0,0,0,'',0),(244918,5,3,0,0,0,0,0,0,0,0,0,0,0,'',0),(244919,5,1,0,0,0,0,0,0,0,0,0,0,0,'',0),(244920,0,0,0,0,0,0,0,0,0,0,0,0,0,'',0),(244921,5,11,0,0,0,0,0,0,0,0,0,0,0,'',0),(244922,5,11,0,0,0,0,0,0,0,0,0,0,0,'',0),(244923,5,1,0,0,0,0,0,0,0,0,0,0,0,'',0),(244924,5,1,0,0,0,0,0,0,0,0,0,0,0,'',0),(244925,5,11,0,0,0,0,0,0,0,0,0,0,0,'',0),(244926,0,0,0,0,0,0,0,0,0,0,0,0,0,'',0),(244927,7,11,0,0,0,0,0,0,0,0,0,0,0,'',1),(244928,5,1,0,0,0,0,0,0,0,0,0,0,0,'',1),(244929,0,0,0,0,0,0,0,0,0,0,0,0,0,'',0),(244930,0,11,0,0,0,0,0,0,0,0,0,0,0,'',0),(244931,3,10,0,0,0,0,0,0,0,0,0,0,0,'',0),(244932,5,1,0,0,0,0,0,0,0,0,0,0,0,'',0),(244933,0,11,0,0,0,0,0,0,0,0,0,0,0,'',0),(244934,5,1,0,0,0,0,0,0,0,0,0,0,0,'',1),(244935,0,0,0,0,0,0,0,0,0,0,0,0,0,'',0),(244936,3,11,0,0,0,0,0,0,0,0,0,0,0,'',0),(244937,0,0,0,0,0,0,0,0,0,0,0,0,0,'',0),(244938,0,10,0,0,0,0,0,0,0,0,0,0,0,'',0),(244939,3,10,0,0,0,0,0,0,0,0,0,0,0,'',0),(244940,5,1,0,0,0,0,0,0,0,0,0,0,0,'',0),(244941,5,1,0,0,0,0,0,0,0,0,0,0,0,'',0),(244942,7,11,0,0,0,0,0,0,0,0,0,0,0,'',1),(244943,5,1,0,0,0,0,0,0,0,0,0,0,0,'',1),(244944,5,1,0,0,0,0,0,0,0,0,0,0,0,'',0),(244945,5,11,0,0,0,0,0,0,0,0,0,0,0,'',0),(244946,5,1,0,0,0,0,0,0,0,0,0,0,0,'',0),(244947,0,0,0,0,0,0,0,0,0,0,0,0,0,'',0),(244948,0,0,0,0,0,0,0,0,0,0,0,0,0,'',0),(244949,0,0,0,0,0,0,0,0,0,0,0,0,0,'',0),(244950,0,0,0,0,0,0,0,0,0,0,0,0,0,'',0),(244951,5,11,0,0,0,0,0,0,0,0,0,0,0,'',0),(244952,5,1,0,0,0,0,0,0,0,0,0,0,0,'',0),(244953,3,11,0,0,0,0,0,0,0,0,0,0,0,'',0),(244954,3,11,0,0,0,0,0,0,0,0,0,0,0,'',0),(244955,0,0,0,0,0,0,0,0,0,0,0,0,0,'',0),(244956,0,3,0,0,0,0,0,0,0,0,0,0,0,'',0),(244957,0,3,0,0,0,0,0,0,0,0,0,0,0,'',0),(244958,3,11,0,0,0,0,0,0,0,0,0,0,0,'',0),(244959,5,11,0,0,0,0,0,0,0,0,0,0,0,'',0),(244960,3,11,0,0,0,0,0,0,0,0,0,0,0,'',0),(244961,5,1,0,0,0,0,0,0,0,0,0,0,0,'',0),(244962,5,1,0,0,0,0,0,0,0,0,0,0,0,'',0),(244963,5,2,0,0,0,0,0,0,0,0,0,0,0,'',0),(244964,5,1,0,0,0,0,0,0,0,0,0,0,0,'',1),(244965,5,2,0,0,0,0,0,0,0,0,0,0,0,'',0),(244966,5,2,0,0,0,0,0,0,0,0,0,0,0,'',0),(244967,0,0,0,0,0,0,0,0,0,0,0,0,0,'',0),(244968,1,11,0,0,0,0,0,0,0,0,0,0,0,'',0),(244969,3,10,0,0,0,0,0,0,0,0,0,0,0,'',0),(244970,5,1,0,0,0,0,0,0,0,0,0,0,0,'',0),(244971,3,11,0,0,0,0,0,0,0,0,0,0,0,'',0),(244972,0,11,0,0,0,0,0,0,0,0,0,0,0,'',0),(244973,0,0,0,0,0,0,0,0,0,0,0,0,0,'',0),(244974,5,1,0,0,0,0,0,0,0,0,0,0,0,'',0),(244975,5,1,0,0,0,0,0,0,0,0,0,0,0,'',0),(244976,3,11,0,0,0,0,0,0,0,0,0,0,0,'',0),(244977,5,1,0,0,0,0,0,0,0,0,0,0,0,'',1),(244978,5,11,0,0,0,0,0,0,0,0,0,0,0,'',0),(244979,5,1,0,0,0,0,0,0,0,0,0,0,0,'',1),(244980,5,1,0,0,0,0,0,0,0,0,0,0,0,'',0),(244981,5,1,0,0,0,0,0,0,0,0,0,0,0,'',0),(244982,5,1,0,0,0,0,0,0,0,0,0,0,0,'',1),(244983,5,1,0,0,0,0,0,0,0,0,0,0,0,'',0),(244984,0,0,0,0,0,0,0,0,0,0,0,0,0,'',0),(244985,5,11,0,0,0,0,0,0,0,0,0,0,0,'',0),(244986,3,11,0,0,0,0,0,0,0,0,0,0,0,'',0),(244987,5,3,0,0,0,0,0,0,0,0,0,0,0,'',0),(244988,5,1,0,0,0,0,0,0,0,0,0,0,0,'',0),(244989,5,1,0,0,0,0,0,0,0,0,0,0,0,'',0),(244990,3,11,0,0,0,0,0,0,0,0,0,0,0,'',0),(244991,5,1,0,0,0,0,0,0,0,0,0,0,0,'',0),(244992,5,3,0,0,0,0,0,0,0,0,0,0,0,'',0),(244993,5,1,0,0,0,0,0,0,0,0,0,0,0,'',1),(244994,5,1,0,0,0,0,0,0,0,0,0,0,0,'',1),(244995,5,1,0,0,0,0,0,0,0,0,0,0,0,'',1),(244996,5,1,0,0,0,0,0,0,0,0,0,0,0,'',1),(244997,5,1,0,0,0,0,0,0,0,0,0,0,0,'',0),(244998,3,3,0,0,0,0,0,0,0,0,0,0,0,'',0),(244999,3,3,0,0,0,0,0,0,0,0,0,0,0,'',0),(245000,0,0,0,0,0,0,0,0,0,0,0,0,0,'',0),(245001,3,11,0,0,0,0,0,0,0,0,0,0,0,'',0),(245002,0,11,0,0,0,0,0,0,0,0,0,0,0,'',0),(245003,0,0,0,0,0,0,0,0,0,0,0,0,0,'',0),(245004,0,0,0,0,0,0,0,0,0,0,0,0,0,'',0),(245005,0,0,0,0,0,0,0,0,0,0,0,0,0,'',0),(245006,0,0,0,0,0,0,0,0,0,0,0,0,0,'',0),(245007,5,1,0,0,0,0,0,0,0,0,0,0,0,'',0),(245008,3,10,0,0,0,0,0,0,0,0,0,0,0,'',0),(245009,5,1,0,0,0,0,0,0,0,0,0,0,0,'',0),(245010,0,0,0,0,0,0,0,0,0,0,0,0,0,'',0),(245011,5,11,0,0,0,0,0,0,0,0,0,0,0,'',0),(245012,0,0,0,0,0,0,0,0,0,0,0,0,0,'',0),(245013,0,0,0,0,0,0,0,0,0,0,0,0,0,'',0),(245014,0,0,0,0,0,0,0,0,0,0,0,0,0,'',0),(245015,0,0,0,0,0,0,0,0,0,0,0,0,0,'',0),(245016,5,0,0,0,0,0,0,0,0,0,0,0,0,'',1),(245017,0,11,0,0,0,0,0,0,0,0,0,0,0,'',0),(245018,3,11,0,0,0,0,0,0,0,0,0,0,0,'',0),(245019,0,3,0,0,0,0,0,0,0,0,0,0,0,'',0),(245020,0,3,0,0,0,0,0,0,0,0,0,0,0,'',0),(245021,0,3,0,0,0,0,0,0,0,0,0,0,0,'',0),(245022,5,1,0,0,0,0,0,0,0,0,0,0,0,'',1),(245023,0,0,0,0,0,0,0,0,0,0,0,0,0,'',0),(245024,0,0,0,0,0,0,0,0,0,0,0,0,0,'',0),(245025,5,11,0,0,0,0,0,0,0,0,0,0,0,'',0),(245026,5,11,0,0,0,0,0,0,0,0,0,0,0,'',0),(245027,5,11,0,0,0,0,0,0,0,0,0,0,0,'',0),(245028,6,11,0,0,0,0,0,0,0,0,0,0,0,'',0),(245029,6,11,0,0,0,0,0,0,0,0,0,0,0,'',0),(245030,5,11,0,0,0,0,0,0,0,0,0,0,0,'',0),(245031,5,11,0,0,0,0,0,0,0,0,0,0,0,'',0),(245032,0,0,0,0,0,0,0,0,0,0,0,0,0,'',0),(245033,7,11,0,0,0,0,0,0,0,0,0,0,0,'',1),(245034,5,1,0,0,0,0,0,0,0,0,0,0,0,'',1),(245035,5,1,0,0,0,0,0,0,0,0,0,0,0,'',0),(245036,0,0,0,0,0,0,0,0,0,0,0,0,0,'',0),(245037,3,11,0,0,0,0,0,0,0,0,0,0,0,'',0),(245038,0,3,0,0,0,0,0,0,0,0,0,0,0,'',0),(245039,0,0,0,0,0,0,0,0,0,0,0,0,0,'',0),(245040,0,11,0,0,0,0,0,0,0,0,0,0,0,'',0),(245041,5,1,0,0,0,0,0,0,0,0,0,0,0,'',1),(245042,5,1,0,0,0,0,0,0,0,0,0,0,0,'',1),(245043,5,1,0,0,0,0,0,0,0,0,0,0,0,'',0),(245044,4,11,0,0,0,0,0,0,0,0,0,0,0,'',0),(245045,0,11,0,0,0,0,0,0,0,0,0,0,0,'',0),(245046,5,1,0,0,0,0,0,0,0,0,0,0,0,'',1),(245047,5,1,0,0,0,0,0,0,0,0,0,0,0,'',0),(245048,5,1,0,0,0,0,0,0,0,0,0,0,0,'',0),(245049,5,1,0,0,0,0,0,0,0,0,0,0,0,'',0),(245050,5,1,0,0,0,0,0,0,0,0,0,0,0,'',0),(245051,0,0,0,0,0,0,0,0,0,0,0,0,0,'',0),(245052,3,3,0,0,0,0,0,0,0,0,0,0,0,'',0),(245053,5,3,0,0,0,0,0,0,0,0,0,0,0,'',0),(245054,0,0,0,0,0,0,0,0,0,0,0,0,0,'',0),(245055,0,0,0,0,0,0,0,0,0,0,0,0,0,'',0),(245056,7,11,0,0,0,0,0,0,0,0,0,0,0,'',1),(245057,5,1,0,0,0,0,0,0,0,0,0,0,0,'',0),(245058,5,11,0,0,0,0,0,0,0,0,0,0,0,'',0),(245059,0,0,0,0,0,0,0,0,0,0,0,0,0,'',0),(245060,5,1,0,0,0,0,0,0,0,0,0,0,0,'',1),(245061,5,11,738,0,0,0,0,0,0,0,0,0,0,'',0),(245062,5,11,0,0,0,0,0,0,0,0,0,0,0,'',0),(245063,5,1,0,0,0,0,0,0,0,0,0,0,0,'',1),(245064,5,1,0,0,0,0,0,0,0,0,0,0,0,'',0),(245065,0,0,0,0,0,0,0,0,0,0,0,0,0,'',0),(245066,5,1,0,0,0,0,0,0,0,0,0,0,0,'',1),(245067,5,1,0,0,0,0,0,0,0,0,0,0,0,'',1),(245068,5,1,0,0,0,0,0,0,0,0,0,0,0,'',0),(245069,0,0,0,0,0,0,0,0,0,0,0,0,0,'',0),(245070,5,3,0,0,0,0,0,0,0,0,0,0,0,'',0),(245071,5,0,0,0,0,0,0,0,0,0,0,0,0,'',0),(245072,5,1,0,0,0,0,0,0,0,0,0,0,0,'',1),(245073,5,1,0,0,0,0,0,0,0,0,0,0,0,'',0),(245074,0,0,0,0,0,0,0,0,0,0,0,0,0,'',0),(245075,5,11,0,0,0,0,0,0,0,0,0,0,0,'',0),(245076,0,0,0,0,0,0,0,0,0,0,0,0,0,'',0),(245077,5,1,0,0,0,0,0,0,0,0,0,0,0,'',0),(245078,3,11,0,0,0,0,0,0,0,0,0,0,0,'',0),(245079,5,11,0,0,0,0,0,0,0,0,0,0,0,'',0),(245080,3,3,0,0,0,0,0,0,0,0,0,0,0,'',0),(245081,3,3,0,0,0,0,0,0,0,0,0,0,0,'',0),(245082,0,0,0,0,0,0,0,0,0,0,0,0,0,'',0),(245083,0,0,0,0,0,0,0,0,0,0,0,0,0,'',0),(245084,3,11,0,0,0,0,0,0,0,0,0,0,0,'',0),(245085,0,0,0,0,0,0,0,0,0,0,0,0,0,'',0),(245086,0,0,0,0,0,0,0,0,0,0,0,0,0,'',0),(245087,5,1,0,0,0,0,0,0,0,0,0,0,0,'',0),(245088,3,10,0,0,0,0,0,0,0,0,0,0,0,'',0),(245089,7,11,0,0,0,0,0,0,0,0,0,0,0,'',1),(245090,5,11,0,0,0,0,0,0,0,0,0,0,0,'',0),(245091,0,0,0,0,0,0,0,0,0,0,0,0,0,'',0),(245092,0,0,0,0,0,0,0,0,0,0,0,0,0,'',0),(245093,5,1,0,0,0,0,0,0,0,0,0,0,0,'',0),(245094,5,1,0,0,0,0,0,0,0,0,0,0,0,'',0),(245095,0,0,0,0,0,0,0,0,0,0,0,0,0,'',0),(245096,0,0,0,0,0,0,0,0,0,0,0,0,0,'',0),(245097,0,0,0,0,0,0,0,0,0,0,0,0,0,'',0),(245098,5,1,0,0,0,0,0,0,0,0,0,0,0,'',1),(245099,5,1,0,0,0,0,0,0,0,0,0,0,0,'',0),(245100,2,11,0,0,0,0,0,0,0,0,0,0,0,'',0),(245101,5,0,0,0,0,0,0,0,0,0,0,0,0,'',0),(245102,5,1,0,0,0,0,0,0,0,0,0,0,0,'',1),(245103,5,1,0,0,0,0,0,0,0,0,0,0,0,'',0),(245104,3,10,0,0,0,0,0,0,0,0,0,0,0,'',0),(245105,5,0,0,0,0,0,0,0,0,0,0,0,0,'',0),(245106,5,1,0,0,0,0,0,0,0,0,0,0,0,'',1),(245107,0,0,0,0,0,0,0,0,0,0,0,0,0,'',0),(245108,0,0,0,0,0,0,0,0,0,0,0,0,0,'',0),(245109,3,11,0,0,0,0,0,0,0,0,0,0,0,'',0),(245110,0,11,0,0,0,0,0,0,0,0,0,0,0,'',0),(245111,0,0,0,0,0,0,0,0,0,0,0,0,0,'',0),(245112,5,1,0,0,0,0,0,0,0,0,0,0,0,'',0),(245113,6,11,0,0,0,0,0,0,0,0,0,0,0,'',0),(245114,5,11,0,0,0,0,0,0,0,0,0,0,0,'',0),(245115,3,10,0,0,0,0,0,0,0,0,0,0,0,'',0),(245116,5,1,0,0,0,0,0,0,0,0,0,0,0,'',0),(245117,5,1,0,0,0,0,0,0,0,0,0,0,0,'',0),(245118,0,11,0,0,0,0,0,0,0,0,0,0,0,'',0),(245119,5,1,0,0,0,0,0,0,0,0,0,0,0,'',0),(245120,5,1,0,0,0,0,0,0,0,0,0,0,0,'',1),(245121,0,0,0,0,0,0,0,0,0,0,0,0,0,'',0),(245122,5,1,0,0,0,0,0,0,0,0,0,0,0,'',1),(245123,5,3,0,0,0,0,0,0,0,0,0,0,0,'',0),(245124,5,11,0,0,0,0,0,0,0,0,0,0,0,'',0),(245125,5,1,0,0,0,0,0,0,0,0,0,0,0,'',0),(245126,0,0,0,0,0,0,0,0,0,0,0,0,0,'',0),(245127,3,11,0,0,0,0,0,0,0,0,0,0,0,'',0),(245128,5,1,0,0,0,0,0,0,0,0,0,0,0,'',0),(245129,3,11,0,0,0,0,0,0,0,0,0,0,0,'',0),(245130,5,0,0,0,0,0,0,0,0,0,0,0,0,'',1),(245131,0,0,0,0,0,0,0,0,0,0,0,0,0,'',0),(245132,3,11,0,0,0,0,0,0,0,0,0,0,0,'',0),(245133,5,1,0,0,0,0,0,0,0,0,0,0,0,'',0),(245134,5,11,0,0,0,0,0,0,0,0,0,0,0,'',0),(245135,0,0,0,0,0,0,0,0,0,0,0,0,0,'',0),(245136,5,11,0,0,0,0,0,0,0,0,0,0,0,'',0),(245137,0,10,0,0,0,0,0,0,0,0,0,0,0,'',0),(245138,5,1,0,0,0,0,0,0,0,0,0,0,0,'',0),(245139,5,1,0,0,0,0,0,0,0,0,0,0,0,'',1),(245140,5,1,0,0,0,0,0,0,0,0,0,0,0,'',1),(245141,1,10,0,0,0,0,0,0,0,0,0,0,0,'',0),(245142,0,0,0,0,0,0,0,0,0,0,0,0,0,'',0),(245143,1,10,0,0,0,0,0,0,0,0,0,0,0,'',0),(245144,1,10,0,0,0,0,0,0,0,0,0,0,0,'',0),(245145,5,11,0,0,0,0,0,0,0,0,0,0,0,'',0),(245146,0,0,0,0,0,0,0,0,0,0,0,0,0,'',0),(245147,5,11,0,0,0,0,0,0,0,0,0,0,0,'',0),(245148,6,11,0,0,0,0,0,0,0,0,0,0,0,'',0),(245149,6,11,0,0,0,0,0,0,0,0,0,0,0,'',0),(245150,5,11,0,0,0,0,0,0,0,0,0,0,0,'',0),(245151,0,0,0,0,0,0,0,0,0,0,0,0,0,'',0),(245152,6,11,0,0,0,0,0,0,0,0,0,0,0,'',0),(245153,5,11,0,0,0,0,0,0,0,0,0,0,0,'',0),(245154,1,10,0,0,0,0,0,0,0,0,0,0,0,'',0),(245155,5,1,0,0,0,0,0,0,0,0,0,0,0,'',0),(245156,3,11,0,0,0,0,0,0,0,0,0,0,0,'',0),(245157,5,1,0,0,0,0,0,0,0,0,0,0,0,'',1),(245158,5,1,0,0,0,0,0,0,0,0,0,0,0,'',0),(245159,0,0,0,0,0,0,0,0,0,0,0,0,0,'',0),(245160,5,11,0,0,0,0,0,0,0,0,0,0,0,'',0),(245161,5,1,0,0,0,0,0,0,0,0,0,0,0,'',0),(245162,5,11,0,0,0,0,0,0,0,0,0,0,0,'',0),(245163,0,11,0,0,0,0,0,0,0,0,0,0,0,'',0),(245164,0,11,0,0,0,0,0,0,0,0,0,0,0,'',0),(245165,0,11,0,0,0,0,0,0,0,0,0,0,0,'',0),(245166,0,0,0,0,0,0,0,0,0,0,0,0,0,'',0),(245167,5,1,0,0,0,0,0,0,0,0,0,0,0,'',0),(245168,5,1,0,0,0,0,0,0,0,0,0,0,0,'',0),(245169,5,11,0,0,0,0,0,0,0,0,0,0,0,'',0),(245170,3,10,0,0,0,0,0,0,0,0,0,0,0,'',0),(245171,5,1,0,0,0,0,0,0,0,0,0,0,0,'',0),(245172,5,1,0,0,0,0,0,0,0,0,0,0,0,'',0),(245173,5,3,0,0,0,0,0,0,0,0,0,0,0,'',0),(245174,5,1,0,0,0,0,0,0,0,0,0,0,0,'',1),(245175,5,1,0,0,0,0,0,0,0,0,0,0,0,'',0),(245176,5,3,0,0,0,0,0,0,0,0,0,0,0,'',0),(245177,5,1,0,0,0,0,0,0,0,0,0,0,0,'',1),(245178,5,1,0,0,0,0,0,0,0,0,0,0,0,'',1),(245179,0,0,0,0,0,0,0,0,0,0,0,0,0,'',0),(245180,5,1,0,0,0,0,0,0,0,0,0,0,0,'',0),(245181,5,1,0,0,0,0,0,0,0,0,0,0,0,'',0),(245182,0,0,0,0,0,0,0,0,0,0,0,0,0,'',0),(245183,5,1,0,0,0,0,0,0,0,0,0,0,0,'',0),(245184,7,11,0,0,0,0,0,0,0,0,0,0,0,'',1),(245185,7,11,0,0,0,0,0,0,0,0,0,0,0,'',1),(245186,5,11,0,0,0,0,0,0,0,0,0,0,0,'',0),(245187,5,11,0,0,0,0,0,0,0,0,0,0,0,'',0),(245188,0,0,0,0,0,0,0,0,0,0,0,0,0,'',0),(245189,1,10,0,0,0,0,0,0,0,0,0,0,0,'',0),(245190,5,1,0,0,0,0,0,0,0,0,0,0,0,'',1),(245191,5,1,0,0,0,0,0,0,0,0,0,0,0,'',1),(245192,3,11,0,0,0,0,0,0,0,0,0,0,0,'',0),(245193,5,1,0,0,0,0,0,0,0,0,0,0,0,'',0),(245194,5,1,0,0,0,0,0,0,0,0,0,0,0,'',0),(245195,3,3,0,0,0,0,0,0,0,0,0,0,0,'',0),(245196,5,1,0,0,0,0,0,0,0,0,0,0,0,'',1),(245197,7,11,0,0,0,0,0,0,0,0,0,0,0,'',0),(245198,0,11,0,0,0,0,0,0,0,0,0,0,0,'',0),(245199,3,3,0,0,0,0,0,0,0,0,0,0,0,'',0),(245200,5,1,0,0,0,0,0,0,0,0,0,0,0,'',0),(245201,0,10,0,0,0,0,0,0,0,0,0,0,0,'',0),(245202,5,0,0,0,0,0,0,0,0,0,0,0,0,'',0),(245203,5,1,0,0,0,0,0,0,0,0,0,0,0,'',1),(245204,0,0,0,0,0,0,0,0,0,0,0,0,0,'',0),(245205,5,1,0,0,0,0,0,0,0,0,0,0,0,'',0),(245206,5,1,0,0,0,0,0,0,0,0,0,0,0,'',1),(245207,5,11,0,0,0,0,0,0,0,0,0,0,0,'',0),(245208,5,1,0,0,0,0,0,0,0,0,0,0,0,'',0),(245209,3,11,0,0,0,0,0,0,0,0,0,0,0,'',0),(245210,3,3,0,0,0,0,0,0,0,0,0,0,0,'',0),(245211,5,1,0,0,0,0,0,0,0,0,0,0,0,'',0),(245212,5,1,0,0,0,0,0,0,0,0,0,0,0,'',1),(245213,5,1,0,0,0,0,0,0,0,0,0,0,0,'',0),(245214,0,0,0,0,0,0,0,0,0,0,0,0,0,'',0),(245215,0,0,0,0,0,0,0,0,0,0,0,0,0,'',0),(245216,0,0,0,0,0,0,0,0,0,0,0,0,0,'',0),(245217,5,1,0,0,0,0,0,0,0,0,0,0,0,'',1),(245218,5,1,0,0,0,0,0,0,0,0,0,0,0,'',1),(245219,5,11,0,0,0,0,0,0,0,0,0,0,0,'',0),(245220,5,11,0,0,0,0,0,0,0,0,0,0,0,'',0),(245221,5,1,0,0,0,0,0,0,0,0,0,0,0,'',0),(245222,5,0,0,0,0,0,0,0,0,0,0,0,0,'',0),(245223,5,1,0,0,0,0,0,0,0,0,0,0,0,'',1),(245224,5,1,0,0,0,0,0,0,0,0,0,0,0,'',0),(245225,5,1,0,0,0,0,0,0,0,0,0,0,0,'',0),(245226,5,1,0,0,0,0,0,0,0,0,0,0,0,'',0),(245227,5,1,0,0,0,0,0,0,0,0,0,0,0,'',0),(245228,5,1,0,0,0,0,0,0,0,0,0,0,0,'',0),(245229,0,0,0,0,0,0,0,0,0,0,0,0,0,'',0),(245230,5,0,0,0,0,0,0,0,0,0,0,0,0,'',0),(245231,5,1,0,0,0,0,0,0,0,0,0,0,0,'',1),(245232,0,0,0,0,0,0,0,0,0,0,0,0,0,'',0),(245233,3,11,0,0,0,0,0,0,0,0,0,0,0,'',0),(245234,5,1,0,0,0,0,0,0,0,0,0,0,0,'',1),(245235,7,3,0,0,0,0,0,0,0,0,0,0,0,'',0),(245236,5,11,0,0,0,0,0,0,0,0,0,0,0,'',0),(245237,0,0,0,0,0,0,0,0,0,0,0,0,0,'',0),(245238,0,0,0,0,0,0,0,0,0,0,0,0,0,'',0),(245239,5,1,0,0,0,0,0,0,0,0,0,0,0,'',0),(245240,5,11,0,0,0,0,0,0,0,0,0,0,0,'',0),(245241,5,11,0,0,0,0,0,0,0,0,0,0,0,'',0),(245242,5,1,0,0,0,0,0,0,0,0,0,0,0,'',0),(245243,1,11,0,0,0,0,0,0,0,0,0,0,0,'',0),(245244,0,0,0,0,0,0,0,0,0,0,0,0,0,'',0),(245245,5,1,0,0,0,0,0,0,0,0,0,0,0,'',0),(245246,3,11,0,0,0,0,0,0,0,0,0,0,0,'',0),(245247,5,3,0,0,0,0,0,0,0,0,0,0,0,'',0),(245248,5,11,0,0,0,0,0,0,0,0,0,0,0,'',0),(245249,5,11,0,0,0,0,0,0,0,0,0,0,0,'',0),(245250,0,0,0,0,0,0,0,0,0,0,0,0,0,'',0),(245251,5,11,0,0,0,0,0,0,0,0,0,0,0,'',0),(245252,5,1,0,0,0,0,0,0,0,0,0,0,0,'',0),(245253,5,11,0,0,0,0,0,0,0,0,0,0,0,'',0),(245254,3,11,0,0,0,0,0,0,0,0,0,0,0,'',0),(245255,0,11,0,0,0,0,0,0,0,0,0,0,0,'',0),(245256,0,11,0,0,0,0,0,0,0,0,0,0,0,'',0),(245257,0,0,0,0,0,0,0,0,0,0,0,0,0,'',0),(245258,5,11,0,0,0,0,0,0,0,0,0,0,0,'',0),(245259,0,0,0,0,0,0,0,0,0,0,0,0,0,'',0),(245260,5,3,0,0,0,0,0,0,0,0,0,0,0,'',0),(245261,5,11,0,0,0,0,0,0,0,0,0,0,0,'',0),(245262,5,11,0,0,0,0,0,0,0,0,0,0,0,'',0),(245263,0,0,0,0,0,0,0,0,0,0,0,0,0,'',0),(245264,5,1,0,0,0,0,0,0,0,0,0,0,0,'',0),(245265,5,11,0,0,0,0,0,0,0,0,0,0,0,'',0),(245266,5,11,0,0,0,0,0,0,0,0,0,0,0,'',0),(245267,0,11,0,0,0,0,0,0,0,0,0,0,0,'',0),(245268,0,11,0,0,0,0,0,0,0,0,0,0,0,'',0),(245269,5,1,0,0,0,0,0,0,0,0,0,0,0,'',0),(245270,0,11,0,0,0,0,0,0,0,0,0,0,0,'',0),(245271,5,1,0,0,0,0,0,0,0,0,0,0,0,'',0),(245272,5,3,0,0,0,0,0,0,0,0,0,0,0,'',0),(245273,5,1,0,0,0,0,0,0,0,0,0,0,0,'',0),(245274,0,0,0,0,0,0,0,0,0,0,0,0,0,'',0),(245275,0,0,0,0,0,0,0,0,0,0,0,0,0,'',0),(245276,0,0,0,0,0,0,0,0,0,0,0,0,0,'',0),(245277,0,0,0,0,0,0,0,0,0,0,0,0,0,'',0),(245278,3,11,0,0,0,0,0,0,0,0,0,0,0,'',0),(245279,0,3,0,0,0,0,0,0,0,0,0,0,0,'',0),(245280,5,1,0,0,0,0,0,0,0,0,0,0,0,'',1),(245281,0,0,0,0,0,0,0,0,0,0,0,0,0,'',0),(245282,5,11,0,0,0,0,0,0,0,0,0,0,0,'',0),(245283,0,11,0,0,0,0,0,0,0,0,0,0,0,'',0),(245284,5,11,0,0,0,0,0,0,0,0,0,0,0,'',0),(245285,5,11,0,0,0,0,0,0,0,0,0,0,0,'',0),(245286,0,0,0,0,0,0,0,0,0,0,0,0,0,'',0),(245287,0,0,0,0,0,0,0,0,0,0,0,0,0,'',0),(245288,3,11,0,0,0,0,0,0,0,0,0,0,0,'',0),(245289,3,3,0,0,0,0,0,0,0,0,0,0,0,'',0),(245290,6,3,0,0,0,0,0,0,0,0,0,0,0,'',0),(245291,5,1,0,0,0,0,0,0,0,0,0,0,0,'',0),(245292,5,1,0,0,0,0,0,0,0,0,0,0,0,'',0),(245293,0,0,0,0,0,0,0,0,0,0,0,0,0,'',0),(245294,5,3,0,0,0,0,0,0,0,0,0,0,0,'',0),(245295,3,10,0,0,0,0,0,0,0,0,0,0,0,'',0),(245296,5,1,0,0,0,0,0,0,0,0,0,0,0,'',1),(245297,5,1,0,0,0,0,0,0,0,0,0,0,0,'',1),(245298,5,11,0,0,0,0,0,0,0,0,0,0,0,'',0),(245299,0,0,0,0,0,0,0,0,0,0,0,0,0,'',0),(245300,0,0,0,0,0,0,0,0,0,0,0,0,0,'',0),(245301,3,10,0,0,0,0,0,0,0,0,0,0,0,'',0),(245302,0,0,0,0,0,0,0,0,0,0,0,0,0,'',0),(245303,0,0,0,0,0,0,0,0,0,0,0,0,0,'',0),(245304,3,10,0,0,0,0,0,0,0,0,0,0,0,'',0),(245305,3,10,0,0,0,0,0,0,0,0,0,0,0,'',0),(245306,3,11,0,0,0,0,0,0,0,0,0,0,0,'',0),(245307,4,11,0,0,0,0,0,0,0,0,0,0,0,'',0),(245308,5,11,0,0,0,0,0,0,0,0,0,0,0,'',0),(245309,0,0,0,0,0,0,0,0,0,0,0,0,0,'',0),(245310,0,11,0,0,0,0,0,0,0,0,0,0,0,'',0),(245311,5,1,0,0,0,0,0,0,0,0,0,0,0,'',0),(245312,0,0,0,0,0,0,0,0,0,0,0,0,0,'',0),(245313,0,3,0,0,0,0,0,0,0,0,0,0,0,'',0),(245314,3,11,0,0,0,0,0,0,0,0,0,0,0,'',0),(245315,7,11,0,0,0,0,0,0,0,0,0,0,0,'',1),(245316,0,0,0,0,0,0,0,0,0,0,0,0,0,'',0),(245317,5,11,0,0,0,0,0,0,0,0,0,0,0,'',0),(245318,0,11,0,0,0,0,0,0,0,0,0,0,0,'',0),(245319,0,0,0,0,0,0,0,0,0,0,0,0,0,'',0),(245321,5,1,0,0,0,0,0,0,0,0,0,0,0,'',0),(245322,5,1,0,0,0,0,0,0,0,0,0,0,0,'',1),(245323,5,1,0,0,0,0,0,0,0,0,0,0,0,'',1),(245324,5,1,0,0,0,0,0,0,0,0,0,0,0,'',0),(245325,5,1,0,0,0,0,0,0,0,0,0,0,0,'',0),(245326,0,0,0,0,0,0,0,0,0,0,0,0,0,'',0),(245327,5,1,0,0,0,0,0,0,0,0,0,0,0,'',1),(245328,5,11,0,0,0,0,0,0,0,0,0,0,0,'',0),(245329,5,11,0,0,0,0,0,0,0,0,0,0,0,'',0),(245330,3,0,0,0,0,0,0,0,0,0,0,0,0,'',0),(245331,0,11,0,0,0,0,0,0,0,0,0,0,0,'',0),(245332,5,11,0,0,0,0,0,0,0,0,0,0,0,'',0),(245333,5,1,0,0,0,0,0,0,0,0,0,0,0,'',0),(245334,5,1,0,0,0,0,0,0,0,0,0,0,0,'',0),(245335,2,11,0,0,0,0,0,0,0,0,0,0,0,'',0),(245336,0,0,0,0,0,0,0,0,0,0,0,0,0,'',0),(245337,5,1,0,0,0,0,0,0,0,0,0,0,0,'',1),(245338,5,1,0,0,0,0,0,0,0,0,0,0,0,'',1),(245339,3,10,0,0,0,0,0,0,0,0,0,0,0,'',0),(245340,3,10,0,0,0,0,0,0,0,0,0,0,0,'',0),(245341,5,1,0,0,0,0,0,0,0,0,0,0,0,'',1),(245342,3,11,0,0,0,0,0,0,0,0,0,0,0,'',0),(245343,5,1,0,0,0,0,0,0,0,0,0,0,0,'',1),(245344,5,11,0,0,0,0,0,0,0,0,0,0,0,'',0),(245345,0,11,0,0,0,0,0,0,0,0,0,0,0,'',0),(245346,0,0,0,0,0,0,0,0,0,0,0,0,0,'',0),(245347,5,1,0,0,0,0,0,0,0,0,0,0,0,'',0),(245348,0,0,0,0,0,0,0,0,0,0,0,0,0,'',0),(245349,5,1,0,0,0,0,0,0,0,0,0,0,0,'',0),(245350,0,0,0,0,0,0,0,0,0,0,0,0,0,'',0),(245351,5,11,0,0,0,0,0,0,0,0,0,0,0,'',0),(245352,0,0,0,0,0,0,0,0,0,0,0,0,0,'',0),(245353,5,0,0,0,0,0,0,0,0,0,0,0,0,'',0),(245354,5,1,0,0,0,0,0,0,0,0,0,0,0,'',1),(245355,5,1,0,0,0,0,0,0,0,0,0,0,0,'',1),(245356,0,0,0,0,0,0,0,0,0,0,0,0,0,'',0),(245357,5,11,0,0,0,0,0,0,0,0,0,0,0,'',0),(245358,0,0,0,0,0,0,0,0,0,0,0,0,0,'',0),(245359,0,0,0,0,0,0,0,0,0,0,0,0,0,'',0),(245360,2,11,0,0,0,0,0,0,0,0,0,0,0,'',0),(245361,5,11,0,0,0,0,0,0,0,0,0,0,0,'',0),(245362,3,11,0,0,0,0,0,0,0,0,0,0,0,'',0),(245363,0,0,0,0,0,0,0,0,0,0,0,0,0,'',0),(245364,0,0,0,0,0,0,0,0,0,0,0,0,0,'',0),(245365,0,0,0,0,0,0,0,0,0,0,0,0,0,'',0),(245366,3,11,0,0,0,0,0,0,0,0,0,0,0,'',0),(245367,0,0,0,0,0,0,0,0,0,0,0,0,0,'',0),(245368,0,0,0,0,0,0,0,0,0,0,0,0,0,'',0),(245369,5,1,0,0,0,0,0,0,0,0,0,0,0,'',1),(245370,3,11,0,0,0,0,0,0,0,0,0,0,0,'',0),(245371,0,0,0,0,0,0,0,0,0,0,0,0,0,'',0),(245372,5,1,0,0,0,0,0,0,0,0,0,0,0,'',0),(245373,5,1,0,0,0,0,0,0,0,0,0,0,0,'',0),(245374,5,1,0,0,0,0,0,0,0,0,0,0,0,'',1),(245375,3,11,0,0,0,0,0,0,0,0,0,0,0,'',0),(245376,3,10,0,0,0,0,0,0,0,0,0,0,0,'',0),(245377,3,10,0,0,0,0,0,0,0,0,0,0,0,'',0),(245378,5,1,0,0,0,0,0,0,0,0,0,0,0,'',1),(245379,5,1,0,0,0,0,0,0,0,0,0,0,0,'',1),(245380,3,10,0,0,0,0,0,0,0,0,0,0,0,'',0),(245381,3,11,0,0,0,0,0,0,0,0,0,0,0,'',0),(245382,3,10,0,0,0,0,0,0,0,0,0,0,0,'',0),(245383,5,1,0,0,0,0,0,0,0,0,0,0,0,'',1),(245384,5,1,0,0,0,0,0,0,0,0,0,0,0,'',1),(245385,5,1,0,0,0,0,0,0,0,0,0,0,0,'',1),(245386,3,10,0,0,0,0,0,0,0,0,0,0,0,'',0),(245387,3,10,0,0,0,0,0,0,0,0,0,0,0,'',0),(245388,5,1,0,0,0,0,0,0,0,0,0,0,0,'',1),(245389,5,1,0,0,0,0,0,0,0,0,0,0,0,'',1),(245390,5,1,0,0,0,0,0,0,0,0,0,0,0,'',1),(245391,5,1,0,0,0,0,0,0,0,0,0,0,0,'',1),(245392,3,10,0,0,0,0,0,0,0,0,0,0,0,'',0),(245393,5,1,0,0,0,0,0,0,0,0,0,0,0,'',1),(245394,3,10,0,0,0,0,0,0,0,0,0,0,0,'',0),(245395,5,1,0,0,0,0,0,0,0,0,0,0,0,'',0),(245396,0,0,0,0,0,0,0,0,0,0,0,0,0,'',0),(245397,5,1,0,0,0,0,0,0,0,0,0,0,0,'',1),(245398,5,3,0,0,0,0,0,0,0,0,0,0,0,'',0),(245399,3,11,0,0,0,0,0,0,0,0,0,0,0,'',0),(245400,5,1,0,0,0,0,0,0,0,0,0,0,0,'',1),(245401,0,0,0,0,0,0,0,0,0,0,0,0,0,'',0),(245402,0,0,0,0,0,0,0,0,0,0,0,0,0,'',0),(245403,5,1,0,0,0,0,0,0,0,0,0,0,0,'',0),(245404,5,11,0,0,0,0,0,0,0,0,0,0,0,'',0),(245405,5,1,0,0,0,0,0,0,0,0,0,0,0,'',1),(245406,5,1,0,0,0,0,0,0,0,0,0,0,0,'',0),(245407,5,11,0,0,0,0,0,0,0,0,0,0,0,'',0),(245408,5,1,0,0,0,0,0,0,0,0,0,0,0,'',1),(245409,1,11,0,0,0,0,0,0,0,0,0,0,0,'',0),(245410,7,11,0,0,0,0,0,0,0,0,0,0,0,'',1),(245411,5,1,0,0,0,0,0,0,0,0,0,0,0,'',0),(245412,0,0,0,0,0,0,0,0,0,0,0,0,0,'',0),(245413,0,0,0,0,0,0,0,0,0,0,0,0,0,'',0),(245414,0,0,0,0,0,0,0,0,0,0,0,0,0,'',0),(245415,5,11,0,0,0,0,0,0,0,0,0,0,0,'',0),(245416,5,11,0,0,0,0,0,0,0,0,0,0,0,'',0),(245417,0,0,0,0,0,0,0,0,0,0,0,0,0,'',0),(245418,5,11,0,0,0,0,0,0,0,0,0,0,0,'',0),(245419,0,0,0,0,0,0,0,0,0,0,0,0,0,'',0),(245420,0,0,0,0,0,0,0,0,0,0,0,0,0,'',0),(245421,0,0,0,0,0,0,0,0,0,0,0,0,0,'',0),(245422,5,1,0,0,0,0,0,0,0,0,0,0,0,'',0),(245423,0,0,0,0,0,0,0,0,0,0,0,0,0,'',0),(245424,5,11,0,0,0,0,0,0,0,0,0,0,0,'',0),(245425,0,0,0,0,0,0,0,0,0,0,0,0,0,'',0),(245426,5,11,0,0,0,0,0,0,0,0,0,0,0,'',0),(245427,5,11,0,0,0,0,0,0,0,0,0,0,0,'',0),(245428,0,0,0,0,0,0,0,0,0,0,0,0,0,'',0),(245429,5,1,0,0,0,0,0,0,0,0,0,0,0,'',1),(245430,3,10,0,0,0,0,0,0,0,0,0,0,0,'',0),(245431,3,10,0,0,0,0,0,0,0,0,0,0,0,'',0),(245432,5,1,0,0,0,0,0,0,0,0,0,0,0,'',1),(245433,5,1,0,0,0,0,0,0,0,0,0,0,0,'',0),(245434,0,11,0,0,0,0,0,0,0,0,0,0,0,'',0),(245435,0,0,0,0,0,0,0,0,0,0,0,0,0,'',0),(245436,0,11,0,0,0,0,0,0,0,0,0,0,0,'',0),(245437,0,11,0,0,0,0,0,0,0,0,0,0,0,'',0),(245438,0,11,0,0,0,0,0,0,0,0,0,0,0,'',0),(245439,0,0,0,0,0,0,0,0,0,0,0,0,0,'',0),(245440,0,0,0,0,0,0,0,0,0,0,0,0,0,'',0),(245441,0,0,0,0,0,0,0,0,0,0,0,0,0,'',0),(245442,3,10,0,0,0,0,0,0,0,0,0,0,0,'',0),(245443,0,0,0,0,0,0,0,0,0,0,0,0,0,'',0),(245444,3,11,0,0,0,0,0,0,0,0,0,0,0,'',0),(245445,3,10,0,0,0,0,0,0,0,0,0,0,0,'',0),(245446,5,0,0,0,0,0,0,0,0,0,0,0,0,'',1),(245447,5,1,0,0,0,0,0,0,0,0,0,0,0,'',1),(245448,5,1,0,0,0,0,0,0,0,0,0,0,0,'',1),(245449,3,10,0,0,0,0,0,0,0,0,0,0,0,'',0),(245450,0,0,0,0,0,0,0,0,0,0,0,0,0,'',0),(245451,0,0,0,0,0,0,0,0,0,0,0,0,0,'',0),(245452,0,0,0,0,0,0,0,0,0,0,0,0,0,'',0),(245453,5,11,0,0,0,0,0,0,0,0,0,0,0,'',0),(245454,3,10,0,0,0,0,0,0,0,0,0,0,0,'',0),(245455,5,3,0,0,0,0,0,0,0,0,0,0,0,'',0),(245456,3,11,0,0,0,0,0,0,0,0,0,0,0,'',0),(245457,3,11,0,0,0,0,0,0,0,0,0,0,0,'',0),(245458,5,1,0,0,0,0,0,0,0,0,0,0,0,'',1),(245459,5,1,0,0,0,0,0,0,0,0,0,0,0,'',1),(245460,5,1,0,0,0,0,0,0,0,0,0,0,0,'',0),(245461,3,11,0,0,0,0,0,0,0,0,0,0,0,'',0),(245462,3,10,0,0,0,0,0,0,0,0,0,0,0,'',0),(245463,4,3,0,0,0,0,0,0,0,0,0,0,0,'',0),(245464,3,10,0,0,0,0,0,0,0,0,0,0,0,'',0),(245465,5,3,0,0,0,0,0,0,0,0,0,0,0,'',0),(245466,5,1,0,0,0,0,0,0,0,0,0,0,0,'',1),(245467,7,11,0,0,0,0,0,0,0,0,0,0,0,'',1),(245468,5,11,0,0,0,0,0,0,0,0,0,0,0,'',0),(245469,5,1,0,0,0,0,0,0,0,0,0,0,0,'',0),(245470,0,0,0,0,0,0,0,0,0,0,0,0,0,'',1),(245471,0,11,0,0,0,0,0,0,0,0,0,0,0,'',0),(245472,5,1,0,0,0,0,0,0,0,0,0,0,0,'',1),(245473,0,0,0,0,0,0,0,0,0,0,0,0,0,'',0),(245474,0,10,0,0,0,0,0,0,0,0,0,0,0,'',0),(245475,5,1,0,0,0,0,0,0,0,0,0,0,0,'',0),(245476,0,0,0,0,0,0,0,0,0,0,0,0,0,'',0),(245477,3,11,0,0,0,0,0,0,0,0,0,0,0,'',0),(245478,5,1,0,0,0,0,0,0,0,0,0,0,0,'',0),(245479,0,0,0,0,0,0,0,0,0,0,0,0,0,'',0),(245480,0,0,0,0,0,0,0,0,0,0,0,0,0,'',0),(245481,3,11,0,0,0,0,0,0,0,0,0,0,0,'',0),(245482,0,0,0,0,0,0,0,0,0,0,0,0,0,'',0),(245483,0,0,0,0,0,0,0,0,0,0,0,0,0,'',0),(245484,0,0,0,0,0,0,0,0,0,0,0,0,0,'',0),(245485,0,0,0,0,0,0,0,0,0,0,0,0,0,'',0),(245486,5,11,0,0,0,0,0,0,0,0,0,0,0,'',0),(245487,5,1,0,0,0,0,0,0,0,0,0,0,0,'',1),(245488,0,0,0,0,0,0,0,0,0,0,0,0,0,'',0),(245489,5,1,0,0,0,0,0,0,0,0,0,0,0,'',1),(245490,5,1,0,0,0,0,0,0,0,0,0,0,0,'',1),(245491,5,1,0,0,0,0,0,0,0,0,0,0,0,'',0),(245492,3,11,0,0,0,0,0,0,0,0,0,0,0,'',0),(245493,5,1,0,0,0,0,0,0,0,0,0,0,0,'',0),(245494,5,1,0,0,0,0,0,0,0,0,0,0,0,'',0),(245495,3,11,0,0,0,0,0,0,0,0,0,0,0,'',0),(245496,3,10,0,0,0,0,0,0,0,0,0,0,0,'',0),(245497,5,11,0,0,0,0,0,0,0,0,0,0,0,'',0),(245498,0,0,0,0,0,0,0,0,0,0,0,0,0,'',0),(245499,3,3,0,0,0,0,0,0,0,0,0,0,0,'',0),(245500,6,11,0,0,0,0,0,0,0,0,0,0,0,'',0),(245501,3,11,0,0,0,0,0,0,0,0,0,0,0,'',0),(245502,5,11,0,0,0,0,0,0,0,0,0,0,0,'',0),(245503,3,11,0,0,0,0,0,0,0,0,0,0,0,'',0),(245504,5,11,0,0,0,0,0,0,0,0,0,0,0,'',0),(245505,5,11,0,0,0,0,0,0,0,0,0,0,0,'',0),(245506,3,11,0,0,0,0,0,0,0,0,0,0,0,'',0),(245507,0,0,0,0,0,0,0,0,0,0,0,0,0,'',0),(245508,0,0,0,0,0,0,0,0,0,0,0,0,0,'',0),(245509,0,0,0,0,0,0,0,0,0,0,0,0,0,'',0),(245510,0,0,0,0,0,0,0,0,0,0,0,0,0,'',0),(245511,5,1,0,0,0,0,0,0,0,0,0,0,0,'',1),(245512,6,3,0,0,0,0,0,0,0,0,0,0,0,'',0),(245513,6,3,0,0,0,0,0,0,0,0,0,0,0,'',0),(245514,3,3,0,0,0,0,0,0,0,0,0,0,0,'',0),(245515,6,3,0,0,0,0,0,0,0,0,0,0,0,'',0),(245516,6,3,0,0,0,0,0,0,0,0,0,0,0,'',0),(245517,3,11,0,0,0,0,0,0,0,0,0,0,0,'',0),(245518,5,0,0,0,0,0,0,0,0,0,0,0,0,'',0),(245519,5,1,0,0,0,0,0,0,0,0,0,0,0,'',1),(245520,3,11,0,0,0,0,0,0,0,0,0,0,0,'',0),(245521,0,0,0,0,0,0,0,0,0,0,0,0,0,'',0),(245522,5,1,0,0,0,0,0,0,0,0,0,0,0,'',0),(245523,0,0,0,0,0,0,0,0,0,0,0,0,0,'',0),(245524,5,11,0,0,0,0,0,0,0,0,0,0,0,'',0),(245525,3,3,0,0,0,0,0,0,0,0,0,0,0,'',0),(245526,5,1,0,0,0,0,0,0,0,0,0,0,0,'',0),(245527,3,3,0,0,0,0,0,0,0,0,0,0,0,'',0),(245528,7,1,0,0,0,0,0,0,0,0,0,0,0,'',1),(245529,7,1,0,0,0,0,0,0,0,0,0,0,0,'',1),(245530,3,11,0,0,0,0,0,0,0,0,0,0,0,'',0),(245531,0,3,0,0,0,0,0,0,0,0,0,0,0,'',0),(245532,5,1,0,0,0,0,0,0,0,0,0,0,0,'',1),(245534,1,3,0,0,0,0,0,0,0,0,0,0,0,'',0),(245535,5,1,0,0,0,0,0,0,0,0,0,0,0,'',0),(245536,5,1,0,0,0,0,0,0,0,0,0,0,0,'',0),(245537,0,3,0,0,0,0,0,0,0,0,0,0,0,'',0),(245538,0,0,0,0,0,0,0,0,0,0,0,0,0,'',0),(245539,2,11,0,0,0,0,0,0,0,0,0,0,0,'',0),(245540,5,1,0,0,0,0,0,0,0,0,0,0,0,'',1),(245541,5,11,0,0,0,0,0,0,0,0,0,0,0,'',0),(245542,5,11,0,0,0,0,0,0,0,0,0,0,0,'',0),(245543,0,0,0,0,0,0,0,0,0,0,0,0,0,'',0),(245544,0,0,0,0,0,0,0,0,0,0,0,0,0,'',0),(245545,5,11,0,0,0,0,0,0,0,0,0,0,0,'',0),(245546,0,0,0,0,0,0,0,0,0,0,0,0,0,'',0),(245547,5,1,0,0,0,0,0,0,0,0,0,0,0,'',1),(245548,0,0,0,0,0,0,0,0,0,0,0,0,0,'',0),(245549,0,11,0,0,0,0,0,0,0,0,0,0,0,'',0),(245550,5,1,0,0,0,0,0,0,0,0,0,0,0,'',1),(245551,0,0,0,0,0,0,0,0,0,0,0,0,0,'',0),(245552,5,1,0,0,0,0,0,0,0,0,0,0,0,'',0),(245553,5,11,0,0,0,0,0,0,0,0,0,0,0,'',0),(245554,3,11,0,0,0,0,0,0,0,0,0,0,0,'',0),(245555,0,0,0,0,0,0,0,0,0,0,0,0,0,'',0),(245556,0,0,0,0,0,0,0,0,0,0,0,0,0,'',0),(245557,0,0,0,0,0,0,0,0,0,0,0,0,0,'',0),(245558,5,11,0,0,0,0,0,0,0,0,0,0,0,'',0),(245559,0,0,0,0,0,0,0,0,0,0,0,0,0,'',0),(245560,5,1,0,0,0,0,0,0,0,0,0,0,0,'',1),(245561,5,1,0,0,0,0,0,0,0,0,0,0,0,'',1),(245562,5,1,0,0,0,0,0,0,0,0,0,0,0,'',1),(245563,3,11,0,0,0,0,0,0,0,0,0,0,0,'',0),(245564,5,11,0,0,0,0,0,0,0,0,0,0,0,'',0),(245565,5,0,0,0,0,0,0,0,0,0,0,0,0,'',0),(245566,5,1,0,0,0,0,0,0,0,0,0,0,0,'',0),(245567,5,1,0,0,0,0,0,0,0,0,0,0,0,'',1),(245568,3,11,0,0,0,0,0,0,0,0,0,0,0,'',0),(245569,5,0,0,0,0,0,0,0,0,0,0,0,0,'',0),(245570,0,0,0,0,0,0,0,0,0,0,0,0,0,'',0),(245571,1,11,0,0,0,0,0,0,0,0,0,0,0,'',0),(245572,3,3,0,0,0,0,0,0,0,0,0,0,0,'',0),(245573,5,11,0,0,0,0,0,0,0,0,0,0,0,'',0),(245574,5,1,0,0,0,0,0,0,0,0,0,0,0,'',1),(245575,5,0,0,0,0,0,0,0,0,0,0,0,0,'',1),(245576,5,11,0,0,0,0,0,0,0,0,0,0,0,'',0),(245577,3,11,0,0,0,0,0,0,0,0,0,0,0,'',0),(245578,3,3,0,0,0,0,0,0,0,0,0,0,0,'',0),(245579,5,1,0,0,0,0,0,0,0,0,0,0,0,'',1),(245580,5,1,0,0,0,0,0,0,0,0,0,0,0,'',0),(245581,5,1,0,0,0,0,0,0,0,0,0,0,0,'',0),(245582,3,11,0,0,0,0,0,0,0,0,0,0,0,'',0),(245583,3,11,0,0,0,0,0,0,0,0,0,0,0,'',0),(245584,5,1,0,0,0,0,0,0,0,0,0,0,0,'',0),(245585,5,1,0,0,0,0,0,0,0,0,0,0,0,'',0),(245586,5,11,0,0,0,0,0,0,0,0,0,0,0,'',0),(245587,3,11,0,0,0,0,0,0,0,0,0,0,0,'',0),(245588,5,11,0,0,0,0,0,0,0,0,0,0,0,'',0),(245589,5,11,0,0,0,0,0,0,0,0,0,0,0,'',0),(245590,3,11,0,0,0,0,0,0,0,0,0,0,0,'',0),(245591,3,11,0,0,0,0,0,0,0,0,0,0,0,'',0),(245592,1,3,0,0,0,0,0,0,0,0,0,0,0,'',0),(245593,3,10,0,0,0,0,0,0,0,0,0,0,0,'',0),(245594,3,11,0,0,0,0,0,0,0,0,0,0,0,'',0),(245595,5,11,0,0,0,0,0,0,0,0,0,0,0,'',0),(245596,5,1,0,0,0,0,0,0,0,0,0,0,0,'',1),(245597,5,1,0,0,0,0,0,0,0,0,0,0,0,'',0),(245598,5,3,0,0,0,0,0,0,0,0,0,0,0,'',0),(245599,7,11,0,0,0,0,0,0,0,0,0,0,0,'',1),(245600,0,0,0,0,0,0,0,0,0,0,0,0,0,'',0),(245601,5,1,0,0,0,0,0,0,0,0,0,0,0,'',0),(245602,5,1,0,0,0,0,0,0,0,0,0,0,0,'',0),(245603,5,1,0,0,0,0,0,0,0,0,0,0,0,'',0),(245604,1,11,0,0,0,0,0,0,0,0,0,0,0,'',0),(245605,2,11,0,0,0,0,0,0,0,0,0,0,0,'',0),(245606,0,0,0,0,0,0,0,0,0,0,0,0,0,'',0),(245607,3,3,0,0,0,0,0,0,0,0,0,0,0,'',0),(245608,0,0,0,0,0,0,0,0,0,0,0,0,0,'',0),(245609,5,1,0,0,0,0,0,0,0,0,0,0,0,'',1),(245610,3,3,0,0,0,0,0,0,0,0,0,0,0,'',0),(245611,5,11,0,0,0,0,0,0,0,0,0,0,0,'',0),(245612,5,3,0,0,0,0,0,0,0,0,0,0,0,'',0),(245613,5,0,0,0,0,0,0,0,0,0,0,0,0,'',1),(245614,5,11,0,0,0,0,0,0,0,0,0,0,0,'',0),(245615,3,11,0,0,0,0,0,0,0,0,0,0,0,'',0),(245616,3,11,0,0,0,0,0,0,0,0,0,0,0,'',0),(245617,5,1,0,0,0,0,0,0,0,0,0,0,0,'',1),(245618,3,3,0,0,0,0,0,0,0,0,0,0,0,'',0),(245619,3,11,0,0,0,0,0,0,0,0,0,0,0,'',0),(245620,0,0,0,0,0,0,0,0,0,0,0,0,0,'',0),(245621,5,0,0,0,0,0,0,0,0,0,0,0,0,'',1),(245622,3,3,0,0,0,0,0,0,0,0,0,0,0,'',0),(245623,5,0,0,0,0,0,0,0,0,0,0,0,0,'',1),(245624,0,11,0,0,0,0,0,0,0,0,0,0,0,'',0),(245625,3,11,0,0,0,0,0,0,0,0,0,0,0,'',0),(245626,5,1,0,0,0,0,0,0,0,0,0,0,0,'',0),(245627,6,3,0,0,0,0,0,0,0,0,0,0,0,'',0),(245628,5,1,0,0,0,0,0,0,0,0,0,0,0,'',1),(245629,6,3,0,0,0,0,0,0,0,0,0,0,0,'',0),(245630,0,0,0,0,0,0,0,0,0,0,0,0,0,'',0),(245631,5,1,0,0,0,0,0,0,0,0,0,0,0,'',1),(245632,0,0,0,0,0,0,0,0,0,0,0,0,0,'',0),(245633,0,0,0,0,0,0,0,0,0,0,0,0,0,'',0),(245634,5,2,0,0,0,0,0,0,0,0,0,0,0,'',0),(245635,3,3,0,0,0,0,0,0,0,0,0,0,0,'',0),(245636,5,1,0,0,0,0,0,0,0,0,0,0,0,'',0),(245637,1,10,0,0,0,0,0,0,0,0,0,0,0,'',0),(245638,0,10,0,0,0,0,0,0,0,0,0,0,0,'',0),(245639,3,10,0,0,0,0,0,0,0,0,0,0,0,'',0),(245640,5,1,0,0,0,0,0,0,0,0,0,0,0,'',1),(245641,5,3,0,0,0,0,0,0,0,0,0,0,0,'',0),(245642,5,11,0,0,0,0,0,0,0,0,0,0,0,'',0),(245643,2,10,0,0,0,0,0,0,0,0,0,0,0,'',0),(245644,5,1,0,0,0,0,0,0,0,0,0,0,0,'',1),(245645,5,1,0,0,0,0,0,0,0,0,0,0,0,'',0),(245646,3,11,0,0,0,0,0,0,0,0,0,0,0,'',0),(245647,1,3,0,0,0,0,0,0,0,0,0,0,0,'',0),(245648,7,11,0,0,0,0,0,0,0,0,0,0,0,'',1),(245649,5,0,0,0,0,0,0,0,0,0,0,0,0,'',0),(245650,5,1,0,0,0,0,0,0,0,0,0,0,0,'',1),(245651,0,0,0,0,0,0,0,0,0,0,0,0,0,'',0),(245652,5,0,0,0,0,0,0,0,0,0,0,0,0,'',0),(245653,5,1,0,0,0,0,0,0,0,0,0,0,0,'',1),(245654,3,11,0,0,0,0,0,0,0,0,0,0,0,'',0),(245655,0,0,0,0,0,0,0,0,0,0,0,0,0,'',0),(245656,5,1,0,0,0,0,0,0,0,0,0,0,0,'',0),(245657,5,1,0,0,0,0,0,0,0,0,0,0,0,'',0),(245658,5,1,0,0,0,0,0,0,0,0,0,0,0,'',0),(245659,0,0,0,0,0,0,0,0,0,0,0,0,0,'',0),(245660,0,0,0,0,0,0,0,0,0,0,0,0,0,'',0),(245661,2,3,0,0,0,0,0,0,0,0,0,0,0,'',0),(245662,1,10,0,0,0,0,0,0,0,0,0,0,0,'',0),(245663,5,3,0,0,0,0,0,0,0,0,0,0,0,'',0),(245664,5,1,0,0,0,0,0,0,0,0,0,0,0,'',1),(245665,5,2,0,0,0,0,0,0,0,0,0,0,0,'',0),(245666,5,2,0,0,0,0,0,0,0,0,0,0,0,'',0),(245667,5,1,0,0,0,0,0,0,0,0,0,0,0,'',1),(245668,5,1,0,0,0,0,0,0,0,0,0,0,0,'',0),(245669,1,11,0,0,0,0,0,0,0,0,0,0,0,'',0),(245670,5,1,0,0,0,0,0,0,0,0,0,0,0,'',0),(245671,0,0,0,0,0,0,0,0,0,0,0,0,0,'',0),(245672,3,11,0,0,0,0,0,0,0,0,0,0,0,'',0),(245673,5,1,0,0,0,0,0,0,0,0,0,0,0,'',0),(245674,5,11,0,0,0,0,0,0,0,0,0,0,0,'',0),(245675,5,11,0,0,0,0,0,0,0,0,0,0,0,'',0),(245676,5,1,0,0,0,0,0,0,0,0,0,0,0,'',0),(245677,5,1,0,0,0,0,0,0,0,0,0,0,0,'',0),(245678,0,0,0,0,0,0,0,0,0,0,0,0,0,'',0),(245679,3,11,0,0,0,0,0,0,0,0,0,0,0,'',0),(245680,3,3,0,0,0,0,0,0,0,0,0,0,0,'',0),(245681,3,10,0,0,0,0,0,0,0,0,0,0,0,'',0),(245682,0,0,0,0,0,0,0,0,0,0,0,0,0,'',0),(245683,3,11,0,0,0,0,0,0,0,0,0,0,0,'',0),(245684,3,3,0,0,0,0,0,0,0,0,0,0,0,'',0),(245685,7,1,0,0,0,0,0,0,0,0,0,0,0,'',1),(245686,5,3,0,0,0,0,0,0,0,0,0,0,0,'',0),(245687,7,1,0,0,0,0,0,0,0,0,0,0,0,'',1),(245688,7,1,0,0,0,0,0,0,0,0,0,0,0,'',1),(245689,7,1,0,0,0,0,0,0,0,0,0,0,0,'',1),(245690,3,11,0,0,0,0,0,0,0,0,0,0,0,'',0),(245691,5,1,0,0,0,0,0,0,0,0,0,0,0,'',0),(245692,5,2,0,0,0,0,0,0,0,0,0,0,0,'',0),(245693,3,3,0,0,0,0,0,0,0,0,0,0,0,'',0),(245694,0,0,0,0,0,0,0,0,0,0,0,0,0,'',0),(245695,5,1,0,0,0,0,0,0,0,0,0,0,0,'',1),(245696,5,1,0,0,0,0,0,0,0,0,0,0,0,'',0),(245697,7,11,0,0,0,0,0,0,0,0,0,0,0,'',1),(245698,5,11,0,0,0,0,0,0,0,0,0,0,0,'',0),(245699,5,1,0,0,0,0,0,0,0,0,0,0,0,'',0),(245700,5,3,0,0,0,0,0,0,0,0,0,0,0,'',0),(245701,5,11,0,0,0,0,0,0,0,0,0,0,0,'',0),(245702,5,1,0,0,0,0,0,0,0,0,0,0,0,'',0),(245703,5,1,0,0,0,0,0,0,0,0,0,0,0,'',1),(245704,5,1,0,0,0,0,0,0,0,0,0,0,0,'',1),(245705,5,1,0,0,0,0,0,0,0,0,0,0,0,'',1),(245706,0,0,0,0,0,0,0,0,0,0,0,0,0,'',0),(245707,5,1,0,0,0,0,0,0,0,0,0,0,0,'',1),(245708,3,11,0,0,0,0,0,0,0,0,0,0,0,'',0),(245709,5,1,0,0,0,0,0,0,0,0,0,0,0,'',0),(245710,0,0,0,0,0,0,0,0,0,0,0,0,0,'',0),(245711,5,1,0,0,0,0,0,0,0,0,0,0,0,'',1),(245712,0,0,0,0,0,0,0,0,0,0,0,0,0,'',0),(245713,5,1,0,0,0,0,0,0,0,0,0,0,0,'',1),(245714,0,0,0,0,0,0,0,0,0,0,0,0,0,'',0),(245715,5,1,0,0,0,0,0,0,0,0,0,0,0,'',0),(245716,3,11,0,0,0,0,0,0,0,0,0,0,0,'',0),(245717,3,11,0,0,0,0,0,0,0,0,0,0,0,'',0),(245718,7,11,0,0,0,0,0,0,0,0,0,0,0,'',0),(245719,3,11,0,0,0,0,0,0,0,0,0,0,0,'',0),(245720,5,1,0,0,0,0,0,0,0,0,0,0,0,'',0),(245721,3,11,0,0,0,0,0,0,0,0,0,0,0,'',0),(245722,5,1,0,0,0,0,0,0,0,0,0,0,0,'',0),(245723,3,10,0,0,0,0,0,0,0,0,0,0,0,'',0),(245724,5,1,0,0,0,0,0,0,0,0,0,0,0,'',1),(245725,5,1,0,0,0,0,0,0,0,0,0,0,0,'',1),(245726,5,11,0,0,0,0,0,0,0,0,0,0,0,'',0),(245727,0,0,0,0,0,0,0,0,0,0,0,0,0,'',0),(245728,0,0,0,0,0,0,0,0,0,0,0,0,0,'',0),(245729,0,0,0,0,0,0,0,0,0,0,0,0,0,'',0),(245730,5,1,0,0,0,0,0,0,0,0,0,0,0,'',1),(245731,0,0,0,0,0,0,0,0,0,0,0,0,0,'',0),(245732,0,11,0,0,0,0,0,0,0,0,0,0,0,'',0),(245733,5,11,0,0,0,0,0,0,0,0,0,0,0,'',0),(245734,0,11,0,0,0,0,0,0,0,0,0,0,0,'',0),(245735,5,3,0,0,0,0,0,0,0,0,0,0,0,'',0),(245736,5,1,0,0,0,0,0,0,0,0,0,0,0,'',0),(245737,5,1,0,0,0,0,0,0,0,0,0,0,0,'',0),(245738,5,1,0,0,0,0,0,0,0,0,0,0,0,'',0),(245739,5,1,0,0,0,0,0,0,0,0,0,0,0,'',0),(245740,5,1,0,0,0,0,0,0,0,0,0,0,0,'',0),(245741,5,1,0,0,0,0,0,0,0,0,0,0,0,'',0),(245742,5,1,0,0,0,0,0,0,0,0,0,0,0,'',0),(245743,5,1,0,0,0,0,0,0,0,0,0,0,0,'',0),(245744,5,1,0,0,0,0,0,0,0,0,0,0,0,'',0),(245745,5,1,0,0,0,0,0,0,0,0,0,0,0,'',0),(245746,5,1,0,0,0,0,0,0,0,0,0,0,0,'',0),(245747,5,11,0,0,0,0,0,0,0,0,0,0,0,'',0),(245748,5,1,0,0,0,0,0,0,0,0,0,0,0,'',0),(245749,5,1,0,0,0,0,0,0,0,0,0,0,0,'',0),(245750,5,11,0,0,0,0,0,0,0,0,0,0,0,'',0),(245751,0,3,0,0,0,0,0,0,0,0,0,0,0,'',0),(245752,5,3,0,0,0,0,0,0,0,0,0,0,0,'',0),(245753,5,3,0,0,0,0,0,0,0,0,0,0,0,'',0),(245754,5,1,0,0,0,0,0,0,0,0,0,0,0,'',0),(245755,0,0,0,0,0,0,0,0,0,0,0,0,0,'',0),(245756,0,0,0,0,0,0,0,0,0,0,0,0,0,'',0),(245757,0,0,0,0,0,0,0,0,0,0,0,0,0,'',0),(245758,5,1,0,0,0,0,0,0,0,0,0,0,0,'',0),(245759,3,11,0,0,0,0,0,0,0,0,0,0,0,'',0),(245760,5,1,0,0,0,0,0,0,0,0,0,0,0,'',0),(245761,5,1,0,0,0,0,0,0,0,0,0,0,0,'',0),(245762,0,11,0,0,0,0,0,0,0,0,0,0,0,'',0),(245763,3,11,0,0,0,0,0,0,0,0,0,0,0,'',0),(245764,3,11,0,0,0,0,0,0,0,0,0,0,0,'',0),(245765,3,11,0,0,0,0,0,0,0,0,0,0,0,'',0),(245766,5,11,0,0,0,0,0,0,0,0,0,0,0,'',0),(245767,1,11,0,0,0,0,0,0,0,0,0,0,0,'',0),(245768,0,0,0,0,0,0,0,0,0,0,0,0,0,'',0),(245769,3,11,0,0,0,0,0,0,0,0,0,0,0,'',0),(245770,0,0,0,0,0,0,0,0,0,0,0,0,0,'',0),(245771,7,1,0,0,0,0,0,0,0,0,0,0,0,'',1),(245772,3,10,0,0,0,0,0,0,0,0,0,0,0,'',0),(245773,3,10,0,0,0,0,0,0,0,0,0,0,0,'',0),(245774,2,10,0,0,0,0,0,0,0,0,0,0,0,'',0),(245775,3,10,0,0,0,0,0,0,0,0,0,0,0,'',0),(245776,0,0,0,0,0,0,0,0,0,0,0,0,0,'',0),(245777,0,0,0,0,0,0,0,0,0,0,0,0,0,'',0),(245778,0,0,0,0,0,0,0,0,0,0,0,0,0,'',0),(245779,0,0,0,0,0,0,0,0,0,0,0,0,0,'',0),(245780,0,0,0,0,0,0,0,0,0,0,0,0,0,'',0),(245781,5,0,0,0,0,0,0,0,0,0,0,0,0,'',1),(245782,5,0,0,0,0,0,0,0,0,0,0,0,0,'',1),(245783,0,0,0,0,0,0,0,0,0,0,0,0,0,'',0),(245784,3,11,0,0,0,0,0,0,0,0,0,0,0,'',0),(245785,3,3,0,0,0,0,0,0,0,0,0,0,0,'',0),(245786,5,1,0,0,0,0,0,0,0,0,0,0,0,'',0),(245787,3,11,0,0,0,0,0,0,0,0,0,0,0,'',0),(245788,0,0,0,0,0,0,0,0,0,0,0,0,0,'',0),(245789,3,10,0,0,0,0,0,0,0,0,0,0,0,'',0),(245790,5,11,0,0,0,0,0,0,0,0,0,0,0,'',0),(245791,5,11,0,0,0,0,0,0,0,0,0,0,0,'',0),(245792,5,11,0,0,0,0,0,0,0,0,0,0,0,'',0),(245793,5,1,0,0,0,0,0,0,0,0,0,0,0,'',1),(245794,3,11,713,0,0,0,0,0,0,0,0,0,0,'',0),(245795,5,1,0,0,0,0,0,0,0,0,0,0,0,'',0),(245796,3,11,0,0,0,0,0,0,0,0,0,0,0,'',0),(245797,3,10,0,0,0,0,0,0,0,0,0,0,0,'',0),(245798,5,2,0,0,0,0,0,0,0,0,0,0,0,'',0),(245799,5,3,0,0,0,0,0,0,0,0,0,0,0,'',0),(245800,3,11,0,0,0,0,0,0,0,0,0,0,0,'',0),(245801,0,0,0,0,0,0,0,0,0,0,0,0,0,'',0),(245802,5,11,0,0,0,0,0,0,0,0,0,0,0,'',0),(245803,5,3,0,0,0,0,0,0,0,0,0,0,0,'',0),(245804,5,11,0,0,0,0,0,0,0,0,0,0,0,'',0),(245805,5,1,0,0,0,0,0,0,0,0,0,0,0,'',1),(245806,1,11,0,0,0,0,0,0,0,0,0,0,0,'',0),(245807,5,11,0,0,0,0,0,0,0,0,0,0,0,'',0),(245808,0,10,0,0,0,0,0,0,0,0,0,0,0,'',0),(245809,5,3,0,0,0,0,0,0,0,0,0,0,0,'',0),(245810,5,1,0,0,0,0,0,0,0,0,0,0,0,'',0),(245811,5,1,0,0,0,0,0,0,0,0,0,0,0,'',0),(245812,3,11,0,0,0,0,0,0,0,0,0,0,0,'',0),(245813,5,1,0,0,0,0,0,0,0,0,0,0,0,'',0),(245814,5,1,0,0,0,0,0,0,0,0,0,0,0,'',1),(245815,3,11,0,0,0,0,0,0,0,0,0,0,0,'',0),(245816,5,0,0,0,0,0,0,0,0,0,0,0,0,'',1),(245817,0,0,0,0,0,0,0,0,0,0,0,0,0,'',0),(245818,5,1,0,0,0,0,0,0,0,0,0,0,0,'',1),(245819,5,1,0,0,0,0,0,0,0,0,0,0,0,'',1),(245820,5,1,0,0,0,0,0,0,0,0,0,0,0,'',1),(245821,3,3,0,0,0,0,0,0,0,0,0,0,0,'',0),(245822,5,1,0,0,0,0,0,0,0,0,0,0,0,'',1),(245823,5,3,0,0,0,0,0,0,0,0,0,0,0,'',0),(245824,5,11,0,0,0,0,0,0,0,0,0,0,0,'',0),(245825,5,3,0,0,0,0,0,0,0,0,0,0,0,'',0),(245826,5,11,0,0,0,0,0,0,0,0,0,0,0,'',0),(245827,5,0,0,0,0,0,0,0,0,0,0,0,0,'',1),(245828,3,3,0,0,0,0,0,0,0,0,0,0,0,'',0),(245829,5,11,0,0,0,0,0,0,0,0,0,0,0,'',0),(245830,0,11,0,0,0,0,0,0,0,0,0,0,0,'',0),(245831,3,3,0,0,0,0,0,0,0,0,0,0,0,'',0),(245832,3,3,0,0,0,0,0,0,0,0,0,0,0,'',0),(245833,0,0,0,0,0,0,0,0,0,0,0,0,0,'',0),(245834,7,3,0,0,0,0,0,0,0,0,0,0,0,'',0),(245835,5,1,0,0,0,0,0,0,0,0,0,0,0,'',0),(245836,0,0,0,0,0,0,0,0,0,0,0,0,0,'',0),(245837,5,1,0,0,0,0,0,0,0,0,0,0,0,'',0),(245838,5,11,0,0,0,0,0,0,0,0,0,0,0,'',0),(245839,5,1,0,0,0,0,0,0,0,0,0,0,0,'',1),(245840,5,0,0,0,0,0,0,0,0,0,0,0,0,'',1),(245841,5,1,0,0,0,0,0,0,0,0,0,0,0,'',0),(245842,0,0,0,0,0,0,0,0,0,0,0,0,0,'',0),(245843,5,1,0,0,0,0,0,0,0,0,0,0,0,'',0),(245844,5,1,0,0,0,0,0,0,0,0,0,0,0,'',1),(245845,7,11,0,0,0,0,0,0,0,0,0,0,0,'',1),(245846,5,1,0,0,0,0,0,0,0,0,0,0,0,'',0),(245847,3,10,0,0,0,0,0,0,0,0,0,0,0,'',0),(245848,0,0,0,0,0,0,0,0,0,0,0,0,0,'',0),(245849,5,1,0,0,0,0,0,0,0,0,0,0,0,'',1),(245850,5,1,0,0,0,0,0,0,0,0,0,0,0,'',0),(245851,5,11,0,0,0,0,0,0,0,0,0,0,0,'',0),(245852,5,11,0,0,0,0,0,0,0,0,0,0,0,'',0),(245853,5,1,0,0,0,0,0,0,0,0,0,0,0,'',1),(245854,5,1,0,0,0,0,0,0,0,0,0,0,0,'',0),(245855,0,0,0,0,0,0,0,0,0,0,0,0,0,'',0),(245856,0,11,0,0,0,0,0,0,0,0,0,0,0,'',0),(245857,3,11,0,0,0,0,0,0,0,0,0,0,0,'',0),(245858,3,11,0,0,0,0,0,0,0,0,0,0,0,'',0),(245859,0,0,0,0,0,0,0,0,0,0,0,0,0,'',0),(245860,5,3,0,0,0,0,0,0,0,0,0,0,0,'',0),(245861,3,11,0,0,0,0,0,0,0,0,0,0,0,'',0),(245862,3,10,0,0,0,0,0,0,0,0,0,0,0,'',0),(245863,5,11,0,0,0,0,0,0,0,0,0,0,0,'',0),(245864,0,0,0,0,0,0,0,0,0,0,0,0,0,'',0),(245865,3,10,0,0,0,0,0,0,0,0,0,0,0,'',0),(245866,0,10,0,0,0,0,0,0,0,0,0,0,0,'',0),(245867,5,1,0,0,0,0,0,0,0,0,0,0,0,'',1),(245868,7,11,0,0,0,0,0,0,0,0,0,0,0,'',1),(245869,3,11,0,0,0,0,0,0,0,0,0,0,0,'',0),(245870,3,11,0,0,0,0,0,0,0,0,0,0,0,'',0),(245871,5,2,0,0,0,0,0,0,0,0,0,0,0,'',0),(245872,0,0,0,0,0,0,0,0,0,0,0,0,0,'',0),(245873,5,1,0,0,0,0,0,0,0,0,0,0,0,'',0),(245874,5,1,0,0,0,0,0,0,0,0,0,0,0,'',1),(245875,3,10,0,0,0,0,0,0,0,0,0,0,0,'',0),(245876,3,11,0,0,0,0,0,0,0,0,0,0,0,'',0),(245877,5,1,0,0,0,0,0,0,0,0,0,0,0,'',1),(245878,5,11,0,0,0,0,0,0,0,0,0,0,0,'',0),(245879,0,0,0,0,0,0,0,0,0,0,0,0,0,'',0),(245880,5,11,0,0,0,0,0,0,0,0,0,0,0,'',0),(245881,5,1,0,0,0,0,0,0,0,0,0,0,0,'',1),(245882,7,11,0,0,0,0,0,0,0,0,0,0,0,'',1),(245883,5,11,0,0,0,0,0,0,0,0,0,0,0,'',0),(245884,5,1,0,0,0,0,0,0,0,0,0,0,0,'',0),(245885,5,1,0,0,0,0,0,0,0,0,0,0,0,'',0),(245886,5,1,0,0,0,0,0,0,0,0,0,0,0,'',0),(245887,5,11,0,0,0,0,0,0,0,0,0,0,0,'',0),(245888,5,3,0,0,0,0,0,0,0,0,0,0,0,'',0),(245889,5,11,0,0,0,0,0,0,0,0,0,0,0,'',0),(245890,0,0,0,0,0,0,0,0,0,0,0,0,0,'',0),(245891,5,1,0,0,0,0,0,0,0,0,0,0,0,'',0),(245892,3,3,0,0,0,0,0,0,0,0,0,0,0,'',0),(245893,5,1,0,0,0,0,0,0,0,0,0,0,0,'',0),(245894,5,1,0,0,0,0,0,0,0,0,0,0,0,'',0),(245895,5,3,0,0,0,0,0,0,0,0,0,0,0,'',0),(245896,5,1,0,0,0,0,0,0,0,0,0,0,0,'',0),(245897,5,1,0,0,0,0,0,0,0,0,0,0,0,'',1),(245898,7,11,0,0,0,0,0,0,0,0,0,0,0,'',1),(245899,5,1,0,0,0,0,0,0,0,0,0,0,0,'',0),(245900,0,0,0,0,0,0,0,0,0,0,0,0,0,'',0),(245901,5,1,0,0,0,0,0,0,0,0,0,0,0,'',1),(245902,3,3,0,0,0,0,0,0,0,0,0,0,0,'',0),(245903,7,11,0,0,0,0,0,0,0,0,0,0,0,'',1),(245904,0,0,0,0,0,0,0,0,0,0,0,0,0,'',0),(245905,0,0,0,0,0,0,0,0,0,0,0,0,0,'',0),(245906,5,1,0,0,0,0,0,0,0,0,0,0,0,'',0),(245907,5,1,0,0,0,0,0,0,0,0,0,0,0,'',1),(245908,7,11,0,0,0,0,0,0,0,0,0,0,0,'',1),(245909,5,1,0,0,0,0,0,0,0,0,0,0,0,'',0),(245910,1,3,0,0,0,0,0,0,0,0,0,0,0,'',0),(245911,5,1,0,0,0,0,0,0,0,0,0,0,0,'',0),(245912,0,11,0,0,0,0,0,0,0,0,0,0,0,'',0),(245913,0,11,0,0,0,0,0,0,0,0,0,0,0,'',0),(245914,5,1,0,0,0,0,0,0,0,0,0,0,0,'',0),(245915,3,11,0,0,0,0,0,0,0,0,0,0,0,'',0),(245916,5,1,0,0,0,0,0,0,0,0,0,0,0,'',1),(245917,5,1,0,0,0,0,0,0,0,0,0,0,0,'',0),(245918,0,0,0,0,0,0,0,0,0,0,0,0,0,'',0),(245919,7,1,0,0,0,0,0,0,0,0,0,0,0,'',1),(245920,5,1,0,0,0,0,0,0,0,0,0,0,0,'',1),(245921,5,1,0,0,0,0,0,0,0,0,0,0,0,'',0),(245922,5,1,0,0,0,0,0,0,0,0,0,0,0,'',0),(245923,5,1,0,0,0,0,0,0,0,0,0,0,0,'',1),(245924,5,11,0,0,0,0,0,0,0,0,0,0,0,'',0),(245925,5,11,0,0,0,0,0,0,0,0,0,0,0,'',0),(245926,0,0,0,0,0,0,0,0,0,0,0,0,0,'',0),(245927,5,1,0,0,0,0,0,0,0,0,0,0,0,'',0),(245928,0,11,0,0,0,0,0,0,0,0,0,0,0,'',0),(245929,5,11,0,0,0,0,0,0,0,0,0,0,0,'',0),(245930,5,1,0,0,0,0,0,0,0,0,0,0,0,'',0),(245931,5,1,0,0,0,0,0,0,0,0,0,0,0,'',1),(245932,0,0,0,0,0,0,0,0,0,0,0,0,0,'',0),(245933,0,11,0,0,0,0,0,0,0,0,0,0,0,'',0),(245934,5,1,0,0,0,0,0,0,0,0,0,0,0,'',1),(245935,5,1,0,0,0,0,0,0,0,0,0,0,0,'',1),(245936,0,0,0,0,0,0,0,0,0,0,0,0,0,'',0),(245937,6,11,0,0,0,0,0,0,0,0,0,0,0,'',0),(245938,0,0,0,0,0,0,0,0,0,0,0,0,0,'',0),(245939,5,1,0,0,0,0,0,0,0,0,0,0,0,'',1),(245940,3,11,0,0,0,0,0,0,0,0,0,0,0,'',0),(245941,3,11,0,0,0,0,0,0,0,0,0,0,0,'',0),(245942,1,10,0,0,0,0,0,0,0,0,0,0,0,'',0),(245943,3,11,0,0,0,0,0,0,0,0,0,0,0,'',0),(245944,5,1,0,0,0,0,0,0,0,0,0,0,0,'',0),(245945,5,1,0,0,0,0,0,0,0,0,0,0,0,'',0),(245946,5,1,0,0,0,0,0,0,0,0,0,0,0,'',0),(245947,5,1,0,0,0,0,0,0,0,0,0,0,0,'',1),(245948,5,0,0,0,0,0,0,0,0,0,0,0,0,'',1),(245949,5,1,0,0,0,0,0,0,0,0,0,0,0,'',1),(245950,0,0,0,0,0,0,0,0,0,0,0,0,0,'',0),(245951,5,1,0,0,0,0,0,0,0,0,0,0,0,'',0),(245952,5,1,0,0,0,0,0,0,0,0,0,0,0,'',1),(245953,7,1,0,0,0,0,0,0,0,0,0,0,0,'',1),(245954,5,11,0,0,0,0,0,0,0,0,0,0,0,'',0),(245955,5,11,0,0,0,0,0,0,0,0,0,0,0,'',0),(245956,5,11,0,0,0,0,0,0,0,0,0,0,0,'',0),(245957,5,11,0,0,0,0,0,0,0,0,0,0,0,'',0),(245958,5,11,0,0,0,0,0,0,0,0,0,0,0,'',0),(245959,5,11,0,0,0,0,0,0,0,0,0,0,0,'',0),(245960,5,1,0,0,0,0,0,0,0,0,0,0,0,'',1),(245961,5,1,0,0,0,0,0,0,0,0,0,0,0,'',1),(245962,5,1,0,0,0,0,0,0,0,0,0,0,0,'',1),(245963,5,3,0,0,0,0,0,0,0,0,0,0,0,'',0),(245964,7,11,0,0,0,0,0,0,0,0,0,0,0,'',1),(245965,5,1,0,0,0,0,0,0,0,0,0,0,0,'',1),(245966,0,3,0,0,0,0,0,0,0,0,0,0,0,'',0),(245967,5,1,0,0,0,0,0,0,0,0,0,0,0,'',1),(245968,0,0,0,0,0,0,0,0,0,0,0,0,0,'',0),(245969,0,0,0,0,0,0,0,0,0,0,0,0,0,'',0),(245970,5,11,0,0,0,0,0,0,0,0,0,0,0,'',0),(245971,0,11,0,0,0,0,0,0,0,0,0,0,0,'',0),(245972,5,11,0,0,0,0,0,0,0,0,0,0,0,'',0),(245973,0,0,0,0,0,0,0,0,0,0,0,0,0,'',0),(245974,0,0,0,0,0,0,0,0,0,0,0,0,0,'',0),(245975,0,0,0,0,0,0,0,0,0,0,0,0,0,'',0),(245976,0,0,0,0,0,0,0,0,0,0,0,0,0,'',0),(245977,0,0,0,0,0,0,0,0,0,0,0,0,0,'',0),(245978,5,11,0,0,0,0,0,0,0,0,0,0,0,'',0),(245979,0,0,0,0,0,0,0,0,0,0,0,0,0,'',0),(245980,0,0,0,0,0,0,0,0,0,0,0,0,0,'',1),(245981,1,11,0,0,0,0,0,0,0,0,0,0,0,'',0),(245982,0,3,0,0,0,0,0,0,0,0,0,0,0,'',0),(245983,0,0,0,0,0,0,0,0,0,0,0,0,0,'',0),(245984,0,0,0,0,0,0,0,0,0,0,0,0,0,'',0),(245985,5,1,0,0,0,0,0,0,0,0,0,0,0,'',0),(245986,5,1,0,0,0,0,0,0,0,0,0,0,0,'',1),(245987,5,1,0,0,0,0,0,0,0,0,0,0,0,'',0),(245988,3,11,0,0,0,0,0,0,0,0,0,0,0,'',0),(245989,3,11,0,0,0,0,0,0,0,0,0,0,0,'',0),(245990,5,1,0,0,0,0,0,0,0,0,0,0,0,'',1),(245991,0,0,0,0,0,0,0,0,0,0,0,0,0,'',0),(245992,5,1,0,0,0,0,0,0,0,0,0,0,0,'',0),(245993,5,1,0,0,0,0,0,0,0,0,0,0,0,'',1),(245994,0,0,0,0,0,0,0,0,0,0,0,0,0,'',0),(245995,3,11,0,0,0,0,0,0,0,0,0,0,0,'',0),(245996,5,3,0,0,0,0,0,0,0,0,0,0,0,'',0),(245997,0,0,0,0,0,0,0,0,0,0,0,0,0,'',0),(245998,0,0,0,0,0,0,0,0,0,0,0,0,0,'',0),(245999,5,1,0,0,0,0,0,0,0,0,0,0,0,'',1),(246000,5,1,0,0,0,0,0,0,0,0,0,0,0,'',1),(246001,5,1,0,0,0,0,0,0,0,0,0,0,0,'',0),(246002,0,0,0,0,0,0,0,0,0,0,0,0,0,'',0),(246003,3,11,0,0,0,0,0,0,0,0,0,0,0,'',0),(246004,5,1,0,0,0,0,0,0,0,0,0,0,0,'',0),(246005,5,11,0,0,0,0,0,0,0,0,0,0,0,'',0),(246006,5,11,0,0,0,0,0,0,0,0,0,0,0,'',0),(246007,5,11,0,0,0,0,0,0,0,0,0,0,0,'',0),(246008,5,11,0,0,0,0,0,0,0,0,0,0,0,'',0),(246009,0,11,0,0,0,0,0,0,0,0,0,0,0,'',0),(246010,0,0,0,0,0,0,0,0,0,0,0,0,0,'',0),(246011,3,11,0,0,0,0,0,0,0,0,0,0,0,'',0),(246012,5,3,0,0,0,0,0,0,0,0,0,0,0,'',0),(246013,1,10,0,0,0,0,0,0,0,0,0,0,0,'',0),(246014,1,10,0,0,0,0,0,0,0,0,0,0,0,'',0),(246015,1,10,0,0,0,0,0,0,0,0,0,0,0,'',0),(246016,1,10,0,0,0,0,0,0,0,0,0,0,0,'',0),(246017,1,10,0,0,0,0,0,0,0,0,0,0,0,'',0),(246018,1,10,0,0,0,0,0,0,0,0,0,0,0,'',0),(246019,1,10,0,0,0,0,0,0,0,0,0,0,0,'',0),(246020,5,3,0,0,0,0,0,0,0,0,0,0,0,'',0),(246021,1,10,0,0,0,0,0,0,0,0,0,0,0,'',0),(246022,1,10,0,0,0,0,0,0,0,0,0,0,0,'',0),(246023,1,10,0,0,0,0,0,0,0,0,0,0,0,'',0),(246024,0,0,0,0,0,0,0,0,0,0,0,0,0,'',0),(246026,5,3,0,0,0,0,0,0,0,0,0,0,0,'',0),(246027,5,11,0,0,0,0,0,0,0,0,0,0,0,'',0),(246028,7,11,0,0,0,0,0,0,0,0,0,0,0,'',1),(246029,5,1,0,0,0,0,0,0,0,0,0,0,0,'',0),(246030,5,11,0,0,0,0,0,0,0,0,0,0,0,'',0),(246031,3,11,0,0,0,0,0,0,0,0,0,0,0,'',0),(246032,5,1,0,0,0,0,0,0,0,0,0,0,0,'',0),(246033,7,11,0,0,0,0,0,0,0,0,0,0,0,'',1),(246034,5,1,0,0,0,0,0,0,0,0,0,0,0,'',0),(246035,5,1,0,0,0,0,0,0,0,0,0,0,0,'',1),(246036,0,0,0,0,0,0,0,0,0,0,0,0,0,'',0),(246037,5,1,0,0,0,0,0,0,0,0,0,0,0,'',1),(246038,5,1,0,0,0,0,0,0,0,0,0,0,0,'',1),(246039,5,1,0,0,0,0,0,0,0,0,0,0,0,'',0),(246040,5,1,0,0,0,0,0,0,0,0,0,0,0,'',0),(246041,5,1,0,0,0,0,0,0,0,0,0,0,0,'',0),(246042,5,1,0,0,0,0,0,0,0,0,0,0,0,'',0),(246043,5,1,0,0,0,0,0,0,0,0,0,0,0,'',0),(246044,0,0,0,0,0,0,0,0,0,0,0,0,0,'',0),(246045,5,1,0,0,0,0,0,0,0,0,0,0,0,'',0),(246046,5,0,0,0,0,0,0,0,0,0,0,0,0,'',0),(246047,5,1,0,0,0,0,0,0,0,0,0,0,0,'',1),(246048,0,0,0,0,0,0,0,0,0,0,0,0,0,'',0),(246049,0,0,0,0,0,0,0,0,0,0,0,0,0,'',0),(246050,3,3,0,0,0,0,0,0,0,0,0,0,0,'',0),(246051,3,11,0,0,0,0,0,0,0,0,0,0,0,'',0),(246052,5,1,0,0,0,0,0,0,0,0,0,0,0,'',0),(246053,0,3,0,0,0,0,0,0,0,0,0,0,0,'',0),(246054,5,1,0,0,0,0,0,0,0,0,0,0,0,'',0),(246055,5,1,0,0,0,0,0,0,0,0,0,0,0,'',0),(246056,5,11,0,0,0,0,0,0,0,0,0,0,0,'',0),(246057,1,11,0,0,0,0,0,0,0,0,0,0,0,'',0),(246058,5,0,0,0,0,0,0,0,0,0,0,0,0,'',1),(246059,5,1,0,0,0,0,0,0,0,0,0,0,0,'',0),(246060,1,11,0,0,0,0,0,0,0,0,0,0,0,'',0),(246061,5,1,0,0,0,0,0,0,0,0,0,0,0,'',0),(246062,5,1,0,0,0,0,0,0,0,0,0,0,0,'',0),(246063,5,11,0,0,0,0,0,0,0,0,0,0,0,'',0),(246064,5,1,0,0,0,0,0,0,0,0,0,0,0,'',1),(246065,3,11,0,0,0,0,0,0,0,0,0,0,0,'',0),(246066,5,1,0,0,0,0,0,0,0,0,0,0,0,'',1),(246067,5,0,0,0,0,0,0,0,0,0,0,0,0,'',1),(246068,5,1,0,0,0,0,0,0,0,0,0,0,0,'',0),(246069,3,11,0,0,0,0,0,0,0,0,0,0,0,'',0),(246070,5,11,0,0,0,0,0,0,0,0,0,0,0,'',0),(246071,5,1,0,0,0,0,0,0,0,0,0,0,0,'',0),(246072,5,0,0,0,0,0,0,0,0,0,0,0,0,'',0),(246073,5,1,0,0,0,0,0,0,0,0,0,0,0,'',1),(246074,0,11,0,0,0,0,0,0,0,0,0,0,0,'',0),(246075,5,11,0,0,0,0,0,0,0,0,0,0,0,'',0),(246076,5,11,0,0,0,0,0,0,0,0,0,0,0,'',0),(246077,5,1,0,0,0,0,0,0,0,0,0,0,0,'',0),(246078,5,1,0,0,0,0,0,0,0,0,0,0,0,'',1),(246079,5,1,0,0,0,0,0,0,0,0,0,0,0,'',0),(246080,5,1,0,0,0,0,0,0,0,0,0,0,0,'',0),(246081,3,11,0,0,0,0,0,0,0,0,0,0,0,'',0),(246082,5,11,0,0,0,0,0,0,0,0,0,0,0,'',0),(246083,0,0,0,0,0,0,0,0,0,0,0,0,0,'',0),(246084,5,1,0,0,0,0,0,0,0,0,0,0,0,'',0),(246085,5,1,0,0,0,0,0,0,0,0,0,0,0,'',1),(246086,5,1,0,0,0,0,0,0,0,0,0,0,0,'',0),(246087,5,1,0,0,0,0,0,0,0,0,0,0,0,'',0),(246088,5,1,0,0,0,0,0,0,0,0,0,0,0,'',1),(246089,0,0,0,0,0,0,0,0,0,0,0,0,0,'',0),(246090,5,1,0,0,0,0,0,0,0,0,0,0,0,'',0),(246091,5,1,0,0,0,0,0,0,0,0,0,0,0,'',0),(246092,5,1,0,0,0,0,0,0,0,0,0,0,0,'',1),(246093,3,11,0,0,0,0,0,0,0,0,0,0,0,'',0),(246094,3,11,0,0,0,0,0,0,0,0,0,0,0,'',0),(246095,0,0,0,0,0,0,0,0,0,0,0,0,0,'',0),(246096,5,3,0,0,0,0,0,0,0,0,0,0,0,'',0),(246097,5,1,0,0,0,0,0,0,0,0,0,0,0,'',1),(246098,2,11,0,0,0,0,0,0,0,0,0,0,0,'',0),(246099,5,1,0,0,0,0,0,0,0,0,0,0,0,'',0),(246100,0,0,0,0,0,0,0,0,0,0,0,0,0,'',0),(246101,0,0,0,0,0,0,0,0,0,0,0,0,0,'',0),(246102,3,3,0,0,0,0,0,0,0,0,0,0,0,'',0),(246103,4,11,0,0,0,0,0,0,0,0,0,0,0,'',0),(246104,5,11,0,0,0,0,0,0,0,0,0,0,0,'',0),(246105,5,1,0,0,0,0,0,0,0,0,0,0,0,'',0),(246106,5,1,0,0,0,0,0,0,0,0,0,0,0,'',0),(246107,5,1,0,0,0,0,0,0,0,0,0,0,0,'',0),(246108,3,11,0,0,0,0,0,0,0,0,0,0,0,'',0),(246109,5,1,0,0,0,0,0,0,0,0,0,0,0,'',0),(246110,0,0,0,0,0,0,0,0,0,0,0,0,0,'',0),(246111,5,1,0,0,0,0,0,0,0,0,0,0,0,'',1),(246112,0,0,0,0,0,0,0,0,0,0,0,0,0,'',0),(246113,5,1,0,0,0,0,0,0,0,0,0,0,0,'',0),(246114,7,11,0,0,0,0,0,0,0,0,0,0,0,'',1),(246115,5,1,0,0,0,0,0,0,0,0,0,0,0,'',1),(246116,5,1,0,0,0,0,0,0,0,0,0,0,0,'',1),(246117,5,1,0,0,0,0,0,0,0,0,0,0,0,'',1),(246118,5,1,0,0,0,0,0,0,0,0,0,0,0,'',0),(246119,3,11,0,0,0,0,0,0,0,0,0,0,0,'',0),(246120,3,11,0,0,0,0,0,0,0,0,0,0,0,'',0),(246121,5,11,0,0,0,0,0,0,0,0,0,0,0,'',0),(246122,3,10,0,0,0,0,0,0,0,0,0,0,0,'',0),(246123,3,10,0,0,0,0,0,0,0,0,0,0,0,'',0),(246124,5,11,0,0,0,0,0,0,0,0,0,0,0,'',0),(246125,0,0,0,0,0,0,0,0,0,0,0,0,0,'',0),(246126,5,1,0,0,0,0,0,0,0,0,0,0,0,'',0),(246127,5,1,0,0,0,0,0,0,0,0,0,0,0,'',1),(246128,5,11,0,0,0,0,0,0,0,0,0,0,0,'',0),(246129,5,1,0,0,0,0,0,0,0,0,0,0,0,'',0),(246130,5,1,0,0,0,0,0,0,0,0,0,0,0,'',0),(246131,0,0,0,0,0,0,0,0,0,0,0,0,0,'',0),(246132,0,0,0,0,0,0,0,0,0,0,0,0,0,'',0),(246133,0,0,0,0,0,0,0,0,0,0,0,0,0,'',0),(246134,3,11,739,0,0,0,0,0,0,0,0,0,0,'',0),(246135,1,10,0,0,0,0,0,0,0,0,0,0,0,'',0),(246136,1,10,0,0,0,0,0,0,0,0,0,0,0,'',0),(246137,0,0,0,0,0,0,0,0,0,0,0,0,0,'',0),(246138,5,2,0,0,0,0,0,0,0,0,0,0,0,'',0),(246139,3,3,0,0,0,0,0,0,0,0,0,0,0,'',0),(246140,3,11,0,0,0,0,0,0,0,0,0,0,0,'',0),(246141,5,1,0,0,0,0,0,0,0,0,0,0,0,'',1),(246142,0,0,0,0,0,0,0,0,0,0,0,0,0,'',0),(246143,0,0,0,0,0,0,0,0,0,0,0,0,0,'',1),(246144,5,1,0,0,0,0,0,0,0,0,0,0,0,'',1),(246145,0,0,0,0,0,0,0,0,0,0,0,0,0,'',0),(246146,3,10,0,0,0,0,0,0,0,0,0,0,0,'',0),(246147,1,11,0,0,0,0,0,0,0,0,0,0,0,'',0),(246148,3,11,0,0,0,0,0,0,0,0,0,0,0,'',0),(246149,5,1,0,0,0,0,0,0,0,0,0,0,0,'',1),(246150,0,0,0,0,0,0,0,0,0,0,0,0,0,'',0),(246151,3,11,0,0,0,0,0,0,0,0,0,0,0,'',0),(246152,5,11,0,0,0,0,0,0,0,0,0,0,0,'',0),(246153,5,1,0,0,0,0,0,0,0,0,0,0,0,'',1),(246154,0,0,0,0,0,0,0,0,0,0,0,0,0,'',0),(246155,5,1,0,0,0,0,0,0,0,0,0,0,0,'',1),(246156,3,11,0,0,0,0,0,0,0,0,0,0,0,'',0),(246157,0,0,0,0,0,0,0,0,0,0,0,0,0,'',0),(246159,3,11,0,0,0,0,0,0,0,0,0,0,0,'',0),(246160,5,11,0,0,0,0,0,0,0,0,0,0,0,'',0),(246161,5,3,0,0,0,0,0,0,0,0,0,0,0,'',0),(246162,5,1,0,0,0,0,0,0,0,0,0,0,0,'',1),(246163,0,0,0,0,0,0,0,0,0,0,0,0,0,'',0),(246164,3,11,0,0,0,0,0,0,0,0,0,0,0,'',0),(246165,5,0,0,0,0,0,0,0,0,0,0,0,0,'',0),(246166,5,1,0,0,0,0,0,0,0,0,0,0,0,'',1),(246167,5,11,0,0,0,0,0,0,0,0,0,0,0,'',0),(246168,0,0,0,0,0,0,0,0,0,0,0,0,0,'',0),(246169,5,1,0,0,0,0,0,0,0,0,0,0,0,'',0),(246170,7,11,0,0,0,0,0,0,0,0,0,0,0,'',1),(246171,0,0,0,0,0,0,0,0,0,0,0,0,0,'',0),(246172,5,1,0,0,0,0,0,0,0,0,0,0,0,'',0),(246173,5,1,0,0,0,0,0,0,0,0,0,0,0,'',1),(246174,1,3,0,0,0,0,0,0,0,0,0,0,0,'',0),(246175,5,1,0,0,0,0,0,0,0,0,0,0,0,'',1),(246176,0,0,0,0,0,0,0,0,0,0,0,0,0,'',0),(246177,0,0,0,0,0,0,0,0,0,0,0,0,0,'',0),(246178,3,3,0,0,0,0,0,0,0,0,0,0,0,'',0),(246179,0,0,0,0,0,0,0,0,0,0,0,0,0,'',0),(246180,0,0,0,0,0,0,0,0,0,0,0,0,0,'',0),(246181,5,1,0,0,0,0,0,0,0,0,0,0,0,'',0),(246182,5,11,0,0,0,0,0,0,0,0,0,0,0,'',0),(246183,5,1,0,0,0,0,0,0,0,0,0,0,0,'',1),(246184,5,1,0,0,0,0,0,0,0,0,0,0,0,'',1),(246185,1,10,0,0,0,0,0,0,0,0,0,0,0,'',0),(246186,1,10,0,0,0,0,0,0,0,0,0,0,0,'',0),(246187,1,10,0,0,0,0,0,0,0,0,0,0,0,'',0),(246188,5,1,0,0,0,0,0,0,0,0,0,0,0,'',1),(246189,1,10,0,0,0,0,0,0,0,0,0,0,0,'',0),(246190,0,11,0,0,0,0,0,0,0,0,0,0,0,'',0),(246191,5,1,0,0,0,0,0,0,0,0,0,0,0,'',0),(246192,5,11,0,0,0,0,0,0,0,0,0,0,0,'',0),(246193,3,11,0,0,0,0,0,0,0,0,0,0,0,'',0),(246194,5,1,0,0,0,0,0,0,0,0,0,0,0,'',0),(246195,5,1,0,0,0,0,0,0,0,0,0,0,0,'',0),(246196,5,3,0,0,0,0,0,0,0,0,0,0,0,'',0),(246197,5,1,0,0,0,0,0,0,0,0,0,0,0,'',0),(246198,5,1,0,0,0,0,0,0,0,0,0,0,0,'',1),(246199,0,0,0,0,0,0,0,0,0,0,0,0,0,'',0),(246200,3,10,0,0,0,0,0,0,0,0,0,0,0,'',0),(246201,3,11,0,0,0,0,0,0,0,0,0,0,0,'',0),(246202,5,1,0,0,0,0,0,0,0,0,0,0,0,'',0),(246203,5,1,0,0,0,0,0,0,0,0,0,0,0,'',0),(246204,0,0,0,0,0,0,0,0,0,0,0,0,0,'',0),(246205,0,0,0,0,0,0,0,0,0,0,0,0,0,'',0),(246206,0,0,0,0,0,0,0,0,0,0,0,0,0,'',0),(246207,0,0,0,0,0,0,0,0,0,0,0,0,0,'',0),(246208,0,0,0,0,0,0,0,0,0,0,0,0,0,'',0),(246209,0,0,0,0,0,0,0,0,0,0,0,0,0,'',0),(246210,0,0,0,0,0,0,0,0,0,0,0,0,0,'',0),(246211,0,0,0,0,0,0,0,0,0,0,0,0,0,'',0),(246212,0,0,0,0,0,0,0,0,0,0,0,0,0,'',0),(246213,0,0,0,0,0,0,0,0,0,0,0,0,0,'',0),(246214,0,0,0,0,0,0,0,0,0,0,0,0,0,'',0),(246215,0,0,0,0,0,0,0,0,0,0,0,0,0,'',0),(246216,0,0,0,0,0,0,0,0,0,0,0,0,0,'',0),(246217,0,0,0,0,0,0,0,0,0,0,0,0,0,'',0),(246218,0,0,0,0,0,0,0,0,0,0,0,0,0,'',0),(246219,0,0,0,0,0,0,0,0,0,0,0,0,0,'',0),(246220,0,0,0,0,0,0,0,0,0,0,0,0,0,'',0),(246221,0,0,0,0,0,0,0,0,0,0,0,0,0,'',0),(246222,0,0,0,0,0,0,0,0,0,0,0,0,0,'',0),(246223,0,0,0,0,0,0,0,0,0,0,0,0,0,'',0),(246224,0,0,0,0,0,0,0,0,0,0,0,0,0,'',0),(246225,0,0,0,0,0,0,0,0,0,0,0,0,0,'',0),(246226,0,0,0,0,0,0,0,0,0,0,0,0,0,'',0),(246227,0,0,0,0,0,0,0,0,0,0,0,0,0,'',0),(246228,0,0,0,0,0,0,0,0,0,0,0,0,0,'',0),(246229,0,0,0,0,0,0,0,0,0,0,0,0,0,'',0),(246230,3,10,0,0,0,0,0,0,0,0,0,0,0,'',0),(246231,0,0,0,0,0,0,0,0,0,0,0,0,0,'',0),(246232,1,10,0,0,0,0,0,0,0,0,0,0,0,'',0),(246233,2,10,0,0,0,0,0,0,0,0,0,0,0,'',0),(246234,3,11,0,0,0,0,0,0,0,0,0,0,0,'',0),(246235,5,1,0,0,0,0,0,0,0,0,0,0,0,'',0),(246236,3,10,0,0,0,0,0,0,0,0,0,0,0,'',0),(246237,5,1,0,0,0,0,0,0,0,0,0,0,0,'',1),(246238,7,11,0,0,0,0,0,0,0,0,0,0,0,'',1),(246239,3,3,0,0,0,0,0,0,0,0,0,0,0,'',0),(246240,0,0,0,0,0,0,0,0,0,0,0,0,0,'',0),(246241,3,10,0,0,0,0,0,0,0,0,0,0,0,'',0),(246242,5,1,0,0,0,0,0,0,0,0,0,0,0,'',0),(246243,5,1,0,0,0,0,0,0,0,0,0,0,0,'',0),(246245,3,11,0,0,0,0,0,0,0,0,0,0,0,'',0),(246246,5,11,0,0,0,0,0,0,0,0,0,0,0,'',0),(246247,5,1,0,0,0,0,0,0,0,0,0,0,0,'',0),(246248,0,0,0,0,0,0,0,0,0,0,0,0,0,'',0),(246249,0,0,0,0,0,0,0,0,0,0,0,0,0,'',0),(246250,5,11,0,0,0,0,0,0,0,0,0,0,0,'',0),(246251,0,0,0,0,0,0,0,0,0,0,0,0,0,'',0),(246252,5,1,0,0,0,0,0,0,0,0,0,0,0,'',1),(246253,0,0,0,0,0,0,0,0,0,0,0,0,0,'',0),(246254,5,1,0,0,0,0,0,0,0,0,0,0,0,'',1),(246255,5,1,0,0,0,0,0,0,0,0,0,0,0,'',1),(246256,5,11,0,0,0,0,0,0,0,0,0,0,0,'',0),(246257,5,1,0,0,0,0,0,0,0,0,0,0,0,'',0),(246258,7,11,0,0,0,0,0,0,0,0,0,0,0,'',1),(246259,5,1,0,0,0,0,0,0,0,0,0,0,0,'',1),(246260,0,0,0,0,0,0,0,0,0,0,0,0,0,'',0),(246261,5,1,0,0,0,0,0,0,0,0,0,0,0,'',0),(246262,5,1,0,0,0,0,0,0,0,0,0,0,0,'',0),(246263,0,0,0,0,0,0,0,0,0,0,0,0,0,'',0),(246264,0,0,0,0,0,0,0,0,0,0,0,0,0,'',0),(246265,5,1,0,0,0,0,0,0,0,0,0,0,0,'',1),(246266,5,0,0,0,0,0,0,0,0,0,0,0,0,'',1),(246267,5,0,0,0,0,0,0,0,0,0,0,0,0,'',0),(246268,5,1,0,0,0,0,0,0,0,0,0,0,0,'',1),(246269,0,0,0,0,0,0,0,0,0,0,0,0,0,'',0),(246270,3,11,0,0,0,0,0,0,0,0,0,0,0,'',0),(246271,0,0,0,0,0,0,0,0,0,0,0,0,0,'',0),(246272,0,0,0,0,0,0,0,0,0,0,0,0,0,'',0),(246273,5,1,0,0,0,0,0,0,0,0,0,0,0,'',0),(246274,3,11,0,0,0,0,0,0,0,0,0,0,0,'',0),(246275,0,0,0,0,0,0,0,0,0,0,0,0,0,'',0),(246276,0,0,0,0,0,0,0,0,0,0,0,0,0,'',0),(246277,0,0,0,0,0,0,0,0,0,0,0,0,0,'',0),(246278,0,0,0,0,0,0,0,0,0,0,0,0,0,'',0),(246279,0,0,0,0,0,0,0,0,0,0,0,0,0,'',0),(246280,0,0,0,0,0,0,0,0,0,0,0,0,0,'',0),(246281,0,0,0,0,0,0,0,0,0,0,0,0,0,'',0),(246282,3,11,0,0,0,0,0,0,0,0,0,0,0,'',0),(246283,0,0,0,0,0,0,0,0,0,0,0,0,0,'',0),(246284,0,0,0,0,0,0,0,0,0,0,0,0,0,'',0),(246285,3,11,0,0,0,0,0,0,0,0,0,0,0,'',0),(246286,5,3,0,0,0,0,0,0,0,0,0,0,0,'',0),(246287,5,11,0,0,0,0,0,0,0,0,0,0,0,'',0),(246288,0,3,0,0,0,0,0,0,0,0,0,0,0,'',0),(246289,5,1,0,0,0,0,0,0,0,0,0,0,0,'',1),(246290,3,3,0,0,0,0,0,0,0,0,0,0,0,'',0),(246291,0,11,0,0,0,0,0,0,0,0,0,0,0,'',0),(246292,3,11,0,0,0,0,0,0,0,0,0,0,0,'',0),(246293,5,11,0,0,0,0,0,0,0,0,0,0,0,'',0),(246294,5,3,0,0,0,0,0,0,0,0,0,0,0,'',0),(246295,0,11,0,0,0,0,0,0,0,0,0,0,0,'',0),(246296,3,10,0,0,0,0,0,0,0,0,0,0,0,'',0),(246297,5,11,0,0,0,0,0,0,0,0,0,0,0,'',0),(246298,0,0,0,0,0,0,0,0,0,0,0,0,0,'',0),(246299,5,0,0,0,0,0,0,0,0,0,0,0,0,'',1),(246300,7,11,0,0,0,0,0,0,0,0,0,0,0,'',1),(246301,1,11,0,0,0,0,0,0,0,0,0,0,0,'',0),(246302,0,0,0,0,0,0,0,0,0,0,0,0,0,'',0),(246303,0,0,0,0,0,0,0,0,0,0,0,0,0,'',0),(246304,5,11,0,0,0,0,0,0,0,0,0,0,0,'',0),(246305,1,11,0,0,0,0,0,0,0,0,0,0,0,'',0),(246306,5,1,0,0,0,0,0,0,0,0,0,0,0,'',1),(246307,5,1,0,0,0,0,0,0,0,0,0,0,0,'',1),(246308,5,1,0,0,0,0,0,0,0,0,0,0,0,'',1),(246309,5,11,0,0,0,0,0,0,0,0,0,0,0,'',0),(246310,5,11,0,0,0,0,0,0,0,0,0,0,0,'',0),(246311,5,1,0,0,0,0,0,0,0,0,0,0,0,'',1),(246312,0,0,0,0,0,0,0,0,0,0,0,0,0,'',0),(246313,5,1,0,0,0,0,0,0,0,0,0,0,0,'',0),(246314,5,1,0,0,0,0,0,0,0,0,0,0,0,'',1),(246315,0,0,0,0,0,0,0,0,0,0,0,0,0,'',0),(246316,0,11,0,0,0,0,0,0,0,0,0,0,0,'',0),(246317,0,11,0,0,0,0,0,0,0,0,0,0,0,'',0),(246318,0,11,0,0,0,0,0,0,0,0,0,0,0,'',0),(246319,5,1,0,0,0,0,0,0,0,0,0,0,0,'',1),(246320,7,3,0,0,0,0,0,0,0,0,0,0,0,'',0),(246321,3,11,0,0,0,0,0,0,0,0,0,0,0,'',0),(246322,3,11,0,0,0,0,0,0,0,0,0,0,0,'',0),(246323,3,10,0,0,0,0,0,0,0,0,0,0,0,'',0),(246324,5,11,0,0,0,0,0,0,0,0,0,0,0,'',0),(246325,0,0,0,0,0,0,0,0,0,0,0,0,0,'',0),(246326,5,1,0,0,0,0,0,0,0,0,0,0,0,'',0),(246327,5,1,0,0,0,0,0,0,0,0,0,0,0,'',0),(246328,5,1,0,0,0,0,0,0,0,0,0,0,0,'',1),(246329,5,1,0,0,0,0,0,0,0,0,0,0,0,'',1),(246330,3,10,0,0,0,0,0,0,0,0,0,0,0,'',0),(246331,1,11,0,0,0,0,0,0,0,0,0,0,0,'',0),(246332,0,0,0,0,0,0,0,0,0,0,0,0,0,'',0),(246333,5,3,0,0,0,0,0,0,0,0,0,0,0,'',0),(246334,3,11,0,0,0,0,0,0,0,0,0,0,0,'',0),(246335,0,0,0,0,0,0,0,0,0,0,0,0,0,'',0),(246336,0,0,0,0,0,0,0,0,0,0,0,0,0,'',0),(246337,0,0,0,0,0,0,0,0,0,0,0,0,0,'',0),(246338,0,0,0,0,0,0,0,0,0,0,0,0,0,'',0),(246339,0,0,0,0,0,0,0,0,0,0,0,0,0,'',0),(246340,5,0,0,0,0,0,0,0,0,0,0,0,0,'',1),(246341,0,0,0,0,0,0,0,0,0,0,0,0,0,'',0),(246342,5,0,0,0,0,0,0,0,0,0,0,0,0,'',1),(246343,5,11,0,0,0,0,0,0,0,0,0,0,0,'',0),(246344,5,1,0,0,0,0,0,0,0,0,0,0,0,'',1),(246345,0,0,0,0,0,0,0,0,0,0,0,0,0,'',0),(246346,5,1,0,0,0,0,0,0,0,0,0,0,0,'',1),(246347,5,0,0,0,0,0,0,0,0,0,0,0,0,'',1),(246348,5,11,0,0,0,0,0,0,0,0,0,0,0,'',0),(246349,5,1,0,0,0,0,0,0,0,0,0,0,0,'',0),(246350,0,0,0,0,0,0,0,0,0,0,0,0,0,'',0),(246351,5,1,0,0,0,0,0,0,0,0,0,0,0,'',0),(246352,3,11,0,0,0,0,0,0,0,0,0,0,0,'',0),(246353,5,1,0,0,0,0,0,0,0,0,0,0,0,'',1),(246354,5,1,0,0,0,0,0,0,0,0,0,0,0,'',0),(246355,0,0,0,0,0,0,0,0,0,0,0,0,0,'',0),(246356,5,1,0,0,0,0,0,0,0,0,0,0,0,'',1),(246357,5,1,0,0,0,0,0,0,0,0,0,0,0,'',1),(246358,5,1,0,0,0,0,0,0,0,0,0,0,0,'',0),(246359,0,0,0,0,0,0,0,0,0,0,0,0,0,'',0),(246360,5,1,0,0,0,0,0,0,0,0,0,0,0,'',1),(246361,0,0,0,0,0,0,0,0,0,0,0,0,0,'',0),(246362,0,0,0,0,0,0,0,0,0,0,0,0,0,'',0),(246363,5,1,0,0,0,0,0,0,0,0,0,0,0,'',1),(246364,5,1,0,0,0,0,0,0,0,0,0,0,0,'',0),(246365,0,0,0,0,0,0,0,0,0,0,0,0,0,'',0),(246366,0,0,0,0,0,0,0,0,0,0,0,0,0,'',0),(246367,0,0,0,0,0,0,0,0,0,0,0,0,0,'',0),(246368,0,0,0,0,0,0,0,0,0,0,0,0,0,'',0),(246369,0,0,0,0,0,0,0,0,0,0,0,0,0,'',0),(246370,3,11,0,0,0,0,0,0,0,0,0,0,0,'',0),(246371,3,11,0,0,0,0,0,0,0,0,0,0,0,'',0),(246372,3,3,0,0,0,0,0,0,0,0,0,0,0,'',0),(246373,3,3,0,0,0,0,0,0,0,0,0,0,0,'',0),(246374,0,0,0,0,0,0,0,0,0,0,0,0,0,'',0),(246375,3,3,0,0,0,0,0,0,0,0,0,0,0,'',0),(246376,5,1,0,0,0,0,0,0,0,0,0,0,0,'',1),(246377,0,0,0,0,0,0,0,0,0,0,0,0,0,'',0),(246378,0,0,0,0,0,0,0,0,0,0,0,0,0,'',0),(246379,5,11,0,0,0,0,0,0,0,0,0,0,0,'',0),(246380,3,11,0,0,0,0,0,0,0,0,0,0,0,'',0),(246381,5,1,0,0,0,0,0,0,0,0,0,0,0,'',0),(246382,5,1,0,0,0,0,0,0,0,0,0,0,0,'',1),(246383,5,1,0,0,0,0,0,0,0,0,0,0,0,'',0),(246384,5,1,0,0,0,0,0,0,0,0,0,0,0,'',1),(246385,5,1,0,0,0,0,0,0,0,0,0,0,0,'',1),(246386,3,3,0,0,0,0,0,0,0,0,0,0,0,'',0),(246387,3,11,0,0,0,0,0,0,0,0,0,0,0,'',0),(246388,5,3,0,0,0,0,0,0,0,0,0,0,0,'',0),(246389,5,1,0,0,0,0,0,0,0,0,0,0,0,'',0),(246390,5,1,0,0,0,0,0,0,0,0,0,0,0,'',1),(246391,5,3,0,0,0,0,0,0,0,0,0,0,0,'',0),(246392,4,11,0,0,0,0,0,0,0,0,0,0,0,'',0),(246393,5,3,0,0,0,0,0,0,0,0,0,0,0,'',0),(246394,5,1,0,0,0,0,0,0,0,0,0,0,0,'',1),(246395,0,0,0,0,0,0,0,0,0,0,0,0,0,'',0),(246396,5,1,0,0,0,0,0,0,0,0,0,0,0,'',0),(246397,5,1,0,0,0,0,0,0,0,0,0,0,0,'',1),(246398,3,10,0,0,0,0,0,0,0,0,0,0,0,'',0),(246399,3,3,0,0,0,0,0,0,0,0,0,0,0,'',0),(246400,0,0,0,0,0,0,0,0,0,0,0,0,0,'',0),(246401,3,3,0,0,0,0,0,0,0,0,0,0,0,'',0),(246402,1,3,0,0,0,0,0,0,0,0,0,0,0,'',0),(246403,5,1,0,0,0,0,0,0,0,0,0,0,0,'',0),(246404,0,0,0,0,0,0,0,0,0,0,0,0,0,'',0),(246405,5,11,0,0,0,0,0,0,0,0,0,0,0,'',0),(246406,5,1,0,0,0,0,0,0,0,0,0,0,0,'',1),(246407,5,1,0,0,0,0,0,0,0,0,0,0,0,'',0),(246408,0,10,0,0,0,0,0,0,0,0,0,0,0,'',0),(246409,0,0,0,0,0,0,0,0,0,0,0,0,0,'',0),(246410,3,11,0,0,0,0,0,0,0,0,0,0,0,'',0),(246411,3,11,0,0,0,0,0,0,0,0,0,0,0,'',0),(246412,1,11,0,0,0,0,0,0,0,0,0,0,0,'',0),(246413,3,11,0,0,0,0,0,0,0,0,0,0,0,'',0),(246414,5,1,0,0,0,0,0,0,0,0,0,0,0,'',0),(246415,1,3,0,0,0,0,0,0,0,0,0,0,0,'',0),(246416,0,10,0,0,0,0,0,0,0,0,0,0,0,'',0),(246417,0,0,0,0,0,0,0,0,0,0,0,0,0,'',0),(246418,5,1,0,0,0,0,0,0,0,0,0,0,0,'',1),(246419,5,1,0,0,0,0,0,0,0,0,0,0,0,'',1),(246420,5,1,0,0,0,0,0,0,0,0,0,0,0,'',1),(246421,0,10,0,0,0,0,0,0,0,0,0,0,0,'',0),(246422,5,11,0,0,0,0,0,0,0,0,0,0,0,'',0),(246423,3,3,0,0,0,0,0,0,0,0,0,0,0,'',0),(246424,6,3,0,0,0,0,0,0,0,0,0,0,0,'',0),(246425,0,0,0,0,0,0,0,0,0,0,0,0,0,'',0),(246426,0,0,0,0,0,0,0,0,0,0,0,0,0,'',0),(246427,0,0,0,0,0,0,0,0,0,0,0,0,0,'',0),(246428,0,0,0,0,0,0,0,0,0,0,0,0,0,'',0),(246429,5,1,0,0,0,0,0,0,0,0,0,0,0,'',0),(246430,5,1,0,0,0,0,0,0,0,0,0,0,0,'',1),(246431,6,3,0,0,0,0,0,0,0,0,0,0,0,'',0),(246432,6,3,0,0,0,0,0,0,0,0,0,0,0,'',0),(246433,6,3,0,0,0,0,0,0,0,0,0,0,0,'',0),(246434,6,3,0,0,0,0,0,0,0,0,0,0,0,'',0),(246435,0,0,0,0,0,0,0,0,0,0,0,0,0,'',0),(246436,3,11,0,0,0,0,0,0,0,0,0,0,0,'',0),(246437,5,1,0,0,0,0,0,0,0,0,0,0,0,'',1),(246438,5,11,0,0,0,0,0,0,0,0,0,0,0,'',0),(246439,0,11,0,0,0,0,0,0,0,0,0,0,0,'',0),(246440,3,11,0,0,0,0,0,0,0,0,0,0,0,'',0),(246441,5,11,0,0,0,0,0,0,0,0,0,0,0,'',0),(246442,5,11,0,0,0,0,0,0,0,0,0,0,0,'',0),(246443,5,11,0,0,0,0,0,0,0,0,0,0,0,'',0),(246444,3,3,0,0,0,0,0,0,0,0,0,0,0,'',0),(246445,1,3,0,0,0,0,0,0,0,0,0,0,0,'',0),(246446,1,5,0,0,0,0,0,0,0,0,0,0,0,'',0),(246447,7,11,0,0,0,0,0,0,0,0,0,0,0,'',1),(246448,0,0,0,0,0,0,0,0,0,0,0,0,0,'',0),(246449,0,11,0,0,0,0,0,0,0,0,0,0,0,'',0),(246450,5,11,0,0,0,0,0,0,0,0,0,0,0,'',0),(246451,0,10,0,0,0,0,0,0,0,0,0,0,0,'',0),(246452,0,0,0,0,0,0,0,0,0,0,0,0,0,'',0),(246453,0,0,0,0,0,0,0,0,0,0,0,0,0,'',0),(246454,5,0,0,0,0,0,0,0,0,0,0,0,0,'',0),(246455,0,0,0,0,0,0,0,0,0,0,0,0,0,'',0),(246456,5,11,0,0,0,0,0,0,0,0,0,0,0,'',0),(246457,5,11,0,0,0,0,0,0,0,0,0,0,0,'',0),(246458,5,11,0,0,0,0,0,0,0,0,0,0,0,'',0),(246459,5,3,0,0,0,0,0,0,0,0,0,0,0,'',0),(246460,0,11,0,0,0,0,0,0,0,0,0,0,0,'',0),(246461,3,3,0,0,0,0,0,0,0,0,0,0,0,'',0),(246462,3,11,0,0,0,0,0,0,0,0,0,0,0,'',0),(246463,3,11,0,0,0,0,0,0,0,0,0,0,0,'',0),(246464,5,1,0,0,0,0,0,0,0,0,0,0,0,'',0),(246465,5,0,0,0,0,0,0,0,0,0,0,0,0,'',0),(246466,5,1,0,0,0,0,0,0,0,0,0,0,0,'',1),(246467,5,1,0,0,0,0,0,0,0,0,0,0,0,'',0),(246468,5,1,0,0,0,0,0,0,0,0,0,0,0,'',0),(246469,5,1,0,0,0,0,0,0,0,0,0,0,0,'',1),(246470,5,1,0,0,0,0,0,0,0,0,0,0,0,'',1),(246471,5,1,0,0,0,0,0,0,0,0,0,0,0,'',0),(246472,7,11,0,0,0,0,0,0,0,0,0,0,0,'',1),(246473,0,0,0,0,0,0,0,0,0,0,0,0,0,'',0),(246474,3,10,0,0,0,0,0,0,0,0,0,0,0,'',0),(246475,1,5,0,0,0,0,0,0,0,0,0,0,0,'',0),(246476,3,10,0,0,0,0,0,0,0,0,0,0,0,'',0),(246477,5,11,0,0,0,0,0,0,0,0,0,0,0,'',0),(246478,5,11,0,0,0,0,0,0,0,0,0,0,0,'',0),(246479,0,0,0,0,0,0,0,0,0,0,0,0,0,'',0),(246480,7,1,0,0,0,0,0,0,0,0,0,0,0,'',1),(246481,7,1,0,0,0,0,0,0,0,0,0,0,0,'',1),(246482,3,10,0,0,0,0,0,0,0,0,0,0,0,'',0),(246483,0,0,0,0,0,0,0,0,0,0,0,0,0,'',0),(246484,0,0,0,0,0,0,0,0,0,0,0,0,0,'',0),(246485,5,11,0,0,0,0,0,0,0,0,0,0,0,'',0),(246486,5,1,0,0,0,0,0,0,0,0,0,0,0,'',1),(246488,5,1,0,0,0,0,0,0,0,0,0,0,0,'',1),(246489,2,10,0,0,0,0,0,0,0,0,0,0,0,'',0),(246490,3,3,0,0,0,0,0,0,0,0,0,0,0,'',0),(246491,5,3,0,0,0,0,0,0,0,0,0,0,0,'',0),(246492,0,0,0,0,0,0,0,0,0,0,0,0,0,'',0),(246493,0,0,0,0,0,0,0,0,0,0,0,0,0,'',0),(246494,3,10,0,0,0,0,0,0,0,0,0,0,0,'',0),(246495,5,11,0,0,0,0,0,0,0,0,0,0,0,'',0),(246496,5,1,0,0,0,0,0,0,0,0,0,0,0,'',0),(246497,5,1,0,0,0,0,0,0,0,0,0,0,0,'',0),(246498,7,11,0,0,0,0,0,0,0,0,0,0,0,'',1),(246499,5,11,0,0,0,0,0,0,0,0,0,0,0,'',0),(246500,3,3,0,0,0,0,0,0,0,0,0,0,0,'',0),(246501,0,0,0,0,0,0,0,0,0,0,0,0,0,'',0),(246502,0,0,0,0,0,0,0,0,0,0,0,0,0,'',0),(246503,5,11,0,0,0,0,0,0,0,0,0,0,0,'',0),(246504,0,0,0,0,0,0,0,0,0,0,0,0,0,'',0),(246505,5,1,0,0,0,0,0,0,0,0,0,0,0,'',1),(246506,0,0,0,0,0,0,0,0,0,0,0,0,0,'',0),(246507,3,10,0,0,0,0,0,0,0,0,0,0,0,'',0),(246508,7,11,0,0,0,0,0,0,0,0,0,0,0,'',1),(246509,5,1,0,0,0,0,0,0,0,0,0,0,0,'',1),(246510,0,0,0,0,0,0,0,0,0,0,0,0,0,'',0),(246511,5,1,0,0,0,0,0,0,0,0,0,0,0,'',0),(246512,7,11,0,0,0,0,0,0,0,0,0,0,0,'',1),(246513,0,11,0,0,0,0,0,0,0,0,0,0,0,'',0),(246514,5,11,0,0,0,0,0,0,0,0,0,0,0,'',0),(246515,3,11,0,0,0,0,0,0,0,0,0,0,0,'',0),(246516,3,10,0,0,0,0,0,0,0,0,0,0,0,'',0),(246517,5,1,0,0,0,0,0,0,0,0,0,0,0,'',1),(246518,5,1,0,0,0,0,0,0,0,0,0,0,0,'',1),(246519,5,11,0,0,0,0,0,0,0,0,0,0,0,'',0),(246520,3,11,0,0,0,0,0,0,0,0,0,0,0,'',0),(246521,3,11,0,0,0,0,0,0,0,0,0,0,0,'',0),(246522,5,1,0,0,0,0,0,0,0,0,0,0,0,'',0),(246523,5,11,0,0,0,0,0,0,0,0,0,0,0,'',0),(246524,5,1,0,0,0,0,0,0,0,0,0,0,0,'',0),(246525,0,0,0,0,0,0,0,0,0,0,0,0,0,'',0),(246526,5,0,0,0,0,0,0,0,0,0,0,0,0,'',1),(246527,5,1,0,0,0,0,0,0,0,0,0,0,0,'',0),(246528,3,10,0,0,0,0,0,0,0,0,0,0,0,'',0),(246529,5,1,0,0,0,0,0,0,0,0,0,0,0,'',0),(246530,3,10,0,0,0,0,0,0,0,0,0,0,0,'',0),(246531,3,10,0,0,0,0,0,0,0,0,0,0,0,'',0),(246532,4,4,0,0,0,0,0,0,0,0,0,0,0,'',0),(246533,3,11,0,0,0,0,0,0,0,0,0,0,0,'',0),(246534,5,11,0,0,0,0,0,0,0,0,0,0,0,'',0),(246535,5,1,0,0,0,0,0,0,0,0,0,0,0,'',1),(246536,5,1,0,0,0,0,0,0,0,0,0,0,0,'',1),(246537,7,1,0,0,0,0,0,0,0,0,0,0,0,'',1),(246538,7,1,0,0,0,0,0,0,0,0,0,0,0,'',1),(246539,5,1,0,0,0,0,0,0,0,0,0,0,0,'',0),(246540,1,3,0,0,0,0,0,0,0,0,0,0,0,'',0),(246541,0,0,0,0,0,0,0,0,0,0,0,0,0,'',0),(246542,5,1,0,0,0,0,0,0,0,0,0,0,0,'',0),(246543,3,10,0,0,0,0,0,0,0,0,0,0,0,'',0),(246544,5,1,0,0,0,0,0,0,0,0,0,0,0,'',0),(246545,5,1,0,0,0,0,0,0,0,0,0,0,0,'',1),(246546,5,1,0,0,0,0,0,0,0,0,0,0,0,'',0),(246547,5,1,0,0,0,0,0,0,0,0,0,0,0,'',0),(246548,0,11,0,0,0,0,0,0,0,0,0,0,0,'',0),(246549,5,1,0,0,0,0,0,0,0,0,0,0,0,'',1),(246550,5,1,0,0,0,0,0,0,0,0,0,0,0,'',0),(246551,5,11,0,0,0,0,0,0,0,0,0,0,0,'',0),(246552,5,1,0,0,0,0,0,0,0,0,0,0,0,'',0),(246553,3,11,0,0,0,0,0,0,0,0,0,0,0,'',0),(246554,5,1,0,0,0,0,0,0,0,0,0,0,0,'',0),(246555,5,1,0,0,0,0,0,0,0,0,0,0,0,'',0),(246556,0,0,0,0,0,0,0,0,0,0,0,0,0,'',0),(246557,5,1,0,0,0,0,0,0,0,0,0,0,0,'',1),(246558,3,3,0,0,0,0,0,0,0,0,0,0,0,'',0),(246559,5,1,0,0,0,0,0,0,0,0,0,0,0,'',0),(246560,5,1,0,0,0,0,0,0,0,0,0,0,0,'',0),(246561,0,10,0,0,0,0,0,0,0,0,0,0,0,'',0),(246562,5,0,0,0,0,0,0,0,0,0,0,0,0,'',0),(246563,5,1,0,0,0,0,0,0,0,0,0,0,0,'',1),(246564,5,1,0,0,0,0,0,0,0,0,0,0,0,'',0),(246565,5,11,0,0,0,0,0,0,0,0,0,0,0,'',0),(246566,3,11,0,0,0,0,0,0,0,0,0,0,0,'',0),(246567,5,11,0,0,0,0,0,0,0,0,0,0,0,'',0),(246568,5,11,0,0,0,0,0,0,0,0,0,0,0,'',0),(246569,7,1,0,0,0,0,0,0,0,0,0,0,0,'',1),(246570,7,1,0,0,0,0,0,0,0,0,0,0,0,'',1),(246571,7,1,0,0,0,0,0,0,0,0,0,0,0,'',1),(246572,3,10,0,0,0,0,0,0,0,0,0,0,0,'',0),(246573,3,11,0,0,0,0,0,0,0,0,0,0,0,'',0),(246574,1,3,0,0,0,0,0,0,0,0,0,0,0,'',0),(246575,5,11,0,0,0,0,0,0,0,0,0,0,0,'',0),(246576,0,0,0,0,0,0,0,0,0,0,0,0,0,'',0),(246577,5,0,0,0,0,0,0,0,0,0,0,0,0,'',1),(246578,5,1,0,0,0,0,0,0,0,0,0,0,0,'',1),(246579,5,0,0,0,0,0,0,0,0,0,0,0,0,'',1),(246580,5,11,0,0,0,0,0,0,0,0,0,0,0,'',0),(246581,5,11,0,0,0,0,0,0,0,0,0,0,0,'',0),(246582,5,1,0,0,0,0,0,0,0,0,0,0,0,'',0),(246583,0,0,0,0,0,0,0,0,0,0,0,0,0,'',0),(246584,0,0,0,0,0,0,0,0,0,0,0,0,0,'',0),(246585,3,10,0,0,0,0,0,0,0,0,0,0,0,'',0),(246586,3,11,0,0,0,0,0,0,0,0,0,0,0,'',0),(246587,0,11,0,0,0,0,0,0,0,0,0,0,0,'',0),(246588,5,11,0,0,0,0,0,0,0,0,0,0,0,'',0),(246589,0,0,0,0,0,0,0,0,0,0,0,0,0,'',0),(246590,5,11,0,0,0,0,0,0,0,0,0,0,0,'',0),(246591,3,11,0,0,0,0,0,0,0,0,0,0,0,'',0),(246592,5,1,0,0,0,0,0,0,0,0,0,0,0,'',1),(246593,5,11,0,0,0,0,0,0,0,0,0,0,0,'',0),(246594,5,1,0,0,0,0,0,0,0,0,0,0,0,'',0),(246595,3,3,0,0,0,0,0,0,0,0,0,0,0,'',0),(246596,5,1,0,0,0,0,0,0,0,0,0,0,0,'',0),(246597,5,1,0,0,0,0,0,0,0,0,0,0,0,'',0),(246598,0,0,0,0,0,0,0,0,0,0,0,0,0,'',0),(246599,5,0,0,0,0,0,0,0,0,0,0,0,0,'',0),(246600,5,1,0,0,0,0,0,0,0,0,0,0,0,'',1),(246601,5,11,0,0,0,0,0,0,0,0,0,0,0,'',0),(246602,3,11,0,0,0,0,0,0,0,0,0,0,0,'',0),(246603,3,11,0,0,0,0,0,0,0,0,0,0,0,'',0),(246604,5,1,0,0,0,0,0,0,0,0,0,0,0,'',1),(246605,5,1,0,0,0,0,0,0,0,0,0,0,0,'',0),(246606,5,1,0,0,0,0,0,0,0,0,0,0,0,'',0),(246607,0,11,0,0,0,0,0,0,0,0,0,0,0,'',0),(246608,1,11,0,0,0,0,0,0,0,0,0,0,0,'',0),(246609,3,11,0,0,0,0,0,0,0,0,0,0,0,'',0),(246610,7,11,0,0,0,0,0,0,0,0,0,0,0,'',1),(246611,5,11,0,0,0,0,0,0,0,0,0,0,0,'',0),(246612,3,11,0,0,0,0,0,0,0,0,0,0,0,'',0),(246613,0,11,0,0,0,0,0,0,0,0,0,0,0,'',0),(246614,5,1,0,0,0,0,0,0,0,0,0,0,0,'',0),(246615,0,0,0,0,0,0,0,0,0,0,0,0,0,'',0),(246616,0,0,0,0,0,0,0,0,0,0,0,0,0,'',0),(246617,5,1,0,0,0,0,0,0,0,0,0,0,0,'',1),(246618,5,1,0,0,0,0,0,0,0,0,0,0,0,'',1),(246619,0,0,0,0,0,0,0,0,0,0,0,0,0,'',0),(246620,0,0,0,0,0,0,0,0,0,0,0,0,0,'',0),(246621,0,0,0,0,0,0,0,0,0,0,0,0,0,'',0),(246622,5,1,0,0,0,0,0,0,0,0,0,0,0,'',0),(246623,5,1,0,0,0,0,0,0,0,0,0,0,0,'',0),(246624,2,11,0,0,0,0,0,0,0,0,0,0,0,'',0),(246625,0,0,0,0,0,0,0,0,0,0,0,0,0,'',0),(246626,5,11,0,0,0,0,0,0,0,0,0,0,0,'',0),(246627,5,1,0,0,0,0,0,0,0,0,0,0,0,'',1),(246628,0,0,0,0,0,0,0,0,0,0,0,0,0,'',0),(246629,5,1,0,0,0,0,0,0,0,0,0,0,0,'',0),(246630,5,3,0,0,0,0,0,0,0,0,0,0,0,'',0),(246631,5,1,0,0,0,0,0,0,0,0,0,0,0,'',1),(246632,0,11,0,0,0,0,0,0,0,0,0,0,0,'',0),(246633,1,10,0,0,0,0,0,0,0,0,0,0,0,'',0),(246634,3,11,0,0,0,0,0,0,0,0,0,0,0,'',0),(246635,1,10,0,0,0,0,0,0,0,0,0,0,0,'',0),(246636,1,10,0,0,0,0,0,0,0,0,0,0,0,'',0),(246637,5,1,0,0,0,0,0,0,0,0,0,0,0,'',1),(246638,3,10,0,0,0,0,0,0,0,0,0,0,0,'',0),(246639,5,0,0,0,0,0,0,0,0,0,0,0,0,'',0),(246640,5,1,0,0,0,0,0,0,0,0,0,0,0,'',1),(246641,5,1,0,0,0,0,0,0,0,0,0,0,0,'',1),(246642,5,11,0,0,0,0,0,0,0,0,0,0,0,'',0),(246643,0,0,0,0,0,0,0,0,0,0,0,0,0,'',0),(246644,7,11,0,0,0,0,0,0,0,0,0,0,0,'',1),(246645,0,0,0,0,0,0,0,0,0,0,0,0,0,'',0),(246646,0,0,0,0,0,0,0,0,0,0,0,0,0,'',0),(246647,5,11,0,0,0,0,0,0,0,0,0,0,0,'',0),(246648,5,1,0,0,0,0,0,0,0,0,0,0,0,'',0),(246649,1,10,0,0,0,0,0,0,0,0,0,0,0,'',0),(246650,1,10,0,0,0,0,0,0,0,0,0,0,0,'',0),(246651,5,3,0,0,0,0,0,0,0,0,0,0,0,'',0),(246652,5,1,0,0,0,0,0,0,0,0,0,0,0,'',1),(246653,5,1,0,0,0,0,0,0,0,0,0,0,0,'',1),(246654,7,11,0,0,0,0,0,0,0,0,0,0,0,'',1),(246655,3,3,0,0,0,0,0,0,0,0,0,0,0,'',0),(246656,6,11,0,0,0,0,0,0,0,0,0,0,0,'',0),(246657,5,1,0,0,0,0,0,0,0,0,0,0,0,'',1),(246658,5,1,0,0,0,0,0,0,0,0,0,0,0,'',1),(246659,5,1,0,0,0,0,0,0,0,0,0,0,0,'',1),(246660,0,0,0,0,0,0,0,0,0,0,0,0,0,'',0),(246661,5,3,0,0,0,0,0,0,0,0,0,0,0,'',0),(246662,3,11,0,0,0,0,0,0,0,0,0,0,0,'',0),(246663,5,1,0,0,0,0,0,0,0,0,0,0,0,'',1),(246664,5,1,0,0,0,0,0,0,0,0,0,0,0,'',0),(246665,0,0,0,0,0,0,0,0,0,0,0,0,0,'',0),(246666,3,11,0,0,0,0,0,0,0,0,0,0,0,'',0),(246667,5,1,0,0,0,0,0,0,0,0,0,0,0,'',1),(246668,5,1,0,0,0,0,0,0,0,0,0,0,0,'',1),(246669,5,1,0,0,0,0,0,0,0,0,0,0,0,'',1),(246670,5,1,0,0,0,0,0,0,0,0,0,0,0,'',0),(246671,5,0,0,0,0,0,0,0,0,0,0,0,0,'',1),(246672,0,11,0,0,0,0,0,0,0,0,0,0,0,'',0),(246673,0,0,0,0,0,0,0,0,0,0,0,0,0,'',0),(246674,5,1,0,0,0,0,0,0,0,0,0,0,0,'',0),(246675,3,3,0,0,0,0,0,0,0,0,0,0,0,'',0),(246676,3,11,0,0,0,0,0,0,0,0,0,0,0,'',0),(246677,7,1,0,0,0,0,0,0,0,0,0,0,0,'',1),(246678,3,3,0,0,0,0,0,0,0,0,0,0,0,'',0),(246679,7,1,0,0,0,0,0,0,0,0,0,0,0,'',1),(246680,3,11,0,0,0,0,0,0,0,0,0,0,0,'',0),(246681,0,11,0,0,0,0,0,0,0,0,0,0,0,'',0),(246682,0,11,0,0,0,0,0,0,0,0,0,0,0,'',0),(246683,0,11,0,0,0,0,0,0,0,0,0,0,0,'',0),(246684,0,11,0,0,0,0,0,0,0,0,0,0,0,'',0),(246685,0,11,0,0,0,0,0,0,0,0,0,0,0,'',0),(246686,3,11,0,0,0,0,0,0,0,0,0,0,0,'',0),(246687,3,10,0,0,0,0,0,0,0,0,0,0,0,'',0),(246688,5,1,0,0,0,0,0,0,0,0,0,0,0,'',0),(246689,5,1,0,0,0,0,0,0,0,0,0,0,0,'',1),(246690,5,1,0,0,0,0,0,0,0,0,0,0,0,'',0),(246691,3,3,0,0,0,0,0,0,0,0,0,0,0,'',0),(246692,5,1,0,0,0,0,0,0,0,0,0,0,0,'',0),(246693,5,1,0,0,0,0,0,0,0,0,0,0,0,'',0),(246694,5,1,0,0,0,0,0,0,0,0,0,0,0,'',0),(246695,5,1,0,0,0,0,0,0,0,0,0,0,0,'',1),(246696,0,11,0,0,0,0,0,0,0,0,0,0,0,'',0),(246697,5,1,0,0,0,0,0,0,0,0,0,0,0,'',0),(246698,5,1,0,0,0,0,0,0,0,0,0,0,0,'',1),(246699,5,11,0,0,0,0,0,0,0,0,0,0,0,'',0),(246700,3,3,0,0,0,0,0,0,0,0,0,0,0,'',0),(246701,5,3,0,0,0,0,0,0,0,0,0,0,0,'',0),(246702,5,11,0,0,0,0,0,0,0,0,0,0,0,'',0),(246703,5,11,0,0,0,0,0,0,0,0,0,0,0,'',0),(246704,5,11,0,0,0,0,0,0,0,0,0,0,0,'',0),(246705,0,0,0,0,0,0,0,0,0,0,0,0,0,'',0),(246706,0,0,0,0,0,0,0,0,0,0,0,0,0,'',0),(246707,3,11,0,0,0,0,0,0,0,0,0,0,0,'',0),(246708,3,3,0,0,0,0,0,0,0,0,0,0,0,'',0),(246709,0,0,0,0,0,0,0,0,0,0,0,0,0,'',0),(246710,5,1,0,0,0,0,0,0,0,0,0,0,0,'',0),(246711,5,1,0,0,0,0,0,0,0,0,0,0,0,'',1),(246712,5,1,0,0,0,0,0,0,0,0,0,0,0,'',1),(246713,3,3,0,0,0,0,0,0,0,0,0,0,0,'',0),(246714,5,1,0,0,0,0,0,0,0,0,0,0,0,'',0),(246715,5,1,0,0,0,0,0,0,0,0,0,0,0,'',0),(246716,5,1,0,0,0,0,0,0,0,0,0,0,0,'',1),(246717,5,3,0,0,0,0,0,0,0,0,0,0,0,'',0),(246718,5,11,0,0,0,0,0,0,0,0,0,0,0,'',0),(246719,5,11,0,0,0,0,0,0,0,0,0,0,0,'',0),(246720,5,11,0,0,0,0,0,0,0,0,0,0,0,'',0),(246721,5,1,0,0,0,0,0,0,0,0,0,0,0,'',0),(246722,1,11,0,0,0,0,0,0,0,0,0,0,0,'',0),(246723,1,3,0,0,0,0,0,0,0,0,0,0,0,'',0),(246724,5,1,0,0,0,0,0,0,0,0,0,0,0,'',0),(246725,5,11,0,0,0,0,0,0,0,0,0,0,0,'',0),(246726,3,10,0,0,0,0,0,0,0,0,0,0,0,'',0),(246727,5,11,0,0,0,0,0,0,0,0,0,0,0,'',0),(246728,5,1,0,0,0,0,0,0,0,0,0,0,0,'',1),(246729,0,0,0,0,0,0,0,0,0,0,0,0,0,'',0),(246730,5,1,0,0,0,0,0,0,0,0,0,0,0,'',1),(246731,5,11,0,0,0,0,0,0,0,0,0,0,0,'',0),(246732,7,11,0,0,0,0,0,0,0,0,0,0,0,'',1),(246733,3,3,0,0,0,0,0,0,0,0,0,0,0,'',0),(246734,5,1,0,0,0,0,0,0,0,0,0,0,0,'',1),(246735,7,11,0,0,0,0,0,0,0,0,0,0,0,'',1),(246736,5,11,0,0,0,0,0,0,0,0,0,0,0,'',0),(246737,0,10,0,0,0,0,0,0,0,0,0,0,0,'',0),(246738,0,10,0,0,0,0,0,0,0,0,0,0,0,'',0),(246739,0,10,0,0,0,0,0,0,0,0,0,0,0,'',0),(246740,3,11,0,0,0,0,0,0,0,0,0,0,0,'',0),(246741,0,10,0,0,0,0,0,0,0,0,0,0,0,'',0),(246742,5,11,0,0,0,0,0,0,0,0,0,0,0,'',0),(246743,5,1,0,0,0,0,0,0,0,0,0,0,0,'',0),(246744,0,0,0,0,0,0,0,0,0,0,0,0,0,'',0),(246745,5,1,0,0,0,0,0,0,0,0,0,0,0,'',0),(246746,0,10,0,0,0,0,0,0,0,0,0,0,0,'',0),(246747,0,10,0,0,0,0,0,0,0,0,0,0,0,'',0),(246748,0,10,0,0,0,0,0,0,0,0,0,0,0,'',0),(246749,5,1,0,0,0,0,0,0,0,0,0,0,0,'',1),(246750,0,0,0,0,0,0,0,0,0,0,0,0,0,'',0),(246751,5,1,0,0,0,0,0,0,0,0,0,0,0,'',0),(246752,5,1,0,0,0,0,0,0,0,0,0,0,0,'',0),(246753,0,11,0,0,0,0,0,0,0,0,0,0,0,'',0),(246754,0,11,0,0,0,0,0,0,0,0,0,0,0,'',0),(246755,3,10,0,0,0,0,0,0,0,0,0,0,0,'',0),(246756,7,1,0,0,0,0,0,0,0,0,0,0,0,'',1),(246757,3,10,0,0,0,0,0,0,0,0,0,0,0,'',0),(246758,5,1,0,0,0,0,0,0,0,0,0,0,0,'',1),(246759,0,11,0,0,0,0,0,0,0,0,0,0,0,'',0),(246760,5,11,0,0,0,0,0,0,0,0,0,0,0,'',0),(246761,0,3,0,0,0,0,0,0,0,0,0,0,0,'',0),(246762,5,1,0,0,0,0,0,0,0,0,0,0,0,'',0),(246763,0,0,0,0,0,0,0,0,0,0,0,0,0,'',0),(246764,5,1,0,0,0,0,0,0,0,0,0,0,0,'',0),(246765,5,1,0,0,0,0,0,0,0,0,0,0,0,'',0),(246766,5,1,0,0,0,0,0,0,0,0,0,0,0,'',1),(246767,0,0,0,0,0,0,0,0,0,0,0,0,0,'',0),(246769,5,1,0,0,0,0,0,0,0,0,0,0,0,'',0),(246770,5,1,0,0,0,0,0,0,0,0,0,0,0,'',0),(246771,0,11,0,0,0,0,0,0,0,0,0,0,0,'',0),(246772,0,0,0,0,0,0,0,0,0,0,0,0,0,'',0),(246773,5,11,742,0,0,0,0,0,0,0,0,0,0,'',0),(246774,5,1,741,0,0,0,0,0,0,0,0,0,0,'',0),(246775,0,0,0,0,0,0,0,0,0,0,0,0,0,'',0),(246776,3,11,0,0,0,0,0,0,0,0,0,0,0,'',0),(246777,2,3,0,0,0,0,0,0,0,0,0,0,0,'',0),(246778,5,11,0,0,0,0,0,0,0,0,0,0,0,'',0),(246779,0,11,0,0,0,0,0,0,0,0,0,0,0,'',0),(246780,5,1,0,0,0,0,0,0,0,0,0,0,0,'',1),(246781,0,11,0,0,0,0,0,0,0,0,0,0,0,'',0),(246782,5,1,0,0,0,0,0,0,0,0,0,0,0,'',0),(246783,5,1,0,0,0,0,0,0,0,0,0,0,0,'',0),(246784,5,1,0,0,0,0,0,0,0,0,0,0,0,'',0),(246785,5,1,0,0,0,0,0,0,0,0,0,0,0,'',0),(246786,6,11,0,0,0,0,0,0,0,0,0,0,0,'',0),(246787,5,1,0,0,0,0,0,0,0,0,0,0,0,'',0),(246788,5,1,0,0,0,0,0,0,0,0,0,0,0,'',1),(246789,5,1,0,0,0,0,0,0,0,0,0,0,0,'',1),(246790,0,11,0,0,0,0,0,0,0,0,0,0,0,'',0),(246791,5,1,0,0,0,0,0,0,0,0,0,0,0,'',0),(246792,3,10,0,0,0,0,0,0,0,0,0,0,0,'',0),(246793,5,11,0,0,0,0,0,0,0,0,0,0,0,'',0),(246794,5,1,0,0,0,0,0,0,0,0,0,0,0,'',1),(246795,5,1,0,0,0,0,0,0,0,0,0,0,0,'',0),(246796,5,1,0,0,0,0,0,0,0,0,0,0,0,'',1),(246797,3,11,0,0,0,0,0,0,0,0,0,0,0,'',0),(246798,5,1,0,0,0,0,0,0,0,0,0,0,0,'',1),(246799,7,11,0,0,0,0,0,0,0,0,0,0,0,'',1),(246800,5,1,0,0,0,0,0,0,0,0,0,0,0,'',0),(246801,5,1,0,0,0,0,0,0,0,0,0,0,0,'',0),(246802,5,11,0,0,0,0,0,0,0,0,0,0,0,'',0),(246803,1,11,0,0,0,0,0,0,0,0,0,0,0,'',0),(246804,3,11,0,0,0,0,0,0,0,0,0,0,0,'',0),(246805,5,0,0,0,0,0,0,0,0,0,0,0,0,'',1),(246806,5,1,0,0,0,0,0,0,0,0,0,0,0,'',1),(246807,5,1,0,0,0,0,0,0,0,0,0,0,0,'',0),(246808,5,1,0,0,0,0,0,0,0,0,0,0,0,'',0),(246809,3,3,0,0,0,0,0,0,0,0,0,0,0,'',0),(246810,5,1,0,0,0,0,0,0,0,0,0,0,0,'',1),(246811,5,1,0,0,0,0,0,0,0,0,0,0,0,'',0),(246812,3,10,0,0,0,0,0,0,0,0,0,0,0,'',0),(246813,3,3,0,0,0,0,0,0,0,0,0,0,0,'',0),(246814,5,11,0,0,0,0,0,0,0,0,0,0,0,'',0),(246815,3,11,0,0,0,0,0,0,0,0,0,0,0,'',0),(246816,5,1,0,0,0,0,0,0,0,0,0,0,0,'',0),(246817,5,1,0,0,0,0,0,0,0,0,0,0,0,'',1),(246818,0,3,0,0,0,0,0,0,0,0,0,0,0,'',0),(246819,5,1,0,0,0,0,0,0,0,0,0,0,0,'',1),(246820,5,1,0,0,0,0,0,0,0,0,0,0,0,'',1),(246821,0,11,0,0,0,0,0,0,0,0,0,0,0,'',0),(246822,3,3,0,0,0,0,0,0,0,0,0,0,0,'',0),(246823,0,11,0,0,0,0,0,0,0,0,0,0,0,'',0),(246824,0,11,0,0,0,0,0,0,0,0,0,0,0,'',0),(246825,0,11,0,0,0,0,0,0,0,0,0,0,0,'',0),(246826,0,11,0,0,0,0,0,0,0,0,0,0,0,'',0),(246827,0,11,0,0,0,0,0,0,0,0,0,0,0,'',0),(246828,5,1,0,0,0,0,0,0,0,0,0,0,0,'',1),(246829,0,11,0,0,0,0,0,0,0,0,0,0,0,'',0),(246830,5,1,0,0,0,0,0,0,0,0,0,0,0,'',1),(246831,2,11,0,0,0,0,0,0,0,0,0,0,0,'',0),(246832,3,11,0,0,0,0,0,0,0,0,0,0,0,'',0),(246833,0,0,0,0,0,0,0,0,0,0,0,0,0,'',0),(246834,5,1,0,0,0,0,0,0,0,0,0,0,0,'',0),(246835,5,1,0,0,0,0,0,0,0,0,0,0,0,'',1),(246836,0,11,0,0,0,0,0,0,0,0,0,0,0,'',0),(246837,0,11,0,0,0,0,0,0,0,0,0,0,0,'',0),(246838,0,0,0,0,0,0,0,0,0,0,0,0,0,'',0),(246839,5,1,0,0,0,0,0,0,0,0,0,0,0,'',0),(246840,5,1,0,0,0,0,0,0,0,0,0,0,0,'',1),(246841,5,0,0,0,0,0,0,0,0,0,0,0,0,'',0),(246842,0,0,0,0,0,0,0,0,0,0,0,0,0,'',0),(246843,5,1,0,0,0,0,0,0,0,0,0,0,0,'',1),(246844,5,1,0,0,0,0,0,0,0,0,0,0,0,'',0),(246845,5,0,0,0,0,0,0,0,0,0,0,0,0,'',0),(246846,5,1,0,0,0,0,0,0,0,0,0,0,0,'',0),(246847,0,0,0,0,0,0,0,0,0,0,0,0,0,'',0),(246848,3,11,0,0,0,0,0,0,0,0,0,0,0,'',0),(246849,7,11,0,0,0,0,0,0,0,0,0,0,0,'',1),(246850,5,1,0,0,0,0,0,0,0,0,0,0,0,'',0),(246851,5,0,0,0,0,0,0,0,0,0,0,0,0,'',0),(246852,5,1,0,0,0,0,0,0,0,0,0,0,0,'',1),(246853,5,1,0,0,0,0,0,0,0,0,0,0,0,'',1),(246854,5,1,0,0,0,0,0,0,0,0,0,0,0,'',1),(246855,0,0,0,0,0,0,0,0,0,0,0,0,0,'',0),(246856,0,0,0,0,0,0,0,0,0,0,0,0,0,'',0),(246857,0,11,0,0,0,0,0,0,0,0,0,0,0,'',0),(246858,5,11,0,0,0,0,0,0,0,0,0,0,0,'',0),(246859,5,1,0,0,0,0,0,0,0,0,0,0,0,'',1),(246860,5,11,0,0,0,0,0,0,0,0,0,0,0,'',0),(246861,5,11,0,0,0,0,0,0,0,0,0,0,0,'',0),(246862,0,11,0,0,0,0,0,0,0,0,0,0,0,'',0),(246863,5,1,0,0,0,0,0,0,0,0,0,0,0,'',1),(246864,5,11,0,0,0,0,0,0,0,0,0,0,0,'',0),(246865,5,1,0,0,0,0,0,0,0,0,0,0,0,'',1),(246866,5,1,0,0,0,0,0,0,0,0,0,0,0,'',0),(246867,5,1,0,0,0,0,0,0,0,0,0,0,0,'',0),(246868,5,1,0,0,0,0,0,0,0,0,0,0,0,'',0),(246869,0,0,0,0,0,0,0,0,0,0,0,0,0,'',0),(246870,5,3,0,0,0,0,0,0,0,0,0,0,0,'',0),(246871,0,0,0,0,0,0,0,0,0,0,0,0,0,'',0),(246872,0,0,0,0,0,0,0,0,0,0,0,0,0,'',0),(246873,3,11,0,0,0,0,0,0,0,0,0,0,0,'',0),(246874,5,1,0,0,0,0,0,0,0,0,0,0,0,'',0),(246875,5,11,0,0,0,0,0,0,0,0,0,0,0,'',0),(246876,5,11,0,0,0,0,0,0,0,0,0,0,0,'',0),(246877,5,1,0,0,0,0,0,0,0,0,0,0,0,'',0),(246878,5,3,0,0,0,0,0,0,0,0,0,0,0,'',0),(246879,5,11,0,0,0,0,0,0,0,0,0,0,0,'',0),(246880,5,11,0,0,0,0,0,0,0,0,0,0,0,'',0),(246881,5,1,0,0,0,0,0,0,0,0,0,0,0,'',0),(246882,5,1,0,0,0,0,0,0,0,0,0,0,0,'',0),(246883,0,0,0,0,0,0,0,0,0,0,0,0,0,'',0),(246884,0,0,0,0,0,0,0,0,0,0,0,0,0,'',0),(246885,3,11,0,0,0,0,0,0,0,0,0,0,0,'',0),(246886,5,11,0,0,0,0,0,0,0,0,0,0,0,'',0),(246887,3,3,0,0,0,0,0,0,0,0,0,0,0,'',0),(246888,5,3,0,0,0,0,0,0,0,0,0,0,0,'',0),(246889,0,3,0,0,0,0,0,0,0,0,0,0,0,'',0),(246890,5,1,0,0,0,0,0,0,0,0,0,0,0,'',1),(246891,0,0,0,0,0,0,0,0,0,0,0,0,0,'',0),(246892,3,3,0,0,0,0,0,0,0,0,0,0,0,'',0),(246893,5,11,0,0,0,0,0,0,0,0,0,0,0,'',0),(246894,3,11,0,0,0,0,0,0,0,0,0,0,0,'',0),(246895,5,11,0,0,0,0,0,0,0,0,0,0,0,'',0),(246896,5,1,0,0,0,0,0,0,0,0,0,0,0,'',0),(246897,5,1,0,0,0,0,0,0,0,0,0,0,0,'',1),(246898,5,1,0,0,0,0,0,0,0,0,0,0,0,'',0),(246899,5,1,0,0,0,0,0,0,0,0,0,0,0,'',0),(246900,5,1,0,0,0,0,0,0,0,0,0,0,0,'',0),(246901,5,1,0,0,0,0,0,0,0,0,0,0,0,'',0),(246902,0,10,0,0,0,0,0,0,0,0,0,0,0,'',0),(246903,7,3,0,0,0,0,0,0,0,0,0,0,0,'',1),(246904,5,11,0,0,0,0,0,0,0,0,0,0,0,'',0),(246905,5,1,0,0,0,0,0,0,0,0,0,0,0,'',1),(246906,5,1,0,0,0,0,0,0,0,0,0,0,0,'',1),(246907,3,11,0,0,0,0,0,0,0,0,0,0,0,'',0),(246908,3,10,743,0,0,0,0,0,0,0,0,0,0,'',0),(246909,3,11,0,0,0,0,0,0,0,0,0,0,0,'',0),(246910,3,10,0,0,0,0,0,0,0,0,0,0,0,'',0),(246911,3,10,0,0,0,0,0,0,0,0,0,0,0,'',0),(246912,3,10,0,0,0,0,0,0,0,0,0,0,0,'',0),(246913,3,10,0,0,0,0,0,0,0,0,0,0,0,'',0),(246914,5,1,0,0,0,0,0,0,0,0,0,0,0,'',0),(246915,5,1,0,0,0,0,0,0,0,0,0,0,0,'',0),(246916,0,0,0,0,0,0,0,0,0,0,0,0,0,'',0),(246917,5,11,0,0,0,0,0,0,0,0,0,0,0,'',0),(246918,0,0,0,0,0,0,0,0,0,0,0,0,0,'',0),(246919,5,1,0,0,0,0,0,0,0,0,0,0,0,'',0),(246920,5,1,0,0,0,0,0,0,0,0,0,0,0,'',1),(246921,5,1,0,0,0,0,0,0,0,0,0,0,0,'',1),(246922,5,1,0,0,0,0,0,0,0,0,0,0,0,'',0),(246923,5,1,0,0,0,0,0,0,0,0,0,0,0,'',0),(246924,0,0,0,0,0,0,0,0,0,0,0,0,0,'',0),(246925,5,1,0,0,0,0,0,0,0,0,0,0,0,'',0),(246926,5,1,0,0,0,0,0,0,0,0,0,0,0,'',0),(246927,5,11,0,0,0,0,0,0,0,0,0,0,0,'',0),(246928,5,11,0,0,0,0,0,0,0,0,0,0,0,'',0),(246929,5,11,0,0,0,0,0,0,0,0,0,0,0,'',0),(246930,5,1,0,0,0,0,0,0,0,0,0,0,0,'',0),(246931,5,1,0,0,0,0,0,0,0,0,0,0,0,'',0),(246932,5,3,0,0,0,0,0,0,0,0,0,0,0,'',0),(246933,0,11,0,0,0,0,0,0,0,0,0,0,0,'',0),(246934,5,1,0,0,0,0,0,0,0,0,0,0,0,'',0),(246935,5,1,0,0,0,0,0,0,0,0,0,0,0,'',0),(246936,5,1,0,0,0,0,0,0,0,0,0,0,0,'',1),(246937,5,1,0,0,0,0,0,0,0,0,0,0,0,'',0),(246938,5,1,0,0,0,0,0,0,0,0,0,0,0,'',1),(246939,5,1,0,0,0,0,0,0,0,0,0,0,0,'',1),(246940,5,1,744,0,0,0,0,0,0,0,0,0,0,'',0),(246941,5,1,0,0,0,0,0,0,0,0,0,0,0,'',0),(246942,5,11,0,0,0,0,0,0,0,0,0,0,0,'',0),(246943,5,1,0,0,0,0,0,0,0,0,0,0,0,'',0),(246944,5,1,0,0,0,0,0,0,0,0,0,0,0,'',1),(246945,5,11,0,0,0,0,0,0,0,0,0,0,0,'',0),(246947,5,1,0,0,0,0,0,0,0,0,0,0,0,'',0),(246948,5,1,0,0,0,0,0,0,0,0,0,0,0,'',0),(246949,5,11,0,0,0,0,0,0,0,0,0,0,0,'',0),(246950,5,11,0,0,0,0,0,0,0,0,0,0,0,'',0),(246951,5,1,0,0,0,0,0,0,0,0,0,0,0,'',0),(246952,5,1,0,0,0,0,0,0,0,0,0,0,0,'',0),(246953,0,0,0,0,0,0,0,0,0,0,0,0,0,'',0),(246954,3,3,0,0,0,0,0,0,0,0,0,0,0,'',0),(246955,5,11,0,0,0,0,0,0,0,0,0,0,0,'',0),(246956,5,1,0,0,0,0,0,0,0,0,0,0,0,'',0),(246957,5,0,0,0,0,0,0,0,0,0,0,0,0,'',0),(246958,5,1,0,0,0,0,0,0,0,0,0,0,0,'',1),(246959,0,0,0,0,0,0,0,0,0,0,0,0,0,'',0),(246960,0,11,0,0,0,0,0,0,0,0,0,0,0,'',0),(246961,7,11,0,0,0,0,0,0,0,0,0,0,0,'',1),(246962,0,0,0,0,0,0,0,0,0,0,0,0,0,'',0),(246963,3,10,0,0,0,0,0,0,0,0,0,0,0,'',0),(246964,6,11,0,0,0,0,0,0,0,0,0,0,0,'',0),(246965,5,1,0,0,0,0,0,0,0,0,0,0,0,'',1),(246966,0,11,0,0,0,0,0,0,0,0,0,0,0,'',0),(246967,5,1,0,0,0,0,0,0,0,0,0,0,0,'',0),(246968,5,1,0,0,0,0,0,0,0,0,0,0,0,'',0),(246969,5,1,0,0,0,0,0,0,0,0,0,0,0,'',0),(246970,5,1,0,0,0,0,0,0,0,0,0,0,0,'',0),(246971,5,1,0,0,0,0,0,0,0,0,0,0,0,'',1),(246972,5,1,0,0,0,0,0,0,0,0,0,0,0,'',0),(246973,5,1,0,0,0,0,0,0,0,0,0,0,0,'',1),(246974,5,1,0,0,0,0,0,0,0,0,0,0,0,'',0),(246975,5,1,0,0,0,0,0,0,0,0,0,0,0,'',0),(246976,3,10,0,0,0,0,0,0,0,0,0,0,0,'',0),(246977,3,10,0,0,0,0,0,0,0,0,0,0,0,'',0),(246978,3,10,0,0,0,0,0,0,0,0,0,0,0,'',0),(246979,5,11,0,0,0,0,0,0,0,0,0,0,0,'',0),(246980,0,0,0,0,0,0,0,0,0,0,0,0,0,'',0),(246981,5,1,0,0,0,0,0,0,0,0,0,0,0,'',0),(246982,5,1,0,0,0,0,0,0,0,0,0,0,0,'',0),(246983,5,0,0,0,0,0,0,0,0,0,0,0,0,'',0),(246984,5,1,0,0,0,0,0,0,0,0,0,0,0,'',1),(246985,5,11,0,0,0,0,0,0,0,0,0,0,0,'',0),(246986,5,1,0,0,0,0,0,0,0,0,0,0,0,'',0),(246987,5,11,0,0,0,0,0,0,0,0,0,0,0,'',0),(246988,3,11,0,0,0,0,0,0,0,0,0,0,0,'',0),(246989,5,1,0,0,0,0,0,0,0,0,0,0,0,'',0),(246990,5,1,0,0,0,0,0,0,0,0,0,0,0,'',0),(246991,5,1,0,0,0,0,0,0,0,0,0,0,0,'',0),(246992,5,1,0,0,0,0,0,0,0,0,0,0,0,'',1),(246993,5,1,0,0,0,0,0,0,0,0,0,0,0,'',0),(246994,5,11,0,0,0,0,0,0,0,0,0,0,0,'',0),(246995,5,11,0,0,0,0,0,0,0,0,0,0,0,'',0),(246996,3,3,0,0,0,0,0,0,0,0,0,0,0,'',0),(246997,5,1,0,0,0,0,0,0,0,0,0,0,0,'',0),(246998,5,1,0,0,0,0,0,0,0,0,0,0,0,'',0),(246999,5,3,0,0,0,0,0,0,0,0,0,0,0,'',0),(247000,5,1,0,0,0,0,0,0,0,0,0,0,0,'',1),(247001,5,1,0,0,0,0,0,0,0,0,0,0,0,'',1),(247002,5,1,0,0,0,0,0,0,0,0,0,0,0,'',1),(247003,0,0,0,0,0,0,0,0,0,0,0,0,0,'',0),(247004,0,0,0,0,0,0,0,0,0,0,0,0,0,'',0),(247005,0,0,0,0,0,0,0,0,0,0,0,0,0,'',0),(247006,5,1,0,0,0,0,0,0,0,0,0,0,0,'',0),(247007,5,1,0,0,0,0,0,0,0,0,0,0,0,'',0),(247008,0,11,0,0,0,0,0,0,0,0,0,0,0,'',0),(247009,5,1,0,0,0,0,0,0,0,0,0,0,0,'',0),(247010,0,0,0,0,0,0,0,0,0,0,0,0,0,'',0),(247011,0,11,0,0,0,0,0,0,0,0,0,0,0,'',0),(247012,0,11,0,0,0,0,0,0,0,0,0,0,0,'',0),(247013,0,0,0,0,0,0,0,0,0,0,0,0,0,'',0),(247014,5,1,0,0,0,0,0,0,0,0,0,0,0,'',0),(247015,5,1,0,0,0,0,0,0,0,0,0,0,0,'',1),(247016,0,0,0,0,0,0,0,0,0,0,0,0,0,'',0),(247017,3,11,0,0,0,0,0,0,0,0,0,0,0,'',0),(247018,5,1,0,0,0,0,0,0,0,0,0,0,0,'',0),(247019,0,11,0,0,0,0,0,0,0,0,0,0,0,'',0),(247020,5,1,0,0,0,0,0,0,0,0,0,0,0,'',0),(247021,0,0,0,0,0,0,0,0,0,0,0,0,0,'',0),(247022,3,11,0,0,0,0,0,0,0,0,0,0,0,'',0),(247023,0,11,0,0,0,0,0,0,0,0,0,0,0,'',0),(247024,5,1,0,0,0,0,0,0,0,0,0,0,0,'',1),(247025,0,0,0,0,0,0,0,0,0,0,0,0,0,'',0),(247026,0,0,0,0,0,0,0,0,0,0,0,0,0,'',0),(247027,5,1,0,0,0,0,0,0,0,0,0,0,0,'',0),(247028,0,0,0,0,0,0,0,0,0,0,0,0,0,'',0),(247029,3,10,0,0,0,0,0,0,0,0,0,0,0,'',0),(247030,3,10,0,0,0,0,0,0,0,0,0,0,0,'',0),(247031,5,1,0,0,0,0,0,0,0,0,0,0,0,'',1),(247032,5,3,0,0,0,0,0,0,0,0,0,0,0,'',0),(247033,1,3,0,0,0,0,0,0,0,0,0,0,0,'',0),(247034,0,11,0,0,0,0,0,0,0,0,0,0,0,'',0),(247035,0,0,0,0,0,0,0,0,0,0,0,0,0,'',0),(247036,5,1,0,0,0,0,0,0,0,0,0,0,0,'',0),(247037,0,11,0,0,0,0,0,0,0,0,0,0,0,'',0),(247038,0,11,0,0,0,0,0,0,0,0,0,0,0,'',0),(247039,3,11,0,0,0,0,0,0,0,0,0,0,0,'',0),(247040,5,1,0,0,0,0,0,0,0,0,0,0,0,'',0),(247041,0,0,0,0,0,0,0,0,0,0,0,0,0,'',0),(247042,0,0,0,0,0,0,0,0,0,0,0,0,0,'',0),(247043,7,1,0,0,0,0,0,0,0,0,0,0,0,'',0),(247044,3,10,0,0,0,0,0,0,0,0,0,0,0,'',0),(247045,5,1,0,0,0,0,0,0,0,0,0,0,0,'',0),(247046,5,1,0,0,0,0,0,0,0,0,0,0,0,'',0),(247047,0,0,0,0,0,0,0,0,0,0,0,0,0,'',0),(247048,5,3,0,0,0,0,0,0,0,0,0,0,0,'',0),(247049,5,1,0,0,0,0,0,0,0,0,0,0,0,'',0),(247050,0,0,0,0,0,0,0,0,0,0,0,0,0,'',0),(247051,5,1,0,0,0,0,0,0,0,0,0,0,0,'',0),(247052,5,1,0,0,0,0,0,0,0,0,0,0,0,'',1),(247053,0,11,0,0,0,0,0,0,0,0,0,0,0,'',0),(247054,5,1,0,0,0,0,0,0,0,0,0,0,0,'',1),(247056,3,11,0,0,0,0,0,0,0,0,0,0,0,'',0),(247057,5,1,0,0,0,0,0,0,0,0,0,0,0,'',1),(247058,5,11,0,0,0,0,0,0,0,0,0,0,0,'',0),(247059,3,11,0,0,0,0,0,0,0,0,0,0,0,'',0),(247060,5,11,0,0,0,0,0,0,0,0,0,0,0,'',0),(247061,3,11,0,0,0,0,0,0,0,0,0,0,0,'',0),(247062,3,11,0,0,0,0,0,0,0,0,0,0,0,'',0),(247063,3,3,0,0,0,0,0,0,0,0,0,0,0,'',0),(247064,0,0,0,0,0,0,0,0,0,0,0,0,0,'',0),(247065,5,1,0,0,0,0,0,0,0,0,0,0,0,'',0),(247066,0,0,0,0,0,0,0,0,0,0,0,0,0,'',0),(247067,5,1,0,0,0,0,0,0,0,0,0,0,0,'',0),(247068,0,0,0,0,0,0,0,0,0,0,0,0,0,'',0),(247069,0,0,0,0,0,0,0,0,0,0,0,0,0,'',0),(247070,5,1,0,0,0,0,0,0,0,0,0,0,0,'',1),(247071,7,11,0,0,0,0,0,0,0,0,0,0,0,'',1),(247072,0,0,0,0,0,0,0,0,0,0,0,0,0,'',0),(247073,5,1,0,0,0,0,0,0,0,0,0,0,0,'',0),(247074,5,1,0,0,0,0,0,0,0,0,0,0,0,'',0),(247075,5,1,0,0,0,0,0,0,0,0,0,0,0,'',0),(247076,5,1,0,0,0,0,0,0,0,0,0,0,0,'',1),(247077,5,0,0,0,0,0,0,0,0,0,0,0,0,'',1),(247078,0,0,0,0,0,0,0,0,0,0,0,0,0,'',0),(247079,5,1,0,0,0,0,0,0,0,0,0,0,0,'',1),(247080,5,11,0,0,0,0,0,0,0,0,0,0,0,'',0),(247081,5,1,0,0,0,0,0,0,0,0,0,0,0,'',1),(247082,5,1,0,0,0,0,0,0,0,0,0,0,0,'',1),(247083,0,11,0,0,0,0,0,0,0,0,0,0,0,'',0),(247084,5,1,0,0,0,0,0,0,0,0,0,0,0,'',1),(247085,5,1,0,0,0,0,0,0,0,0,0,0,0,'',1),(247086,0,0,0,0,0,0,0,0,0,0,0,0,0,'',0),(247087,0,0,0,0,0,0,0,0,0,0,0,0,0,'',0),(247088,0,0,0,0,0,0,0,0,0,0,0,0,0,'',0),(247089,5,11,0,0,0,0,0,0,0,0,0,0,0,'',0),(247090,0,0,0,0,0,0,0,0,0,0,0,0,0,'',0),(247091,2,11,0,0,0,0,0,0,0,0,0,0,0,'',0),(247092,0,0,0,0,0,0,0,0,0,0,0,0,0,'',0),(247093,3,11,0,0,0,0,0,0,0,0,0,0,0,'',0),(247094,5,1,0,0,0,0,0,0,0,0,0,0,0,'',1),(247095,3,11,0,0,0,0,0,0,0,0,0,0,0,'',0),(247096,5,11,0,0,0,0,0,0,0,0,0,0,0,'',0),(247097,0,0,0,0,0,0,0,0,0,0,0,0,0,'',0),(247098,5,3,0,0,0,0,0,0,0,0,0,0,0,'',0),(247099,3,3,0,0,0,0,0,0,0,0,0,0,0,'',0),(247100,5,1,0,0,0,0,0,0,0,0,0,0,0,'',1),(247101,5,3,0,0,0,0,0,0,0,0,0,0,0,'',0),(247102,5,1,0,0,0,0,0,0,0,0,0,0,0,'',0),(247103,5,11,0,0,0,0,0,0,0,0,0,0,0,'',0),(247104,0,0,0,0,0,0,0,0,0,0,0,0,0,'',0),(247105,0,3,0,0,0,0,0,0,0,0,0,0,0,'',0),(247106,5,1,0,0,0,0,0,0,0,0,0,0,0,'',1),(247107,0,0,0,0,0,0,0,0,0,0,0,0,0,'',0),(247108,0,0,0,0,0,0,0,0,0,0,0,0,0,'',0),(247109,3,11,0,0,0,0,0,0,0,0,0,0,0,'',0),(247110,5,11,0,0,0,0,0,0,0,0,0,0,0,'',0),(247111,5,11,0,0,0,0,0,0,0,0,0,0,0,'',0),(247112,3,10,0,0,0,0,0,0,0,0,0,0,0,'',0),(247113,5,1,0,0,0,0,0,0,0,0,0,0,0,'',1),(247114,5,0,0,0,0,0,0,0,0,0,0,0,0,'',0),(247115,5,1,0,0,0,0,0,0,0,0,0,0,0,'',1),(247116,5,1,0,0,0,0,0,0,0,0,0,0,0,'',1),(247117,5,1,0,0,0,0,0,0,0,0,0,0,0,'',1),(247118,3,10,0,0,0,0,0,0,0,0,0,0,0,'',0),(247119,3,10,0,0,0,0,0,0,0,0,0,0,0,'',0),(247120,3,10,0,0,0,0,0,0,0,0,0,0,0,'',0),(247121,3,10,0,0,0,0,0,0,0,0,0,0,0,'',0),(247122,3,11,0,0,0,0,0,0,0,0,0,0,0,'',0),(247123,3,10,0,0,0,0,0,0,0,0,0,0,0,'',0),(247124,5,1,0,0,0,0,0,0,0,0,0,0,0,'',1),(247125,5,1,0,0,0,0,0,0,0,0,0,0,0,'',0),(247126,5,1,0,0,0,0,0,0,0,0,0,0,0,'',1),(247127,3,11,0,0,0,0,0,0,0,0,0,0,0,'',0),(247128,0,0,0,0,0,0,0,0,0,0,0,0,0,'',1),(247129,0,0,0,0,0,0,0,0,0,0,0,0,0,'',0),(247130,5,3,0,0,0,0,0,0,0,0,0,0,0,'',0),(247131,5,11,0,0,0,0,0,0,0,0,0,0,0,'',0),(247132,0,11,0,0,0,0,0,0,0,0,0,0,0,'',0),(247133,0,0,0,0,0,0,0,0,0,0,0,0,0,'',0),(247134,5,1,0,0,0,0,0,0,0,0,0,0,0,'',1),(247135,5,11,0,0,0,0,0,0,0,0,0,0,0,'',0),(247136,5,11,0,0,0,0,0,0,0,0,0,0,0,'',0),(247137,5,1,0,0,0,0,0,0,0,0,0,0,0,'',0),(247138,5,1,0,0,0,0,0,0,0,0,0,0,0,'',0),(247139,0,10,0,0,0,0,0,0,0,0,0,0,0,'',0),(247140,5,1,0,0,0,0,0,0,0,0,0,0,0,'',0),(247141,7,1,0,0,0,0,0,0,0,0,0,0,0,'',1),(247142,5,11,0,0,0,0,0,0,0,0,0,0,0,'',0),(247143,5,11,745,0,0,0,0,0,0,0,0,0,0,'',0),(247144,0,0,0,0,0,0,0,0,0,0,0,0,0,'',0),(247145,0,0,0,0,0,0,0,0,0,0,0,0,0,'',0),(247146,5,11,0,0,0,0,0,0,0,0,0,0,0,'',0),(247147,3,11,0,0,0,0,0,0,0,0,0,0,0,'',0),(247148,0,0,0,0,0,0,0,0,0,0,0,0,0,'',0),(247149,5,1,0,0,0,0,0,0,0,0,0,0,0,'',0),(247150,5,11,0,0,0,0,0,0,0,0,0,0,0,'',0),(247151,5,11,0,0,0,0,0,0,0,0,0,0,0,'',0),(247152,5,1,0,0,0,0,0,0,0,0,0,0,0,'',1),(247153,0,0,0,0,0,0,0,0,0,0,0,0,0,'',0),(247154,0,0,0,0,0,0,0,0,0,0,0,0,0,'',0),(247155,5,0,0,0,0,0,0,0,0,0,0,0,0,'',1),(247156,3,11,0,0,0,0,0,0,0,0,0,0,0,'',0),(247157,5,1,0,0,0,0,0,0,0,0,0,0,0,'',1),(247158,0,0,0,0,0,0,0,0,0,0,0,0,0,'',0),(247159,0,10,0,0,0,0,0,0,0,0,0,0,0,'',0),(247160,5,1,0,0,0,0,0,0,0,0,0,0,0,'',1),(247161,0,0,0,0,0,0,0,0,0,0,0,0,0,'',0),(247162,0,0,0,0,0,0,0,0,0,0,0,0,0,'',0),(247163,0,0,0,0,0,0,0,0,0,0,0,0,0,'',0),(247164,5,1,0,0,0,0,0,0,0,0,0,0,0,'',0),(247165,0,11,0,0,0,0,0,0,0,0,0,0,0,'',0),(247166,0,0,0,0,0,0,0,0,0,0,0,0,0,'',1),(247167,0,0,0,0,0,0,0,0,0,0,0,0,0,'',0),(247168,0,0,0,0,0,0,0,0,0,0,0,0,0,'',0),(247169,0,0,0,0,0,0,0,0,0,0,0,0,0,'',0),(247170,3,11,0,0,0,0,0,0,0,0,0,0,0,'',0),(247171,5,1,0,0,0,0,0,0,0,0,0,0,0,'',0),(247172,3,3,0,0,0,0,0,0,0,0,0,0,0,'',0),(247173,5,1,0,0,0,0,0,0,0,0,0,0,0,'',1),(247174,5,1,0,0,0,0,0,0,0,0,0,0,0,'',0),(247175,0,0,0,0,0,0,0,0,0,0,0,0,0,'',0),(247176,5,1,0,0,0,0,0,0,0,0,0,0,0,'',0),(247177,0,0,0,0,0,0,0,0,0,0,0,0,0,'',0),(247178,5,1,0,0,0,0,0,0,0,0,0,0,0,'',0),(247179,5,1,0,0,0,0,0,0,0,0,0,0,0,'',0),(247180,5,1,0,0,0,0,0,0,0,0,0,0,0,'',0),(247181,5,1,0,0,0,0,0,0,0,0,0,0,0,'',0),(247182,5,1,0,0,0,0,0,0,0,0,0,0,0,'',0),(247183,5,1,0,0,0,0,0,0,0,0,0,0,0,'',1),(247184,5,1,0,0,0,0,0,0,0,0,0,0,0,'',1),(247185,5,1,0,0,0,0,0,0,0,0,0,0,0,'',0),(247186,5,1,0,0,0,0,0,0,0,0,0,0,0,'',0),(247187,0,0,0,0,0,0,0,0,0,0,0,0,0,'',0),(247188,3,10,0,0,0,0,0,0,0,0,0,0,0,'',0),(247189,5,1,0,0,0,0,0,0,0,0,0,0,0,'',1),(247190,5,1,0,0,0,0,0,0,0,0,0,0,0,'',0),(247191,5,0,0,0,0,0,0,0,0,0,0,0,0,'',1),(247192,0,0,0,0,0,0,0,0,0,0,0,0,0,'',0),(247193,0,0,0,0,0,0,0,0,0,0,0,0,0,'',0),(247194,5,1,0,0,0,0,0,0,0,0,0,0,0,'',1),(247195,5,11,0,0,0,0,0,0,0,0,0,0,0,'',0),(247196,5,11,0,0,0,0,0,0,0,0,0,0,0,'',0),(247197,5,1,0,0,0,0,0,0,0,0,0,0,0,'',1),(247198,5,1,0,0,0,0,0,0,0,0,0,0,0,'',0),(247199,0,0,0,0,0,0,0,0,0,0,0,0,0,'',0),(247200,5,1,0,0,0,0,0,0,0,0,0,0,0,'',0),(247201,3,10,0,0,0,0,0,0,0,0,0,0,0,'',0),(247202,3,10,0,0,0,0,0,0,0,0,0,0,0,'',0),(247203,3,11,0,0,0,0,0,0,0,0,0,0,0,'',0),(247204,0,0,0,0,0,0,0,0,0,0,0,0,0,'',0),(247205,5,1,0,0,0,0,0,0,0,0,0,0,0,'',1),(247206,0,0,0,0,0,0,0,0,0,0,0,0,0,'',0),(247207,5,1,0,0,0,0,0,0,0,0,0,0,0,'',1),(247208,0,0,0,0,0,0,0,0,0,0,0,0,0,'',0),(247209,0,0,0,0,0,0,0,0,0,0,0,0,0,'',0),(247210,0,0,0,0,0,0,0,0,0,0,0,0,0,'',0),(247211,0,0,0,0,0,0,0,0,0,0,0,0,0,'',0),(247212,5,11,0,0,0,0,0,0,0,0,0,0,0,'',0),(247213,5,3,0,0,0,0,0,0,0,0,0,0,0,'',0),(247214,0,0,0,0,0,0,0,0,0,0,0,0,0,'',1),(247215,0,11,0,0,0,0,0,0,0,0,0,0,0,'',0),(247216,5,1,0,0,0,0,0,0,0,0,0,0,0,'',1),(247217,5,1,0,0,0,0,0,0,0,0,0,0,0,'',1),(247218,5,1,0,0,0,0,0,0,0,0,0,0,0,'',1),(247219,0,11,0,0,0,0,0,0,0,0,0,0,0,'',0),(247220,3,3,0,0,0,0,0,0,0,0,0,0,0,'',0),(247221,5,11,0,0,0,0,0,0,0,0,0,0,0,'',0),(247222,3,11,0,0,0,0,0,0,0,0,0,0,0,'',0),(247223,1,11,0,0,0,0,0,0,0,0,0,0,0,'',0),(247224,5,1,0,0,0,0,0,0,0,0,0,0,0,'',0),(247225,7,11,0,0,0,0,0,0,0,0,0,0,0,'',1),(247226,0,0,0,0,0,0,0,0,0,0,0,0,0,'',0),(247227,3,11,0,0,0,0,0,0,0,0,0,0,0,'',0),(247228,5,11,0,0,0,0,0,0,0,0,0,0,0,'',0),(247229,5,1,0,0,0,0,0,0,0,0,0,0,0,'',1),(247230,3,10,0,0,0,0,0,0,0,0,0,0,0,'',0),(247231,5,1,0,0,0,0,0,0,0,0,0,0,0,'',1),(247232,0,0,0,0,0,0,0,0,0,0,0,0,0,'',0),(247233,5,1,0,0,0,0,0,0,0,0,0,0,0,'',1),(247234,5,1,0,0,0,0,0,0,0,0,0,0,0,'',0),(247235,3,11,0,0,0,0,0,0,0,0,0,0,0,'',0),(247236,0,0,0,0,0,0,0,0,0,0,0,0,0,'',0),(247237,3,3,0,0,0,0,0,0,0,0,0,0,0,'',0),(247238,5,11,0,0,0,0,0,0,0,0,0,0,0,'',0),(247239,5,1,0,0,0,0,0,0,0,0,0,0,0,'',0),(247240,5,1,0,0,0,0,0,0,0,0,0,0,0,'',0),(247241,0,0,0,0,0,0,0,0,0,0,0,0,0,'',0),(247242,5,1,0,0,0,0,0,0,0,0,0,0,0,'',0),(247243,0,0,0,0,0,0,0,0,0,0,0,0,0,'',0),(247244,0,0,0,0,0,0,0,0,0,0,0,0,0,'',0),(247245,5,0,0,0,0,0,0,0,0,0,0,0,0,'',0),(247246,5,11,0,0,0,0,0,0,0,0,0,0,0,'',0),(247247,5,0,0,0,0,0,0,0,0,0,0,0,0,'',0),(247248,5,1,0,0,0,0,0,0,0,0,0,0,0,'',1),(247249,0,0,0,0,0,0,0,0,0,0,0,0,0,'',0),(247250,3,11,0,0,0,0,0,0,0,0,0,0,0,'',0),(247251,3,11,0,0,0,0,0,0,0,0,0,0,0,'',0),(247252,4,11,0,0,0,0,0,0,0,0,0,0,0,'',0),(247253,4,11,0,0,0,0,0,0,0,0,0,0,0,'',0),(247254,5,1,0,0,0,0,0,0,0,0,0,0,0,'',1),(247255,3,3,0,0,0,0,0,0,0,0,0,0,0,'',0),(247256,6,3,0,0,0,0,0,0,0,0,0,0,0,'',0),(247257,6,3,0,0,0,0,0,0,0,0,0,0,0,'',0),(247258,5,11,0,0,0,0,0,0,0,0,0,0,0,'',0),(247259,6,3,0,0,0,0,0,0,0,0,0,0,0,'',0),(247260,6,3,0,0,0,0,0,0,0,0,0,0,0,'',0),(247261,5,1,0,0,0,0,0,0,0,0,0,0,0,'',1),(247262,5,11,0,0,0,0,0,0,0,0,0,0,0,'',0),(247263,7,11,0,0,0,0,0,0,0,0,0,0,0,'',1),(247264,1,11,0,0,0,0,0,0,0,0,0,0,0,'',0),(247266,3,11,0,0,0,0,0,0,0,0,0,0,0,'',0),(247267,5,1,0,0,0,0,0,0,0,0,0,0,0,'',1),(247268,3,10,0,0,0,0,0,0,0,0,0,0,0,'',0),(247269,5,1,0,0,0,0,0,0,0,0,0,0,0,'',1),(247270,3,10,0,0,0,0,0,0,0,0,0,0,0,'',0),(247271,5,1,0,0,0,0,0,0,0,0,0,0,0,'',1),(247272,5,1,0,0,0,0,0,0,0,0,0,0,0,'',1),(247273,5,1,0,0,0,0,0,0,0,0,0,0,0,'',0),(247274,0,0,0,0,0,0,0,0,0,0,0,0,0,'',0),(247275,5,1,0,0,0,0,0,0,0,0,0,0,0,'',1),(247276,5,11,0,0,0,0,0,0,0,0,0,0,0,'',0),(247277,5,1,0,0,0,0,0,0,0,0,0,0,0,'',1),(247278,3,3,0,0,0,0,0,0,0,0,0,0,0,'',0),(247279,3,3,0,0,0,0,0,0,0,0,0,0,0,'',0),(247280,5,1,0,0,0,0,0,0,0,0,0,0,0,'',0),(247281,5,1,0,0,0,0,0,0,0,0,0,0,0,'',0),(247282,5,1,0,0,0,0,0,0,0,0,0,0,0,'',1),(247283,0,0,0,0,0,0,0,0,0,0,0,0,0,'',0),(247284,5,0,0,0,0,0,0,0,0,0,0,0,0,'',0),(247285,5,1,0,0,0,0,0,0,0,0,0,0,0,'',1),(247286,3,11,0,0,0,0,0,0,0,0,0,0,0,'',0),(247287,5,1,0,0,0,0,0,0,0,0,0,0,0,'',1),(247288,0,11,0,0,0,0,0,0,0,0,0,0,0,'',0),(247289,5,1,0,0,0,0,0,0,0,0,0,0,0,'',1),(247290,5,1,0,0,0,0,0,0,0,0,0,0,0,'',1),(247291,5,0,0,0,0,0,0,0,0,0,0,0,0,'',1),(247292,5,0,0,0,0,0,0,0,0,0,0,0,0,'',1),(247293,1,11,0,0,0,0,0,0,0,0,0,0,0,'',0),(247294,5,1,0,0,0,0,0,0,0,0,0,0,0,'',0),(247295,5,1,0,0,0,0,0,0,0,0,0,0,0,'',1),(247296,0,10,0,0,0,0,0,0,0,0,0,0,0,'',0),(247297,5,11,0,0,0,0,0,0,0,0,0,0,0,'',0),(247298,5,1,0,0,0,0,0,0,0,0,0,0,0,'',1),(247299,3,11,0,0,0,0,0,0,0,0,0,0,0,'',0),(247300,5,1,0,0,0,0,0,0,0,0,0,0,0,'',0),(247301,0,10,0,0,0,0,0,0,0,0,0,0,0,'',0),(247302,5,1,0,0,0,0,0,0,0,0,0,0,0,'',0),(247303,0,10,0,0,0,0,0,0,0,0,0,0,0,'',0),(247304,5,1,0,0,0,0,0,0,0,0,0,0,0,'',1),(247305,5,11,0,0,0,0,0,0,0,0,0,0,0,'',0),(247306,5,11,0,0,0,0,0,0,0,0,0,0,0,'',0),(247307,0,0,0,0,0,0,0,0,0,0,0,0,0,'',0),(247308,3,10,0,0,0,0,0,0,0,0,0,0,0,'',0),(247309,0,0,0,0,0,0,0,0,0,0,0,0,0,'',0),(247310,0,0,0,0,0,0,0,0,0,0,0,0,0,'',0),(247311,0,0,0,0,0,0,0,0,0,0,0,0,0,'',0),(247312,3,11,0,0,0,0,0,0,0,0,0,0,0,'',0),(247313,0,11,0,0,0,0,0,0,0,0,0,0,0,'',0),(247314,5,11,0,0,0,0,0,0,0,0,0,0,0,'',0),(247315,5,11,0,0,0,0,0,0,0,0,0,0,0,'',0),(247316,5,1,0,0,0,0,0,0,0,0,0,0,0,'',1),(247317,0,0,0,0,0,0,0,0,0,0,0,0,0,'',0),(247318,0,0,0,0,0,0,0,0,0,0,0,0,0,'',0),(247319,5,11,0,0,0,0,0,0,0,0,0,0,0,'',0),(247320,0,0,0,0,0,0,0,0,0,0,0,0,0,'',0),(247321,3,11,0,0,0,0,0,0,0,0,0,0,0,'',0),(247322,5,1,0,0,0,0,0,0,0,0,0,0,0,'',1),(247323,0,0,0,0,0,0,0,0,0,0,0,0,0,'',0),(247324,5,1,0,0,0,0,0,0,0,0,0,0,0,'',1),(247325,5,3,0,0,0,0,0,0,0,0,0,0,0,'',0),(247326,5,3,0,0,0,0,0,0,0,0,0,0,0,'',0),(247327,5,1,0,0,0,0,0,0,0,0,0,0,0,'',1),(247328,5,1,0,0,0,0,0,0,0,0,0,0,0,'',1),(247329,5,1,0,0,0,0,0,0,0,0,0,0,0,'',1),(247330,5,1,0,0,0,0,0,0,0,0,0,0,0,'',0),(247331,5,0,0,0,0,0,0,0,0,0,0,0,0,'',1);

--
-- Table structure for table `ps_homeslider`
--

CREATE TABLE `ps_homeslider` (
  `id_homeslider_slides` int(10) unsigned NOT NULL AUTO_INCREMENT,
  `id_shop` int(10) unsigned NOT NULL,
  PRIMARY KEY (`id_homeslider_slides`,`id_shop`)
) ENGINE=InnoDB AUTO_INCREMENT=4 DEFAULT CHARSET=utf8;

--
-- Dumping data for table `ps_homeslider`
--

INSERT INTO `ps_homeslider` VALUES (1,1),(2,1),(3,1);

--
-- Table structure for table `ps_homeslider_slides`
--

CREATE TABLE `ps_homeslider_slides` (
  `id_homeslider_slides` int(10) unsigned NOT NULL AUTO_INCREMENT,
  `position` int(10) unsigned NOT NULL DEFAULT '0',
  `active` tinyint(1) unsigned NOT NULL DEFAULT '0',
  PRIMARY KEY (`id_homeslider_slides`)
) ENGINE=InnoDB AUTO_INCREMENT=4 DEFAULT CHARSET=utf8;

--
-- Dumping data for table `ps_homeslider_slides`
--

INSERT INTO `ps_homeslider_slides` VALUES (1,1,1),(2,2,1),(3,3,1);

--
-- Table structure for table `ps_homeslider_slides_lang`
--

CREATE TABLE `ps_homeslider_slides_lang` (
  `id_homeslider_slides` int(10) unsigned NOT NULL,
  `id_lang` int(10) unsigned NOT NULL,
  `title` varchar(255) NOT NULL,
  `description` text NOT NULL,
  `legend` varchar(255) NOT NULL,
  `url` varchar(255) NOT NULL,
  `image` varchar(255) NOT NULL,
  PRIMARY KEY (`id_homeslider_slides`,`id_lang`)
) ENGINE=InnoDB DEFAULT CHARSET=utf8;

--
-- Dumping data for table `ps_homeslider_slides_lang`
--

INSERT INTO `ps_homeslider_slides_lang` VALUES (1,1,'Sample 1','<h2>EXCEPTEUR<br />OCCAECAT</h2>\n				<p>Lorem ipsum dolor sit amet, consectetur adipiscing elit. Proin tristique in tortor et dignissim. Quisque non tempor leo. Maecenas egestas sem elit</p>\n				<p><button class=\"btn btn-default\" type=\"button\">Shop now !</button></p>','sample-1','http://www.prestashop.com/?utm_source=v16_homeslider','sample-1.jpg'),(1,2,'Sample 1','<h2>EXCEPTEUR<br />OCCAECAT</h2>\n				<p>Lorem ipsum dolor sit amet, consectetur adipiscing elit. Proin tristique in tortor et dignissim. Quisque non tempor leo. Maecenas egestas sem elit</p>\n				<p><button class=\"btn btn-default\" type=\"button\">Shop now !</button></p>','sample-1','http://www.prestashop.com/?utm_source=v16_homeslider','sample-1.jpg'),(1,3,'Sample 1','<h2>EXCEPTEUR<br />OCCAECAT</h2>\n				<p>Lorem ipsum dolor sit amet, consectetur adipiscing elit. Proin tristique in tortor et dignissim. Quisque non tempor leo. Maecenas egestas sem elit</p>\n				<p><button class=\"btn btn-default\" type=\"button\">Shop now !</button></p>','sample-1','http://www.prestashop.com/?utm_source=v16_homeslider','sample-1.jpg'),(1,4,'Sample 1','<h2>EXCEPTEUR<br />OCCAECAT</h2>\n				<p>Lorem ipsum dolor sit amet, consectetur adipiscing elit. Proin tristique in tortor et dignissim. Quisque non tempor leo. Maecenas egestas sem elit</p>\n				<p><button class=\"btn btn-default\" type=\"button\">Shop now !</button></p>','sample-1','http://www.prestashop.com/?utm_source=v16_homeslider','sample-1.jpg'),(1,5,'Sample 1','<h2>EXCEPTEUR<br />OCCAECAT</h2>\n				<p>Lorem ipsum dolor sit amet, consectetur adipiscing elit. Proin tristique in tortor et dignissim. Quisque non tempor leo. Maecenas egestas sem elit</p>\n				<p><button class=\"btn btn-default\" type=\"button\">Shop now !</button></p>','sample-1','http://www.prestashop.com/?utm_source=v16_homeslider','sample-1.jpg'),(2,1,'Sample 2','<h2>EXCEPTEUR<br />OCCAECAT</h2>\n				<p>Lorem ipsum dolor sit amet, consectetur adipiscing elit. Proin tristique in tortor et dignissim. Quisque non tempor leo. Maecenas egestas sem elit</p>\n				<p><button class=\"btn btn-default\" type=\"button\">Shop now !</button></p>','sample-2','http://www.prestashop.com/?utm_source=v16_homeslider','sample-2.jpg'),(2,2,'Sample 2','<h2>EXCEPTEUR<br />OCCAECAT</h2>\n				<p>Lorem ipsum dolor sit amet, consectetur adipiscing elit. Proin tristique in tortor et dignissim. Quisque non tempor leo. Maecenas egestas sem elit</p>\n				<p><button class=\"btn btn-default\" type=\"button\">Shop now !</button></p>','sample-2','http://www.prestashop.com/?utm_source=v16_homeslider','sample-2.jpg'),(2,3,'Sample 2','<h2>EXCEPTEUR<br />OCCAECAT</h2>\n				<p>Lorem ipsum dolor sit amet, consectetur adipiscing elit. Proin tristique in tortor et dignissim. Quisque non tempor leo. Maecenas egestas sem elit</p>\n				<p><button class=\"btn btn-default\" type=\"button\">Shop now !</button></p>','sample-2','http://www.prestashop.com/?utm_source=v16_homeslider','sample-2.jpg'),(2,4,'Sample 2','<h2>EXCEPTEUR<br />OCCAECAT</h2>\n				<p>Lorem ipsum dolor sit amet, consectetur adipiscing elit. Proin tristique in tortor et dignissim. Quisque non tempor leo. Maecenas egestas sem elit</p>\n				<p><button class=\"btn btn-default\" type=\"button\">Shop now !</button></p>','sample-2','http://www.prestashop.com/?utm_source=v16_homeslider','sample-2.jpg'),(2,5,'Sample 2','<h2>EXCEPTEUR<br />OCCAECAT</h2>\n				<p>Lorem ipsum dolor sit amet, consectetur adipiscing elit. Proin tristique in tortor et dignissim. Quisque non tempor leo. Maecenas egestas sem elit</p>\n				<p><button class=\"btn btn-default\" type=\"button\">Shop now !</button></p>','sample-2','http://www.prestashop.com/?utm_source=v16_homeslider','sample-2.jpg'),(3,1,'Sample 3','<h2>EXCEPTEUR<br />OCCAECAT</h2>\n				<p>Lorem ipsum dolor sit amet, consectetur adipiscing elit. Proin tristique in tortor et dignissim. Quisque non tempor leo. Maecenas egestas sem elit</p>\n				<p><button class=\"btn btn-default\" type=\"button\">Shop now !</button></p>','sample-3','http://www.prestashop.com/?utm_source=v16_homeslider','sample-3.jpg'),(3,2,'Sample 3','<h2>EXCEPTEUR<br />OCCAECAT</h2>\n				<p>Lorem ipsum dolor sit amet, consectetur adipiscing elit. Proin tristique in tortor et dignissim. Quisque non tempor leo. Maecenas egestas sem elit</p>\n				<p><button class=\"btn btn-default\" type=\"button\">Shop now !</button></p>','sample-3','http://www.prestashop.com/?utm_source=v16_homeslider','sample-3.jpg'),(3,3,'Sample 3','<h2>EXCEPTEUR<br />OCCAECAT</h2>\n				<p>Lorem ipsum dolor sit amet, consectetur adipiscing elit. Proin tristique in tortor et dignissim. Quisque non tempor leo. Maecenas egestas sem elit</p>\n				<p><button class=\"btn btn-default\" type=\"button\">Shop now !</button></p>','sample-3','http://www.prestashop.com/?utm_source=v16_homeslider','sample-3.jpg'),(3,4,'Sample 3','<h2>EXCEPTEUR<br />OCCAECAT</h2>\n				<p>Lorem ipsum dolor sit amet, consectetur adipiscing elit. Proin tristique in tortor et dignissim. Quisque non tempor leo. Maecenas egestas sem elit</p>\n				<p><button class=\"btn btn-default\" type=\"button\">Shop now !</button></p>','sample-3','http://www.prestashop.com/?utm_source=v16_homeslider','sample-3.jpg'),(3,5,'Sample 3','<h2>EXCEPTEUR<br />OCCAECAT</h2>\n				<p>Lorem ipsum dolor sit amet, consectetur adipiscing elit. Proin tristique in tortor et dignissim. Quisque non tempor leo. Maecenas egestas sem elit</p>\n				<p><button class=\"btn btn-default\" type=\"button\">Shop now !</button></p>','sample-3','http://www.prestashop.com/?utm_source=v16_homeslider','sample-3.jpg');

--
-- Table structure for table `ps_hook`
--

CREATE TABLE `ps_hook` (
  `id_hook` int(10) unsigned NOT NULL AUTO_INCREMENT,
  `name` varchar(64) NOT NULL,
  `title` varchar(64) NOT NULL,
  `description` text,
  `position` tinyint(1) NOT NULL DEFAULT '1',
  `live_edit` tinyint(1) NOT NULL DEFAULT '0',
  PRIMARY KEY (`id_hook`),
  UNIQUE KEY `hook_name` (`name`)
) ENGINE=InnoDB AUTO_INCREMENT=159 DEFAULT CHARSET=utf8;

--
-- Dumping data for table `ps_hook`
--

INSERT INTO `ps_hook` VALUES (1,'displayPayment','Payment','This hook displays new elements on the payment page',1,1),(2,'actionValidateOrder','New orders','',1,0),(3,'displayMaintenance','Maintenance Page','This hook displays new elements on the maintenance page',1,0),(4,'actionPaymentConfirmation','Payment confirmation','This hook displays new elements after the payment is validated',1,0),(5,'displayPaymentReturn','Payment return','',1,0),(6,'actionUpdateQuantity','Quantity update','Quantity is updated only when a customer effectively places their order',1,0),(7,'displayRightColumn','Right column blocks','This hook displays new elements in the right-hand column',1,1),(8,'displayLeftColumn','Left column blocks','This hook displays new elements in the left-hand column',1,1),(9,'displayHome','Homepage content','This hook displays new elements on the homepage',1,1),(10,'displayHeader','Pages header','This hook displays additional elements in the header of your pages',1,0),(11,'actionCartSave','Cart creation and update','This hook is displayed when a product is added to the cart or if the cart\'s content is modified',1,0),(12,'actionAuthentication','Successful customer authentication','This hook is displayed after a customer successfully signs in',1,0),(13,'actionProductAdd','Product creation','This hook is displayed after a product is created',1,0),(14,'actionProductUpdate','Product update','This hook is displayed after a product has been updated',1,0),(15,'displayTop','Top of pages','This hook displays  additional elements at the top of your pages',1,0),(16,'displayRightColumnProduct','New elements on the product page (right column)','This hook displays new elements in the right-hand column of the product page',1,0),(17,'actionProductDelete','Product deletion','This hook is called when a product is deleted',1,0),(18,'displayFooterProduct','Product footer','This hook adds new blocks under the product\'s description',1,1),(19,'displayInvoice','Invoice','This hook displays new blocks on the invoice (order)',1,0),(20,'actionOrderStatusUpdate','Order status update - Event','This hook launches modules when the status of an order changes.',1,0),(21,'displayAdminOrder','Display new elements in the Back Office, tab AdminOrder','This hook launches modules when the AdminOrder tab is displayed in the Back Office',1,0),(22,'displayAdminOrderTabOrder','Display new elements in Back Office, AdminOrder, panel Order','This hook launches modules when the AdminOrder tab is displayed in the Back Office and extends / override Order panel tabs',1,0),(23,'displayAdminOrderTabShip','Display new elements in Back Office, AdminOrder, panel Shipping','This hook launches modules when the AdminOrder tab is displayed in the Back Office and extends / override Shipping panel tabs',1,0),(24,'displayAdminOrderContentOrder','Display new elements in Back Office, AdminOrder, panel Order','This hook launches modules when the AdminOrder tab is displayed in the Back Office and extends / override Order panel content',1,0),(25,'displayAdminOrderContentShip','Display new elements in Back Office, AdminOrder, panel Shipping','This hook launches modules when the AdminOrder tab is displayed in the Back Office and extends / override Shipping panel content',1,0),(26,'displayFooter','Footer','This hook displays new blocks in the footer',1,0),(27,'displayPDFInvoice','PDF Invoice','This hook allows you to display additional information on PDF invoices',1,0),(28,'displayAdminCustomers','Display new elements in the Back Office, tab AdminCustomers','This hook launches modules when the AdminCustomers tab is displayed in the Back Office',1,0),(29,'displayOrderConfirmation','Order confirmation page','This hook is called within an order\'s confirmation page',1,0),(30,'actionCustomerAccountAdd','Successful customer account creation','This hook is called when a new customer creates an account successfully',1,0),(31,'displayCustomerAccount','Customer account displayed in Front Office','This hook displays new elements on the customer account page',1,0),(32,'actionOrderSlipAdd','Order slip creation','This hook is called when a new credit slip is added regarding client order',1,0),(33,'displayProductTab','Tabs on product page','This hook is called on the product page\'s tab',1,0),(34,'displayProductTabContent','Tabs content on the product page','This hook is called on the product page\'s tab',1,0),(35,'displayShoppingCartFooter','Shopping cart footer','This hook displays some specific information on the shopping cart\'s page',1,0),(36,'displayCustomerAccountForm','Customer account creation form','This hook displays some information on the form to create a customer account',1,0),(37,'displayAdminStatsModules','Stats - Modules','',1,0),(38,'displayAdminStatsGraphEngine','Graph engines','',1,0),(39,'actionOrderReturn','Returned product','This hook is displayed when a customer returns a product ',1,0),(40,'displayProductButtons','Product page actions','This hook adds new action buttons on the product page',1,0),(41,'displayBackOfficeHome','Administration panel homepage','This hook is displayed on the admin panel\'s homepage',1,0),(42,'displayAdminStatsGridEngine','Grid engines','',1,0),(43,'actionWatermark','Watermark','',1,0),(44,'actionProductCancel','Product cancelled','This hook is called when you cancel a product in an order',1,0),(45,'displayLeftColumnProduct','New elements on the product page (left column)','This hook displays new elements in the left-hand column of the product page',1,0),(46,'actionProductOutOfStock','Out-of-stock product','This hook displays new action buttons if a product is out of stock',1,0),(47,'actionProductAttributeUpdate','Product attribute update','This hook is displayed when a product\'s attribute is updated',1,0),(48,'displayCarrierList','Extra carrier (module mode)','',1,0),(49,'displayShoppingCart','Shopping cart - Additional button','This hook displays new action buttons within the shopping cart',1,0),(50,'actionSearch','Search','',1,0),(51,'displayBeforePayment','Redirect during the order process','This hook redirects the user to the module instead of displaying payment modules',1,0),(52,'actionCarrierUpdate','Carrier Update','This hook is called when a carrier is updated',1,0),(53,'actionOrderStatusPostUpdate','Post update of order status','',1,0),(54,'displayCustomerAccountFormTop','Block above the form for create an account','This hook is displayed above the customer\'s account creation form',1,0),(55,'displayBackOfficeHeader','Administration panel header','This hook is displayed in the header of the admin panel',1,0),(56,'displayBackOfficeTop','Administration panel hover the tabs','This hook is displayed on the roll hover of the tabs within the admin panel',1,0),(57,'displayBackOfficeFooter','Administration panel footer','This hook is displayed within the admin panel\'s footer',1,0),(58,'actionProductAttributeDelete','Product attribute deletion','This hook is displayed when a product\'s attribute is deleted',1,0),(59,'actionCarrierProcess','Carrier process','',1,0),(60,'actionOrderDetail','Order detail','This hook is used to set the follow-up in Smarty when an order\'s detail is called',1,0),(61,'displayBeforeCarrier','Before carriers list','This hook is displayed before the carrier list in Front Office',1,0),(62,'displayOrderDetail','Order detail','This hook is displayed within the order\'s details in Front Office',1,0),(63,'actionPaymentCCAdd','Payment CC added','',1,0),(64,'displayProductComparison','Extra product comparison','',1,0),(65,'actionCategoryAdd','Category creation','This hook is displayed when a category is created',1,0),(66,'actionCategoryUpdate','Category modification','This hook is displayed when a category is modified',1,0),(67,'actionCategoryDelete','Category deletion','This hook is displayed when a category is deleted',1,0),(68,'actionBeforeAuthentication','Before authentication','This hook is displayed before the customer\'s authentication',1,0),(69,'displayPaymentTop','Top of payment page','This hook is displayed at the top of the payment page',1,0),(70,'actionHtaccessCreate','After htaccess creation','This hook is displayed after the htaccess creation',1,0),(71,'actionAdminMetaSave','After saving the configuration in AdminMeta','This hook is displayed after saving the configuration in AdminMeta',1,0),(72,'displayAttributeGroupForm','Add fields to the form \'attribute group\'','This hook adds fields to the form \'attribute group\'',1,0),(73,'actionAttributeGroupSave','Saving an attribute group','This hook is called while saving an attributes group',1,0),(74,'actionAttributeGroupDelete','Deleting attribute group','This hook is called while deleting an attributes  group',1,0),(75,'displayFeatureForm','Add fields to the form \'feature\'','This hook adds fields to the form \'feature\'',1,0),(76,'actionFeatureSave','Saving attributes\' features','This hook is called while saving an attributes features',1,0),(77,'actionFeatureDelete','Deleting attributes\' features','This hook is called while deleting an attributes features',1,0),(78,'actionProductSave','Saving products','This hook is called while saving products',1,0),(79,'actionProductListOverride','Assign a products list to a category','This hook assigns a products list to a category',1,0),(80,'displayAttributeGroupPostProcess','On post-process in admin attribute group','This hook is called on post-process in admin attribute group',1,0),(81,'displayFeaturePostProcess','On post-process in admin feature','This hook is called on post-process in admin feature',1,0),(82,'displayFeatureValueForm','Add fields to the form \'feature value\'','This hook adds fields to the form \'feature value\'',1,0),(83,'displayFeatureValuePostProcess','On post-process in admin feature value','This hook is called on post-process in admin feature value',1,0),(84,'actionFeatureValueDelete','Deleting attributes\' features\' values','This hook is called while deleting an attributes features value',1,0),(85,'actionFeatureValueSave','Saving an attributes features value','This hook is called while saving an attributes features value',1,0),(86,'displayAttributeForm','Add fields to the form \'attribute value\'','This hook adds fields to the form \'attribute value\'',1,0),(87,'actionAttributePostProcess','On post-process in admin feature value','This hook is called on post-process in admin feature value',1,0),(88,'actionAttributeDelete','Deleting an attributes features value','This hook is called while deleting an attributes features value',1,0),(89,'actionAttributeSave','Saving an attributes features value','This hook is called while saving an attributes features value',1,0),(90,'actionTaxManager','Tax Manager Factory','',1,0),(91,'displayMyAccountBlock','My account block','This hook displays extra information within the \'my account\' block\"',1,0),(92,'actionModuleInstallBefore','actionModuleInstallBefore','',1,0),(93,'actionModuleInstallAfter','actionModuleInstallAfter','',1,0),(94,'displayHomeTab','Home Page Tabs','This hook displays new elements on the homepage tabs',1,1),(95,'displayHomeTabContent','Home Page Tabs Content','This hook displays new elements on the homepage tabs content',1,1),(96,'displayTopColumn','Top column blocks','This hook displays new elements in the top of columns',1,1),(97,'displayBackOfficeCategory','Display new elements in the Back Office, tab AdminCategories','This hook launches modules when the AdminCategories tab is displayed in the Back Office',1,0),(98,'displayProductListFunctionalButtons','Display new elements in the Front Office, products list','This hook launches modules when the products list is displayed in the Front Office',1,0),(99,'displayNav','Navigation','',1,1),(100,'displayOverrideTemplate','Change the default template of current controller','',1,0),(101,'actionObjectProductUpdateAfter','actionObjectProductUpdateAfter','',0,0),(102,'actionObjectProductDeleteAfter','actionObjectProductDeleteAfter','',0,0),(103,'displayCompareExtraInformation','displayCompareExtraInformation','',1,1),(104,'displayBanner','displayBanner','',1,1),(105,'actionObjectLanguageAddAfter','actionObjectLanguageAddAfter','',0,0),(106,'actionCartListOverride','actionCartListOverride','',0,0),(107,'actionAdminMetaControllerUpdate_optionsBefore','actionAdminMetaControllerUpdate_optionsBefore','',0,0),(108,'actionAdminLanguagesControllerStatusBefore','actionAdminLanguagesControllerStatusBefore','',0,0),(109,'actionObjectCmsUpdateAfter','actionObjectCmsUpdateAfter','',0,0),(110,'actionObjectCmsDeleteAfter','actionObjectCmsDeleteAfter','',0,0),(111,'actionShopDataDuplication','actionShopDataDuplication','',0,0),(112,'actionAdminStoresControllerUpdate_optionsAfter','actionAdminStoresControllerUpdate_optionsAfter','',0,0),(113,'actionObjectManufacturerDeleteAfter','actionObjectManufacturerDeleteAfter','',0,0),(114,'actionObjectManufacturerAddAfter','actionObjectManufacturerAddAfter','',0,0),(115,'actionObjectManufacturerUpdateAfter','actionObjectManufacturerUpdateAfter','',0,0),(117,'actionModuleRegisterHookAfter','actionModuleRegisterHookAfter','',0,0),(118,'actionModuleUnRegisterHookAfter','actionModuleUnRegisterHookAfter','',0,0),(119,'displayMyAccountBlockfooter','My account block','Display extra informations inside the \"my account\" block',1,0),(120,'displayMobileTopSiteMap','displayMobileTopSiteMap','',1,1),(121,'actionObjectSupplierDeleteAfter','actionObjectSupplierDeleteAfter','',0,0),(122,'actionObjectSupplierAddAfter','actionObjectSupplierAddAfter','',0,0),(123,'actionObjectSupplierUpdateAfter','actionObjectSupplierUpdateAfter','',0,0),(124,'actionObjectCategoryUpdateAfter','actionObjectCategoryUpdateAfter','',0,0),(125,'actionObjectCategoryDeleteAfter','actionObjectCategoryDeleteAfter','',0,0),(126,'actionObjectCategoryAddAfter','actionObjectCategoryAddAfter','',0,0),(127,'actionObjectCmsAddAfter','actionObjectCmsAddAfter','',0,0),(128,'actionObjectProductAddAfter','actionObjectProductAddAfter','',0,0),(129,'dashboardZoneOne','dashboardZoneOne','',0,0),(130,'dashboardData','dashboardData','',0,0),(131,'actionObjectOrderAddAfter','actionObjectOrderAddAfter','',0,0),(132,'actionObjectCustomerAddAfter','actionObjectCustomerAddAfter','',0,0),(133,'actionObjectCustomerMessageAddAfter','actionObjectCustomerMessageAddAfter','',0,0),(134,'actionObjectCustomerThreadAddAfter','actionObjectCustomerThreadAddAfter','',0,0),(135,'actionObjectOrderReturnAddAfter','actionObjectOrderReturnAddAfter','',0,0),(136,'actionAdminControllerSetMedia','actionAdminControllerSetMedia','',0,0),(137,'dashboardZoneTwo','dashboardZoneTwo','',0,0),(138,'displayProductListReviews','displayProductListReviews','',1,1),(139,'actionAdminMetaControllerUpdate_optionsAfter','actionAdminMetaControllerUpdate_optionsAfter','',0,0),(140,'actionAdminPerformanceControllerSaveAfter','actionAdminPerformanceControllerSaveAfter','',0,0),(141,'actionObjectCarrierAddAfter','actionObjectCarrierAddAfter','',0,0),(142,'actionObjectContactAddAfter','actionObjectContactAddAfter','',0,0),(143,'actionAdminThemesControllerUpdate_optionsAfter','actionAdminThemesControllerUpdate_optionsAfter','',0,0),(144,'actionObjectShopUpdateAfter','actionObjectShopUpdateAfter','',0,0),(145,'actionAdminPreferencesControllerUpdate_optionsAfter','actionAdminPreferencesControllerUpdate_optionsAfter','',0,0),(146,'actionObjectShopAddAfter','actionObjectShopAddAfter','',0,0),(147,'actionObjectShopGroupAddAfter','actionObjectShopGroupAddAfter','',0,0),(148,'actionObjectCartAddAfter','actionObjectCartAddAfter','',0,0),(149,'actionObjectEmployeeAddAfter','actionObjectEmployeeAddAfter','',0,0),(150,'actionObjectImageAddAfter','actionObjectImageAddAfter','',0,0),(151,'actionObjectCartRuleAddAfter','actionObjectCartRuleAddAfter','',0,0),(152,'actionAdminStoresControllerSaveAfter','actionAdminStoresControllerSaveAfter','',0,0),(153,'actionAdminWebserviceControllerSaveAfter','actionAdminWebserviceControllerSaveAfter','',0,0),(154,'displayAdminProductsExtra','displayAdminProductsExtra','',1,1),(155,'actionObjectCustomerUpdateAfter','actionObjectCustomerUpdateAfter','',0,0),(156,'actionProductCoverage','actionProductCoverage','',0,0),(157,'actionObjectAddressAddAfter','actionObjectAddressAddAfter','',0,0),(158,'actionObjectAddressUpdateAfter','actionObjectAddressUpdateAfter','',0,0);

--
-- Table structure for table `ps_hook_alias`
--

CREATE TABLE `ps_hook_alias` (
  `id_hook_alias` int(10) unsigned NOT NULL AUTO_INCREMENT,
  `alias` varchar(64) NOT NULL,
  `name` varchar(64) NOT NULL,
  PRIMARY KEY (`id_hook_alias`),
  UNIQUE KEY `alias` (`alias`)
) ENGINE=InnoDB AUTO_INCREMENT=87 DEFAULT CHARSET=utf8;

--
-- Dumping data for table `ps_hook_alias`
--

INSERT INTO `ps_hook_alias` VALUES (1,'payment','displayPayment'),(2,'newOrder','actionValidateOrder'),(3,'paymentConfirm','actionPaymentConfirmation'),(4,'paymentReturn','displayPaymentReturn'),(5,'updateQuantity','actionUpdateQuantity'),(6,'rightColumn','displayRightColumn'),(7,'leftColumn','displayLeftColumn'),(8,'home','displayHome'),(9,'header','displayHeader'),(10,'cart','actionCartSave'),(11,'authentication','actionAuthentication'),(12,'addproduct','actionProductAdd'),(13,'updateproduct','actionProductUpdate'),(14,'top','displayTop'),(15,'extraRight','displayRightColumnProduct'),(16,'deleteproduct','actionProductDelete'),(17,'productfooter','displayFooterProduct'),(18,'invoice','displayInvoice'),(19,'updateOrderStatus','actionOrderStatusUpdate'),(20,'adminOrder','displayAdminOrder'),(21,'footer','displayFooter'),(22,'PDFInvoice','displayPDFInvoice'),(23,'adminCustomers','displayAdminCustomers'),(24,'orderConfirmation','displayOrderConfirmation'),(25,'createAccount','actionCustomerAccountAdd'),(26,'customerAccount','displayCustomerAccount'),(27,'orderSlip','actionOrderSlipAdd'),(28,'productTab','displayProductTab'),(29,'productTabContent','displayProductTabContent'),(30,'shoppingCart','displayShoppingCartFooter'),(31,'createAccountForm','displayCustomerAccountForm'),(32,'AdminStatsModules','displayAdminStatsModules'),(33,'GraphEngine','displayAdminStatsGraphEngine'),(34,'orderReturn','actionOrderReturn'),(35,'productActions','displayProductButtons'),(36,'backOfficeHome','displayBackOfficeHome'),(37,'GridEngine','displayAdminStatsGridEngine'),(38,'watermark','actionWatermark'),(39,'cancelProduct','actionProductCancel'),(40,'extraLeft','displayLeftColumnProduct'),(41,'productOutOfStock','actionProductOutOfStock'),(42,'updateProductAttribute','actionProductAttributeUpdate'),(43,'extraCarrier','displayCarrierList'),(44,'shoppingCartExtra','displayShoppingCart'),(45,'search','actionSearch'),(46,'backBeforePayment','displayBeforePayment'),(47,'updateCarrier','actionCarrierUpdate'),(48,'postUpdateOrderStatus','actionOrderStatusPostUpdate'),(49,'createAccountTop','displayCustomerAccountFormTop'),(50,'backOfficeHeader','displayBackOfficeHeader'),(51,'backOfficeTop','displayBackOfficeTop'),(52,'backOfficeFooter','displayBackOfficeFooter'),(53,'deleteProductAttribute','actionProductAttributeDelete'),(54,'processCarrier','actionCarrierProcess'),(55,'orderDetail','actionOrderDetail'),(56,'beforeCarrier','displayBeforeCarrier'),(57,'orderDetailDisplayed','displayOrderDetail'),(58,'paymentCCAdded','actionPaymentCCAdd'),(59,'extraProductComparison','displayProductComparison'),(60,'categoryAddition','actionCategoryAdd'),(61,'categoryUpdate','actionCategoryUpdate'),(62,'categoryDeletion','actionCategoryDelete'),(63,'beforeAuthentication','actionBeforeAuthentication'),(64,'paymentTop','displayPaymentTop'),(65,'afterCreateHtaccess','actionHtaccessCreate'),(66,'afterSaveAdminMeta','actionAdminMetaSave'),(67,'attributeGroupForm','displayAttributeGroupForm'),(68,'afterSaveAttributeGroup','actionAttributeGroupSave'),(69,'afterDeleteAttributeGroup','actionAttributeGroupDelete'),(70,'featureForm','displayFeatureForm'),(71,'afterSaveFeature','actionFeatureSave'),(72,'afterDeleteFeature','actionFeatureDelete'),(73,'afterSaveProduct','actionProductSave'),(74,'productListAssign','actionProductListOverride'),(75,'postProcessAttributeGroup','displayAttributeGroupPostProcess'),(76,'postProcessFeature','displayFeaturePostProcess'),(77,'featureValueForm','displayFeatureValueForm'),(78,'postProcessFeatureValue','displayFeatureValuePostProcess'),(79,'afterDeleteFeatureValue','actionFeatureValueDelete'),(80,'afterSaveFeatureValue','actionFeatureValueSave'),(81,'attributeForm','displayAttributeForm'),(82,'postProcessAttribute','actionAttributePostProcess'),(83,'afterDeleteAttribute','actionAttributeDelete'),(84,'afterSaveAttribute','actionAttributeSave'),(85,'taxManager','actionTaxManager'),(86,'myAccountBlock','displayMyAccountBlock');

--
-- Table structure for table `ps_hook_module`
--

CREATE TABLE `ps_hook_module` (
  `id_module` int(10) unsigned NOT NULL,
  `id_shop` int(11) unsigned NOT NULL DEFAULT '1',
  `id_hook` int(10) unsigned NOT NULL,
  `position` tinyint(2) unsigned NOT NULL,
  PRIMARY KEY (`id_module`,`id_hook`,`id_shop`),
  KEY `id_hook` (`id_hook`),
  KEY `id_module` (`id_module`),
  KEY `position` (`id_shop`,`position`)
) ENGINE=InnoDB DEFAULT CHARSET=utf8;

--
-- Dumping data for table `ps_hook_module`
--

INSERT INTO `ps_hook_module` VALUES (1,1,16,1),(1,1,101,1),(1,1,102,1),(1,1,103,1),(2,1,104,1),(2,1,105,1),(3,1,1,1),(3,1,5,1),(4,1,13,1),(4,1,14,1),(4,1,17,1),(4,1,53,1),(5,1,15,1),(5,1,106,1),(7,1,65,1),(7,1,66,1),(7,1,67,1),(7,1,97,1),(7,1,107,1),(7,1,108,1),(10,1,10,1),(11,1,72,1),(11,1,73,1),(11,1,74,1),(11,1,75,1),(11,1,76,1),(11,1,77,1),(11,1,78,1),(11,1,79,1),(11,1,80,1),(11,1,81,1),(11,1,82,1),(11,1,83,1),(11,1,84,1),(11,1,85,1),(11,1,86,1),(11,1,87,1),(11,1,88,1),(11,1,89,1),(12,1,109,1),(12,1,110,1),(12,1,111,1),(12,1,112,1),(16,1,113,1),(16,1,114,1),(16,1,115,1),(17,1,117,1),(17,1,118,1),(19,1,94,1),(19,1,95,1),(20,1,26,1),(20,1,30,1),(22,1,120,1),(25,1,121,1),(25,1,122,1),(25,1,123,1),(27,1,99,1),(27,1,124,1),(27,1,125,1),(27,1,126,1),(27,1,127,1),(27,1,128,1),(31,1,129,1),(31,1,130,1),(31,1,131,1),(31,1,132,1),(31,1,133,1),(31,1,134,1),(31,1,135,1),(31,1,136,1),(32,1,137,1),(34,1,50,1),(35,1,38,1),(36,1,42,1),(40,1,37,1),(50,1,12,1),(63,1,9,1),(63,1,55,1),(64,1,2,1),(64,1,20,1),(64,1,93,1),(64,1,139,1),(64,1,140,1),(64,1,141,1),(64,1,142,1),(64,1,143,1),(64,1,144,1),(64,1,145,1),(64,1,146,1),(64,1,147,1),(64,1,148,1),(64,1,149,1),(64,1,150,1),(64,1,151,1),(64,1,152,1),(64,1,153,1),(65,1,11,1),(65,1,28,1),(65,1,31,1),(65,1,40,1),(65,1,91,1),(65,1,98,1),(66,1,33,1),(66,1,34,1),(66,1,64,1),(66,1,138,1),(67,1,45,1),(70,1,21,1),(70,1,48,1),(70,1,52,1),(70,1,69,1),(73,1,18,1),(73,1,46,1),(73,1,57,1),(73,1,154,1),(74,1,155,1),(75,1,6,1),(75,1,47,1),(75,1,58,1),(75,1,156,1),(76,1,29,1),(77,1,44,1),(86,1,32,1),(86,1,157,1),(86,1,158,1),(5,1,10,2),(6,1,26,2),(9,1,9,2),(10,1,15,2),(11,1,65,2),(11,1,66,2),(11,1,67,2),(18,1,117,2),(18,1,118,2),(19,1,13,2),(19,1,14,2),(19,1,17,2),(27,1,101,2),(27,1,102,2),(27,1,109,2),(27,1,110,2),(27,1,111,2),(27,1,113,2),(27,1,114,2),(27,1,115,2),(27,1,121,2),(27,1,122,2),(27,1,123,2),(30,1,1,2),(30,1,5,2),(32,1,53,2),(32,1,130,2),(32,1,136,2),(33,1,137,2),(34,1,131,2),(38,1,94,2),(38,1,95,2),(39,1,40,2),(41,1,37,2),(50,1,30,2),(60,1,50,2),(63,1,105,2),(64,1,55,2),(64,1,112,2),(64,1,127,2),(64,1,128,2),(64,1,132,2),(64,1,134,2),(66,1,16,2),(70,1,2,2),(73,1,11,2),(73,1,29,2),(73,1,31,2),(73,1,91,2),(73,1,98,2),(75,1,46,2),(76,1,21,2),(77,1,20,2),(86,1,6,2),(86,1,28,2),(86,1,155,2),(4,1,94,3),(4,1,95,3),(7,1,26,3),(13,1,9,3),(20,1,10,3),(23,1,13,3),(23,1,14,3),(23,1,17,3),(27,1,66,3),(33,1,130,3),(33,1,136,3),(34,1,137,3),(37,1,111,3),(42,1,37,3),(64,1,131,3),(68,1,55,3),(68,1,117,3),(68,1,118,3),(73,1,2,3),(74,1,30,3),(75,1,31,3),(75,1,91,3),(76,1,1,3),(77,1,5,3),(77,1,21,3),(86,1,53,3),(86,1,101,3),(86,1,102,3),(86,1,128,3),(12,1,26,4),(34,1,130,4),(35,1,136,4),(38,1,13,4),(38,1,14,4),(38,1,17,4),(38,1,66,4),(43,1,37,4),(70,1,55,4),(73,1,10,4),(75,1,2,4),(77,1,1,4),(86,1,21,4),(86,1,30,4),(18,1,26,5),(44,1,37,5),(73,1,14,5),(74,1,10,5),(75,1,17,5),(86,1,2,5),(86,1,136,5),(15,1,26,6),(45,1,37,6),(75,1,10,6),(46,1,37,7),(50,1,26,7),(47,1,37,8),(63,1,26,8),(48,1,37,9),(49,1,37,10),(51,1,37,11),(52,1,37,12),(53,1,37,13),(54,1,37,14),(55,1,37,15),(56,1,37,16),(57,1,37,17),(58,1,37,18),(59,1,37,19),(60,1,37,20),(61,1,37,21),(62,1,37,22);

--
-- Table structure for table `ps_hook_module_exceptions`
--

CREATE TABLE `ps_hook_module_exceptions` (
  `id_hook_module_exceptions` int(10) unsigned NOT NULL AUTO_INCREMENT,
  `id_shop` int(11) unsigned NOT NULL DEFAULT '1',
  `id_module` int(10) unsigned NOT NULL,
  `id_hook` int(10) unsigned NOT NULL,
  `file_name` varchar(255) DEFAULT NULL,
  PRIMARY KEY (`id_hook_module_exceptions`),
  KEY `id_module` (`id_module`),
  KEY `id_hook` (`id_hook`)
) ENGINE=InnoDB DEFAULT CHARSET=utf8;

--
-- Dumping data for table `ps_hook_module_exceptions`
--


--
-- Table structure for table `ps_image`
--

CREATE TABLE `ps_image` (
  `id_image` int(10) unsigned NOT NULL AUTO_INCREMENT,
  `id_product` int(10) unsigned NOT NULL,
  `position` smallint(2) unsigned NOT NULL DEFAULT '0',
  `cover` tinyint(1) unsigned NOT NULL DEFAULT '0',
  PRIMARY KEY (`id_image`),
  UNIQUE KEY `idx_product_image` (`id_image`,`id_product`,`cover`),
  KEY `image_product` (`id_product`),
  KEY `id_product_cover` (`id_product`,`cover`)
) ENGINE=InnoDB AUTO_INCREMENT=2040 DEFAULT CHARSET=utf8;

--
-- Dumping data for table `ps_image`
--

INSERT INTO `ps_image` VALUES (1006,816,1,1),(1007,816,2,0),(1008,816,3,0),(1012,818,1,1),(1013,818,2,0),(1015,819,1,1),(1016,819,2,0),(1018,820,1,1),(1019,820,2,0),(1027,823,1,1),(1028,823,2,0),(1029,823,3,0),(1030,824,1,1),(1031,824,2,0),(1032,824,3,0),(1033,825,1,1),(1034,825,2,0),(1035,825,3,0),(1036,826,1,1),(1037,826,2,0),(1038,826,3,0),(1039,827,1,1),(1040,827,2,0),(1041,827,3,0),(1042,828,1,1),(1043,828,2,0),(1044,828,3,0),(1045,829,1,1),(1046,829,2,0),(1047,829,3,0),(1048,830,1,1),(1049,830,2,0),(1050,830,3,0),(1051,831,1,1),(1052,831,2,0),(1053,831,3,0),(1054,832,1,1),(1055,832,2,0),(1056,832,3,0),(1057,833,1,1),(1058,833,2,0),(1059,833,3,0),(1060,834,1,1),(1061,834,2,0),(1062,834,3,0),(1063,835,1,1),(1064,835,2,0),(1065,835,3,0),(1066,836,1,1),(1067,836,2,0),(1068,836,3,0),(1075,839,1,1),(1076,839,2,0),(1077,839,3,0),(1078,840,1,1),(1079,840,2,0),(1080,840,3,0),(1081,841,1,1),(1082,841,2,0),(1083,841,3,0),(1084,842,1,1),(1085,842,2,0),(1086,842,3,0),(1087,843,1,1),(1088,843,2,0),(1090,844,1,1),(1091,844,2,0),(1093,845,1,1),(1094,845,2,0),(1096,846,1,1),(1097,846,2,0),(1098,846,3,0),(1111,851,1,1),(1112,851,2,0),(1113,851,3,0),(1114,852,1,1),(1115,852,2,0),(1116,852,3,0),(1120,854,1,1),(1121,854,2,0),(1122,854,3,0),(1138,860,1,1),(1139,860,2,0),(1140,860,3,0),(1141,861,1,1),(1142,861,2,0),(1143,861,3,0),(1144,862,1,1),(1145,862,2,0),(1146,862,3,0),(1150,864,1,1),(1151,864,2,0),(1152,864,3,0),(1169,870,3,0),(1170,870,4,0),(1172,871,2,0),(1173,871,3,0),(1183,875,1,1),(1184,875,2,0),(1186,876,1,1),(1187,876,2,0),(1189,877,1,1),(1190,877,2,0),(1192,878,1,1),(1193,878,2,0),(1195,879,1,1),(1196,879,2,0),(1198,880,1,1),(1199,880,2,0),(1204,882,1,1),(1205,882,2,0),(1206,882,3,0),(1207,883,1,1),(1208,883,2,0),(1209,883,3,0),(1213,885,1,1),(1214,885,2,0),(1215,885,3,0),(1219,887,1,1),(1220,887,2,0),(1221,887,3,0),(1225,889,1,1),(1226,889,2,0),(1227,889,3,0),(1228,890,1,1),(1229,890,2,0),(1230,890,3,0),(1231,891,1,1),(1232,891,2,0),(1233,891,3,0),(1234,892,1,1),(1235,892,2,0),(1236,892,3,0),(1237,893,1,1),(1238,893,2,0),(1239,893,3,0),(1240,894,1,1),(1241,894,2,0),(1242,894,3,0),(1243,895,1,1),(1244,895,2,0),(1245,895,3,0),(1246,896,1,1),(1247,896,2,0),(1248,896,3,0),(1249,897,1,1),(1250,897,2,0),(1251,897,3,0),(1261,901,1,1),(1262,901,2,0),(1263,901,3,0),(1264,902,1,1),(1265,902,2,0),(1266,902,3,0),(1270,904,1,1),(1271,904,2,0),(1272,904,3,0),(1339,923,1,1),(1340,923,2,0),(1341,923,3,0),(1351,927,1,1),(1352,927,2,0),(1353,927,3,0),(1354,928,1,1),(1355,928,2,0),(1356,928,3,0),(1360,930,1,1),(1361,930,2,0),(1362,930,3,0),(1369,933,1,1),(1370,933,2,0),(1371,933,3,0),(1372,934,1,1),(1373,934,2,0),(1374,934,3,0),(1390,940,1,1),(1391,940,2,0),(1392,940,3,0),(1399,943,1,1),(1400,943,2,0),(1402,944,1,1),(1403,944,2,0),(1426,952,1,1),(1427,952,2,0),(1428,952,3,0),(1435,955,1,1),(1436,955,2,0),(1437,955,3,0),(1438,956,1,1),(1439,956,2,0),(1440,956,3,0),(1460,963,2,0),(1461,963,3,0),(1471,967,1,1),(1472,967,2,0),(1473,967,3,0),(1474,968,1,1),(1475,968,2,0),(1476,968,3,0),(1477,969,1,1),(1478,969,2,0),(1479,969,3,0),(1480,970,1,1),(1481,970,2,0),(1482,970,3,0),(1483,971,1,1),(1484,971,2,0),(1485,971,3,0),(1486,972,1,1),(1487,972,2,0),(1488,972,3,0),(1492,974,1,1),(1493,974,2,0),(1504,978,1,1),(1505,978,2,0),(1506,978,3,0),(1516,982,1,1),(1517,982,2,0),(1518,982,3,0),(1519,983,1,1),(1520,983,2,0),(1521,983,3,0),(1531,987,1,1),(1532,987,2,0),(1533,987,3,0),(1534,988,1,1),(1535,988,2,0),(1536,988,3,0),(1537,989,1,1),(1538,989,2,0),(1539,989,3,0),(1540,990,1,1),(1541,990,2,0),(1542,990,3,0),(1543,991,1,1),(1544,991,2,0),(1545,991,3,0),(1546,992,1,1),(1547,992,2,0),(1548,992,3,0),(1552,994,1,1),(1553,994,2,0),(1554,994,3,0),(1555,995,1,1),(1556,995,2,0),(1557,995,3,0),(1558,996,1,1),(1559,996,2,0),(1560,996,3,0),(1561,997,1,1),(1562,997,2,0),(1563,997,3,0),(1567,999,1,1),(1568,999,2,0),(1569,999,3,0),(1576,1002,1,1),(1577,1002,2,0),(1578,1002,3,0),(1579,1003,1,1),(1580,1003,2,0),(1581,1003,3,0),(1591,1007,1,1),(1592,1007,2,0),(1593,1007,3,0),(1594,1008,1,1),(1595,1008,2,0),(1596,1008,3,0),(1600,1010,1,1),(1601,1010,2,0),(1602,1010,3,0),(1615,1015,2,0),(1617,1015,3,0),(1618,1016,1,1),(1619,1016,2,0),(1620,1016,3,0),(1621,1017,1,1),(1622,1017,2,0),(1623,1017,3,0),(1624,1018,1,1),(1625,1018,2,0),(1626,1018,3,0),(1633,1021,1,1),(1634,1021,2,0),(1635,1021,3,0),(1639,1023,1,1),(1640,1023,2,0),(1641,1023,3,0),(1657,1029,1,1),(1658,1029,2,0),(1660,1030,1,1),(1661,1030,2,0),(1663,1031,1,1),(1664,1031,2,0),(1666,1032,1,1),(1667,1032,2,0),(1669,1033,1,1),(1670,1033,2,0),(1675,1035,1,1),(1676,1035,2,0),(1677,1035,3,0),(1678,1036,1,1),(1679,1036,2,0),(1680,1036,3,0),(1702,1044,1,1),(1703,1044,2,0),(1704,1044,3,0),(1708,1046,1,1),(1711,1047,1,1),(1714,1048,1,1),(1723,1051,1,1),(1724,1051,2,0),(1725,1051,3,0),(1741,1057,1,1),(1742,1057,2,0),(1743,1057,3,0),(1744,1058,1,1),(1745,1058,2,0),(1746,1058,3,0),(1774,1068,1,1),(1775,1068,2,0),(1776,1068,3,0),(1780,1070,1,1),(1781,1070,2,0),(1782,1070,3,0),(1792,1074,1,1),(1793,1074,2,0),(1794,1074,3,0),(1801,1077,1,1),(1802,1077,2,0),(1803,1077,3,0),(1807,1079,1,1),(1808,1079,2,0),(1809,1079,3,0),(1819,1083,1,1),(1820,1083,2,0),(1821,1083,3,0),(1840,1090,1,1),(1841,1090,2,0),(1842,1090,3,0),(1849,1093,1,1),(1850,1093,2,0),(1851,1093,3,0),(1852,1094,1,1),(1853,1094,2,0),(1854,1094,3,0),(1858,1096,1,1),(1859,1096,2,0),(1860,1096,3,0),(1861,1097,1,1),(1862,1097,2,0),(1863,1097,3,0),(1864,1098,1,1),(1865,1098,2,0),(1866,1098,3,0),(1867,1099,1,1),(1868,1099,2,0),(1869,1099,3,0),(1870,1100,1,1),(1871,1100,2,0),(1872,1100,3,0),(1873,1101,1,1),(1874,1101,2,0),(1875,1101,3,0),(1876,1102,1,1),(1877,1102,2,0),(1878,1102,3,0),(1879,1103,1,1),(1880,1103,2,0),(1881,1103,3,0),(1882,1104,1,1),(1883,1104,2,0),(1884,1104,3,0),(1888,1106,1,1),(1889,1106,2,0),(1890,1106,3,0),(1894,1108,1,1),(1895,1108,2,0),(1896,1108,3,0),(1897,1109,1,1),(1898,1109,2,0),(1899,1109,3,0),(1900,1110,1,1),(1901,1110,2,0),(1902,1110,3,0),(1903,1111,1,1),(1905,1111,2,0),(1906,1112,1,1),(1907,1112,2,0),(1908,1112,3,0),(1909,1113,1,1),(1910,1113,2,0),(1911,1113,3,0),(1912,1114,1,1),(1913,1114,2,0),(1915,1115,1,1),(1917,1115,2,0),(1918,1116,1,1),(1919,1116,2,0),(1920,1116,3,0),(1921,1117,1,1),(1922,1117,2,0),(1923,1117,3,0),(1924,1118,1,1),(1925,1118,2,0),(1926,1118,3,0),(1927,1119,1,1),(1928,1119,2,0),(1929,1119,3,0),(1930,1120,1,1),(1931,1120,2,0),(1933,1121,1,1),(1934,1121,2,0),(1935,1121,3,0),(1936,1122,1,1),(1937,1122,2,0),(1938,1122,3,0),(1939,1123,1,1),(1940,1123,2,0),(1941,1123,3,0),(1942,1124,1,1),(1943,1124,2,0),(1944,1124,3,0),(1945,1125,1,1),(1946,1125,2,0),(1947,1125,3,0),(1948,1126,1,1),(1949,1126,2,0),(1950,1126,3,0),(1963,1131,1,1),(1964,1131,2,0),(1965,1131,3,0),(2011,871,1,1),(2012,963,1,1),(2013,870,1,1),(2017,1138,1,1),(2021,1139,1,1),(2022,1139,2,0),(2025,1140,1,1),(2026,1140,2,0),(2027,1140,3,0),(2028,1140,4,0),(2029,1015,1,1),(2030,1141,1,1),(2032,1142,1,1),(2033,1142,2,0),(2034,1142,3,0),(2035,1142,4,0),(2036,1143,1,1),(2037,1143,2,0),(2038,1143,3,0),(2039,1143,4,0);

--
-- Table structure for table `ps_image_lang`
--

CREATE TABLE `ps_image_lang` (
  `id_image` int(10) unsigned NOT NULL,
  `id_lang` int(10) unsigned NOT NULL,
  `legend` varchar(128) DEFAULT NULL,
  PRIMARY KEY (`id_image`,`id_lang`),
  KEY `id_image` (`id_image`)
) ENGINE=InnoDB DEFAULT CHARSET=utf8;

--
-- Dumping data for table `ps_image_lang`
--

INSERT INTO `ps_image_lang` VALUES (1006,1,''),(1006,3,''),(1007,1,''),(1007,3,''),(1008,1,''),(1008,3,''),(1012,1,''),(1012,3,''),(1013,1,''),(1013,3,''),(1015,1,''),(1015,3,''),(1016,1,''),(1016,3,''),(1018,1,''),(1018,3,''),(1019,1,''),(1019,3,''),(1027,1,''),(1027,3,''),(1028,1,''),(1028,3,''),(1029,1,''),(1029,3,''),(1030,1,''),(1030,3,''),(1031,1,''),(1031,3,''),(1032,1,''),(1032,3,''),(1033,1,''),(1033,3,''),(1034,1,''),(1034,3,''),(1035,1,''),(1035,3,''),(1036,1,''),(1036,3,''),(1037,1,''),(1037,3,''),(1038,1,''),(1038,3,''),(1039,1,''),(1039,3,''),(1040,1,''),(1040,3,''),(1041,1,''),(1041,3,''),(1042,1,''),(1042,3,''),(1043,1,''),(1043,3,''),(1044,1,''),(1044,3,''),(1045,1,''),(1045,3,''),(1046,1,''),(1046,3,''),(1047,1,''),(1047,3,''),(1048,1,''),(1048,3,''),(1049,1,''),(1049,3,''),(1050,1,''),(1050,3,''),(1051,1,''),(1051,3,''),(1052,1,''),(1052,3,''),(1053,1,''),(1053,3,''),(1054,1,''),(1054,3,''),(1055,1,''),(1055,3,''),(1056,1,''),(1056,3,''),(1057,1,''),(1057,3,''),(1058,1,''),(1058,3,''),(1059,1,''),(1059,3,''),(1060,1,''),(1060,3,''),(1061,1,''),(1061,3,''),(1062,1,''),(1062,3,''),(1063,1,''),(1063,3,''),(1064,1,''),(1064,3,''),(1065,1,''),(1065,3,''),(1066,1,''),(1066,3,''),(1067,1,''),(1067,3,''),(1068,1,''),(1068,3,''),(1075,1,''),(1075,3,''),(1076,1,''),(1076,3,''),(1077,1,''),(1077,3,''),(1078,1,''),(1078,3,''),(1079,1,''),(1079,3,''),(1080,1,''),(1080,3,''),(1081,1,''),(1081,3,''),(1082,1,''),(1082,3,''),(1083,1,''),(1083,3,''),(1084,1,''),(1084,3,''),(1085,1,''),(1085,3,''),(1086,1,''),(1086,3,''),(1087,1,''),(1087,3,''),(1088,1,''),(1088,3,''),(1090,1,''),(1090,3,''),(1091,1,''),(1091,3,''),(1093,1,''),(1093,3,''),(1094,1,''),(1094,3,''),(1096,1,''),(1096,3,''),(1097,1,''),(1097,3,''),(1098,1,''),(1098,3,''),(1111,1,''),(1111,3,''),(1112,1,''),(1112,3,''),(1113,1,''),(1113,3,''),(1114,1,''),(1114,3,''),(1115,1,''),(1115,3,''),(1116,1,''),(1116,3,''),(1120,1,''),(1120,3,''),(1121,1,''),(1121,3,''),(1122,1,''),(1122,3,''),(1138,1,''),(1138,3,''),(1139,1,''),(1139,3,''),(1140,1,''),(1140,3,''),(1141,1,''),(1141,3,''),(1142,1,''),(1142,3,''),(1143,1,''),(1143,3,''),(1144,1,''),(1144,3,''),(1145,1,''),(1145,3,''),(1146,1,''),(1146,3,''),(1150,1,''),(1150,3,''),(1151,1,''),(1151,3,''),(1152,1,''),(1152,3,''),(1169,1,''),(1169,3,''),(1170,1,''),(1170,3,''),(1172,1,''),(1172,3,''),(1173,1,''),(1173,3,''),(1183,1,''),(1183,3,''),(1184,1,''),(1184,3,''),(1186,1,''),(1186,3,''),(1187,1,''),(1187,3,''),(1189,1,''),(1189,3,''),(1190,1,''),(1190,3,''),(1192,1,''),(1192,3,''),(1193,1,''),(1193,3,''),(1195,1,''),(1195,3,''),(1196,1,''),(1196,3,''),(1198,1,''),(1198,3,''),(1199,1,''),(1199,3,''),(1204,1,''),(1204,3,''),(1205,1,''),(1205,3,''),(1206,1,''),(1206,3,''),(1207,1,''),(1207,3,''),(1208,1,''),(1208,3,''),(1209,1,''),(1209,3,''),(1213,1,''),(1213,3,''),(1214,1,''),(1214,3,''),(1215,1,''),(1215,3,''),(1219,1,''),(1219,3,''),(1220,1,''),(1220,3,''),(1221,1,''),(1221,3,''),(1225,1,''),(1225,3,''),(1226,1,''),(1226,3,''),(1227,1,''),(1227,3,''),(1228,1,''),(1228,3,''),(1229,1,''),(1229,3,''),(1230,1,''),(1230,3,''),(1231,1,''),(1231,3,''),(1232,1,''),(1232,3,''),(1233,1,''),(1233,3,''),(1234,1,''),(1234,3,''),(1235,1,''),(1235,3,''),(1236,1,''),(1236,3,''),(1237,1,''),(1237,3,''),(1238,1,''),(1238,3,''),(1239,1,''),(1239,3,''),(1240,1,''),(1240,3,''),(1241,1,''),(1241,3,''),(1242,1,''),(1242,3,''),(1243,1,''),(1243,3,''),(1244,1,''),(1244,3,''),(1245,1,''),(1245,3,''),(1246,1,''),(1246,3,''),(1247,1,''),(1247,3,''),(1248,1,''),(1248,3,''),(1249,1,''),(1249,3,''),(1250,1,''),(1250,3,''),(1251,1,''),(1251,3,''),(1261,1,''),(1261,3,''),(1262,1,''),(1262,3,''),(1263,1,''),(1263,3,''),(1264,1,''),(1264,3,''),(1265,1,''),(1265,3,''),(1266,1,''),(1266,3,''),(1270,1,''),(1270,3,''),(1271,1,''),(1271,3,''),(1272,1,''),(1272,3,''),(1339,1,''),(1339,3,''),(1340,1,''),(1340,3,''),(1341,1,''),(1341,3,''),(1351,1,''),(1351,3,''),(1352,1,''),(1352,3,''),(1353,1,''),(1353,3,''),(1354,1,''),(1354,3,''),(1355,1,''),(1355,3,''),(1356,1,''),(1356,3,''),(1360,1,''),(1360,3,''),(1361,1,''),(1361,3,''),(1362,1,''),(1362,3,''),(1369,1,''),(1369,3,''),(1370,1,''),(1370,3,''),(1371,1,''),(1371,3,''),(1372,1,''),(1372,3,''),(1373,1,''),(1373,3,''),(1374,1,''),(1374,3,''),(1390,1,''),(1390,3,''),(1391,1,''),(1391,3,''),(1392,1,''),(1392,3,''),(1399,1,''),(1399,3,''),(1400,1,''),(1400,3,''),(1402,1,''),(1402,3,''),(1403,1,''),(1403,3,''),(1426,1,''),(1426,3,''),(1427,1,''),(1427,3,''),(1428,1,''),(1428,3,''),(1435,1,''),(1435,3,''),(1436,1,''),(1436,3,''),(1437,1,''),(1437,3,''),(1438,1,''),(1438,3,''),(1439,1,''),(1439,3,''),(1440,1,''),(1440,3,''),(1460,1,''),(1460,3,''),(1461,1,''),(1461,3,''),(1471,1,''),(1471,3,''),(1472,1,''),(1472,3,''),(1473,1,''),(1473,3,''),(1474,1,''),(1474,3,''),(1475,1,''),(1475,3,''),(1476,1,''),(1476,3,''),(1477,1,''),(1477,3,''),(1478,1,''),(1478,3,''),(1479,1,''),(1479,3,''),(1480,1,''),(1480,3,''),(1481,1,''),(1481,3,''),(1482,1,''),(1482,3,''),(1483,1,''),(1483,3,''),(1484,1,''),(1484,3,''),(1485,1,''),(1485,3,''),(1486,1,''),(1486,3,''),(1487,1,''),(1487,3,''),(1488,1,''),(1488,3,''),(1492,1,''),(1492,3,''),(1493,1,''),(1493,3,''),(1504,1,''),(1504,3,''),(1505,1,''),(1505,3,''),(1506,1,''),(1506,3,''),(1516,1,''),(1516,3,''),(1517,1,''),(1517,3,''),(1518,1,''),(1518,3,''),(1519,1,''),(1519,3,''),(1520,1,''),(1520,3,''),(1521,1,''),(1521,3,''),(1531,1,''),(1531,3,''),(1532,1,''),(1532,3,''),(1533,1,''),(1533,3,''),(1534,1,''),(1534,3,''),(1535,1,''),(1535,3,''),(1536,1,''),(1536,3,''),(1537,1,''),(1537,3,''),(1538,1,''),(1538,3,''),(1539,1,''),(1539,3,''),(1540,1,''),(1540,3,''),(1541,1,''),(1541,3,''),(1542,1,''),(1542,3,''),(1543,1,''),(1543,3,''),(1544,1,''),(1544,3,''),(1545,1,''),(1545,3,''),(1546,1,''),(1546,3,''),(1547,1,''),(1547,3,''),(1548,1,''),(1548,3,''),(1552,1,''),(1552,3,''),(1553,1,''),(1553,3,''),(1554,1,''),(1554,3,''),(1555,1,''),(1555,3,''),(1556,1,''),(1556,3,''),(1557,1,''),(1557,3,''),(1558,1,''),(1558,3,''),(1559,1,''),(1559,3,''),(1560,1,''),(1560,3,''),(1561,1,''),(1561,3,''),(1562,1,''),(1562,3,''),(1563,1,''),(1563,3,''),(1567,1,''),(1567,3,''),(1568,1,''),(1568,3,''),(1569,1,''),(1569,3,''),(1576,1,''),(1576,3,''),(1577,1,''),(1577,3,''),(1578,1,''),(1578,3,''),(1579,1,''),(1579,3,''),(1580,1,''),(1580,3,''),(1581,1,''),(1581,3,''),(1591,1,''),(1591,3,''),(1592,1,''),(1592,3,''),(1593,1,''),(1593,3,''),(1594,1,''),(1594,3,''),(1595,1,''),(1595,3,''),(1596,1,''),(1596,3,''),(1600,1,''),(1600,3,''),(1601,1,''),(1601,3,''),(1602,1,''),(1602,3,''),(1615,1,''),(1615,3,''),(1617,1,''),(1617,3,''),(1618,1,''),(1618,3,''),(1619,1,''),(1619,3,''),(1620,1,''),(1620,3,''),(1621,1,''),(1621,3,''),(1622,1,''),(1622,3,''),(1623,1,''),(1623,3,''),(1624,1,''),(1624,3,''),(1625,1,''),(1625,3,''),(1626,1,''),(1626,3,''),(1633,1,''),(1633,3,''),(1634,1,''),(1634,3,''),(1635,1,''),(1635,3,''),(1639,1,''),(1639,3,''),(1640,1,''),(1640,3,''),(1641,1,''),(1641,3,''),(1657,1,''),(1657,3,''),(1658,1,''),(1658,3,''),(1660,1,''),(1660,3,''),(1661,1,''),(1661,3,''),(1663,1,''),(1663,3,''),(1664,1,''),(1664,3,''),(1666,1,''),(1666,3,''),(1667,1,''),(1667,3,''),(1669,1,''),(1669,3,''),(1670,1,''),(1670,3,''),(1675,1,''),(1675,3,''),(1676,1,''),(1676,3,''),(1677,1,''),(1677,3,''),(1678,1,''),(1678,3,''),(1679,1,''),(1679,3,''),(1680,1,''),(1680,3,''),(1702,1,''),(1702,3,''),(1703,1,''),(1703,3,''),(1704,1,''),(1704,3,''),(1708,1,''),(1708,3,''),(1711,1,''),(1711,3,''),(1714,1,''),(1714,3,''),(1723,1,''),(1723,3,''),(1724,1,''),(1724,3,''),(1725,1,''),(1725,3,''),(1741,1,''),(1741,3,''),(1742,1,''),(1742,3,''),(1743,1,''),(1743,3,''),(1744,1,''),(1744,3,''),(1745,1,''),(1745,3,''),(1746,1,''),(1746,3,''),(1774,1,''),(1774,3,''),(1775,1,''),(1775,3,''),(1776,1,''),(1776,3,''),(1780,1,''),(1780,3,''),(1781,1,''),(1781,3,''),(1782,1,''),(1782,3,''),(1792,1,''),(1792,3,''),(1793,1,''),(1793,3,''),(1794,1,''),(1794,3,''),(1801,1,''),(1801,3,''),(1802,1,''),(1802,3,''),(1803,1,''),(1803,3,''),(1807,1,''),(1807,3,''),(1808,1,''),(1808,3,''),(1809,1,''),(1809,3,''),(1819,1,''),(1819,3,''),(1820,1,''),(1820,3,''),(1821,1,''),(1821,3,''),(1840,1,''),(1840,3,''),(1841,1,''),(1841,3,''),(1842,1,''),(1842,3,''),(1849,1,''),(1849,3,''),(1850,1,''),(1850,3,''),(1851,1,''),(1851,3,''),(1852,1,''),(1852,3,''),(1853,1,''),(1853,3,''),(1854,1,''),(1854,3,''),(1858,1,''),(1858,3,''),(1859,1,''),(1859,3,''),(1860,1,''),(1860,3,''),(1861,1,''),(1861,3,''),(1862,1,''),(1862,3,''),(1863,1,''),(1863,3,''),(1864,1,''),(1864,3,''),(1865,1,''),(1865,3,''),(1866,1,''),(1866,3,''),(1867,1,''),(1867,3,''),(1868,1,''),(1868,3,''),(1869,1,''),(1869,3,''),(1870,1,''),(1870,3,''),(1871,1,''),(1871,3,''),(1872,1,''),(1872,3,''),(1873,1,''),(1873,3,''),(1874,1,''),(1874,3,''),(1875,1,''),(1875,3,''),(1876,1,''),(1876,3,''),(1877,1,''),(1877,3,''),(1878,1,''),(1878,3,''),(1879,1,''),(1879,3,''),(1880,1,''),(1880,3,''),(1881,1,''),(1881,3,''),(1882,1,''),(1882,3,''),(1883,1,''),(1883,3,''),(1884,1,''),(1884,3,''),(1888,1,''),(1888,3,''),(1889,1,''),(1889,3,''),(1890,1,''),(1890,3,''),(1894,1,''),(1894,3,''),(1895,1,''),(1895,3,''),(1896,1,''),(1896,3,''),(1897,1,''),(1897,3,''),(1898,1,''),(1898,3,''),(1899,1,''),(1899,3,''),(1900,1,''),(1900,3,''),(1901,1,''),(1901,3,''),(1902,1,''),(1902,3,''),(1903,1,''),(1903,3,''),(1905,1,''),(1905,3,''),(1906,1,''),(1906,3,''),(1907,1,''),(1907,3,''),(1908,1,''),(1908,3,''),(1909,1,''),(1909,3,''),(1910,1,''),(1910,3,''),(1911,1,''),(1911,3,''),(1912,1,''),(1912,3,''),(1913,1,''),(1913,3,''),(1915,1,''),(1915,3,''),(1917,1,''),(1917,3,''),(1918,1,''),(1918,3,''),(1919,1,''),(1919,3,''),(1920,1,''),(1920,3,''),(1921,1,''),(1921,3,''),(1922,1,''),(1922,3,''),(1923,1,''),(1923,3,''),(1924,1,''),(1924,3,''),(1925,1,''),(1925,3,''),(1926,1,''),(1926,3,''),(1927,1,''),(1927,3,''),(1928,1,''),(1928,3,''),(1929,1,''),(1929,3,''),(1930,1,''),(1930,3,''),(1931,1,''),(1931,3,''),(1933,1,''),(1933,3,''),(1934,1,''),(1934,3,''),(1935,1,''),(1935,3,''),(1936,1,''),(1936,3,''),(1937,1,''),(1937,3,''),(1938,1,''),(1938,3,''),(1939,1,''),(1939,3,''),(1940,1,''),(1940,3,''),(1941,1,''),(1941,3,''),(1942,1,''),(1942,3,''),(1943,1,''),(1943,3,''),(1944,1,''),(1944,3,''),(1945,1,''),(1945,3,''),(1946,1,''),(1946,3,''),(1947,1,''),(1947,3,''),(1948,1,''),(1948,3,''),(1949,1,''),(1949,3,''),(1950,1,''),(1950,3,''),(1963,1,''),(1963,3,''),(1964,1,''),(1964,3,''),(1965,1,''),(1965,3,''),(2011,1,'pull à côtes'),(2011,3,'RIB SWEATER'),(2012,1,'étole'),(2012,3,'STOLE'),(2013,1,'pull à côtes'),(2013,3,'RIB SWEATER'),(2017,1,'Ceinture large'),(2017,3,'LARGE BELT'),(2021,1,'sacoche'),(2021,3,'STOLE'),(2022,1,'sacoche'),(2022,3,'STOLE'),(2025,1,'sacoche'),(2025,3,'STOLE'),(2026,1,'sacoche'),(2026,3,'STOLE'),(2027,1,'sacoche'),(2027,3,'STOLE'),(2028,1,'sacoche'),(2028,3,'STOLE'),(2029,1,'manteau tailleur'),(2029,3,'SUIT COAT'),(2030,1,'Boucle d\'oreille'),(2030,3,'Boucle d\'oreille'),(2032,1,'Sac-cartouchière'),(2032,3,'Sac-cartouchière'),(2033,1,'Sac-cartouchière'),(2033,3,'Sac-cartouchière'),(2034,1,'Sac-cartouchière'),(2034,3,'Sac-cartouchière'),(2035,1,'Sac-cartouchière'),(2035,3,'Sac-cartouchière'),(2036,1,'Sac-cartouchière'),(2036,3,'Cartridge bag'),(2037,1,'Sac-cartouchière'),(2037,3,'Cartridge bag'),(2038,1,'Sac-cartouchière'),(2038,3,'Cartridge bag'),(2039,1,'Sac-cartouchière'),(2039,3,'Cartridge bag');

--
-- Table structure for table `ps_image_shop`
--

CREATE TABLE `ps_image_shop` (
  `id_image` int(11) unsigned NOT NULL,
  `id_shop` int(11) unsigned NOT NULL,
  `cover` tinyint(1) NOT NULL DEFAULT '0',
  KEY `id_image` (`id_image`,`id_shop`,`cover`),
  KEY `id_shop` (`id_shop`)
) ENGINE=InnoDB DEFAULT CHARSET=utf8;

--
-- Dumping data for table `ps_image_shop`
--

INSERT INTO `ps_image_shop` VALUES (1006,1,1),(1007,1,0),(1008,1,0),(1012,1,1),(1013,1,0),(1015,1,1),(1016,1,0),(1018,1,1),(1019,1,0),(1027,1,1),(1028,1,0),(1029,1,0),(1030,1,1),(1031,1,0),(1032,1,0),(1033,1,1),(1034,1,0),(1035,1,0),(1036,1,1),(1037,1,0),(1038,1,0),(1039,1,1),(1040,1,0),(1041,1,0),(1042,1,1),(1043,1,0),(1044,1,0),(1045,1,1),(1046,1,0),(1047,1,0),(1048,1,1),(1049,1,0),(1050,1,0),(1051,1,1),(1052,1,0),(1053,1,0),(1054,1,1),(1055,1,0),(1056,1,0),(1057,1,1),(1058,1,0),(1059,1,0),(1060,1,1),(1061,1,0),(1062,1,0),(1063,1,1),(1064,1,0),(1065,1,0),(1066,1,1),(1067,1,0),(1068,1,0),(1075,1,1),(1076,1,0),(1077,1,0),(1078,1,1),(1079,1,0),(1080,1,0),(1081,1,1),(1082,1,0),(1083,1,0),(1084,1,1),(1085,1,0),(1086,1,0),(1087,1,1),(1088,1,0),(1090,1,1),(1091,1,0),(1093,1,1),(1094,1,0),(1096,1,1),(1097,1,0),(1098,1,0),(1111,1,1),(1112,1,0),(1113,1,0),(1114,1,1),(1115,1,0),(1116,1,0),(1120,1,1),(1121,1,0),(1122,1,0),(1138,1,1),(1139,1,0),(1140,1,0),(1141,1,1),(1142,1,0),(1143,1,0),(1144,1,1),(1145,1,0),(1146,1,0),(1150,1,1),(1151,1,0),(1152,1,0),(1169,1,0),(1170,1,0),(1172,1,0),(1173,1,0),(1183,1,1),(1184,1,0),(1186,1,1),(1187,1,0),(1189,1,1),(1190,1,0),(1192,1,1),(1193,1,0),(1195,1,1),(1196,1,0),(1198,1,1),(1199,1,0),(1204,1,1),(1205,1,0),(1206,1,0),(1207,1,1),(1208,1,0),(1209,1,0),(1213,1,1),(1214,1,0),(1215,1,0),(1219,1,1),(1220,1,0),(1221,1,0),(1225,1,1),(1226,1,0),(1227,1,0),(1228,1,1),(1229,1,0),(1230,1,0),(1231,1,1),(1232,1,0),(1233,1,0),(1234,1,1),(1235,1,0),(1236,1,0),(1237,1,1),(1238,1,0),(1239,1,0),(1240,1,1),(1241,1,0),(1242,1,0),(1243,1,1),(1244,1,0),(1245,1,0),(1246,1,1),(1247,1,0),(1248,1,0),(1249,1,1),(1250,1,0),(1251,1,0),(1261,1,1),(1262,1,0),(1263,1,0),(1264,1,1),(1265,1,0),(1266,1,0),(1270,1,1),(1271,1,0),(1272,1,0),(1339,1,1),(1340,1,0),(1341,1,0),(1351,1,1),(1352,1,0),(1353,1,0),(1354,1,1),(1355,1,0),(1356,1,0),(1360,1,1),(1361,1,0),(1362,1,0),(1369,1,1),(1370,1,0),(1371,1,0),(1372,1,1),(1373,1,0),(1374,1,0),(1390,1,1),(1391,1,0),(1392,1,0),(1399,1,1),(1400,1,0),(1402,1,1),(1403,1,0),(1426,1,1),(1427,1,0),(1428,1,0),(1435,1,1),(1436,1,0),(1437,1,0),(1438,1,1),(1439,1,0),(1440,1,0),(1460,1,0),(1461,1,0),(1471,1,1),(1472,1,0),(1473,1,0),(1474,1,1),(1475,1,0),(1476,1,0),(1477,1,1),(1478,1,0),(1479,1,0),(1480,1,1),(1481,1,0),(1482,1,0),(1483,1,1),(1484,1,0),(1485,1,0),(1486,1,1),(1487,1,0),(1488,1,0),(1492,1,1),(1493,1,0),(1504,1,1),(1505,1,0),(1506,1,0),(1516,1,1),(1517,1,0),(1518,1,0),(1519,1,1),(1520,1,0),(1521,1,0),(1531,1,1),(1532,1,0),(1533,1,0),(1534,1,1),(1535,1,0),(1536,1,0),(1537,1,1),(1538,1,0),(1539,1,0),(1540,1,1),(1541,1,0),(1542,1,0),(1543,1,1),(1544,1,0),(1545,1,0),(1546,1,1),(1547,1,0),(1548,1,0),(1552,1,1),(1553,1,0),(1554,1,0),(1555,1,1),(1556,1,0),(1557,1,0),(1558,1,1),(1559,1,0),(1560,1,0),(1561,1,1),(1562,1,0),(1563,1,0),(1567,1,1),(1568,1,0),(1569,1,0),(1576,1,1),(1577,1,0),(1578,1,0),(1579,1,1),(1580,1,0),(1581,1,0),(1591,1,1),(1592,1,0),(1593,1,0),(1594,1,1),(1595,1,0),(1596,1,0),(1600,1,1),(1601,1,0),(1602,1,0),(1615,1,0),(1617,1,0),(1618,1,1),(1619,1,0),(1620,1,0),(1621,1,1),(1622,1,0),(1623,1,0),(1624,1,1),(1625,1,0),(1626,1,0),(1633,1,1),(1634,1,0),(1635,1,0),(1639,1,1),(1640,1,0),(1641,1,0),(1657,1,1),(1658,1,0),(1660,1,1),(1661,1,0),(1663,1,1),(1664,1,0),(1666,1,1),(1667,1,0),(1669,1,1),(1670,1,0),(1675,1,1),(1676,1,0),(1677,1,0),(1678,1,1),(1679,1,0),(1680,1,0),(1702,1,1),(1703,1,0),(1704,1,0),(1708,1,1),(1711,1,1),(1714,1,1),(1723,1,1),(1724,1,0),(1725,1,0),(1741,1,1),(1742,1,0),(1743,1,0),(1744,1,1),(1745,1,0),(1746,1,0),(1774,1,1),(1775,1,0),(1776,1,0),(1780,1,1),(1781,1,0),(1782,1,0),(1792,1,1),(1793,1,0),(1794,1,0),(1801,1,1),(1802,1,0),(1803,1,0),(1807,1,1),(1808,1,0),(1809,1,0),(1819,1,1),(1820,1,0),(1821,1,0),(1840,1,1),(1841,1,0),(1842,1,0),(1849,1,1),(1850,1,0),(1851,1,0),(1852,1,1),(1853,1,0),(1854,1,0),(1858,1,1),(1859,1,0),(1860,1,0),(1861,1,1),(1862,1,0),(1863,1,0),(1864,1,1),(1865,1,0),(1866,1,0),(1867,1,1),(1868,1,0),(1869,1,0),(1870,1,1),(1871,1,0),(1872,1,0),(1873,1,1),(1874,1,0),(1875,1,0),(1876,1,1),(1877,1,0),(1878,1,0),(1879,1,1),(1880,1,0),(1881,1,0),(1882,1,1),(1883,1,0),(1884,1,0),(1888,1,1),(1889,1,0),(1890,1,0),(1894,1,1),(1895,1,0),(1896,1,0),(1897,1,1),(1898,1,0),(1899,1,0),(1900,1,1),(1901,1,0),(1902,1,0),(1903,1,1),(1905,1,0),(1906,1,1),(1907,1,0),(1908,1,0),(1909,1,1),(1910,1,0),(1911,1,0),(1912,1,1),(1913,1,0),(1915,1,1),(1917,1,0),(1918,1,1),(1919,1,0),(1920,1,0),(1921,1,1),(1922,1,0),(1923,1,0),(1924,1,1),(1925,1,0),(1926,1,0),(1927,1,1),(1928,1,0),(1929,1,0),(1930,1,1),(1931,1,0),(1933,1,1),(1934,1,0),(1935,1,0),(1936,1,1),(1937,1,0),(1938,1,0),(1939,1,1),(1940,1,0),(1941,1,0),(1942,1,1),(1943,1,0),(1944,1,0),(1945,1,1),(1946,1,0),(1947,1,0),(1948,1,1),(1949,1,0),(1950,1,0),(1963,1,1),(1964,1,0),(1965,1,0),(2011,1,1),(2012,1,1),(2013,1,1),(2017,1,1),(2021,1,1),(2022,1,0),(2025,1,1),(2026,1,0),(2027,1,0),(2028,1,0),(2029,1,1),(2030,1,1),(2032,1,1),(2033,1,0),(2034,1,0),(2035,1,0),(2036,1,1),(2037,1,0),(2038,1,0),(2039,1,0);

--
-- Table structure for table `ps_image_type`
--

CREATE TABLE `ps_image_type` (
  `id_image_type` int(10) unsigned NOT NULL AUTO_INCREMENT,
  `name` varchar(64) NOT NULL,
  `width` int(10) unsigned NOT NULL,
  `height` int(10) unsigned NOT NULL,
  `products` tinyint(1) NOT NULL DEFAULT '1',
  `categories` tinyint(1) NOT NULL DEFAULT '1',
  `manufacturers` tinyint(1) NOT NULL DEFAULT '1',
  `suppliers` tinyint(1) NOT NULL DEFAULT '1',
  `scenes` tinyint(1) NOT NULL DEFAULT '1',
  `stores` tinyint(1) NOT NULL DEFAULT '1',
  PRIMARY KEY (`id_image_type`),
  KEY `image_type_name` (`name`)
) ENGINE=InnoDB AUTO_INCREMENT=11 DEFAULT CHARSET=utf8;

--
-- Dumping data for table `ps_image_type`
--

INSERT INTO `ps_image_type` VALUES (1,'cart_default',60,89,1,0,0,0,0,0),(2,'small_default',60,90,1,0,1,1,0,0),(3,'medium_default',125,125,1,1,1,1,0,1),(4,'home_default',250,250,1,0,0,0,0,0),(5,'large_default',641,940,1,0,1,1,0,0),(6,'thickbox_default',720,1062,1,0,0,0,0,0),(7,'category_default',1304,588,0,1,0,0,0,0),(8,'scene_default',870,270,0,0,0,0,1,0),(9,'m_scene_default',161,58,0,0,0,0,1,0),(10,'photo-zoom',2160,3186,1,0,0,0,0,0);

--
-- Table structure for table `ps_import_match`
--

CREATE TABLE `ps_import_match` (
  `id_import_match` int(10) NOT NULL AUTO_INCREMENT,
  `name` varchar(32) NOT NULL,
  `match` text NOT NULL,
  `skip` int(2) NOT NULL,
  PRIMARY KEY (`id_import_match`)
) ENGINE=InnoDB AUTO_INCREMENT=3 DEFAULT CHARSET=utf8;

--
-- Dumping data for table `ps_import_match`
--

INSERT INTO `ps_import_match` VALUES (1,'re-import-declinaisons-test','id_product|group|attribute|supplier_reference|reference|ean13|no|no|no|no|no|minimal_quantity|no|no|no|no|no|no|no|no|no',1),(2,'re-import-declinaisons-test','id_product|group|attribute|supplier_reference|reference|ean13|no|no|no|no|no|minimal_quantity|no|no|no|no|no|no|no|no|no',1);

--
-- Table structure for table `ps_info`
--

CREATE TABLE `ps_info` (
  `id_info` int(10) unsigned NOT NULL AUTO_INCREMENT,
  `id_shop` int(10) unsigned NOT NULL,
  PRIMARY KEY (`id_info`)
) ENGINE=InnoDB AUTO_INCREMENT=3 DEFAULT CHARSET=utf8;

--
-- Dumping data for table `ps_info`
--

INSERT INTO `ps_info` VALUES (1,1),(2,1);

--
-- Table structure for table `ps_info_lang`
--

CREATE TABLE `ps_info_lang` (
  `id_info` int(10) unsigned NOT NULL AUTO_INCREMENT,
  `id_lang` int(10) unsigned NOT NULL,
  `text` text NOT NULL,
  PRIMARY KEY (`id_info`,`id_lang`)
) ENGINE=InnoDB AUTO_INCREMENT=3 DEFAULT CHARSET=utf8;

--
-- Dumping data for table `ps_info_lang`
--

INSERT INTO `ps_info_lang` VALUES (1,1,'<ul>\n<li><em class=\"icon-truck\" id=\"icon-truck\"></em>\n<div class=\"type-text\">\n<h3>Lorem Ipsum</h3>\n<p>Lorem ipsum dolor sit amet conse ctetur voluptate velit esse cillum dolore eu</p>\n</div>\n</li>\n<li><em class=\"icon-phone\" id=\"icon-phone\"></em>\n<div class=\"type-text\">\n<h3>Dolor Sit Amet</h3>\n<p>Lorem ipsum dolor sit amet conse ctetur voluptate velit esse cillum dolore eu</p>\n</div>\n</li>\n<li><em class=\"icon-credit-card\" id=\"icon-credit-card\"></em>\n<div class=\"type-text\">\n<h3>Ctetur Voluptate</h3>\n<p>Lorem ipsum dolor sit amet conse ctetur voluptate velit esse cillum dolore eu</p>\n</div>\n</li>\n</ul>'),(1,2,'<ul>\n<li><em class=\"icon-truck\" id=\"icon-truck\"></em>\n<div class=\"type-text\">\n<h3>Lorem Ipsum</h3>\n<p>Lorem ipsum dolor sit amet conse ctetur voluptate velit esse cillum dolore eu</p>\n</div>\n</li>\n<li><em class=\"icon-phone\" id=\"icon-phone\"></em>\n<div class=\"type-text\">\n<h3>Dolor Sit Amet</h3>\n<p>Lorem ipsum dolor sit amet conse ctetur voluptate velit esse cillum dolore eu</p>\n</div>\n</li>\n<li><em class=\"icon-credit-card\" id=\"icon-credit-card\"></em>\n<div class=\"type-text\">\n<h3>Ctetur Voluptate</h3>\n<p>Lorem ipsum dolor sit amet conse ctetur voluptate velit esse cillum dolore eu</p>\n</div>\n</li>\n</ul>'),(1,3,'<ul>\n<li><em class=\"icon-truck\" id=\"icon-truck\"></em>\n<div class=\"type-text\">\n<h3>Lorem Ipsum</h3>\n<p>Lorem ipsum dolor sit amet conse ctetur voluptate velit esse cillum dolore eu</p>\n</div>\n</li>\n<li><em class=\"icon-phone\" id=\"icon-phone\"></em>\n<div class=\"type-text\">\n<h3>Dolor Sit Amet</h3>\n<p>Lorem ipsum dolor sit amet conse ctetur voluptate velit esse cillum dolore eu</p>\n</div>\n</li>\n<li><em class=\"icon-credit-card\" id=\"icon-credit-card\"></em>\n<div class=\"type-text\">\n<h3>Ctetur Voluptate</h3>\n<p>Lorem ipsum dolor sit amet conse ctetur voluptate velit esse cillum dolore eu</p>\n</div>\n</li>\n</ul>'),(1,4,'<ul>\n<li><em class=\"icon-truck\" id=\"icon-truck\"></em>\n<div class=\"type-text\">\n<h3>Lorem Ipsum</h3>\n<p>Lorem ipsum dolor sit amet conse ctetur voluptate velit esse cillum dolore eu</p>\n</div>\n</li>\n<li><em class=\"icon-phone\" id=\"icon-phone\"></em>\n<div class=\"type-text\">\n<h3>Dolor Sit Amet</h3>\n<p>Lorem ipsum dolor sit amet conse ctetur voluptate velit esse cillum dolore eu</p>\n</div>\n</li>\n<li><em class=\"icon-credit-card\" id=\"icon-credit-card\"></em>\n<div class=\"type-text\">\n<h3>Ctetur Voluptate</h3>\n<p>Lorem ipsum dolor sit amet conse ctetur voluptate velit esse cillum dolore eu</p>\n</div>\n</li>\n</ul>'),(1,5,'<ul>\n<li><em class=\"icon-truck\" id=\"icon-truck\"></em>\n<div class=\"type-text\">\n<h3>Lorem Ipsum</h3>\n<p>Lorem ipsum dolor sit amet conse ctetur voluptate velit esse cillum dolore eu</p>\n</div>\n</li>\n<li><em class=\"icon-phone\" id=\"icon-phone\"></em>\n<div class=\"type-text\">\n<h3>Dolor Sit Amet</h3>\n<p>Lorem ipsum dolor sit amet conse ctetur voluptate velit esse cillum dolore eu</p>\n</div>\n</li>\n<li><em class=\"icon-credit-card\" id=\"icon-credit-card\"></em>\n<div class=\"type-text\">\n<h3>Ctetur Voluptate</h3>\n<p>Lorem ipsum dolor sit amet conse ctetur voluptate velit esse cillum dolore eu</p>\n</div>\n</li>\n</ul>'),(2,1,'<h3>Custom Block</h3>\n<p><strong class=\"dark\">Lorem ipsum dolor sit amet conse ctetu</strong></p>\n<p>Sit amet conse ctetur adipisicing elit, sed do eiusmod tempor incididunt ut labore et dolore magna aliqua. Ut enim ad minim veniam, quis nostrud exercitation ullamco laboris nisi ut aliquip ex ea commodo consequat. Duis aute irure dolor in reprehenderit.</p>'),(2,2,'<h3>Custom Block</h3>\n<p><strong class=\"dark\">Lorem ipsum dolor sit amet conse ctetu</strong></p>\n<p>Sit amet conse ctetur adipisicing elit, sed do eiusmod tempor incididunt ut labore et dolore magna aliqua. Ut enim ad minim veniam, quis nostrud exercitation ullamco laboris nisi ut aliquip ex ea commodo consequat. Duis aute irure dolor in reprehenderit.</p>'),(2,3,'<h3>Custom Block</h3>\n<p><strong class=\"dark\">Lorem ipsum dolor sit amet conse ctetu</strong></p>\n<p>Sit amet conse ctetur adipisicing elit, sed do eiusmod tempor incididunt ut labore et dolore magna aliqua. Ut enim ad minim veniam, quis nostrud exercitation ullamco laboris nisi ut aliquip ex ea commodo consequat. Duis aute irure dolor in reprehenderit.</p>'),(2,4,'<h3>Custom Block</h3>\n<p><strong class=\"dark\">Lorem ipsum dolor sit amet conse ctetu</strong></p>\n<p>Sit amet conse ctetur adipisicing elit, sed do eiusmod tempor incididunt ut labore et dolore magna aliqua. Ut enim ad minim veniam, quis nostrud exercitation ullamco laboris nisi ut aliquip ex ea commodo consequat. Duis aute irure dolor in reprehenderit.</p>'),(2,5,'<h3>Custom Block</h3>\n<p><strong class=\"dark\">Lorem ipsum dolor sit amet conse ctetu</strong></p>\n<p>Sit amet conse ctetur adipisicing elit, sed do eiusmod tempor incididunt ut labore et dolore magna aliqua. Ut enim ad minim veniam, quis nostrud exercitation ullamco laboris nisi ut aliquip ex ea commodo consequat. Duis aute irure dolor in reprehenderit.</p>');

--
-- Table structure for table `ps_lang`
--

CREATE TABLE `ps_lang` (
  `id_lang` int(10) unsigned NOT NULL AUTO_INCREMENT,
  `name` varchar(32) NOT NULL,
  `active` tinyint(3) unsigned NOT NULL DEFAULT '0',
  `iso_code` char(2) NOT NULL,
  `language_code` char(5) NOT NULL,
  `date_format_lite` char(32) NOT NULL DEFAULT 'Y-m-d',
  `date_format_full` char(32) NOT NULL DEFAULT 'Y-m-d H:i:s',
  `is_rtl` tinyint(1) NOT NULL DEFAULT '0',
  PRIMARY KEY (`id_lang`),
  KEY `lang_iso_code` (`iso_code`)
) ENGINE=InnoDB AUTO_INCREMENT=4 DEFAULT CHARSET=utf8;

--
-- Dumping data for table `ps_lang`
--

INSERT INTO `ps_lang` VALUES (1,'Français (French)',1,'fr','fr-fr','d/m/Y','d/m/Y H:i:s',0),(3,'English',1,'en','en','Y-m-d','Y-m-d H:i:s',0);

--
-- Table structure for table `ps_lang_shop`
--

CREATE TABLE `ps_lang_shop` (
  `id_lang` int(11) unsigned NOT NULL,
  `id_shop` int(11) unsigned NOT NULL,
  PRIMARY KEY (`id_lang`,`id_shop`),
  KEY `id_shop` (`id_shop`)
) ENGINE=InnoDB DEFAULT CHARSET=utf8;

--
-- Dumping data for table `ps_lang_shop`
--

INSERT INTO `ps_lang_shop` VALUES (1,1),(3,1);

--
-- Table structure for table `ps_layered_category`
--

CREATE TABLE `ps_layered_category` (
  `id_layered_category` int(10) unsigned NOT NULL AUTO_INCREMENT,
  `id_shop` int(11) unsigned NOT NULL,
  `id_category` int(10) unsigned NOT NULL,
  `id_value` int(10) unsigned DEFAULT '0',
  `type` enum('category','id_feature','id_attribute_group','quantity','condition','manufacturer','weight','price') NOT NULL,
  `position` int(10) unsigned NOT NULL,
  `filter_type` int(10) unsigned NOT NULL DEFAULT '0',
  `filter_show_limit` int(10) unsigned NOT NULL DEFAULT '0',
  PRIMARY KEY (`id_layered_category`),
  KEY `id_category` (`id_category`,`type`)
) ENGINE=InnoDB AUTO_INCREMENT=12 DEFAULT CHARSET=latin1;

--
-- Dumping data for table `ps_layered_category`
--

INSERT INTO `ps_layered_category` VALUES (1,1,2,NULL,'category',1,0,0),(2,1,2,1,'id_attribute_group',2,0,0),(3,1,2,3,'id_attribute_group',3,0,0),(4,1,2,5,'id_feature',4,0,0),(5,1,2,6,'id_feature',5,0,0),(6,1,2,7,'id_feature',6,0,0),(7,1,2,NULL,'quantity',7,0,0),(8,1,2,NULL,'manufacturer',8,0,0),(9,1,2,NULL,'condition',9,0,0),(10,1,2,NULL,'weight',10,0,0),(11,1,2,NULL,'price',11,0,0);

--
-- Table structure for table `ps_layered_filter`
--

CREATE TABLE `ps_layered_filter` (
  `id_layered_filter` int(10) unsigned NOT NULL AUTO_INCREMENT,
  `name` varchar(64) NOT NULL,
  `filters` text,
  `n_categories` int(10) unsigned NOT NULL,
  `date_add` datetime NOT NULL,
  PRIMARY KEY (`id_layered_filter`)
) ENGINE=InnoDB AUTO_INCREMENT=2 DEFAULT CHARSET=utf8;

--
-- Dumping data for table `ps_layered_filter`
--

INSERT INTO `ps_layered_filter` VALUES (1,'Mon modèle 2014-12-14','a:13:{s:10:\"categories\";a:1:{i:3;i:2;}s:9:\"shop_list\";a:1:{i:1;i:1;}s:31:\"layered_selection_subcategories\";a:2:{s:11:\"filter_type\";i:0;s:17:\"filter_show_limit\";i:0;}s:22:\"layered_selection_ag_1\";a:2:{s:11:\"filter_type\";i:0;s:17:\"filter_show_limit\";i:0;}s:22:\"layered_selection_ag_3\";a:2:{s:11:\"filter_type\";i:0;s:17:\"filter_show_limit\";i:0;}s:24:\"layered_selection_feat_5\";a:2:{s:11:\"filter_type\";i:0;s:17:\"filter_show_limit\";i:0;}s:24:\"layered_selection_feat_6\";a:2:{s:11:\"filter_type\";i:0;s:17:\"filter_show_limit\";i:0;}s:24:\"layered_selection_feat_7\";a:2:{s:11:\"filter_type\";i:0;s:17:\"filter_show_limit\";i:0;}s:23:\"layered_selection_stock\";a:2:{s:11:\"filter_type\";i:0;s:17:\"filter_show_limit\";i:0;}s:30:\"layered_selection_manufacturer\";a:2:{s:11:\"filter_type\";i:0;s:17:\"filter_show_limit\";i:0;}s:27:\"layered_selection_condition\";a:2:{s:11:\"filter_type\";i:0;s:17:\"filter_show_limit\";i:0;}s:31:\"layered_selection_weight_slider\";a:2:{s:11:\"filter_type\";i:0;s:17:\"filter_show_limit\";i:0;}s:30:\"layered_selection_price_slider\";a:2:{s:11:\"filter_type\";i:0;s:17:\"filter_show_limit\";i:0;}}',9,'2014-12-14 08:54:34');

--
-- Table structure for table `ps_layered_filter_shop`
--

CREATE TABLE `ps_layered_filter_shop` (
  `id_layered_filter` int(10) unsigned NOT NULL,
  `id_shop` int(11) unsigned NOT NULL,
  PRIMARY KEY (`id_layered_filter`,`id_shop`),
  KEY `id_shop` (`id_shop`)
) ENGINE=InnoDB DEFAULT CHARSET=utf8;

--
-- Dumping data for table `ps_layered_filter_shop`
--

INSERT INTO `ps_layered_filter_shop` VALUES (1,1);

--
-- Table structure for table `ps_layered_friendly_url`
--

CREATE TABLE `ps_layered_friendly_url` (
  `id_layered_friendly_url` int(11) NOT NULL AUTO_INCREMENT,
  `url_key` varchar(32) NOT NULL,
  `data` varchar(200) NOT NULL,
  `id_lang` int(11) NOT NULL,
  PRIMARY KEY (`id_layered_friendly_url`),
  KEY `id_lang` (`id_lang`),
  KEY `url_key` (`url_key`(5))
) ENGINE=InnoDB AUTO_INCREMENT=56 DEFAULT CHARSET=utf8;

--
-- Dumping data for table `ps_layered_friendly_url`
--

INSERT INTO `ps_layered_friendly_url` VALUES (1,'3f1005f8be7881795fc5feddfdba756f','a:1:{s:8:\"category\";a:1:{i:1;s:1:\"1\";}}',1),(2,'36a16718f4cb2ce8d9f3b35d415e63d6','a:1:{s:8:\"category\";a:1:{i:2;s:1:\"2\";}}',1),(3,'51f1bffcf36c775ca483b1e21deff3ce','a:1:{s:8:\"category\";a:1:{i:3;s:1:\"3\";}}',1),(4,'7b2ec0265d164bc627ede9f64e25ebd9','a:1:{s:8:\"category\";a:1:{i:4;s:1:\"4\";}}',1),(5,'ae60a0eece843ba21f76674d40c774b6','a:1:{s:8:\"category\";a:1:{i:8;s:1:\"8\";}}',1),(6,'6fc253242f3fe98946ecdd26762e95eb','a:1:{s:8:\"category\";a:1:{i:5;s:1:\"5\";}}',1),(7,'03c8c4cf29ea8a405778f138021df5df','a:1:{s:8:\"category\";a:1:{i:7;s:1:\"7\";}}',1),(8,'c4d0e80d1158c83ef14344a5cbc04ebf','a:1:{s:8:\"category\";a:1:{i:9;s:1:\"9\";}}',1),(9,'65c1021a065e407623177257c509da90','a:1:{s:8:\"category\";a:1:{i:10;s:2:\"10\";}}',1),(10,'c5d0498c409ac4d725f0759736f8470a','a:1:{s:8:\"category\";a:1:{i:11;s:2:\"11\";}}',1),(11,'c4d7335317f2f1ba381e038fb625d918','a:1:{s:10:\"id_feature\";a:1:{i:1;s:3:\"5_1\";}}',1),(12,'518876640cfedb267b8df5683b243a83','a:1:{s:10:\"id_feature\";a:1:{i:2;s:3:\"5_2\";}}',1),(13,'823192a052e44927f06b39b32bcef002','a:1:{s:10:\"id_feature\";a:1:{i:3;s:3:\"5_3\";}}',1),(14,'b738d5f9723e1d914d9ba5c7a0265d44','a:1:{s:10:\"id_feature\";a:1:{i:4;s:3:\"5_4\";}}',1),(15,'c4379cd7a4a9ee1db8aed47692d81117','a:1:{s:10:\"id_feature\";a:1:{i:5;s:3:\"5_5\";}}',1),(16,'957ab4ceed0e6b5def103afd50c00541','a:1:{s:10:\"id_feature\";a:1:{i:6;s:3:\"5_6\";}}',1),(17,'2ff9eb8f36f62f9e4f17909faaa4770a','a:1:{s:10:\"id_feature\";a:1:{i:7;s:3:\"5_7\";}}',1),(18,'368959b3bd09a132e577e2bebc8f2686','a:1:{s:10:\"id_feature\";a:1:{i:8;s:3:\"5_8\";}}',1),(19,'c42fcf15b837dfe9d2ddd6264567944a','a:1:{s:10:\"id_feature\";a:1:{i:9;s:3:\"5_9\";}}',1),(20,'185d6e37f34a04af8207e7fe8f3c4d2e','a:1:{s:10:\"id_feature\";a:1:{i:10;s:4:\"6_10\";}}',1),(21,'2881496f4bae08b72ae1b01bd0d0e85e','a:1:{s:10:\"id_feature\";a:1:{i:11;s:4:\"6_11\";}}',1),(22,'0fddc3ff926b2198af48f892e1d2f21d','a:1:{s:10:\"id_feature\";a:1:{i:12;s:4:\"6_12\";}}',1),(23,'677717092975926de02151dd9227864e','a:1:{s:10:\"id_feature\";a:1:{i:13;s:4:\"6_13\";}}',1),(24,'00dff7b63b6f7ddb4b341a9308422730','a:1:{s:10:\"id_feature\";a:1:{i:14;s:4:\"6_14\";}}',1),(25,'2c30af3405dcf541af55d379e5f70ad2','a:1:{s:10:\"id_feature\";a:1:{i:15;s:4:\"6_15\";}}',1),(26,'d6147565988940adfe08e736ed044c03','a:1:{s:10:\"id_feature\";a:1:{i:16;s:4:\"6_16\";}}',1),(27,'d30455c24f409bb663466f2b480ba871','a:1:{s:10:\"id_feature\";a:1:{i:17;s:4:\"7_17\";}}',1),(28,'0c5c01c6a5703cbeabcaa24ff4a3f18e','a:1:{s:10:\"id_feature\";a:1:{i:18;s:4:\"7_18\";}}',1),(29,'c1cce7ff7605ea2677865d04038a693a','a:1:{s:10:\"id_feature\";a:1:{i:19;s:4:\"7_19\";}}',1),(30,'9df81cca56362abd01174cf7d755a446','a:1:{s:10:\"id_feature\";a:1:{i:20;s:4:\"7_20\";}}',1),(31,'82a77afd6b64eb2c5992122ae401e4d0','a:1:{s:10:\"id_feature\";a:1:{i:21;s:4:\"7_21\";}}',1),(32,'0b2aaba61c30885d941453599e20f408','a:1:{s:18:\"id_attribute_group\";a:1:{i:1;s:3:\"1_1\";}}',1),(33,'656d3b6e07efc838f64977a0a4ce7533','a:1:{s:18:\"id_attribute_group\";a:1:{i:2;s:3:\"1_2\";}}',1),(34,'2b4f155ba70596a04b22182d9d6fb462','a:1:{s:18:\"id_attribute_group\";a:1:{i:3;s:3:\"1_3\";}}',1),(35,'b329c7e7fea645456048d3482ededb40','a:1:{s:18:\"id_attribute_group\";a:1:{i:4;s:3:\"1_4\";}}',1),(36,'6016e3155ed97b7d0a951061c2b73535','a:1:{s:18:\"id_attribute_group\";a:1:{i:5;s:3:\"3_5\";}}',1),(37,'57b75870d64c76eae692c80b50fa58e2','a:1:{s:18:\"id_attribute_group\";a:1:{i:6;s:3:\"3_6\";}}',1),(38,'b2bf64fa7f72f53eb93e7805555e3cd2','a:1:{s:18:\"id_attribute_group\";a:1:{i:7;s:3:\"3_7\";}}',1),(39,'2819c36f4dbaaedc9b2b35b42097edaa','a:1:{s:18:\"id_attribute_group\";a:1:{i:8;s:3:\"3_8\";}}',1),(40,'36cbb04f09f486c4c527921d9b43bd95','a:1:{s:18:\"id_attribute_group\";a:1:{i:9;s:3:\"3_9\";}}',1),(41,'fa8f6104126208864be7953faa622383','a:1:{s:18:\"id_attribute_group\";a:1:{i:10;s:4:\"3_10\";}}',1),(42,'4f6be0e4cd0cfb9226e1b3edf90e17da','a:1:{s:18:\"id_attribute_group\";a:1:{i:11;s:4:\"3_11\";}}',1),(43,'2bc67eb65a6d19c55bb16c8b367da5aa','a:1:{s:18:\"id_attribute_group\";a:1:{i:12;s:4:\"3_12\";}}',1),(44,'74ed66030793dee307982ace222b4726','a:1:{s:18:\"id_attribute_group\";a:1:{i:13;s:4:\"3_13\";}}',1),(45,'e3e573cccebcd56436d674887f5ecdf7','a:1:{s:18:\"id_attribute_group\";a:1:{i:14;s:4:\"3_14\";}}',1),(46,'78ab5a36f2160733f009dfba8c2c4b02','a:1:{s:18:\"id_attribute_group\";a:1:{i:15;s:4:\"3_15\";}}',1),(47,'c9675dd50f5bce7a8aab98e299befe14','a:1:{s:18:\"id_attribute_group\";a:1:{i:16;s:4:\"3_16\";}}',1),(48,'03012ad1764f10e703d360ca9185b337','a:1:{s:18:\"id_attribute_group\";a:1:{i:17;s:4:\"3_17\";}}',1),(49,'2b92704d5b1a18938fbda7b201c2d94a','a:1:{s:18:\"id_attribute_group\";a:1:{i:24;s:4:\"3_24\";}}',1),(50,'c8bab8565a8dc38e4ba196d04b1ab75a','a:1:{s:8:\"quantity\";a:1:{i:0;i:0;}}',1),(51,'aecc91ef502878d2b704377d49f7e8fb','a:1:{s:8:\"quantity\";a:1:{i:0;i:1;}}',1),(52,'47a6f6a9db83de31a52dc9366236ac18','a:1:{s:9:\"condition\";a:1:{s:3:\"new\";s:3:\"new\";}}',1),(53,'e67a9c5323b69dd8689bd121632c9f0d','a:1:{s:9:\"condition\";a:1:{s:4:\"used\";s:4:\"used\";}}',1),(54,'843057e2c505cc5164e3cb9729cad768','a:1:{s:9:\"condition\";a:1:{s:11:\"refurbished\";s:11:\"refurbished\";}}',1),(55,'aa4848c11a9cd606b68ee0a7d3be1097','a:1:{s:12:\"manufacturer\";a:1:{i:1;s:1:\"1\";}}',1);

--
-- Table structure for table `ps_layered_indexable_attribute_group`
--

CREATE TABLE `ps_layered_indexable_attribute_group` (
  `id_attribute_group` int(11) NOT NULL,
  `indexable` tinyint(1) NOT NULL DEFAULT '0',
  PRIMARY KEY (`id_attribute_group`)
) ENGINE=InnoDB DEFAULT CHARSET=utf8;

--
-- Dumping data for table `ps_layered_indexable_attribute_group`
--

INSERT INTO `ps_layered_indexable_attribute_group` VALUES (1,1),(2,1),(3,1);

--
-- Table structure for table `ps_layered_indexable_attribute_group_lang_value`
--

CREATE TABLE `ps_layered_indexable_attribute_group_lang_value` (
  `id_attribute_group` int(11) NOT NULL,
  `id_lang` int(11) NOT NULL,
  `url_name` varchar(20) DEFAULT NULL,
  `meta_title` varchar(20) DEFAULT NULL,
  PRIMARY KEY (`id_attribute_group`,`id_lang`)
) ENGINE=InnoDB DEFAULT CHARSET=utf8;

--
-- Dumping data for table `ps_layered_indexable_attribute_group_lang_value`
--

INSERT INTO `ps_layered_indexable_attribute_group_lang_value` VALUES (1,1,'taille',''),(1,3,'taille',''),(2,1,'couleur',''),(2,3,'color','');

--
-- Table structure for table `ps_layered_indexable_attribute_lang_value`
--

CREATE TABLE `ps_layered_indexable_attribute_lang_value` (
  `id_attribute` int(11) NOT NULL,
  `id_lang` int(11) NOT NULL,
  `url_name` varchar(20) DEFAULT NULL,
  `meta_title` varchar(20) DEFAULT NULL,
  PRIMARY KEY (`id_attribute`,`id_lang`)
) ENGINE=InnoDB DEFAULT CHARSET=utf8;

--
-- Dumping data for table `ps_layered_indexable_attribute_lang_value`
--

INSERT INTO `ps_layered_indexable_attribute_lang_value` VALUES (1,1,'',''),(1,3,'',''),(2,1,'',''),(2,3,'',''),(3,1,'',''),(3,3,'',''),(4,1,'',''),(4,3,'',''),(5,1,'',''),(5,3,'',''),(6,1,'',''),(6,3,'',''),(7,1,'',''),(7,3,'',''),(8,1,'',''),(8,3,'',''),(9,1,'',''),(9,3,'',''),(10,1,'',''),(10,3,'',''),(11,1,'',''),(11,3,'',''),(12,1,'',''),(12,3,'',''),(13,1,'',''),(13,3,'',''),(14,1,'',''),(14,3,'',''),(15,1,'',''),(15,3,'',''),(16,1,'',''),(16,3,'',''),(17,1,'',''),(17,3,'',''),(18,1,'',''),(18,3,'',''),(19,1,'',''),(19,3,'',''),(20,1,'',''),(20,3,'',''),(21,1,'',''),(21,3,'',''),(22,1,'',''),(22,3,'',''),(23,1,'',''),(23,3,'',''),(24,1,'',''),(24,3,'',''),(25,1,'',''),(25,3,'',''),(26,1,'',''),(26,3,'',''),(27,1,'',''),(27,3,'',''),(28,1,'',''),(28,3,'',''),(29,1,'',''),(29,3,'',''),(30,1,'',''),(30,3,'',''),(31,1,'',''),(31,3,'',''),(32,1,'',''),(32,3,'',''),(33,1,'',''),(33,3,'',''),(34,1,'',''),(34,3,'',''),(35,1,'',''),(35,3,'',''),(36,1,'',''),(36,3,'',''),(37,1,'',''),(37,3,'',''),(38,1,'',''),(38,3,'',''),(39,1,'',''),(39,3,'',''),(40,1,'',''),(40,3,'',''),(41,1,'',''),(41,3,'',''),(42,1,'',''),(42,3,'',''),(43,1,'',''),(43,3,'',''),(44,1,'',''),(44,3,'',''),(45,1,'',''),(45,3,'',''),(46,1,'',''),(46,3,'',''),(47,1,'',''),(47,3,'',''),(48,1,'',''),(48,3,'',''),(49,1,'',''),(49,3,'',''),(50,1,'',''),(50,3,'',''),(51,1,'',''),(51,3,'',''),(52,1,'',''),(52,3,'',''),(53,1,'',''),(53,3,'',''),(54,1,'',''),(54,3,'',''),(55,1,'',''),(55,3,'',''),(56,1,'',''),(56,3,'',''),(57,1,'',''),(57,3,'',''),(58,1,'',''),(58,3,'',''),(59,1,'',''),(59,3,'',''),(60,1,'',''),(60,3,'',''),(61,1,'',''),(61,3,'',''),(62,1,'',''),(62,3,'',''),(63,1,'',''),(63,3,'',''),(64,1,'',''),(64,3,'',''),(65,1,'',''),(65,3,'',''),(66,1,'',''),(66,3,'',''),(67,1,'',''),(67,3,'',''),(68,1,'',''),(68,3,'',''),(69,1,'',''),(69,3,'',''),(70,1,'',''),(70,3,'',''),(71,1,'',''),(71,3,'',''),(72,1,'',''),(72,3,'',''),(73,1,'',''),(73,3,'',''),(74,1,'',''),(74,3,'',''),(75,1,'',''),(75,3,'',''),(76,1,'',''),(76,3,'',''),(77,1,'',''),(77,3,'',''),(78,1,'',''),(78,3,'',''),(79,1,'',''),(79,3,'',''),(80,1,'',''),(80,3,'',''),(81,1,'',''),(81,3,'',''),(82,1,'',''),(82,3,'',''),(83,1,'',''),(83,3,'',''),(84,1,'',''),(84,3,'',''),(85,1,'',''),(85,3,'',''),(86,1,'',''),(86,3,'',''),(87,1,'',''),(87,3,'',''),(88,1,'',''),(88,3,'',''),(89,1,'',''),(89,3,'',''),(90,1,'',''),(90,3,'',''),(91,1,'',''),(91,3,'',''),(92,1,'',''),(92,3,'',''),(93,1,'',''),(93,3,'',''),(94,1,'',''),(94,3,'',''),(95,1,'',''),(95,3,'',''),(96,1,'',''),(96,3,'',''),(97,1,'',''),(97,3,'',''),(98,1,'',''),(98,3,'',''),(99,1,'',''),(99,3,'',''),(100,1,'',''),(100,3,'',''),(101,1,'',''),(101,3,'',''),(102,1,'',''),(102,3,'',''),(103,1,'',''),(103,3,'',''),(104,1,'',''),(104,3,'',''),(105,1,'',''),(105,3,'',''),(106,1,'',''),(106,3,'',''),(107,1,'',''),(107,3,'',''),(108,1,'',''),(108,3,'',''),(109,1,'',''),(109,3,'',''),(110,1,'',''),(110,3,'',''),(111,1,'',''),(111,3,'',''),(112,1,'',''),(112,3,'',''),(113,1,'',''),(113,3,'',''),(114,1,'',''),(114,3,'',''),(115,1,'',''),(115,3,'',''),(116,1,'',''),(116,3,'',''),(117,1,'',''),(117,3,'',''),(118,1,'',''),(118,3,'',''),(119,1,'',''),(119,3,'',''),(120,1,'',''),(120,3,'',''),(121,1,'',''),(121,3,'',''),(122,1,'',''),(122,3,'',''),(123,1,'',''),(123,3,'',''),(124,1,'',''),(124,3,'',''),(125,1,'',''),(125,3,'',''),(126,1,'',''),(126,3,'',''),(127,1,'',''),(127,3,'',''),(128,1,'',''),(128,3,'',''),(129,1,'',''),(129,3,'',''),(130,1,'',''),(130,3,'',''),(131,1,'',''),(131,3,'',''),(132,1,'',''),(132,3,'',''),(133,1,'',''),(133,3,'',''),(134,1,'',''),(134,3,'',''),(135,1,'',''),(135,3,'',''),(136,1,'',''),(136,3,'',''),(137,1,'',''),(137,3,'',''),(138,1,'elasticated-pants-lf',''),(138,3,'elasticated-pants-lf',''),(139,1,'elasticated-pants-lf',''),(139,3,'elasticated-pants-lf',''),(140,1,'elasticated-pants-lf',''),(140,3,'elasticated-pants-lf',''),(141,1,'elasticated-pants-lf',''),(141,3,'elasticated-pants-lf',''),(142,1,'elasticated-pants-lf',''),(142,3,'elasticated-pants-lf',''),(143,1,'',''),(143,3,'',''),(144,1,'',''),(144,3,'',''),(145,1,'',''),(145,3,'',''),(146,1,'',''),(146,3,'',''),(147,1,'',''),(147,3,'',''),(148,1,'',''),(148,3,'',''),(149,1,'',''),(149,3,'',''),(150,1,'',''),(150,3,'',''),(151,1,'',''),(151,3,'',''),(152,1,'',''),(152,3,'',''),(153,1,'',''),(153,3,'',''),(154,1,'',''),(154,3,'',''),(155,1,'',''),(155,3,'',''),(156,1,'',''),(156,3,'',''),(157,1,'',''),(157,3,'','');

--
-- Table structure for table `ps_layered_indexable_feature`
--

CREATE TABLE `ps_layered_indexable_feature` (
  `id_feature` int(11) NOT NULL,
  `indexable` tinyint(1) NOT NULL DEFAULT '0',
  PRIMARY KEY (`id_feature`)
) ENGINE=InnoDB DEFAULT CHARSET=utf8;

--
-- Dumping data for table `ps_layered_indexable_feature`
--

INSERT INTO `ps_layered_indexable_feature` VALUES (19,1),(21,1),(25,0),(26,1),(27,1),(33,1),(34,1),(35,1);

--
-- Table structure for table `ps_layered_indexable_feature_lang_value`
--

CREATE TABLE `ps_layered_indexable_feature_lang_value` (
  `id_feature` int(11) NOT NULL,
  `id_lang` int(11) NOT NULL,
  `url_name` varchar(20) NOT NULL,
  `meta_title` varchar(20) DEFAULT NULL,
  PRIMARY KEY (`id_feature`,`id_lang`)
) ENGINE=InnoDB DEFAULT CHARSET=utf8;

--
-- Dumping data for table `ps_layered_indexable_feature_lang_value`
--

INSERT INTO `ps_layered_indexable_feature_lang_value` VALUES (5,1,'compositions',''),(5,3,'composition',''),(8,1,'details',''),(8,3,'',''),(8,4,'',''),(8,5,'',''),(11,1,'couleur',''),(11,3,'',''),(12,1,'entretien',''),(12,3,'',''),(16,1,'matiere',''),(16,3,'matiere',''),(17,1,'couleur',''),(17,3,'couleur',''),(18,1,'entretien',''),(18,3,'entretien',''),(19,1,'matiere',''),(19,3,'',''),(20,1,'couleur',''),(20,3,'couleur',''),(21,1,'entretien',''),(21,3,'',''),(22,1,'matierepays',''),(22,3,'',''),(25,1,'made-in',''),(25,3,'',''),(26,1,'composition',''),(26,3,'',''),(27,1,'genre',''),(27,3,'',''),(33,1,'genre',''),(33,3,'',''),(34,1,'composition',''),(34,3,'',''),(35,1,'made-in',''),(35,3,'','');

--
-- Table structure for table `ps_layered_indexable_feature_value_lang_value`
--

CREATE TABLE `ps_layered_indexable_feature_value_lang_value` (
  `id_feature_value` int(11) NOT NULL,
  `id_lang` int(11) NOT NULL,
  `url_name` varchar(20) DEFAULT NULL,
  `meta_title` varchar(20) DEFAULT NULL,
  PRIMARY KEY (`id_feature_value`,`id_lang`)
) ENGINE=InnoDB DEFAULT CHARSET=utf8;

--
-- Dumping data for table `ps_layered_indexable_feature_value_lang_value`
--

INSERT INTO `ps_layered_indexable_feature_value_lang_value` VALUES (46,1,'',''),(46,3,'',''),(127,1,'',''),(127,3,'',''),(128,1,'',''),(128,3,'',''),(129,1,'',''),(129,3,'',''),(130,1,'',''),(130,3,'',''),(131,1,'',''),(131,3,'',''),(132,1,'',''),(132,3,'',''),(133,1,'',''),(133,3,'',''),(134,1,'',''),(134,3,'',''),(135,1,'',''),(135,3,'',''),(136,1,'',''),(136,3,'',''),(137,1,'',''),(137,3,'',''),(138,1,'',''),(138,3,'',''),(139,1,'',''),(139,3,'',''),(140,1,'',''),(140,3,'',''),(141,1,'',''),(141,3,'',''),(142,1,'',''),(142,3,'',''),(143,1,'',''),(143,3,'',''),(144,1,'',''),(144,3,'',''),(145,1,'',''),(145,3,'',''),(146,1,'',''),(146,3,'',''),(147,1,'',''),(147,3,'',''),(148,1,'',''),(148,3,'',''),(149,1,'',''),(149,3,'',''),(150,1,'',''),(150,3,'',''),(151,1,'',''),(151,3,'',''),(152,1,'',''),(152,3,'',''),(153,1,'',''),(153,3,'',''),(154,1,'',''),(154,3,'',''),(155,1,'',''),(155,3,'',''),(156,1,'',''),(156,3,'',''),(157,1,'',''),(157,3,'',''),(158,1,'',''),(158,3,'',''),(159,1,'',''),(159,3,'',''),(160,1,'',''),(160,3,'',''),(161,1,'',''),(161,3,'',''),(162,1,'',''),(162,3,'',''),(163,1,'',''),(163,3,'',''),(164,1,'',''),(164,3,'',''),(165,1,'',''),(165,3,'',''),(166,1,'',''),(166,3,'',''),(167,1,'',''),(167,3,'',''),(168,1,'',''),(168,3,'',''),(169,1,'',''),(169,3,'',''),(170,1,'',''),(170,3,'',''),(171,1,'',''),(171,3,'',''),(172,1,'',''),(172,3,'',''),(173,1,'',''),(173,3,'',''),(174,1,'',''),(174,3,'',''),(175,1,'',''),(175,3,'',''),(176,1,'',''),(176,3,'',''),(177,1,'',''),(177,3,'',''),(178,1,'',''),(178,3,'',''),(179,1,'',''),(179,3,'',''),(180,1,'',''),(180,3,'',''),(181,1,'',''),(181,3,'',''),(182,1,'',''),(182,3,'',''),(183,1,'',''),(183,3,'',''),(184,1,'',''),(184,3,'',''),(185,1,'',''),(185,3,'',''),(186,1,'',''),(186,3,'',''),(187,1,'',''),(187,3,'',''),(188,1,'',''),(188,3,'',''),(189,1,'',''),(189,3,'',''),(190,1,'',''),(190,3,'',''),(191,1,'',''),(191,3,'',''),(192,1,'',''),(192,3,'',''),(193,1,'',''),(193,3,'',''),(194,1,'',''),(194,3,'',''),(195,1,'',''),(195,3,'',''),(196,1,'',''),(196,3,'',''),(197,1,'',''),(197,3,'',''),(198,1,'',''),(198,3,'',''),(199,1,'',''),(199,3,'',''),(200,1,'',''),(200,3,'',''),(201,1,'',''),(201,3,'',''),(202,1,'',''),(202,3,'',''),(203,1,'',''),(203,3,'',''),(204,1,'',''),(204,3,'',''),(205,1,'',''),(205,3,'',''),(206,1,'',''),(206,3,'',''),(207,1,'',''),(207,3,'',''),(208,1,'',''),(208,3,'',''),(209,1,'',''),(209,3,'',''),(210,1,'',''),(210,3,'',''),(211,1,'',''),(211,3,'',''),(212,1,'',''),(212,3,'',''),(213,1,'',''),(213,3,'',''),(214,1,'',''),(214,3,'',''),(215,1,'',''),(215,3,'',''),(216,1,'',''),(216,3,'',''),(217,1,'',''),(217,3,'',''),(218,1,'',''),(218,3,'',''),(219,1,'',''),(219,3,'',''),(220,1,'',''),(220,3,'',''),(221,1,'',''),(221,3,'',''),(222,1,'',''),(222,3,'',''),(223,1,'',''),(223,3,'',''),(224,1,'',''),(224,3,'',''),(225,1,'',''),(225,3,'',''),(226,1,'',''),(226,3,'',''),(227,1,'',''),(227,3,'',''),(228,1,'',''),(228,3,'',''),(229,1,'',''),(229,3,'',''),(230,1,'',''),(230,3,'',''),(231,1,'',''),(231,3,'',''),(232,1,'',''),(232,3,'',''),(233,1,'',''),(233,3,'',''),(234,1,'',''),(234,3,'',''),(235,1,'',''),(235,3,'',''),(236,1,'',''),(236,3,'',''),(237,1,'',''),(237,3,'',''),(238,1,'',''),(238,3,'',''),(239,1,'',''),(239,3,'',''),(240,1,'',''),(240,3,'',''),(241,1,'',''),(241,3,'',''),(242,1,'',''),(242,3,'',''),(243,1,'',''),(243,3,'',''),(244,1,'',''),(244,3,'',''),(245,1,'',''),(245,3,'',''),(246,1,'',''),(246,3,'',''),(247,1,'',''),(247,3,'',''),(248,1,'',''),(248,3,'',''),(249,1,'',''),(249,3,'',''),(250,1,'',''),(250,3,'',''),(251,1,'',''),(251,3,'',''),(252,1,'',''),(252,3,'',''),(253,1,'',''),(253,3,'',''),(254,1,'',''),(254,3,'',''),(255,1,'',''),(255,3,'',''),(256,1,'',''),(256,3,'',''),(257,1,'',''),(257,3,'',''),(258,1,'',''),(258,3,'',''),(259,1,'',''),(259,3,'',''),(260,1,'',''),(260,3,'',''),(261,1,'',''),(261,3,'',''),(262,1,'',''),(262,3,'',''),(263,1,'',''),(263,3,'',''),(264,1,'',''),(264,3,'',''),(265,1,'',''),(265,3,'',''),(266,1,'',''),(266,3,'',''),(267,1,'',''),(267,3,'',''),(268,1,'',''),(268,3,'',''),(269,1,'',''),(269,3,'',''),(270,1,'',''),(270,3,'',''),(271,1,'',''),(271,3,'',''),(272,1,'',''),(272,3,'',''),(273,1,'',''),(273,3,'',''),(274,1,'',''),(274,3,'',''),(275,1,'',''),(275,3,'',''),(276,1,'',''),(276,3,'',''),(277,1,'',''),(277,3,'',''),(278,1,'',''),(278,3,'',''),(279,1,'',''),(279,3,'',''),(280,1,'',''),(280,3,'',''),(281,1,'',''),(281,3,'',''),(282,1,'',''),(282,3,'',''),(283,1,'',''),(283,3,'',''),(284,1,'',''),(284,3,'',''),(285,1,'',''),(285,3,'',''),(286,1,'',''),(286,3,'',''),(287,1,'',''),(287,3,'',''),(288,1,'',''),(288,3,'',''),(289,1,'',''),(289,3,'',''),(290,1,'',''),(290,3,'',''),(291,1,'',''),(291,3,'',''),(292,1,'',''),(292,3,'',''),(293,1,'',''),(293,3,'',''),(294,1,'',''),(294,3,'',''),(295,1,'',''),(295,3,'',''),(296,1,'',''),(296,3,'',''),(297,1,'',''),(297,3,'',''),(298,1,'',''),(298,3,'',''),(299,1,'',''),(299,3,'',''),(300,1,'',''),(300,3,'',''),(301,1,'',''),(301,3,'',''),(302,1,'',''),(302,3,'',''),(303,1,'',''),(303,3,'',''),(304,1,'',''),(304,3,'',''),(305,1,'',''),(305,3,'',''),(306,1,'',''),(306,3,'',''),(307,1,'',''),(307,3,'',''),(308,1,'',''),(308,3,'',''),(309,1,'',''),(309,3,'',''),(310,1,'',''),(310,3,'',''),(311,1,'',''),(311,3,'',''),(312,1,'',''),(312,3,'',''),(313,1,'',''),(313,3,'',''),(314,1,'',''),(314,3,'',''),(315,1,'',''),(315,3,'',''),(316,1,'',''),(316,3,'',''),(317,1,'',''),(317,3,'',''),(318,1,'',''),(318,3,'',''),(319,1,'',''),(319,3,'',''),(320,1,'',''),(320,3,'',''),(321,1,'',''),(321,3,'',''),(322,1,'',''),(322,3,'',''),(323,1,'',''),(323,3,'',''),(324,1,'',''),(324,3,'',''),(325,1,'',''),(325,3,'',''),(326,1,'',''),(326,3,'',''),(327,1,'',''),(327,3,'',''),(328,1,'',''),(328,3,'',''),(329,1,'',''),(329,3,'',''),(330,1,'',''),(330,3,'',''),(331,1,'',''),(331,3,'',''),(332,1,'',''),(332,3,'',''),(333,1,'',''),(333,3,'',''),(334,1,'',''),(334,3,'',''),(335,1,'',''),(335,3,'',''),(336,1,'',''),(336,3,'',''),(337,1,'',''),(337,3,'',''),(338,1,'',''),(338,3,'',''),(339,1,'',''),(339,3,'',''),(340,1,'',''),(340,3,'',''),(341,1,'',''),(341,3,'',''),(342,1,'',''),(342,3,'',''),(343,1,'',''),(343,3,'',''),(344,1,'',''),(344,3,'',''),(345,1,'',''),(345,3,'',''),(346,1,'',''),(346,3,'',''),(347,1,'',''),(347,3,'',''),(348,1,'',''),(348,3,'',''),(349,1,'',''),(349,3,'',''),(350,1,'',''),(350,3,'',''),(351,1,'',''),(351,3,'',''),(352,1,'',''),(352,3,'',''),(353,1,'',''),(353,3,'',''),(354,1,'',''),(354,3,'',''),(355,1,'',''),(355,3,'',''),(356,1,'',''),(356,3,'',''),(357,1,'',''),(357,3,'',''),(358,1,'',''),(358,3,'',''),(359,1,'',''),(359,3,'',''),(360,1,'',''),(360,3,'',''),(361,1,'',''),(361,3,'',''),(362,1,'',''),(362,3,'',''),(363,1,'',''),(363,3,'',''),(364,1,'',''),(364,3,'',''),(365,1,'',''),(365,3,'',''),(366,1,'',''),(366,3,'',''),(367,1,'',''),(367,3,'',''),(368,1,'',''),(368,3,'',''),(369,1,'',''),(369,3,'',''),(370,1,'',''),(370,3,'',''),(371,1,'',''),(371,3,'',''),(372,1,'',''),(372,3,'',''),(373,1,'',''),(373,3,'',''),(374,1,'',''),(374,3,'',''),(375,1,'',''),(375,3,'',''),(376,1,'',''),(376,3,'',''),(377,1,'',''),(377,3,'',''),(378,1,'',''),(378,3,'',''),(379,1,'',''),(379,3,'',''),(380,1,'',''),(380,3,'',''),(381,1,'',''),(381,3,'',''),(382,1,'',''),(382,3,'',''),(383,1,'',''),(383,3,'',''),(384,1,'',''),(384,3,'',''),(385,1,'',''),(385,3,'',''),(386,1,'',''),(386,3,'',''),(387,1,'',''),(387,3,'',''),(388,1,'',''),(388,3,'',''),(389,1,'',''),(389,3,'',''),(390,1,'',''),(390,3,'',''),(391,1,'',''),(391,3,'',''),(392,1,'',''),(392,3,'',''),(393,1,'',''),(393,3,'',''),(394,1,'',''),(394,3,'',''),(395,1,'',''),(395,3,'',''),(396,1,'',''),(396,3,'',''),(397,1,'',''),(397,3,'',''),(398,1,'',''),(398,3,'',''),(399,1,'',''),(399,3,'',''),(400,1,'',''),(400,3,'',''),(401,1,'',''),(401,3,'',''),(402,1,'',''),(402,3,'',''),(403,1,'',''),(403,3,'',''),(404,1,'',''),(404,3,'',''),(405,1,'',''),(405,3,'',''),(406,1,'',''),(406,3,'',''),(407,1,'',''),(407,3,'',''),(408,1,'',''),(408,3,'',''),(409,1,'',''),(409,3,'',''),(410,1,'',''),(410,3,'',''),(411,1,'',''),(411,3,'',''),(412,1,'',''),(412,3,'',''),(413,1,'',''),(413,3,'',''),(414,1,'',''),(414,3,'',''),(415,1,'',''),(415,3,'',''),(416,1,'',''),(416,3,'',''),(417,1,'',''),(417,3,'',''),(418,1,'',''),(418,3,'',''),(419,1,'',''),(419,3,'',''),(420,1,'',''),(420,3,'',''),(421,1,'',''),(421,3,'',''),(422,1,'',''),(422,3,'',''),(423,1,'',''),(423,3,'',''),(424,1,'',''),(424,3,'',''),(425,1,'',''),(425,3,'',''),(426,1,'',''),(426,3,'',''),(427,1,'',''),(427,3,'',''),(428,1,'',''),(428,3,'',''),(429,1,'',''),(429,3,'',''),(430,1,'',''),(430,3,'',''),(431,1,'',''),(431,3,'',''),(432,1,'',''),(432,3,'',''),(433,1,'',''),(433,3,'',''),(434,1,'',''),(434,3,'',''),(435,1,'',''),(435,3,'',''),(436,1,'',''),(436,3,'',''),(437,1,'',''),(437,3,'',''),(438,1,'',''),(438,3,'',''),(439,1,'',''),(439,3,'',''),(440,1,'',''),(440,3,'',''),(441,1,'',''),(441,3,'',''),(442,1,'',''),(442,3,'',''),(443,1,'',''),(443,3,'',''),(444,1,'',''),(444,3,'',''),(445,1,'',''),(445,3,'',''),(446,1,'',''),(446,3,'',''),(447,1,'',''),(447,3,'',''),(448,1,'',''),(448,3,'',''),(449,1,'',''),(449,3,'',''),(450,1,'',''),(450,3,'',''),(451,1,'',''),(451,3,'',''),(452,1,'',''),(452,3,'',''),(453,1,'',''),(453,3,'',''),(454,1,'',''),(454,3,'',''),(455,1,'',''),(455,3,'',''),(456,1,'',''),(456,3,'',''),(457,1,'',''),(457,3,'',''),(458,1,'',''),(458,3,'',''),(459,1,'',''),(459,3,'',''),(460,1,'',''),(460,3,'',''),(461,1,'',''),(461,3,'',''),(462,1,'',''),(462,3,'',''),(463,1,'',''),(463,3,'',''),(464,1,'',''),(464,3,'',''),(465,1,'',''),(465,3,'',''),(466,1,'',''),(466,3,'',''),(467,1,'',''),(467,3,'',''),(468,1,'',''),(468,3,'',''),(469,1,'',''),(469,3,'',''),(470,1,'',''),(470,3,'',''),(471,1,'',''),(471,3,'',''),(472,1,'',''),(472,3,'',''),(473,1,'',''),(473,3,'',''),(474,1,'',''),(474,3,'',''),(475,1,'',''),(475,3,'',''),(476,1,'',''),(476,3,'',''),(477,1,'',''),(477,3,'',''),(478,1,'',''),(478,3,'',''),(479,1,'',''),(479,3,'',''),(480,1,'',''),(480,3,'',''),(481,1,'',''),(481,3,'',''),(482,1,'',''),(482,3,'',''),(483,1,'',''),(483,3,'',''),(484,1,'',''),(484,3,'',''),(485,1,'',''),(485,3,'',''),(486,1,'',''),(486,3,'',''),(487,1,'',''),(487,3,'',''),(488,1,'',''),(488,3,'',''),(489,1,'',''),(489,3,'',''),(490,1,'',''),(490,3,'',''),(491,1,'',''),(491,3,'',''),(492,1,'',''),(492,3,'',''),(493,1,'',''),(493,3,'',''),(494,1,'',''),(494,3,'',''),(495,1,'',''),(495,3,'',''),(496,1,'',''),(496,3,'',''),(497,1,'',''),(497,3,'',''),(498,1,'',''),(498,3,'',''),(499,1,'',''),(499,3,'',''),(500,1,'',''),(500,3,'',''),(501,1,'',''),(501,3,'',''),(502,1,'',''),(502,3,'',''),(503,1,'',''),(503,3,'',''),(504,1,'',''),(504,3,'',''),(505,1,'',''),(505,3,'',''),(506,1,'',''),(506,3,'',''),(507,1,'',''),(507,3,'',''),(508,1,'',''),(508,3,'',''),(509,1,'',''),(509,3,'',''),(510,1,'',''),(510,3,'',''),(511,1,'',''),(511,3,'',''),(512,1,'',''),(512,3,'',''),(513,1,'',''),(513,3,'',''),(514,1,'',''),(514,3,'',''),(515,1,'',''),(515,3,'',''),(516,1,'',''),(516,3,'',''),(517,1,'',''),(517,3,'',''),(518,1,'',''),(518,3,'',''),(519,1,'',''),(519,3,'',''),(520,1,'',''),(520,3,'',''),(521,1,'',''),(521,3,'',''),(522,1,'',''),(522,3,'',''),(523,1,'',''),(523,3,'',''),(524,1,'',''),(524,3,'',''),(525,1,'',''),(525,3,'',''),(526,1,'',''),(526,3,'',''),(527,1,'',''),(527,3,'',''),(528,1,'',''),(528,3,'',''),(529,1,'',''),(529,3,'',''),(530,1,'',''),(530,3,'',''),(531,1,'',''),(531,3,'',''),(532,1,'',''),(532,3,'',''),(533,1,'',''),(533,3,'',''),(534,1,'',''),(534,3,'',''),(535,1,'',''),(535,3,'',''),(536,1,'',''),(536,3,'',''),(537,1,'',''),(537,3,'',''),(538,1,'',''),(538,3,'',''),(539,1,'',''),(539,3,'',''),(540,1,'',''),(540,3,'',''),(541,1,'',''),(541,3,'',''),(542,1,'',''),(542,3,'',''),(543,1,'',''),(543,3,'',''),(544,1,'',''),(544,3,'',''),(545,1,'',''),(545,3,'',''),(546,1,'',''),(546,3,'',''),(547,1,'',''),(547,3,'',''),(548,1,'',''),(548,3,'',''),(549,1,'',''),(549,3,'',''),(550,1,'',''),(550,3,'',''),(551,1,'',''),(551,3,'',''),(552,1,'',''),(552,3,'',''),(553,1,'',''),(553,3,'',''),(554,1,'',''),(554,3,'',''),(555,1,'',''),(555,3,'',''),(556,1,'',''),(556,3,'',''),(557,1,'',''),(557,3,'',''),(558,1,'',''),(558,3,'',''),(559,1,'',''),(559,3,'',''),(560,1,'',''),(560,3,'',''),(561,1,'',''),(561,3,'',''),(562,1,'',''),(562,3,'',''),(563,1,'',''),(563,3,'',''),(564,1,'',''),(564,3,'',''),(565,1,'',''),(565,3,'',''),(566,1,'',''),(566,3,'',''),(567,1,'',''),(567,3,'',''),(568,1,'',''),(568,3,'',''),(569,1,'',''),(569,3,'',''),(570,1,'',''),(570,3,'',''),(571,1,'',''),(571,3,'',''),(572,1,'',''),(572,3,'',''),(573,1,'',''),(573,3,'',''),(574,1,'',''),(574,3,'',''),(575,1,'',''),(575,3,'',''),(576,1,'',''),(576,3,'',''),(577,1,'',''),(577,3,'',''),(578,1,'',''),(578,3,'',''),(579,1,'',''),(579,3,'',''),(580,1,'',''),(580,3,'',''),(581,1,'',''),(581,3,'',''),(582,1,'',''),(582,3,'',''),(583,1,'',''),(583,3,'',''),(584,1,'',''),(584,3,'',''),(585,1,'',''),(585,3,'',''),(586,1,'',''),(586,3,'',''),(587,1,'',''),(587,3,'',''),(588,1,'',''),(588,3,'',''),(589,1,'',''),(589,3,'',''),(590,1,'',''),(590,3,'',''),(591,1,'',''),(591,3,'',''),(592,1,'',''),(592,3,'',''),(593,1,'',''),(593,3,'',''),(594,1,'',''),(594,3,'',''),(595,1,'',''),(595,3,'',''),(596,1,'',''),(596,3,'',''),(597,1,'',''),(597,3,'',''),(598,1,'',''),(598,3,'',''),(599,1,'',''),(599,3,'',''),(600,1,'',''),(600,3,'',''),(601,1,'',''),(601,3,'',''),(602,1,'',''),(602,3,'',''),(603,1,'',''),(603,3,'',''),(604,1,'',''),(604,3,'',''),(605,1,'',''),(605,3,'',''),(606,1,'',''),(606,3,'',''),(607,1,'',''),(607,3,'',''),(608,1,'',''),(608,3,'',''),(609,1,'',''),(609,3,'',''),(610,1,'',''),(610,3,'',''),(611,1,'',''),(611,3,'',''),(612,1,'',''),(612,3,'',''),(613,1,'',''),(613,3,'',''),(614,1,'',''),(614,3,'',''),(615,1,'',''),(615,3,'',''),(616,1,'',''),(616,3,'',''),(617,1,'',''),(617,3,'',''),(618,1,'',''),(618,3,'',''),(619,1,'',''),(619,3,'',''),(620,1,'',''),(620,3,'',''),(621,1,'',''),(621,3,'',''),(622,1,'',''),(622,3,'',''),(623,1,'',''),(623,3,'',''),(624,1,'',''),(624,3,'',''),(625,1,'',''),(625,3,'',''),(626,1,'',''),(626,3,'',''),(627,1,'',''),(627,3,'',''),(628,1,'',''),(628,3,'',''),(629,1,'',''),(629,3,'',''),(630,1,'',''),(630,3,'',''),(631,1,'',''),(631,3,'',''),(632,1,'',''),(632,3,'',''),(633,1,'',''),(633,3,'',''),(634,1,'',''),(634,3,'',''),(635,1,'',''),(635,3,'',''),(636,1,'',''),(636,3,'',''),(637,1,'',''),(637,3,'',''),(638,1,'',''),(638,3,'',''),(639,1,'',''),(639,3,'',''),(640,1,'',''),(640,3,'',''),(641,1,'',''),(641,3,'',''),(642,1,'',''),(642,3,'',''),(643,1,'',''),(643,3,'',''),(644,1,'',''),(644,3,'',''),(645,1,'',''),(645,3,'',''),(646,1,'',''),(646,3,'',''),(647,1,'',''),(647,3,'',''),(648,1,'',''),(648,3,'',''),(649,1,'',''),(649,3,'',''),(650,1,'',''),(650,3,'',''),(651,1,'',''),(651,3,'',''),(652,1,'',''),(652,3,'',''),(653,1,'',''),(653,3,'',''),(654,1,'',''),(654,3,'',''),(655,1,'',''),(655,3,'',''),(656,1,'',''),(656,3,'',''),(657,1,'',''),(657,3,'',''),(658,1,'',''),(658,3,'',''),(659,1,'',''),(659,3,'',''),(660,1,'',''),(660,3,'',''),(661,1,'',''),(661,3,'',''),(662,1,'',''),(662,3,'',''),(663,1,'',''),(663,3,'',''),(664,1,'',''),(664,3,'',''),(665,1,'',''),(665,3,'',''),(666,1,'',''),(666,3,'',''),(667,1,'',''),(667,3,'',''),(668,1,'',''),(668,3,'',''),(669,1,'',''),(669,3,'',''),(670,1,'',''),(670,3,'',''),(671,1,'',''),(671,3,'',''),(672,1,'',''),(672,3,'',''),(673,1,'',''),(673,3,'',''),(674,1,'',''),(674,3,'',''),(675,1,'',''),(675,3,'',''),(676,1,'',''),(676,3,'',''),(677,1,'',''),(677,3,'',''),(678,1,'',''),(678,3,'',''),(679,1,'',''),(679,3,'',''),(680,1,'',''),(680,3,'',''),(681,1,'',''),(681,3,'',''),(682,1,'',''),(682,3,'',''),(683,1,'',''),(683,3,'',''),(684,1,'',''),(684,3,'',''),(685,1,'',''),(685,3,'',''),(686,1,'',''),(686,3,'',''),(687,1,'',''),(687,3,'',''),(688,1,'',''),(688,3,'',''),(689,1,'',''),(689,3,'',''),(690,1,'',''),(690,3,'',''),(691,1,'',''),(691,3,'',''),(692,1,'',''),(692,3,'',''),(693,1,'',''),(693,3,'',''),(694,1,'',''),(694,3,'',''),(695,1,'',''),(695,3,'',''),(696,1,'',''),(696,3,'',''),(697,1,'',''),(697,3,'',''),(698,1,'',''),(698,3,'',''),(699,1,'',''),(699,3,'',''),(700,1,'',''),(700,3,'',''),(701,1,'',''),(701,3,'',''),(702,1,'',''),(702,3,'',''),(703,1,'',''),(703,3,'',''),(704,1,'',''),(704,3,'',''),(705,1,'',''),(705,3,'',''),(706,1,'',''),(706,3,'',''),(707,1,'',''),(707,3,'',''),(708,1,'',''),(708,3,'',''),(709,1,'',''),(709,3,'',''),(710,1,'',''),(710,3,'',''),(711,1,'',''),(711,3,'',''),(712,1,'',''),(712,3,'',''),(713,1,'',''),(713,3,'',''),(714,1,'',''),(714,3,'',''),(715,1,'',''),(715,3,'',''),(716,1,'',''),(716,3,'',''),(717,1,'',''),(717,3,'',''),(718,1,'',''),(718,3,'',''),(719,1,'',''),(719,3,'',''),(720,1,'',''),(720,3,'',''),(721,1,'',''),(721,3,'',''),(722,1,'',''),(722,3,'',''),(723,1,'',''),(723,3,'',''),(724,1,'',''),(724,3,'',''),(725,1,'',''),(725,3,'',''),(726,1,'',''),(726,3,'',''),(727,1,'',''),(727,3,'',''),(729,1,'',''),(729,3,'',''),(730,1,'',''),(730,3,'',''),(731,1,'',''),(731,3,'',''),(732,1,'',''),(732,3,'',''),(733,1,'',''),(733,3,'',''),(734,1,'',''),(734,3,'',''),(735,1,'',''),(735,3,'',''),(736,1,'',''),(736,3,'',''),(737,1,'',''),(737,3,'',''),(738,1,'',''),(738,3,'',''),(739,1,'',''),(739,3,'',''),(740,1,'',''),(740,3,'',''),(741,1,'',''),(741,3,'',''),(742,1,'',''),(742,3,'',''),(754,1,'',''),(754,3,'',''),(755,1,'',''),(755,3,'',''),(756,1,'',''),(756,3,'',''),(757,1,'',''),(757,3,'',''),(758,1,'',''),(758,3,'',''),(759,1,'',''),(759,3,'',''),(760,1,'',''),(760,3,'',''),(761,1,'',''),(761,3,'',''),(762,1,'',''),(762,3,'',''),(763,1,'',''),(763,3,'',''),(764,1,'',''),(764,3,'',''),(765,1,'',''),(765,3,'',''),(766,1,'',''),(766,3,'',''),(767,1,'',''),(767,3,'',''),(768,1,'',''),(768,3,'',''),(769,1,'',''),(769,3,'',''),(770,1,'',''),(770,3,'',''),(771,1,'',''),(771,3,'',''),(772,1,'',''),(772,3,'',''),(773,1,'',''),(773,3,'',''),(774,1,'',''),(774,3,'',''),(775,1,'',''),(775,3,'',''),(776,1,'',''),(776,3,'',''),(777,1,'',''),(777,3,'',''),(778,1,'',''),(778,3,'',''),(779,1,'',''),(779,3,'',''),(780,1,'',''),(780,3,'',''),(781,1,'',''),(781,3,'',''),(782,1,'',''),(782,3,'',''),(783,1,'',''),(783,3,'',''),(784,1,'',''),(784,3,'',''),(785,1,'',''),(785,3,'',''),(786,1,'',''),(786,3,'',''),(787,1,'',''),(787,3,'',''),(788,1,'',''),(788,3,'',''),(789,1,'',''),(789,3,'',''),(790,1,'',''),(790,3,'',''),(791,1,'',''),(791,3,'',''),(792,1,'',''),(792,3,'',''),(793,1,'',''),(793,3,'',''),(794,1,'',''),(794,3,'',''),(795,1,'',''),(795,3,'',''),(796,1,'',''),(796,3,'',''),(797,1,'',''),(797,3,'',''),(798,1,'',''),(798,3,'',''),(799,1,'',''),(799,3,'',''),(800,1,'',''),(800,3,'',''),(801,1,'',''),(801,3,'',''),(802,1,'',''),(802,3,'',''),(803,1,'',''),(803,3,'',''),(804,1,'',''),(804,3,'',''),(805,1,'',''),(805,3,'',''),(806,1,'',''),(806,3,'',''),(807,1,'',''),(807,3,'',''),(808,1,'',''),(808,3,'',''),(809,1,'',''),(809,3,'',''),(810,1,'',''),(810,3,'',''),(811,1,'',''),(811,3,'',''),(812,1,'',''),(812,3,'',''),(813,1,'',''),(813,3,'',''),(814,1,'',''),(814,3,'',''),(815,1,'',''),(815,3,'',''),(816,1,'',''),(816,3,'',''),(817,1,'',''),(817,3,'',''),(818,1,'',''),(818,3,'',''),(819,1,'',''),(819,3,'',''),(820,1,'',''),(820,3,'',''),(821,1,'',''),(821,3,'',''),(822,1,'',''),(822,3,'',''),(823,1,'',''),(823,3,'',''),(824,1,'',''),(824,3,'',''),(825,1,'',''),(825,3,'',''),(826,1,'',''),(826,3,'',''),(827,1,'',''),(827,3,'',''),(828,1,'',''),(828,3,'',''),(829,1,'',''),(829,3,'',''),(830,1,'',''),(830,3,'',''),(831,1,'',''),(831,3,'',''),(832,1,'',''),(832,3,'',''),(833,1,'',''),(833,3,'',''),(834,1,'',''),(834,3,'',''),(835,1,'',''),(835,3,'',''),(836,1,'',''),(836,3,'',''),(837,1,'',''),(837,3,'',''),(838,1,'',''),(838,3,'',''),(839,1,'',''),(839,3,'',''),(840,1,'',''),(840,3,'',''),(841,1,'',''),(841,3,'',''),(842,1,'',''),(842,3,'',''),(843,1,'',''),(843,3,'',''),(844,1,'',''),(844,3,'',''),(845,1,'',''),(845,3,'',''),(846,1,'',''),(846,3,'',''),(847,1,'',''),(847,3,'',''),(848,1,'',''),(848,3,'',''),(849,1,'',''),(849,3,'',''),(850,1,'',''),(850,3,'',''),(851,1,'',''),(851,3,'',''),(852,1,'',''),(852,3,'',''),(853,1,'',''),(853,3,'',''),(854,1,'',''),(854,3,'',''),(855,1,'',''),(855,3,'',''),(856,1,'',''),(856,3,'',''),(857,1,'',''),(857,3,'',''),(858,1,'',''),(858,3,'',''),(859,1,'',''),(859,3,'',''),(860,1,'',''),(860,3,'',''),(861,1,'',''),(861,3,'',''),(862,1,'',''),(862,3,'',''),(863,1,'',''),(863,3,'',''),(864,1,'',''),(864,3,'',''),(865,1,'',''),(865,3,'',''),(866,1,'',''),(866,3,'',''),(867,1,'',''),(867,3,'',''),(868,1,'',''),(868,3,'',''),(869,1,'',''),(869,3,'',''),(870,1,'',''),(870,3,'',''),(871,1,'',''),(871,3,'',''),(872,1,'',''),(872,3,'',''),(873,1,'',''),(873,3,'',''),(874,1,'',''),(874,3,'',''),(875,1,'',''),(875,3,'',''),(876,1,'',''),(876,3,'',''),(877,1,'',''),(877,3,'',''),(878,1,'',''),(878,3,'',''),(879,1,'',''),(879,3,'',''),(880,1,'',''),(880,3,'',''),(881,1,'',''),(881,3,'',''),(882,1,'',''),(882,3,'',''),(883,1,'',''),(883,3,'',''),(884,1,'',''),(884,3,'',''),(885,1,'',''),(885,3,'',''),(886,1,'',''),(886,3,'',''),(887,1,'',''),(887,3,'',''),(888,1,'',''),(888,3,'',''),(889,1,'',''),(889,3,'',''),(890,1,'',''),(890,3,'',''),(891,1,'',''),(891,3,'',''),(892,1,'',''),(892,3,'',''),(893,1,'',''),(893,3,'',''),(894,1,'',''),(894,3,'',''),(895,1,'',''),(895,3,'',''),(896,1,'',''),(896,3,'',''),(897,1,'',''),(897,3,'',''),(898,1,'',''),(898,3,'',''),(899,1,'',''),(899,3,'',''),(900,1,'',''),(900,3,'',''),(901,1,'',''),(901,3,'',''),(902,1,'',''),(902,3,'',''),(903,1,'',''),(903,3,'',''),(904,1,'',''),(904,3,'',''),(905,1,'',''),(905,3,'',''),(906,1,'',''),(906,3,'',''),(907,1,'',''),(907,3,'',''),(908,1,'',''),(908,3,'',''),(909,1,'',''),(909,3,'',''),(910,1,'',''),(910,3,'',''),(911,1,'',''),(911,3,'',''),(912,1,'',''),(912,3,'',''),(913,1,'',''),(913,3,'',''),(914,1,'',''),(914,3,'',''),(915,1,'',''),(915,3,'',''),(916,1,'',''),(916,3,'',''),(917,1,'',''),(917,3,'',''),(918,1,'',''),(918,3,'',''),(919,1,'',''),(919,3,'',''),(920,1,'',''),(920,3,'',''),(921,1,'',''),(921,3,'',''),(922,1,'',''),(922,3,'',''),(923,1,'',''),(923,3,'',''),(924,1,'',''),(924,3,'',''),(925,1,'',''),(925,3,'',''),(926,1,'',''),(926,3,'',''),(927,1,'',''),(927,3,'',''),(928,1,'',''),(928,3,'',''),(929,1,'',''),(929,3,'',''),(930,1,'',''),(930,3,'',''),(931,1,'',''),(931,3,'',''),(932,1,'',''),(932,3,'',''),(933,1,'',''),(933,3,'',''),(934,1,'',''),(934,3,'',''),(935,1,'',''),(935,3,'',''),(936,1,'',''),(936,3,'',''),(937,1,'',''),(937,3,'',''),(938,1,'',''),(938,3,'',''),(939,1,'',''),(939,3,'',''),(940,1,'',''),(940,3,'',''),(941,1,'',''),(941,3,'',''),(942,1,'',''),(942,3,'',''),(943,1,'',''),(943,3,'',''),(944,1,'',''),(944,3,'',''),(945,1,'',''),(945,3,'',''),(946,1,'',''),(946,3,'',''),(947,1,'',''),(947,3,'',''),(948,1,'',''),(948,3,'',''),(949,1,'',''),(949,3,'',''),(950,1,'',''),(950,3,'',''),(951,1,'',''),(951,3,'',''),(952,1,'',''),(952,3,'',''),(953,1,'',''),(953,3,'',''),(954,1,'',''),(954,3,'',''),(955,1,'',''),(955,3,'',''),(956,1,'',''),(956,3,'',''),(957,1,'',''),(957,3,'',''),(958,1,'',''),(958,3,'',''),(959,1,'',''),(959,3,'',''),(960,1,'',''),(960,3,'',''),(961,1,'',''),(961,3,'',''),(962,1,'',''),(962,3,'',''),(963,1,'',''),(963,3,'',''),(964,1,'',''),(964,3,'',''),(965,1,'',''),(965,3,'',''),(966,1,'',''),(966,3,'',''),(967,1,'',''),(967,3,'',''),(968,1,'',''),(968,3,'',''),(969,1,'',''),(969,3,'',''),(970,1,'',''),(970,3,'',''),(971,1,'',''),(971,3,'',''),(972,1,'',''),(972,3,'',''),(973,1,'',''),(973,3,'',''),(974,1,'',''),(974,3,'',''),(975,1,'',''),(975,3,'',''),(976,1,'',''),(976,3,'',''),(977,1,'',''),(977,3,'',''),(978,1,'',''),(978,3,'',''),(979,1,'',''),(979,3,'',''),(980,1,'',''),(980,3,'',''),(981,1,'',''),(981,3,'',''),(982,1,'',''),(982,3,'',''),(983,1,'',''),(983,3,'',''),(984,1,'',''),(984,3,'',''),(985,1,'',''),(985,3,'',''),(986,1,'',''),(986,3,'',''),(987,1,'',''),(987,3,'',''),(988,1,'',''),(988,3,'',''),(989,1,'',''),(989,3,'',''),(990,1,'',''),(990,3,'',''),(991,1,'',''),(991,3,'',''),(992,1,'',''),(992,3,'',''),(993,1,'',''),(993,3,'',''),(994,1,'',''),(994,3,'',''),(995,1,'',''),(995,3,'',''),(996,1,'',''),(996,3,'',''),(997,1,'',''),(997,3,'',''),(998,1,'',''),(998,3,'',''),(999,1,'',''),(999,3,'',''),(1000,1,'',''),(1000,3,'',''),(1001,1,'',''),(1001,3,'',''),(1002,1,'',''),(1002,3,'',''),(1003,1,'',''),(1003,3,'',''),(1004,1,'',''),(1004,3,'',''),(1005,1,'',''),(1005,3,'',''),(1006,1,'',''),(1006,3,'',''),(1007,1,'',''),(1007,3,'',''),(1008,1,'',''),(1008,3,'',''),(1009,1,'',''),(1009,3,'',''),(1010,1,'',''),(1010,3,'',''),(1011,1,'',''),(1011,3,'',''),(1012,1,'',''),(1012,3,'',''),(1013,1,'',''),(1013,3,'',''),(1014,1,'',''),(1014,3,'',''),(1015,1,'',''),(1015,3,'',''),(1016,1,'',''),(1016,3,'',''),(1017,1,'',''),(1017,3,'',''),(1018,1,'',''),(1018,3,'',''),(1019,1,'',''),(1019,3,'',''),(1020,1,'',''),(1020,3,'',''),(1021,1,'',''),(1021,3,'',''),(1022,1,'',''),(1022,3,'',''),(1023,1,'',''),(1023,3,'',''),(1024,1,'',''),(1024,3,'',''),(1025,1,'',''),(1025,3,'',''),(1026,1,'',''),(1026,3,'',''),(1027,1,'',''),(1027,3,'',''),(1028,1,'',''),(1028,3,'',''),(1029,1,'',''),(1029,3,'',''),(1030,1,'',''),(1030,3,'',''),(1031,1,'',''),(1031,3,'',''),(1032,1,'',''),(1032,3,'',''),(1033,1,'',''),(1033,3,'',''),(1034,1,'',''),(1034,3,'',''),(1035,1,'',''),(1035,3,'',''),(1036,1,'',''),(1036,3,'',''),(1037,1,'',''),(1037,3,'',''),(1038,1,'',''),(1038,3,'',''),(1039,1,'',''),(1039,3,'',''),(1040,1,'',''),(1040,3,'',''),(1041,1,'',''),(1041,3,'',''),(1042,1,'',''),(1042,3,'',''),(1043,1,'',''),(1043,3,'',''),(1044,1,'elasticated-pants-lf',''),(1044,3,'elasticated-pants-lf',''),(1045,1,'elasticated-pants-lf',''),(1045,3,'elasticated-pants-lf',''),(1046,1,'elasticated-pants-lf',''),(1046,3,'elasticated-pants-lf',''),(1047,1,'elasticated-pants-lf',''),(1047,3,'elasticated-pants-lf',''),(1048,1,'elasticated-pants-lf',''),(1048,3,'elasticated-pants-lf',''),(1049,1,'elasticated-pants-lf',''),(1049,3,'elasticated-pants-lf',''),(1050,1,'elasticated-pants-lf',''),(1050,3,'elasticated-pants-lf',''),(1051,1,'elasticated-pants-lf',''),(1051,3,'elasticated-pants-lf',''),(1052,1,'elasticated-pants-lf',''),(1052,3,'elasticated-pants-lf',''),(1053,1,'elasticated-pants-lf',''),(1053,3,'elasticated-pants-lf',''),(1054,1,'elasticated-pants-lf',''),(1054,3,'elasticated-pants-lf',''),(1055,1,'elasticated-pants-lf',''),(1055,3,'elasticated-pants-lf',''),(1056,1,'elasticated-pants-lf',''),(1056,3,'elasticated-pants-lf',''),(1057,1,'elasticated-pants-lf',''),(1057,3,'elasticated-pants-lf',''),(1058,1,'elasticated-pants-lf',''),(1058,3,'elasticated-pants-lf',''),(1059,1,'elasticated-pants-lf',''),(1059,3,'elasticated-pants-lf',''),(1060,1,'elasticated-pants-lf',''),(1060,3,'elasticated-pants-lf',''),(1061,1,'elasticated-pants-lf',''),(1061,3,'elasticated-pants-lf',''),(1062,1,'elasticated-pants-lf',''),(1062,3,'elasticated-pants-lf',''),(1063,1,'elasticated-pants-lf',''),(1063,3,'elasticated-pants-lf',''),(1064,1,'elasticated-pants-lf',''),(1064,3,'elasticated-pants-lf',''),(1065,1,'elasticated-pants-lf',''),(1065,3,'elasticated-pants-lf',''),(1066,1,'elasticated-pants-lf',''),(1066,3,'elasticated-pants-lf',''),(1067,1,'elasticated-pants-lf',''),(1067,3,'elasticated-pants-lf',''),(1068,1,'',''),(1068,3,'',''),(1069,1,'',''),(1069,3,'',''),(1070,1,'',''),(1070,3,'',''),(1071,1,'',''),(1071,3,'',''),(1072,1,'',''),(1072,3,'',''),(1073,1,'',''),(1073,3,'',''),(1074,1,'',''),(1074,3,'',''),(1075,1,'',''),(1075,3,'',''),(1076,1,'',''),(1076,3,'',''),(1077,1,'',''),(1077,3,'',''),(1078,1,'',''),(1078,3,'',''),(1079,1,'',''),(1079,3,'',''),(1080,1,'',''),(1080,3,'',''),(1081,1,'',''),(1081,3,'',''),(1082,1,'',''),(1082,3,'',''),(1083,1,'',''),(1083,3,'',''),(1084,1,'',''),(1084,3,'',''),(1085,1,'',''),(1085,3,'',''),(1086,1,'',''),(1086,3,'',''),(1087,1,'',''),(1087,3,'',''),(1088,1,'',''),(1088,3,'',''),(1089,1,'',''),(1089,3,'',''),(1090,1,'',''),(1090,3,'',''),(1091,1,'',''),(1091,3,'',''),(1092,1,'',''),(1092,3,'',''),(1093,1,'',''),(1093,3,'',''),(1094,1,'',''),(1094,3,'',''),(1095,1,'',''),(1095,3,'',''),(1096,1,'',''),(1096,3,'',''),(1097,1,'',''),(1097,3,'',''),(1098,1,'',''),(1098,3,'',''),(1099,1,'',''),(1099,3,'',''),(1100,1,'',''),(1100,3,'',''),(1101,1,'',''),(1101,3,'',''),(1102,1,'',''),(1102,3,'',''),(1103,1,'',''),(1103,3,'',''),(1104,1,'',''),(1104,3,'',''),(1105,1,'',''),(1105,3,'',''),(1106,1,'',''),(1106,3,'',''),(1107,1,'',''),(1107,3,'',''),(1108,1,'',''),(1108,3,'',''),(1109,1,'',''),(1109,3,'',''),(1110,1,'',''),(1110,3,'',''),(1111,1,'',''),(1111,3,'',''),(1112,1,'',''),(1112,3,'',''),(1113,1,'',''),(1113,3,'',''),(1114,1,'',''),(1114,3,'',''),(1115,1,'',''),(1115,3,'',''),(1116,1,'',''),(1116,3,'',''),(1117,1,'',''),(1117,3,'',''),(1118,1,'',''),(1118,3,'',''),(1119,1,'elasticated-pants-lf',''),(1119,3,'elasticated-pants-lf',''),(1120,1,'elasticated-pants-lf',''),(1120,3,'elasticated-pants-lf',''),(1121,1,'elasticated-pants-lf',''),(1121,3,'elasticated-pants-lf',''),(1122,1,'elasticated-pants-lf',''),(1122,3,'elasticated-pants-lf',''),(1123,1,'elasticated-pants-lf',''),(1123,3,'elasticated-pants-lf',''),(1124,1,'',''),(1124,3,'',''),(1232,1,'',''),(1232,3,'',''),(1233,1,'',''),(1233,3,'',''),(1234,1,'',''),(1234,3,'','');

--
-- Table structure for table `ps_layered_price_index`
--

CREATE TABLE `ps_layered_price_index` (
  `id_product` int(11) NOT NULL,
  `id_currency` int(11) NOT NULL,
  `id_shop` int(11) NOT NULL,
  `price_min` int(11) NOT NULL,
  `price_max` int(11) NOT NULL,
  PRIMARY KEY (`id_product`,`id_currency`,`id_shop`),
  KEY `id_currency` (`id_currency`),
  KEY `price_min` (`price_min`),
  KEY `price_max` (`price_max`)
) ENGINE=InnoDB DEFAULT CHARSET=utf8;

--
-- Dumping data for table `ps_layered_price_index`
--

INSERT INTO `ps_layered_price_index` VALUES (1,1,1,490,490),(1,4,1,594,595),(2,1,1,266,320),(2,4,1,323,388),(3,1,1,266,320),(3,4,1,323,388),(4,1,1,266,320),(4,4,1,323,388),(5,1,1,266,320),(5,4,1,323,388),(6,1,1,975,1170),(6,4,1,1183,1420),(7,1,1,558,670),(7,4,1,677,813),(8,1,1,479,575),(8,4,1,581,698),(9,1,1,479,575),(9,4,1,581,698),(10,1,1,829,995),(10,4,1,1006,1208),(11,1,1,829,995),(11,4,1,1006,1208),(12,1,1,929,1115),(12,4,1,1127,1353),(13,1,1,804,965),(13,4,1,976,1171),(14,1,1,804,965),(14,4,1,976,1171),(15,1,1,325,390),(15,4,1,394,473),(16,1,1,383,460),(16,4,1,465,558),(17,1,1,479,575),(17,4,1,581,698),(18,1,1,504,605),(18,4,1,611,734),(19,1,1,404,485),(19,4,1,490,589),(20,1,1,416,500),(20,4,1,505,607),(21,1,1,416,500),(21,4,1,505,607),(22,1,1,600,720),(22,4,1,728,874),(23,1,1,475,570),(23,4,1,576,692),(24,1,1,475,570),(24,4,1,576,692),(25,1,1,625,750),(25,4,1,758,910),(26,1,1,558,670),(26,4,1,677,813),(27,1,1,437,525),(27,4,1,531,637),(28,1,1,437,525),(28,4,1,531,637),(29,1,1,437,525),(29,4,1,531,637),(30,1,1,437,525),(30,4,1,531,637),(31,1,1,437,525),(31,4,1,531,637),(32,1,1,958,1150),(32,4,1,1163,1396),(33,1,1,958,1150),(33,4,1,1163,1396),(34,1,1,375,450),(34,4,1,455,546),(35,1,1,325,390),(35,4,1,394,473),(36,1,1,525,630),(36,4,1,637,765),(37,1,1,525,630),(37,4,1,637,765),(38,1,1,558,670),(38,4,1,677,813),(39,1,1,570,685),(39,4,1,692,831),(40,1,1,558,670),(40,4,1,677,813),(41,1,1,558,670),(41,4,1,677,813),(42,1,1,579,695),(42,4,1,702,844),(43,1,1,337,405),(43,4,1,409,492),(44,1,1,666,800),(44,4,1,809,971),(45,1,1,612,735),(45,4,1,743,892),(46,1,1,537,645),(46,4,1,652,783),(47,1,1,637,765),(47,4,1,773,929),(48,1,1,662,795),(48,4,1,804,965),(49,1,1,662,795),(49,4,1,804,965),(50,1,1,420,505),(50,4,1,510,613),(51,1,1,420,505),(51,4,1,510,613),(52,1,1,325,390),(52,4,1,394,473),(53,1,1,579,695),(53,4,1,702,844),(54,1,1,495,595),(54,4,1,601,722),(55,1,1,495,595),(55,4,1,601,722),(56,1,1,250,300),(56,4,1,303,364),(57,1,1,250,300),(57,4,1,303,364),(58,1,1,258,310),(58,4,1,313,376),(59,1,1,500,600),(59,4,1,606,728),(60,1,1,500,600),(60,4,1,606,728),(61,1,1,537,645),(61,4,1,652,783),(62,1,1,395,475),(62,4,1,480,577),(63,1,1,395,475),(63,4,1,480,577),(64,1,1,395,475),(64,4,1,480,577),(65,1,1,208,250),(65,4,1,252,303),(66,1,1,208,250),(66,4,1,252,303),(67,1,1,383,460),(67,4,1,465,558),(68,1,1,245,295),(68,4,1,298,358),(69,1,1,416,500),(69,4,1,505,607),(70,1,1,416,500),(70,4,1,505,607),(71,1,1,416,500),(71,4,1,505,607),(72,1,1,262,315),(72,4,1,318,382),(73,1,1,262,315),(73,4,1,318,382),(74,1,1,262,315),(74,4,1,318,382),(75,1,1,129,155),(75,4,1,156,188),(76,1,1,129,155),(76,4,1,156,188),(77,1,1,162,195),(77,4,1,197,237),(78,1,1,191,230),(78,4,1,232,279),(79,1,1,191,230),(79,4,1,232,279),(80,1,1,350,420),(80,4,1,424,510),(81,1,1,304,365),(81,4,1,369,443),(82,1,1,325,390),(82,4,1,394,473),(83,1,1,325,390),(83,4,1,394,473),(84,1,1,258,310),(84,4,1,313,376),(85,1,1,258,310),(85,4,1,313,376),(86,1,1,266,320),(86,4,1,323,388),(87,1,1,420,505),(87,4,1,510,613),(88,1,1,375,450),(88,4,1,455,546),(89,1,1,375,450),(89,4,1,455,546),(90,1,1,225,270),(90,4,1,273,328),(91,1,1,241,290),(91,4,1,293,352),(92,1,1,266,320),(92,4,1,323,388),(93,1,1,266,320),(93,4,1,323,388),(94,1,1,266,320),(94,4,1,323,388),(95,1,1,225,270),(95,4,1,273,328),(96,1,1,245,295),(96,4,1,298,358),(97,1,1,316,380),(97,4,1,384,461),(98,1,1,208,250),(98,4,1,252,303),(99,1,1,208,250),(99,4,1,252,303),(100,1,1,220,265),(100,4,1,268,322),(101,1,1,241,290),(101,4,1,293,352),(102,1,1,241,290),(102,4,1,293,352),(103,1,1,241,290),(103,4,1,293,352),(104,1,1,245,295),(104,4,1,298,358),(105,1,1,258,310),(105,4,1,313,376),(106,1,1,304,365),(106,4,1,369,443),(107,1,1,316,380),(107,4,1,384,461),(108,1,1,316,380),(108,4,1,384,461),(109,1,1,408,490),(109,4,1,495,595),(110,1,1,275,330),(110,4,1,333,401),(111,1,1,408,490),(111,4,1,495,595),(112,1,1,408,490),(112,4,1,495,595),(113,1,1,408,490),(113,4,1,495,595),(114,1,1,408,490),(114,4,1,495,595),(115,1,1,325,390),(115,4,1,394,473),(116,1,1,325,390),(116,4,1,394,473),(117,1,1,441,530),(117,4,1,536,643),(118,1,1,291,350),(118,4,1,354,425),(119,1,1,291,350),(119,4,1,354,425),(120,1,1,291,350),(120,4,1,354,425),(121,1,1,308,370),(121,4,1,374,449),(122,1,1,308,370),(122,4,1,374,449),(123,1,1,116,140),(123,4,1,141,170),(124,1,1,116,140),(124,4,1,141,170),(125,1,1,279,335),(125,4,1,338,407),(126,1,1,279,335),(126,4,1,338,407),(127,1,1,229,275),(127,4,1,278,334),(128,1,1,408,490),(128,4,1,495,595),(129,1,1,408,490),(129,4,1,495,595),(130,1,1,412,495),(130,4,1,500,601),(131,1,1,412,495),(131,4,1,500,601),(132,1,1,495,595),(132,4,1,601,722),(133,1,1,495,595),(133,4,1,601,722),(134,1,1,704,845),(134,4,1,854,1026),(135,1,1,995,1195),(135,4,1,1208,1450),(136,1,1,645,775),(136,4,1,783,941),(137,1,1,645,775),(137,4,1,783,941),(138,1,1,829,995),(138,4,1,1006,1208),(139,1,1,829,995),(139,4,1,1006,1208),(140,1,1,829,995),(140,4,1,1006,1208),(141,1,1,1041,1250),(141,4,1,1264,1517),(142,1,1,1079,1295),(142,4,1,1309,1572),(143,1,1,320,385),(143,4,1,389,467),(144,1,1,270,325),(144,4,1,328,394),(145,1,1,245,295),(145,4,1,298,358),(146,1,1,300,360),(146,4,1,364,437),(147,1,1,954,1145),(147,4,1,1158,1390),(148,1,1,829,995),(148,4,1,1006,1208),(149,1,1,620,745),(149,4,1,753,904),(150,1,1,620,745),(150,4,1,753,904),(151,1,1,562,675),(151,4,1,682,819),(152,1,1,637,765),(152,4,1,773,929),(153,1,1,662,795),(153,4,1,804,965),(154,1,1,358,430),(154,4,1,434,522),(155,1,1,312,375),(155,4,1,379,455),(156,1,1,475,570),(156,4,1,576,692),(157,1,1,704,845),(157,4,1,854,1026),(158,1,1,704,845),(158,4,1,854,1026),(159,1,1,912,1095),(159,4,1,1107,1329),(160,1,1,454,545),(160,4,1,551,662),(161,1,1,412,495),(161,4,1,500,601),(162,1,1,412,495),(162,4,1,500,601),(163,1,1,662,795),(163,4,1,804,965),(164,1,1,662,795),(164,4,1,804,965),(165,1,1,329,395),(165,4,1,399,479),(166,1,1,329,395),(166,4,1,399,479),(167,1,1,412,495),(167,4,1,500,601),(168,1,1,362,435),(168,4,1,440,528),(169,1,1,362,435),(169,4,1,440,528),(170,1,1,320,385),(170,4,1,389,467),(171,1,1,229,275),(171,4,1,278,334),(172,1,1,229,275),(172,4,1,278,334),(173,1,1,229,275),(173,4,1,278,334),(174,1,1,362,435),(174,4,1,440,528),(175,1,1,362,435),(175,4,1,440,528),(176,1,1,245,295),(176,4,1,298,358),(177,1,1,245,295),(177,4,1,298,358),(178,1,1,262,315),(178,4,1,318,382),(179,1,1,254,305),(179,4,1,308,370),(180,1,1,229,275),(180,4,1,278,334),(181,1,1,229,275),(181,4,1,278,334),(182,1,1,341,410),(182,4,1,414,498),(183,1,1,341,410),(183,4,1,414,498),(184,1,1,379,455),(184,4,1,460,552),(185,1,1,416,500),(185,4,1,505,607),(186,1,1,229,275),(186,4,1,278,334),(187,1,1,229,275),(187,4,1,278,334),(188,1,1,233,280),(188,4,1,283,340),(189,1,1,204,245),(189,4,1,247,297),(190,1,1,191,230),(190,4,1,232,279),(191,1,1,237,285),(191,4,1,288,346),(192,1,1,191,230),(192,4,1,232,279),(193,1,1,191,230),(193,4,1,232,279),(194,1,1,208,250),(194,4,1,252,303),(195,1,1,208,250),(195,4,1,252,303),(196,1,1,212,255),(196,4,1,257,310),(197,1,1,245,295),(197,4,1,298,358),(198,1,1,175,210),(198,4,1,212,255),(199,1,1,129,155),(199,4,1,156,188),(200,1,1,129,155),(200,4,1,156,188),(201,1,1,137,165),(201,4,1,166,200),(202,1,1,137,165),(202,4,1,166,200),(203,1,1,162,195),(203,4,1,197,237),(204,1,1,162,195),(204,4,1,197,237),(205,1,1,162,195),(205,4,1,197,237),(206,1,1,179,215),(206,4,1,217,261),(207,1,1,179,215),(207,4,1,217,261),(208,1,1,100,120),(208,4,1,121,146),(209,1,1,191,230),(209,4,1,232,279),(210,1,1,191,230),(210,4,1,232,279),(211,1,1,104,125),(211,4,1,126,152),(212,1,1,104,125),(212,4,1,126,152),(213,1,1,112,135),(213,4,1,136,164),(214,1,1,129,155),(214,4,1,156,188),(215,1,1,129,155),(215,4,1,156,188),(216,1,1,145,175),(216,4,1,177,212),(217,1,1,200,240),(217,4,1,242,291),(218,1,1,225,270),(218,4,1,273,328),(219,1,1,216,260),(219,4,1,262,316),(220,1,1,225,270),(220,4,1,273,328),(221,1,1,225,270),(221,4,1,273,328),(222,1,1,337,405),(222,4,1,409,492),(223,1,1,329,395),(223,4,1,399,479),(224,1,1,141,170),(224,4,1,171,206),(225,1,1,133,160),(225,4,1,161,194),(226,1,1,237,285),(226,4,1,288,346),(227,1,1,237,285),(227,4,1,288,346),(228,1,1,141,170),(228,4,1,171,206),(229,1,1,141,170),(229,4,1,171,206),(230,1,1,225,270),(230,4,1,273,328),(231,1,1,104,125),(231,4,1,126,152),(232,1,1,104,125),(232,4,1,126,152),(233,1,1,229,275),(233,4,1,278,334),(234,1,1,229,275),(234,4,1,278,334),(235,1,1,562,675),(235,4,1,682,819),(236,1,1,129,155),(236,4,1,156,188),(237,1,1,108,130),(237,4,1,131,158),(238,1,1,229,275),(238,4,1,278,334),(239,1,1,100,120),(239,4,1,121,146),(240,1,1,929,1115),(240,4,1,1127,1353),(241,1,1,650,780),(241,4,1,788,947),(242,1,1,390,468),(242,4,1,473,568),(243,1,1,550,660),(243,4,1,667,801),(244,1,1,287,345),(244,4,1,348,419),(245,1,1,195,235),(245,4,1,237,285),(246,1,1,466,560),(246,4,1,566,680),(247,1,1,329,395),(247,4,1,399,479),(248,1,1,329,395),(248,4,1,399,479),(249,1,1,662,795),(249,4,1,804,965),(250,1,1,637,765),(250,4,1,773,929),(251,1,1,679,815),(251,4,1,824,989),(252,1,1,729,875),(252,4,1,885,1062),(253,1,1,829,995),(253,4,1,1006,1208),(254,1,1,912,1095),(254,4,1,1107,1329),(255,1,1,829,995),(255,4,1,1006,1208),(256,1,1,745,895),(256,4,1,905,1086),(257,1,1,958,1150),(257,4,1,1163,1396),(258,1,1,1079,1295),(258,4,1,1309,1572),(259,1,1,829,995),(259,4,1,1006,1208),(260,1,1,1120,1345),(260,4,1,1360,1633),(261,1,1,995,1195),(261,4,1,1208,1450),(262,1,1,1245,1495),(262,4,1,1512,1815),(263,1,1,829,995),(263,4,1,1006,1208),(264,1,1,579,695),(264,4,1,702,844),(265,1,1,729,875),(265,4,1,885,1062),(266,1,1,579,695),(266,4,1,702,844),(267,1,1,662,795),(267,4,1,804,965),(268,1,1,745,895),(268,4,1,905,1086),(269,1,1,662,795),(269,4,1,804,965),(270,1,1,541,650),(270,4,1,657,789),(271,1,1,670,805),(271,4,1,814,977),(272,1,1,537,645),(272,4,1,652,783),(273,1,1,550,660),(273,4,1,667,801),(274,1,1,550,660),(274,4,1,667,801),(275,1,1,520,625),(275,4,1,632,759),(276,1,1,579,695),(276,4,1,702,844),(277,1,1,562,675),(277,4,1,682,819),(278,1,1,733,880),(278,4,1,890,1068),(279,1,1,579,695),(279,4,1,702,844),(280,1,1,662,795),(280,4,1,804,965),(281,1,1,516,620),(281,4,1,627,753),(282,1,1,283,340),(282,4,1,343,413),(283,1,1,441,530),(283,4,1,536,643),(284,1,1,437,525),(284,4,1,531,637),(285,1,1,479,575),(285,4,1,581,698),(286,1,1,662,795),(286,4,1,804,965),(287,1,1,412,495),(287,4,1,500,601),(288,1,1,454,545),(288,4,1,551,662),(289,1,1,287,345),(289,4,1,348,419),(290,1,1,320,385),(290,4,1,389,467),(291,1,1,375,450),(291,4,1,455,546),(292,1,1,295,355),(292,4,1,359,431),(293,1,1,350,420),(293,4,1,424,510),(294,1,1,362,435),(294,4,1,440,528),(295,1,1,350,420),(295,4,1,424,510),(296,1,1,312,375),(296,4,1,379,455),(297,1,1,479,575),(297,4,1,581,698),(298,1,1,320,385),(298,4,1,389,467),(299,1,1,370,445),(299,4,1,450,540),(300,1,1,375,450),(300,4,1,455,546),(301,1,1,620,745),(301,4,1,753,904),(302,1,1,375,450),(302,4,1,455,546),(303,1,1,283,340),(303,4,1,343,413),(304,1,1,320,385),(304,4,1,389,467),(305,1,1,270,325),(305,4,1,328,394),(306,1,1,287,345),(306,4,1,348,419),(307,1,1,412,495),(307,4,1,500,601),(308,1,1,329,395),(308,4,1,399,479),(309,1,1,250,300),(309,4,1,303,364),(310,1,1,254,305),(310,4,1,308,370),(311,1,1,216,260),(311,4,1,262,316),(312,1,1,395,475),(312,4,1,480,577),(313,1,1,329,395),(313,4,1,399,479),(314,1,1,266,320),(314,4,1,323,388),(315,1,1,300,360),(315,4,1,364,437),(316,1,1,162,195),(316,4,1,197,237),(317,1,1,466,560),(317,4,1,566,680),(318,1,1,466,560),(318,4,1,566,680),(319,1,1,829,995),(319,4,1,1006,1208),(320,1,1,912,1095),(320,4,1,1107,1329),(321,1,1,829,995),(321,4,1,1006,1208),(322,1,1,904,1085),(322,4,1,1097,1317),(323,1,1,704,845),(323,4,1,854,1026),(324,1,1,520,625),(324,4,1,632,759),(325,1,1,704,845),(325,4,1,854,1026),(326,1,1,604,725),(326,4,1,733,880),(327,1,1,958,1150),(327,4,1,1163,1396),(328,1,1,1079,1295),(328,4,1,1309,1572),(329,1,1,829,995),(329,4,1,1006,1208),(330,1,1,812,975),(330,4,1,986,1183),(331,1,1,729,875),(331,4,1,885,1062),(332,1,1,1208,1450),(332,4,1,1466,1760),(333,1,1,791,950),(333,4,1,960,1153),(334,1,1,1041,1250),(334,4,1,1264,1517),(335,1,1,829,995),(335,4,1,1006,1208),(336,1,1,912,1095),(336,4,1,1107,1329),(337,1,1,1125,1350),(337,4,1,1365,1639),(338,1,1,958,1150),(338,4,1,1163,1396),(339,1,1,662,795),(339,4,1,804,965),(340,1,1,729,875),(340,4,1,885,1062),(341,1,1,791,950),(341,4,1,960,1153),(342,1,1,829,995),(342,4,1,1006,1208),(343,1,1,662,795),(343,4,1,804,965),(344,1,1,341,410),(344,4,1,414,498),(345,1,1,691,830),(345,4,1,839,1007),(346,1,1,579,695),(346,4,1,702,844),(347,1,1,562,675),(347,4,1,682,819),(348,1,1,579,695),(348,4,1,702,844),(349,1,1,829,995),(349,4,1,1006,1208),(350,1,1,662,795),(350,4,1,804,965),(351,1,1,516,620),(351,4,1,627,753),(352,1,1,441,530),(352,4,1,536,643),(353,1,1,662,795),(353,4,1,804,965),(354,1,1,412,495),(354,4,1,500,601),(355,1,1,495,595),(355,4,1,601,722),(356,1,1,454,545),(356,4,1,551,662),(357,1,1,829,995),(357,4,1,1006,1208),(358,1,1,245,295),(358,4,1,298,358),(359,1,1,316,380),(359,4,1,384,461),(360,1,1,366,440),(360,4,1,445,534),(361,1,1,391,470),(361,4,1,475,570),(362,1,1,375,450),(362,4,1,455,546),(363,1,1,375,450),(363,4,1,455,546),(364,1,1,620,745),(364,4,1,753,904),(365,1,1,450,540),(365,4,1,546,655),(366,1,1,458,550),(366,4,1,556,668),(367,1,1,391,470),(367,4,1,475,570),(368,1,1,620,745),(368,4,1,753,904),(369,1,1,525,630),(369,4,1,637,765),(370,1,1,450,540),(370,4,1,546,655),(371,1,1,516,620),(371,4,1,627,753),(372,1,1,412,495),(372,4,1,500,601),(373,1,1,395,475),(373,4,1,480,577),(374,1,1,145,175),(374,4,1,177,212),(375,1,1,329,395),(375,4,1,399,479),(376,1,1,533,640),(376,4,1,647,777),(377,1,1,270,325),(377,4,1,328,394),(378,1,1,441,530),(378,4,1,536,643),(379,1,1,300,360),(379,4,1,364,437),(380,1,1,266,320),(380,4,1,323,388),(381,1,1,425,510),(381,4,1,515,619),(382,1,1,575,690),(382,4,1,697,838),(383,1,1,329,395),(383,4,1,399,479),(384,1,1,508,610),(384,4,1,617,740),(385,1,1,329,395),(385,4,1,399,479),(386,1,1,329,395),(386,4,1,399,479),(387,1,1,383,460),(387,4,1,465,558),(388,1,1,412,495),(388,4,1,500,601),(389,1,1,400,480),(389,4,1,485,583),(390,1,1,366,440),(390,4,1,445,534),(391,1,1,579,695),(391,4,1,702,844),(392,1,1,429,515),(392,4,1,520,625),(393,1,1,520,625),(393,4,1,632,759),(394,1,1,687,825),(394,4,1,834,1001),(395,1,1,754,905),(395,4,1,915,1098),(396,1,1,304,365),(396,4,1,369,443),(397,1,1,304,365),(397,4,1,369,443),(398,1,1,329,395),(398,4,1,399,479),(399,1,1,329,395),(399,4,1,399,479),(400,1,1,79,95),(400,4,1,96,115),(401,1,1,679,815),(401,4,1,824,989),(402,1,1,230,277),(402,4,1,280,336),(403,1,1,495,595),(403,4,1,601,722),(404,1,1,579,695),(404,4,1,702,844),(405,1,1,620,745),(405,4,1,753,904),(406,1,1,829,995),(406,4,1,1006,1208),(407,1,1,829,995),(407,4,1,1006,1208),(408,1,1,1150,1380),(408,4,1,1395,1675),(409,1,1,658,790),(409,4,1,799,959),(410,1,1,662,795),(410,4,1,804,965),(411,1,1,829,995),(411,4,1,1006,1208),(412,1,1,683,820),(412,4,1,829,995),(413,1,1,1125,1350),(413,4,1,1365,1639),(414,1,1,745,895),(414,4,1,905,1086),(415,1,1,433,520),(415,4,1,525,631),(416,1,1,487,585),(416,4,1,591,710),(417,1,1,533,640),(417,4,1,647,777),(418,1,1,687,825),(418,4,1,834,1001),(419,1,1,366,440),(419,4,1,445,534),(420,1,1,479,575),(420,4,1,581,698),(421,1,1,366,440),(421,4,1,445,534),(422,1,1,412,495),(422,4,1,500,601),(423,1,1,237,285),(423,4,1,288,346),(424,1,1,354,425),(424,4,1,429,516),(425,1,1,220,265),(425,4,1,268,322),(426,1,1,320,385),(426,4,1,389,467),(427,1,1,295,355),(427,4,1,359,431),(428,1,1,470,565),(428,4,1,571,686),(429,1,1,508,610),(429,4,1,617,740),(430,1,1,566,680),(430,4,1,687,825),(431,1,1,366,440),(431,4,1,445,534),(432,1,1,262,315),(432,4,1,318,382),(433,1,1,512,615),(433,4,1,622,746),(434,1,1,495,595),(434,4,1,601,722),(435,1,1,370,445),(435,4,1,450,540),(436,1,1,287,345),(436,4,1,348,419),(437,1,1,287,345),(437,4,1,348,419),(438,1,1,195,235),(438,4,1,237,285),(439,1,1,466,560),(439,4,1,566,680),(440,1,1,329,395),(440,4,1,399,479),(441,1,1,329,395),(441,4,1,399,479),(442,1,1,662,795),(442,4,1,804,965),(443,1,1,637,765),(443,4,1,773,929),(444,1,1,679,815),(444,4,1,824,989),(445,1,1,729,875),(445,4,1,885,1062),(446,1,1,829,995),(446,4,1,1006,1208),(447,1,1,912,1095),(447,4,1,1107,1329),(448,1,1,829,995),(448,4,1,1006,1208),(449,1,1,745,895),(449,4,1,905,1086),(450,1,1,958,1150),(450,4,1,1163,1396),(451,1,1,1079,1295),(451,4,1,1309,1572),(452,1,1,829,995),(452,4,1,1006,1208),(453,1,1,1120,1345),(453,4,1,1360,1633),(454,1,1,995,1195),(454,4,1,1208,1450),(455,1,1,1245,1495),(455,4,1,1512,1815),(456,1,1,829,995),(456,4,1,1006,1208),(457,1,1,579,695),(457,4,1,702,844),(458,1,1,729,875),(458,4,1,885,1062),(459,1,1,579,695),(459,4,1,702,844),(460,1,1,662,795),(460,4,1,804,965),(461,1,1,745,895),(461,4,1,905,1086),(462,1,1,662,795),(462,4,1,804,965),(463,1,1,541,650),(463,4,1,657,789),(464,1,1,670,805),(464,4,1,814,977),(465,1,1,537,645),(465,4,1,652,783),(466,1,1,550,660),(466,4,1,667,801),(467,1,1,550,660),(467,4,1,667,801),(468,1,1,520,625),(468,4,1,632,759),(469,1,1,579,695),(469,4,1,702,844),(470,1,1,562,675),(470,4,1,682,819),(471,1,1,733,880),(471,4,1,890,1068),(472,1,1,579,695),(472,4,1,702,844),(473,1,1,662,795),(473,4,1,804,965),(474,1,1,516,620),(474,4,1,627,753),(475,1,1,283,340),(475,4,1,343,413),(476,1,1,441,530),(476,4,1,536,643),(477,1,1,437,525),(477,4,1,531,637),(478,1,1,479,575),(478,4,1,581,698),(479,1,1,662,795),(479,4,1,804,965),(480,1,1,412,495),(480,4,1,500,601),(481,1,1,454,545),(481,4,1,551,662),(482,1,1,287,345),(482,4,1,348,419),(483,1,1,320,385),(483,4,1,389,467),(484,1,1,375,450),(484,4,1,455,546),(485,1,1,295,355),(485,4,1,359,431),(486,1,1,350,420),(486,4,1,424,510),(487,1,1,362,435),(487,4,1,440,528),(488,1,1,350,420),(488,4,1,424,510),(489,1,1,312,375),(489,4,1,379,455),(490,1,1,479,575),(490,4,1,581,698),(491,1,1,320,385),(491,4,1,389,467),(492,1,1,370,445),(492,4,1,450,540),(493,1,1,375,450),(493,4,1,455,546),(494,1,1,620,745),(494,4,1,753,904),(495,1,1,375,450),(495,4,1,455,546),(496,1,1,283,340),(496,4,1,343,413),(497,1,1,320,385),(497,4,1,389,467),(498,1,1,270,325),(498,4,1,328,394),(499,1,1,287,345),(499,4,1,348,419),(500,1,1,412,495),(500,4,1,500,601),(501,1,1,329,395),(501,4,1,399,479),(502,1,1,250,300),(502,4,1,303,364),(503,1,1,254,305),(503,4,1,308,370),(504,1,1,216,260),(504,4,1,262,316),(505,1,1,395,475),(505,4,1,480,577),(506,1,1,329,395),(506,4,1,399,479),(507,1,1,266,320),(507,4,1,323,388),(508,1,1,300,360),(508,4,1,364,437),(509,1,1,162,195),(509,4,1,197,237),(510,1,1,466,560),(510,4,1,566,680),(511,1,1,466,560),(511,4,1,566,680),(512,1,1,650,780),(512,4,1,788,947),(513,1,1,829,995),(513,4,1,1006,1208),(514,1,1,912,1095),(514,4,1,1107,1329),(515,1,1,829,995),(515,4,1,1006,1208),(516,1,1,904,1085),(516,4,1,1097,1317),(517,1,1,704,845),(517,4,1,854,1026),(518,1,1,520,625),(518,4,1,632,759),(519,1,1,704,845),(519,4,1,854,1026),(520,1,1,604,725),(520,4,1,733,880),(521,1,1,958,1150),(521,4,1,1163,1396),(522,1,1,1079,1295),(522,4,1,1309,1572),(523,1,1,829,995),(523,4,1,1006,1208),(524,1,1,812,975),(524,4,1,986,1183),(525,1,1,729,875),(525,4,1,885,1062),(526,1,1,1208,1450),(526,4,1,1466,1760),(527,1,1,791,950),(527,4,1,960,1153),(528,1,1,1041,1250),(528,4,1,1264,1517),(529,1,1,829,995),(529,4,1,1006,1208),(530,1,1,912,1095),(530,4,1,1107,1329),(531,1,1,1125,1350),(531,4,1,1365,1639),(532,1,1,958,1150),(532,4,1,1163,1396),(533,1,1,662,795),(533,4,1,804,965),(534,1,1,729,875),(534,4,1,885,1062),(535,1,1,791,950),(535,4,1,960,1153),(536,1,1,829,995),(536,4,1,1006,1208),(537,1,1,662,795),(537,4,1,804,965),(538,1,1,341,410),(538,4,1,414,498),(539,1,1,691,830),(539,4,1,839,1007),(540,1,1,579,695),(540,4,1,702,844),(541,1,1,562,675),(541,4,1,682,819),(542,1,1,579,695),(542,4,1,702,844),(543,1,1,829,995),(543,4,1,1006,1208),(544,1,1,662,795),(544,4,1,804,965),(545,1,1,516,620),(545,4,1,627,753),(546,1,1,441,530),(546,4,1,536,643),(547,1,1,662,795),(547,4,1,804,965),(548,1,1,412,495),(548,4,1,500,601),(549,1,1,495,595),(549,4,1,601,722),(550,1,1,454,545),(550,4,1,551,662),(551,1,1,829,995),(551,4,1,1006,1208),(552,1,1,245,295),(552,4,1,298,358),(553,1,1,316,380),(553,4,1,384,461),(554,1,1,366,440),(554,4,1,445,534),(555,1,1,391,470),(555,4,1,475,570),(556,1,1,375,450),(556,4,1,455,546),(557,1,1,375,450),(557,4,1,455,546),(558,1,1,620,745),(558,4,1,753,904),(559,1,1,450,540),(559,4,1,546,655),(560,1,1,458,550),(560,4,1,556,668),(561,1,1,391,470),(561,4,1,475,570),(562,1,1,620,745),(562,4,1,753,904),(563,1,1,525,630),(563,4,1,637,765),(564,1,1,450,540),(564,4,1,546,655),(565,1,1,516,620),(565,4,1,627,753),(566,1,1,412,495),(566,4,1,500,601),(567,1,1,395,475),(567,4,1,480,577),(568,1,1,145,175),(568,4,1,177,212),(569,1,1,329,395),(569,4,1,399,479),(570,1,1,533,640),(570,4,1,647,777),(571,1,1,270,325),(571,4,1,328,394),(572,1,1,441,530),(572,4,1,536,643),(573,1,1,300,360),(573,4,1,364,437),(574,1,1,266,320),(574,4,1,323,388),(575,1,1,425,510),(575,4,1,515,619),(576,1,1,575,690),(576,4,1,697,838),(577,1,1,329,395),(577,4,1,399,479),(578,1,1,508,610),(578,4,1,617,740),(579,1,1,329,395),(579,4,1,399,479),(580,1,1,329,395),(580,4,1,399,479),(581,1,1,383,460),(581,4,1,465,558),(582,1,1,412,495),(582,4,1,500,601),(583,1,1,400,480),(583,4,1,485,583),(584,1,1,366,440),(584,4,1,445,534),(585,1,1,579,695),(585,4,1,702,844),(586,1,1,429,515),(586,4,1,520,625),(587,1,1,520,625),(587,4,1,632,759),(588,1,1,687,825),(588,4,1,834,1001),(589,1,1,754,905),(589,4,1,915,1098),(590,1,1,304,365),(590,4,1,369,443),(591,1,1,304,365),(591,4,1,369,443),(592,1,1,329,395),(592,4,1,399,479),(593,1,1,329,395),(593,4,1,399,479),(594,1,1,79,95),(594,4,1,96,115),(595,1,1,679,815),(595,4,1,824,989),(596,1,1,230,277),(596,4,1,280,336),(597,1,1,495,595),(597,4,1,601,722),(598,1,1,579,695),(598,4,1,702,844),(599,1,1,620,745),(599,4,1,753,904),(600,1,1,829,995),(600,4,1,1006,1208),(601,1,1,829,995),(601,4,1,1006,1208),(602,1,1,1150,1380),(602,4,1,1395,1675),(603,1,1,658,790),(603,4,1,799,959),(604,1,1,662,795),(604,4,1,804,965),(605,1,1,829,995),(605,4,1,1006,1208),(606,1,1,683,820),(606,4,1,829,995),(607,1,1,1125,1350),(607,4,1,1365,1639),(608,1,1,745,895),(608,4,1,905,1086),(609,1,1,433,520),(609,4,1,525,631),(610,1,1,487,585),(610,4,1,591,710),(611,1,1,533,640),(611,4,1,647,777),(612,1,1,687,825),(612,4,1,834,1001),(613,1,1,366,440),(613,4,1,445,534),(614,1,1,479,575),(614,4,1,581,698),(615,1,1,366,440),(615,4,1,445,534),(616,1,1,412,495),(616,4,1,500,601),(617,1,1,237,285),(617,4,1,288,346),(618,1,1,354,425),(618,4,1,429,516),(619,1,1,220,265),(619,4,1,268,322),(620,1,1,320,385),(620,4,1,389,467),(621,1,1,295,355),(621,4,1,359,431),(622,1,1,470,565),(622,4,1,571,686),(623,1,1,0,0),(623,4,1,0,0),(624,1,1,566,680),(624,4,1,687,825),(625,1,1,366,440),(625,4,1,445,534),(626,1,1,262,315),(626,4,1,318,382),(627,1,1,512,615),(627,4,1,622,746),(628,1,1,495,595),(628,4,1,601,722),(629,1,1,370,445),(629,4,1,450,540),(630,1,1,929,1115),(630,4,1,1127,1353),(631,1,1,508,610),(631,4,1,617,740),(632,1,1,929,1115),(632,4,1,1127,1353),(633,1,1,550,660),(633,4,1,667,801),(634,1,1,550,660),(634,4,1,667,801),(635,1,1,550,660),(635,4,1,667,801),(636,1,1,550,660),(636,4,1,667,801),(637,1,1,550,660),(637,4,1,667,801),(638,1,1,550,660),(638,4,1,667,801),(639,1,1,550,660),(639,4,1,667,801),(816,1,1,287,345),(816,4,1,348,419),(818,1,1,329,395),(818,4,1,399,479),(819,1,1,329,395),(819,4,1,399,479),(820,1,1,329,395),(820,4,1,399,479),(823,1,1,662,795),(823,4,1,804,965),(824,1,1,662,795),(824,4,1,804,965),(825,1,1,637,765),(825,4,1,773,929),(826,1,1,679,815),(826,4,1,824,989),(827,1,1,729,875),(827,4,1,885,1062),(828,1,1,829,995),(828,4,1,1006,1208),(829,1,1,829,995),(829,4,1,1006,1208),(830,1,1,912,1095),(830,4,1,1107,1329),(831,1,1,829,995),(831,4,1,1006,1208),(832,1,1,745,895),(832,4,1,905,1086),(833,1,1,745,895),(833,4,1,905,1086),(834,1,1,958,1150),(834,4,1,1163,1396),(835,1,1,1079,1295),(835,4,1,1309,1572),(836,1,1,829,995),(836,4,1,1006,1208),(839,1,1,1245,1495),(839,4,1,1512,1815),(840,1,1,829,995),(840,4,1,1006,1208),(841,1,1,579,695),(841,4,1,702,844),(842,1,1,729,875),(842,4,1,885,1062),(843,1,1,579,695),(843,4,1,702,844),(844,1,1,662,795),(844,4,1,804,965),(845,1,1,745,895),(845,4,1,905,1086),(846,1,1,662,795),(846,4,1,804,965),(851,1,1,537,645),(851,4,1,652,783),(852,1,1,550,660),(852,4,1,667,801),(854,1,1,520,625),(854,4,1,632,759),(860,1,1,579,695),(860,4,1,702,844),(861,1,1,579,695),(861,4,1,702,844),(862,1,1,579,695),(862,4,1,702,844),(864,1,1,662,795),(864,4,1,804,965),(870,1,1,441,530),(870,4,1,536,643),(871,1,1,441,530),(871,4,1,536,643),(875,1,1,662,795),(875,4,1,804,965),(876,1,1,412,495),(876,4,1,500,601),(877,1,1,412,495),(877,4,1,500,601),(878,1,1,412,495),(878,4,1,500,601),(879,1,1,454,545),(879,4,1,551,662),(880,1,1,454,545),(880,4,1,551,662),(882,1,1,320,385),(882,4,1,389,467),(883,1,1,320,385),(883,4,1,389,467),(885,1,1,295,355),(885,4,1,359,431),(887,1,1,350,420),(887,4,1,424,510),(889,1,1,362,435),(889,4,1,440,528),(890,1,1,350,420),(890,4,1,424,510),(891,1,1,312,375),(891,4,1,379,455),(892,1,1,312,375),(892,4,1,379,455),(893,1,1,479,575),(893,4,1,581,698),(894,1,1,320,385),(894,4,1,389,467),(895,1,1,320,385),(895,4,1,389,467),(896,1,1,370,445),(896,4,1,450,540),(897,1,1,375,450),(897,4,1,455,546),(901,1,1,283,340),(901,4,1,343,413),(902,1,1,320,385),(902,4,1,389,467),(904,1,1,270,325),(904,4,1,328,394),(923,1,1,270,325),(923,4,1,328,394),(927,1,1,329,395),(927,4,1,399,479),(928,1,1,250,300),(928,4,1,303,364),(930,1,1,216,260),(930,4,1,262,316),(933,1,1,395,475),(933,4,1,480,577),(934,1,1,329,395),(934,4,1,399,479),(940,1,1,704,845),(940,4,1,854,1026),(943,1,1,412,495),(943,4,1,500,601),(944,1,1,412,495),(944,4,1,500,601),(952,1,1,412,495),(952,4,1,500,601),(955,1,1,304,365),(955,4,1,369,443),(956,1,1,304,365),(956,4,1,369,443),(963,1,1,579,695),(963,4,1,702,844),(967,1,1,1150,1380),(967,4,1,1395,1675),(968,1,1,658,790),(968,4,1,799,959),(969,1,1,662,795),(969,4,1,804,965),(970,1,1,662,795),(970,4,1,804,965),(971,1,1,829,995),(971,4,1,1006,1208),(972,1,1,683,820),(972,4,1,829,995),(974,1,1,745,895),(974,4,1,905,1086),(978,1,1,533,640),(978,4,1,647,777),(982,1,1,366,440),(982,4,1,445,534),(983,1,1,366,440),(983,4,1,445,534),(987,1,1,366,440),(987,4,1,445,534),(988,1,1,412,495),(988,4,1,500,601),(989,1,1,237,285),(989,4,1,288,346),(990,1,1,354,425),(990,4,1,429,516),(991,1,1,220,265),(991,4,1,268,322),(992,1,1,320,385),(992,4,1,389,467),(994,1,1,295,355),(994,4,1,359,431),(995,1,1,470,565),(995,4,1,571,686),(996,1,1,508,610),(996,4,1,617,740),(997,1,1,566,680),(997,4,1,687,825),(999,1,1,262,315),(999,4,1,318,382),(1002,1,1,370,445),(1002,4,1,450,540),(1003,1,1,650,780),(1003,4,1,788,947),(1007,1,1,904,1085),(1007,4,1,1097,1317),(1008,1,1,520,625),(1008,4,1,632,759),(1010,1,1,604,725),(1010,4,1,733,880),(1015,1,1,812,975),(1015,4,1,986,1183),(1016,1,1,729,875),(1016,4,1,885,1062),(1017,1,1,1208,1450),(1017,4,1,1466,1760),(1018,1,1,791,950),(1018,4,1,960,1153),(1021,1,1,912,1095),(1021,4,1,1107,1329),(1023,1,1,729,875),(1023,4,1,885,1062),(1029,1,1,691,830),(1029,4,1,839,1007),(1030,1,1,579,695),(1030,4,1,702,844),(1031,1,1,579,695),(1031,4,1,702,844),(1032,1,1,562,675),(1032,4,1,682,819),(1033,1,1,562,675),(1033,4,1,682,819),(1035,1,1,579,695),(1035,4,1,702,844),(1036,1,1,829,995),(1036,4,1,1006,1208),(1044,1,1,441,530),(1044,4,1,536,643),(1046,1,1,454,545),(1046,4,1,551,662),(1047,1,1,454,545),(1047,4,1,551,662),(1048,1,1,454,545),(1048,4,1,551,662),(1051,1,1,829,995),(1051,4,1,1006,1208),(1057,1,1,366,440),(1057,4,1,445,534),(1058,1,1,391,470),(1058,4,1,475,570),(1068,1,1,450,540),(1068,4,1,546,655),(1070,1,1,516,620),(1070,4,1,627,753),(1074,1,1,533,640),(1074,4,1,647,777),(1077,1,1,300,360),(1077,4,1,364,437),(1079,1,1,266,320),(1079,4,1,323,388),(1083,1,1,575,690),(1083,4,1,697,838),(1090,1,1,400,480),(1090,4,1,485,583),(1093,1,1,579,695),(1093,4,1,702,844),(1094,1,1,429,515),(1094,4,1,520,625),(1096,1,1,495,595),(1096,4,1,601,722),(1097,1,1,1125,1350),(1097,4,1,1365,1639),(1098,1,1,829,995),(1098,4,1,1006,1208),(1099,1,1,829,995),(1099,4,1,1006,1208),(1100,1,1,662,795),(1100,4,1,804,965),(1101,1,1,729,875),(1101,4,1,885,1062),(1102,1,1,829,995),(1102,4,1,1006,1208),(1103,1,1,662,795),(1103,4,1,804,965),(1104,1,1,829,995),(1104,4,1,1006,1208),(1106,1,1,450,540),(1106,4,1,546,655),(1107,1,1,458,550),(1107,4,1,556,668),(1108,1,1,525,630),(1108,4,1,637,765),(1109,1,1,516,620),(1109,4,1,627,753),(1110,1,1,441,530),(1110,4,1,536,643),(1111,1,1,620,745),(1111,4,1,753,904),(1112,1,1,283,340),(1112,4,1,343,413),(1113,1,1,270,325),(1113,4,1,328,394),(1114,1,1,395,475),(1114,4,1,480,577),(1115,1,1,620,745),(1115,4,1,753,904),(1116,1,1,295,355),(1116,4,1,359,431),(1117,1,1,512,615),(1117,4,1,622,746),(1118,1,1,704,845),(1118,4,1,854,1026),(1119,1,1,441,530),(1119,4,1,536,643),(1120,1,1,412,495),(1120,4,1,500,601),(1121,1,1,620,745),(1121,4,1,753,904),(1122,1,1,620,745),(1122,4,1,753,904),(1123,1,1,395,475),(1123,4,1,480,577),(1124,1,1,329,395),(1124,4,1,399,479),(1125,1,1,270,325),(1125,4,1,328,394),(1126,1,1,266,320),(1126,4,1,323,388),(1131,1,1,375,450),(1131,4,1,455,546),(1138,1,1,195,235),(1138,4,1,237,285),(1139,1,1,466,560),(1139,4,1,566,680),(1140,1,1,466,560),(1140,4,1,566,680),(1141,1,1,79,95),(1141,4,1,96,115),(1142,1,1,516,620),(1142,4,1,627,753),(1143,1,1,516,620),(1143,4,1,627,753);

--
