-- Table structure for table `ps_order_detail_tax`
--

CREATE TABLE `ps_order_detail_tax` (
  `id_order_detail` int(11) NOT NULL,
  `id_tax` int(11) NOT NULL,
  `unit_amount` decimal(16,6) NOT NULL DEFAULT '0.000000',
  `total_amount` decimal(16,6) NOT NULL DEFAULT '0.000000',
  KEY `id_order_detail` (`id_order_detail`),
  KEY `id_tax` (`id_tax`)
) ENGINE=InnoDB DEFAULT CHARSET=utf8;

--
-- Dumping data for table `ps_order_detail_tax`
--

INSERT INTO `ps_order_detail_tax` VALUES (16,1,'3.300000','3.300000'),(17,1,'5.200000','5.200000'),(18,1,'5.400000','5.400000'),(19,1,'3.300000','3.300000'),(20,1,'3.300000','3.300000'),(21,1,'3.300000','3.300000'),(22,1,'104.170000','104.170000'),(23,1,'193.000000','193.000000'),(25,1,'53.330000','53.330000'),(26,1,'53.330000','106.660000'),(27,1,'195.000000','195.000000'),(28,1,'84.170000','84.170000'),(29,1,'25.830000','51.660000'),(30,1,'25.830000','25.830000'),(31,1,'25.830000','25.830000'),(32,1,'1.670000','3.340000'),(33,1,'25.830000','25.830000'),(34,1,'95.830000','95.830000'),(35,1,'95.830000','95.830000'),(36,1,'20.000000','40.000000'),(37,1,'52.500000','52.500000'),(38,1,'52.500000','52.500000'),(39,1,'55.830000','55.830000'),(40,1,'48.330000','48.330000'),(51,1,'53.330000','53.330000'),(52,1,'53.330000','53.330000'),(55,1,'44.170000','44.170000'),(56,1,'48.330000','48.330000'),(57,1,'95.000000','95.000000'),(58,1,'95.830000','95.830000'),(63,1,'31.000000','31.000000'),(64,1,'25.830000','25.830000'),(66,1,'58.330000','58.330000'),(67,1,'25.830000','25.830000'),(68,1,'25.830000','25.830000'),(69,1,'38.330000','38.330000'),(74,1,'41.670000','41.670000'),(87,1,'50.000000','50.000000'),(88,1,'45.000000','45.000000'),(89,1,'45.000000','45.000000'),(90,1,'20.830000','20.830000'),(91,1,'20.000000','20.000000'),(92,1,'35.830000','35.830000'),(93,1,'35.830000','35.830000'),(94,1,'50.830000','50.830000'),(95,1,'49.170000','49.170000'),(102,1,'45.830000','45.830000'),(105,1,'95.000000','95.000000'),(106,1,'45.830000','45.830000'),(108,1,'79.170000','79.170000'),(109,1,'51.670000','51.670000'),(110,1,'51.670000','51.670000'),(111,1,'70.000000','70.000000'),(112,1,'87.500000','87.500000'),(113,1,'41.670000','41.670000'),(119,1,'45.000000','45.000000'),(134,1,'55.000000','55.000000'),(137,1,'70.000000','70.000000'),(139,1,'76.670000','76.670000'),(141,1,'65.830000','65.830000'),(154,1,'65.000000','65.000000'),(156,1,'45.830000','45.830000'),(159,1,'22.500000','22.500000'),(160,1,'-3.000000','-3.000000'),(161,1,'-3.000000','-3.000000'),(162,1,'62.500000','62.500000'),(163,1,'82.500000','82.500000'),(166,1,'65.000000','65.000000'),(167,1,'83.330000','83.330000'),(168,1,'45.000000','45.000000'),(169,1,'55.830000','55.830000'),(170,1,'76.670000','76.670000'),(172,1,'95.000000','95.000000'),(173,1,'65.000000','65.000000'),(176,1,'-2.370000','-2.370000'),(177,1,'-3.630000','-3.630000'),(178,1,'42.500000','42.500000'),(181,1,'50.830000','50.830000'),(182,1,'29.170000','29.170000'),(185,1,'22.500000','22.500000'),(186,1,'20.830000','20.830000'),(187,1,'83.330000','83.330000'),(188,1,'83.330000','83.330000'),(190,1,'20.830000','20.830000'),(199,1,'83.330000','83.330000'),(200,1,'43.330000','43.330000'),(201,1,'50.830000','50.830000'),(202,1,'25.830000','25.830000'),(203,1,'79.170000','79.170000'),(204,1,'61.670000','61.670000'),(205,1,'20.830000','20.830000'),(206,1,'45.830000','45.830000'),(207,1,'51.670000','51.670000'),(210,1,'81.670000','81.670000'),(211,1,'25.830000','25.830000'),(212,1,'45.830000','45.830000'),(215,1,'29.170000','29.170000'),(217,1,'100.830000','100.830000'),(218,1,'55.000000','55.000000'),(219,1,'82.500000','82.500000'),(220,1,'115.830000','115.830000'),(221,1,'95.830000','95.830000'),(222,1,'76.670000','76.670000'),(223,1,'35.830000','35.830000'),(224,1,'55.000000','55.000000'),(225,1,'76.670000','76.670000'),(226,1,'55.000000','55.000000'),(227,1,'87.500000','87.500000'),(228,1,'50.000000','50.000000'),(229,1,'95.000000','95.000000'),(230,1,'45.830000','45.830000'),(231,1,'82.500000','82.500000'),(232,1,'83.330000','83.330000'),(236,1,'95.000000','95.000000'),(237,1,'48.330000','48.330000'),(238,1,'42.500000','42.500000'),(239,1,'76.670000','76.670000'),(240,1,'76.670000','76.670000'),(241,1,'52.500000','52.500000'),(242,1,'55.830000','55.830000'),(243,1,'45.000000','45.000000'),(245,1,'61.670000','61.670000'),(247,1,'55.000000','55.000000'),(248,1,'83.330000','83.330000'),(249,1,'25.830000','25.830000'),(251,1,'22.500000','22.500000'),(253,1,'182.500000','182.500000'),(254,1,'81.670000','81.670000'),(255,1,'45.830000','45.830000'),(256,1,'50.830000','50.830000'),(257,1,'115.830000','115.830000'),(258,1,'87.500000','87.500000'),(261,1,'127.500000','127.500000'),(266,1,'58.330000','58.330000'),(267,1,'49.170000','49.170000'),(268,1,'49.170000','49.170000'),(269,1,'41.670000','41.670000'),(270,1,'45.000000','45.000000'),(271,1,'25.830000','25.830000'),(272,1,'25.830000','25.830000'),(273,1,'45.000000','45.000000'),(274,1,'83.330000','83.330000'),(278,1,'22.750000','22.750000'),(279,1,'18.080000','18.080000'),(280,1,'22.750000','22.750000'),(281,1,'19.250000','19.250000'),(282,1,'15.750000','15.750000'),(286,1,'44.920000','44.920000'),(287,1,'26.830000','26.830000'),(288,1,'20.420000','20.420000'),(289,1,'44.920000','44.920000'),(291,1,'38.330000','38.330000'),(293,1,'40.830000','40.830000'),(294,1,'19.830000','19.830000'),(295,1,'34.420000','34.420000'),(296,1,'19.830000','19.830000'),(297,1,'46.080000','46.080000'),(299,1,'58.330000','58.330000'),(300,1,'16.330000','16.330000'),(301,1,'38.500000','38.500000'),(303,1,'38.500000','38.500000'),(304,1,'47.830000','47.830000'),(307,1,'19.830000','19.830000'),(308,1,'22.750000','22.750000'),(309,1,'14.000000','14.000000'),(310,1,'19.250000','19.250000'),(311,1,'32.080000','32.080000'),(315,1,'61.250000','61.250000'),(317,1,'22.750000','22.750000'),(318,1,'28.500000','28.500000'),(319,1,'39.080000','39.080000'),(320,1,'36.750000','36.750000'),(321,1,'37.330000','37.330000'),(322,1,'35.000000','35.000000'),(324,1,'37.330000','37.330000'),(325,1,'70.580000','70.580000'),(326,1,'39.080000','39.080000'),(327,1,'35.000000','35.000000'),(328,1,'35.000000','35.000000'),(329,1,'14.000000','14.000000'),(330,1,'25.000000','25.000000'),(334,1,'63.000000','63.000000'),(335,1,'33.500000','33.500000'),(336,1,'50.000000','50.000000'),(337,1,'31.000000','31.000000'),(339,1,'33.500000','33.500000'),(341,1,'49.500000','49.500000'),(342,1,'29.500000','29.500000'),(346,1,'29.500000','29.500000'),(348,1,'53.000000','53.000000'),(349,1,'12.000000','12.000000'),(350,1,'12.000000','12.000000'),(351,1,'12.000000','12.000000'),(352,1,'19.830000','19.830000'),(353,1,'14.580000','14.580000'),(355,1,'12.000000','12.000000'),(357,1,'46.080000','46.080000'),(360,1,'53.000000','53.000000'),(361,1,'39.000000','39.000000'),(362,1,'107.920000','107.920000'),(363,1,'29.170000','29.170000'),(364,1,'22.500000','22.500000'),(365,1,'31.670000','31.670000'),(367,1,'26.250000','26.250000'),(368,1,'41.250000','41.250000'),(369,1,'30.000000','30.000000'),(373,1,'25.000000','25.000000'),(375,1,'31.670000','31.670000'),(377,1,'32.080000','32.080000'),(378,1,'30.000000','30.000000'),(379,1,'40.830000','40.830000'),(380,1,'41.250000','41.250000'),(382,1,'31.670000','31.670000'),(386,1,'75.000000','75.000000'),(387,1,'145.830000','145.830000'),(391,1,'73.330000','73.330000'),(392,1,'73.330000','73.330000'),(394,1,'64.170000','64.170000'),(395,1,'60.830000','60.830000'),(396,1,'230.000000','230.000000'),(398,1,'82.500000','82.500000'),(402,1,'62.500000','62.500000'),(404,1,'80.000000','80.000000'),(405,1,'95.830000','95.830000'),(406,1,'80.000000','80.000000'),(407,1,'62.500000','62.500000'),(408,1,'90.830000','90.830000'),(409,1,'60.830000','60.830000'),(411,1,'75.000000','75.000000'),(412,1,'165.830000','165.830000'),(413,1,'165.830000','165.830000'),(414,1,'93.330000','93.330000'),(415,1,'65.830000','65.830000'),(417,1,'65.830000','65.830000'),(424,1,'44.170000','44.170000'),(425,1,'191.670000','191.670000'),(426,1,'165.830000','165.830000'),(429,1,'73.330000','73.330000'),(431,1,'165.830000','165.830000'),(432,1,'88.330000','88.330000'),(434,1,'165.830000','165.830000'),(435,1,'215.830000','215.830000'),(436,1,'115.830000','115.830000'),(437,1,'131.670000','131.670000'),(438,1,'88.330000','88.330000'),(439,1,'90.830000','90.830000'),(440,1,'82.500000','82.500000'),(441,1,'115.830000','115.830000'),(442,1,'88.330000','88.330000'),(443,1,'85.830000','85.830000'),(444,1,'82.500000','82.500000'),(445,1,'73.330000','73.330000'),(446,1,'64.170000','64.170000'),(447,1,'165.830000','165.830000'),(449,1,'132.500000','132.500000'),(450,1,'75.000000','75.000000'),(453,1,'82.500000','82.500000'),(454,1,'64.170000','64.170000'),(456,1,'82.500000','82.500000'),(457,1,'131.670000','131.670000'),(458,1,'140.830000','140.830000'),(459,1,'94.170000','94.170000'),(464,1,'132.500000','132.500000'),(468,1,'53.330000','53.330000'),(469,1,'165.830000','165.830000'),(472,1,'165.830000','165.830000'),(473,1,'191.670000','191.670000'),(476,1,'59.170000','59.170000'),(478,1,'90.830000','90.830000'),(479,1,'165.830000','165.830000'),(480,1,'140.830000','140.830000'),(482,1,'37.920000','37.920000'),(483,1,'74.670000','74.670000'),(484,1,'57.750000','57.750000'),(485,1,'116.080000','116.080000'),(486,1,'37.330000','37.330000'),(487,1,'37.330000','37.330000'),(488,1,'157.500000','157.500000'),(493,1,'74.670000','74.670000'),(494,1,'165.830000','165.830000'),(495,1,'75.000000','75.000000'),(496,1,'27.420000','27.420000'),(497,1,'102.080000','102.080000'),(498,1,'52.500000','52.500000'),(502,1,'116.080000','116.080000'),(507,1,'65.830000','65.830000'),(508,1,'65.830000','65.830000'),(509,1,'90.830000','90.830000'),(510,1,'93.330000','93.330000'),(511,1,'64.170000','64.170000'),(516,1,'93.330000','93.330000'),(518,1,'88.330000','88.330000'),(519,1,'49.500000','49.500000'),(520,1,'39.500000','39.500000'),(521,1,'99.500000','99.500000'),(522,1,'79.500000','79.500000'),(523,1,'79.500000','79.500000'),(535,1,'37.500000','37.500000'),(536,1,'99.500000','99.500000'),(537,1,'54.500000','54.500000'),(538,1,'53.000000','53.000000'),(539,1,'53.000000','53.000000'),(540,1,'32.000000','32.000000'),(541,1,'39.500000','39.500000'),(543,1,'38.500000','38.500000'),(545,1,'64.500000','64.500000'),(546,1,'64.170000','64.170000'),(547,1,'23.500000','23.500000'),(548,1,'31.500000','31.500000'),(549,1,'32.000000','32.000000'),(552,1,'109.500000','109.500000'),(554,1,'53.000000','53.000000'),(555,1,'149.500000','149.500000'),(556,1,'37.500000','37.500000'),(557,1,'109.500000','109.500000'),(558,1,'38.500000','38.500000'),(560,1,'129.500000','129.500000'),(561,1,'49.500000','49.500000'),(562,1,'89.500000','89.500000'),(563,1,'99.500000','99.500000'),(564,1,'78.000000','78.000000'),(565,1,'79.500000','79.500000'),(566,1,'54.500000','54.500000'),(567,1,'49.500000','49.500000'),(568,1,'53.000000','53.000000'),(569,1,'79.500000','79.500000'),(570,1,'49.500000','49.500000'),(571,1,'53.000000','53.000000'),(572,1,'49.500000','49.500000'),(577,1,'53.000000','53.000000');

--
-- Table structure for table `ps_order_history`
--

CREATE TABLE `ps_order_history` (
  `id_order_history` int(10) unsigned NOT NULL AUTO_INCREMENT,
  `id_employee` int(10) unsigned NOT NULL,
  `id_order` int(10) unsigned NOT NULL,
  `id_order_state` int(10) unsigned NOT NULL,
  `date_add` datetime NOT NULL,
  PRIMARY KEY (`id_order_history`),
  KEY `order_history_order` (`id_order`),
  KEY `id_employee` (`id_employee`),
  KEY `id_order_state` (`id_order_state`)
) ENGINE=InnoDB AUTO_INCREMENT=1401 DEFAULT CHARSET=utf8;

--
-- Dumping data for table `ps_order_history`
--

INSERT INTO `ps_order_history` VALUES (1,0,1,1,'2014-12-14 08:54:27'),(2,0,2,1,'2014-12-14 08:54:27'),(3,0,3,1,'2014-12-14 08:54:27'),(4,0,4,1,'2014-12-14 08:54:27'),(5,0,5,10,'2014-12-14 08:54:27'),(6,1,1,6,'2014-12-14 08:54:27'),(7,1,3,8,'2014-12-14 08:54:27'),(8,0,6,1,'2014-12-19 10:33:02'),(9,2,6,2,'2014-12-19 11:11:04'),(10,0,7,1,'2014-12-23 18:41:24'),(11,2,7,2,'2014-12-23 18:42:29'),(12,0,8,1,'2014-12-30 15:01:15'),(13,2,8,2,'2014-12-30 15:01:58'),(14,0,9,1,'2014-12-30 15:07:38'),(15,2,9,2,'2014-12-30 15:08:00'),(16,0,10,1,'2014-12-30 15:21:54'),(17,2,10,2,'2014-12-30 15:22:29'),(18,0,11,1,'2015-01-15 09:56:59'),(19,0,11,9,'2015-01-15 09:56:59'),(20,0,12,1,'2015-01-17 12:08:51'),(21,0,12,17,'2015-01-17 12:08:51'),(22,1,12,5,'2015-01-17 13:01:46'),(23,0,13,1,'2015-01-17 17:30:10'),(24,2,13,5,'2015-01-17 17:30:55'),(25,0,14,1,'2015-01-22 08:59:06'),(26,2,14,2,'2015-01-22 09:00:06'),(27,0,15,1,'2015-01-22 11:43:44'),(28,5,15,2,'2015-01-22 11:44:17'),(29,0,16,1,'2015-01-24 17:17:10'),(30,0,16,17,'2015-01-24 17:17:10'),(31,0,16,1,'2015-01-24 17:18:54'),(32,0,17,1,'2015-01-24 17:23:17'),(33,0,17,9,'2015-01-24 17:23:17'),(34,0,18,1,'2015-01-24 17:51:41'),(35,0,18,17,'2015-01-24 17:51:42'),(36,0,18,1,'2015-01-25 09:00:05'),(37,0,19,1,'2015-01-25 09:18:05'),(38,0,19,17,'2015-01-25 09:18:06'),(39,0,19,1,'2015-01-25 09:27:21'),(40,0,20,2,'2015-01-27 14:17:06'),(41,6,15,5,'2015-02-03 20:41:29'),(42,0,21,2,'2015-02-04 11:15:10'),(43,0,21,17,'2015-02-04 11:15:13'),(44,4,21,4,'2015-02-04 12:26:10'),(45,4,21,3,'2015-02-04 12:30:57'),(46,6,21,4,'2015-02-04 12:31:38'),(47,4,21,7,'2015-02-04 12:34:25'),(48,0,22,2,'2015-02-04 15:28:06'),(49,0,22,17,'2015-02-04 15:28:07'),(50,0,23,2,'2015-02-04 15:41:48'),(51,0,23,17,'2015-02-04 15:41:49'),(52,0,24,2,'2015-02-04 22:15:42'),(53,0,24,17,'2015-02-04 22:15:43'),(54,6,24,7,'2015-02-05 11:10:10'),(55,6,23,6,'2015-02-05 11:10:44'),(56,6,22,7,'2015-02-05 11:11:08'),(57,6,23,17,'2015-02-05 13:26:43'),(58,6,23,7,'2015-02-05 19:03:13'),(59,6,14,7,'2015-02-06 12:09:55'),(60,0,25,2,'2015-02-07 23:41:17'),(61,0,25,17,'2015-02-07 23:41:19'),(62,0,26,2,'2015-02-08 16:50:54'),(63,0,26,17,'2015-02-08 16:50:55'),(64,0,27,8,'2015-02-09 12:39:18'),(65,0,27,17,'2015-02-09 12:39:19'),(66,0,28,8,'2015-02-10 18:24:36'),(67,0,28,17,'2015-02-10 18:24:37'),(68,0,29,8,'2015-02-11 02:42:13'),(69,0,29,17,'2015-02-11 02:42:14'),(70,1,29,4,'2015-02-11 21:44:53'),(71,1,29,17,'2015-02-11 21:45:27'),(72,0,30,1,'2015-02-12 19:11:00'),(73,0,30,17,'2015-02-12 19:11:00'),(74,0,31,1,'2015-02-12 19:12:08'),(75,0,31,17,'2015-02-12 19:12:09'),(76,0,32,8,'2015-02-12 20:40:03'),(77,0,32,17,'2015-02-12 20:40:04'),(78,0,33,1,'2015-02-12 20:43:38'),(79,0,33,17,'2015-02-12 20:43:38'),(80,0,34,2,'2015-02-12 21:37:19'),(81,0,34,17,'2015-02-12 21:41:18'),(82,0,35,2,'2015-02-12 21:50:24'),(83,0,35,17,'2015-02-12 21:51:19'),(84,2,35,6,'2015-02-12 21:53:52'),(85,0,31,6,'2015-02-12 21:54:20'),(86,0,30,6,'2015-02-12 21:54:48'),(87,0,36,2,'2015-02-12 21:54:55'),(88,0,36,17,'2015-02-12 21:54:57'),(89,2,32,6,'2015-02-12 21:57:21'),(90,2,36,6,'2015-02-12 21:57:35'),(91,2,34,6,'2015-02-12 21:57:50'),(92,2,33,6,'2015-02-12 21:58:30'),(93,0,37,8,'2015-02-12 22:15:42'),(94,0,37,17,'2015-02-12 22:15:44'),(95,2,37,13,'2015-02-12 22:23:50'),(96,0,38,2,'2015-02-12 22:28:37'),(97,0,38,17,'2015-02-12 22:28:39'),(98,2,37,6,'2015-02-12 22:47:49'),(99,2,38,6,'2015-02-12 22:48:03'),(100,0,39,2,'2015-02-12 22:58:59'),(101,0,39,17,'2015-02-12 22:59:01'),(102,2,39,6,'2015-02-12 23:03:56'),(103,0,40,8,'2015-02-12 23:10:18'),(104,0,40,17,'2015-02-12 23:10:22'),(105,2,40,6,'2015-02-12 23:12:11'),(106,0,41,2,'2015-02-14 13:52:59'),(107,1,41,17,'2015-02-15 21:22:15'),(108,0,42,2,'2015-02-16 02:42:54'),(109,6,41,7,'2015-02-16 18:37:25'),(110,0,43,2,'2015-02-16 19:13:43'),(111,1,42,17,'2015-02-17 21:18:36'),(112,1,43,17,'2015-02-17 21:18:50'),(113,0,44,1,'2015-02-17 21:19:36'),(114,0,44,17,'2015-02-17 21:19:36'),(115,0,45,1,'2015-02-17 21:19:43'),(116,0,45,17,'2015-02-17 21:19:44'),(117,1,45,6,'2015-02-17 21:20:15'),(118,0,45,6,'2015-02-17 21:20:46'),(119,0,44,6,'2015-02-17 21:21:00'),(120,0,46,8,'2015-02-17 21:48:42'),(121,0,47,17,'2015-02-17 21:55:04'),(122,2,46,6,'2015-02-17 22:46:59'),(123,2,47,6,'2015-02-17 22:50:27'),(124,0,48,17,'2015-02-18 05:58:16'),(125,0,49,8,'2015-02-18 15:13:38'),(126,0,50,17,'2015-02-18 21:08:37'),(127,0,51,8,'2015-02-19 10:54:36'),(128,0,52,8,'2015-02-19 11:01:37'),(129,0,52,2,'2015-02-19 11:03:25'),(130,6,29,7,'2015-02-20 16:10:41'),(131,0,53,17,'2015-02-22 16:04:53'),(132,6,52,17,'2015-02-27 10:10:38'),(133,0,54,17,'2015-03-04 10:36:59'),(134,0,55,17,'2015-03-04 23:00:04'),(135,0,56,17,'2015-03-04 23:28:10'),(136,0,57,17,'2015-03-04 23:39:07'),(137,0,58,8,'2015-03-05 08:25:37'),(138,6,48,2,'2015-03-05 10:38:27'),(139,8,48,4,'2015-03-05 11:46:09'),(140,0,59,17,'2015-03-06 07:56:14'),(141,0,60,2,'2015-03-06 09:05:08'),(142,0,60,17,'2015-03-06 09:05:10'),(143,2,60,6,'2015-03-06 09:07:31'),(144,0,61,2,'2015-03-06 09:14:32'),(145,0,61,17,'2015-03-06 09:14:33'),(146,2,61,6,'2015-03-06 09:16:31'),(147,0,62,2,'2015-03-06 13:36:30'),(148,0,62,17,'2015-03-06 13:36:31'),(149,0,63,2,'2015-03-06 20:16:42'),(150,0,63,17,'2015-03-06 20:16:43'),(151,0,64,2,'2015-03-08 13:28:21'),(152,0,64,17,'2015-03-08 13:28:24'),(153,0,65,2,'2015-03-09 04:30:55'),(154,0,65,17,'2015-03-09 04:30:56'),(155,0,66,2,'2015-03-09 06:50:04'),(156,0,66,17,'2015-03-09 06:50:06'),(157,6,59,2,'2015-03-09 14:29:11'),(158,8,59,4,'2015-03-09 16:05:13'),(159,8,66,4,'2015-03-09 16:47:49'),(160,0,67,2,'2015-03-10 08:14:20'),(161,0,67,17,'2015-03-10 08:14:22'),(162,8,26,4,'2015-03-10 11:52:06'),(163,8,27,4,'2015-03-10 12:14:35'),(164,0,68,2,'2015-03-11 13:23:25'),(165,0,68,17,'2015-03-11 13:23:26'),(166,8,68,4,'2015-03-12 11:40:47'),(167,8,56,4,'2015-03-12 11:50:30'),(168,0,69,2,'2015-03-12 19:28:30'),(169,0,69,17,'2015-03-12 19:28:31'),(170,8,66,5,'2015-03-13 11:57:54'),(171,0,70,2,'2015-03-13 13:24:53'),(172,8,70,4,'2015-03-13 15:38:51'),(173,8,26,5,'2015-03-13 18:26:07'),(174,0,71,8,'2015-03-16 17:28:54'),(175,0,71,17,'2015-03-16 17:28:56'),(176,8,53,2,'2015-03-18 16:30:39'),(177,8,53,4,'2015-03-18 16:44:13'),(178,8,53,2,'2015-03-18 16:44:32'),(179,8,53,4,'2015-03-18 16:45:04'),(180,6,68,5,'2015-03-19 12:40:45'),(181,6,66,7,'2015-03-20 11:22:52'),(182,8,42,5,'2015-03-20 11:27:59'),(183,6,27,5,'2015-03-20 16:30:35'),(184,0,72,2,'2015-03-21 11:16:10'),(185,0,72,17,'2015-03-21 11:16:11'),(186,8,64,4,'2015-03-21 13:00:02'),(187,0,73,2,'2015-03-21 13:23:20'),(188,0,73,17,'2015-03-21 13:23:22'),(189,0,74,2,'2015-03-22 08:29:26'),(190,0,74,17,'2015-03-22 08:29:29'),(191,0,75,2,'2015-03-24 18:36:22'),(192,0,76,8,'2015-03-24 19:38:09'),(193,0,76,17,'2015-03-24 19:38:10'),(194,6,76,2,'2015-03-25 12:08:53'),(195,6,76,7,'2015-03-25 12:09:22'),(196,8,75,4,'2015-03-25 12:51:22'),(197,8,64,5,'2015-03-26 12:25:08'),(198,8,53,5,'2015-03-26 12:25:34'),(199,0,77,2,'2015-03-26 14:05:37'),(200,0,77,17,'2015-03-26 14:05:38'),(201,8,54,4,'2015-03-26 15:30:43'),(202,8,69,4,'2015-03-26 15:46:39'),(203,0,78,8,'2015-03-26 17:09:28'),(204,0,78,17,'2015-03-26 17:09:29'),(205,0,79,2,'2015-03-27 12:03:08'),(206,0,79,17,'2015-03-27 12:03:10'),(207,0,80,2,'2015-03-27 16:39:14'),(208,8,73,4,'2015-03-28 15:35:08'),(209,8,63,4,'2015-03-28 15:57:16'),(210,8,28,4,'2015-03-28 16:25:46'),(211,8,80,4,'2015-03-28 16:39:47'),(212,8,25,4,'2015-03-28 16:54:48'),(213,8,65,4,'2015-03-28 18:22:00'),(214,0,81,8,'2015-03-29 23:02:53'),(215,0,81,17,'2015-03-29 23:02:54'),(216,0,82,2,'2015-03-30 02:32:02'),(217,0,83,2,'2015-03-30 05:06:40'),(218,0,83,17,'2015-03-30 05:06:41'),(219,0,84,2,'2015-03-30 10:37:43'),(220,0,84,17,'2015-03-30 10:37:46'),(221,8,82,4,'2015-03-30 13:49:47'),(222,8,71,4,'2015-03-30 15:47:31'),(223,8,72,4,'2015-03-30 16:02:55'),(224,8,25,5,'2015-03-31 18:04:39'),(225,8,48,5,'2015-03-31 18:06:52'),(226,8,56,5,'2015-03-31 18:08:31'),(227,8,59,5,'2015-03-31 18:09:09'),(228,8,69,5,'2015-03-31 18:11:21'),(229,8,70,5,'2015-03-31 18:12:42'),(230,0,85,2,'2015-04-01 16:16:57'),(231,0,86,2,'2015-04-01 20:11:17'),(232,0,87,2,'2015-04-01 21:11:22'),(233,0,88,2,'2015-04-02 07:47:30'),(234,8,88,4,'2015-04-02 11:55:15'),(235,8,85,4,'2015-04-02 12:22:14'),(236,0,89,2,'2015-04-02 12:24:14'),(237,8,86,4,'2015-04-02 12:32:15'),(238,8,89,4,'2015-04-02 12:49:25'),(239,8,82,5,'2015-04-02 14:07:20'),(240,8,65,5,'2015-04-02 14:08:03'),(241,8,63,5,'2015-04-02 14:08:28'),(242,8,28,5,'2015-04-02 14:08:57'),(243,8,77,5,'2015-04-02 14:16:55'),(244,8,75,5,'2015-04-02 14:27:58'),(245,8,73,5,'2015-04-02 14:28:38'),(246,8,72,5,'2015-04-02 14:29:46'),(247,8,71,5,'2015-04-02 14:30:56'),(248,8,54,5,'2015-04-02 14:31:43'),(249,0,90,2,'2015-04-02 17:04:14'),(250,0,90,17,'2015-04-02 17:04:16'),(251,8,55,4,'2015-04-03 15:01:50'),(252,8,79,4,'2015-04-03 15:38:15'),(253,0,91,2,'2015-04-03 15:58:47'),(254,8,91,4,'2015-04-03 16:23:19'),(255,0,92,2,'2015-04-04 01:18:27'),(256,0,92,17,'2015-04-04 01:18:29'),(257,0,93,2,'2015-04-04 05:18:58'),(258,0,94,2,'2015-04-04 06:56:09'),(259,8,94,4,'2015-04-04 11:50:58'),(260,0,95,2,'2015-04-05 12:58:56'),(261,0,95,17,'2015-04-05 12:58:58'),(262,0,96,2,'2015-04-05 18:30:10'),(263,0,97,2,'2015-04-06 21:53:43'),(264,8,97,4,'2015-04-07 11:41:44'),(265,8,96,4,'2015-04-07 11:48:09'),(266,8,93,4,'2015-04-07 12:06:06'),(267,8,84,4,'2015-04-07 13:00:20'),(268,8,57,4,'2015-04-07 13:25:48'),(269,8,83,4,'2015-04-07 14:01:18'),(270,8,88,5,'2015-04-07 14:41:27'),(271,0,98,2,'2015-04-07 20:16:45'),(272,8,98,4,'2015-04-08 11:32:34'),(273,6,85,5,'2015-04-08 12:31:42'),(274,0,99,2,'2015-04-08 17:19:04'),(275,0,99,17,'2015-04-08 17:19:07'),(276,8,87,4,'2015-04-09 12:08:19'),(277,8,89,5,'2015-04-09 12:32:58'),(278,8,93,5,'2015-04-09 12:39:07'),(279,8,71,7,'2015-04-09 17:23:21'),(280,8,71,5,'2015-04-09 17:25:18'),(281,8,52,4,'2015-04-10 17:41:22'),(282,8,96,5,'2015-04-10 17:59:56'),(283,8,84,5,'2015-04-10 18:00:37'),(284,8,91,5,'2015-04-10 18:02:03'),(285,0,100,2,'2015-04-11 00:50:39'),(286,8,100,4,'2015-04-11 11:40:44'),(287,0,101,2,'2015-04-11 11:53:10'),(288,8,87,5,'2015-04-11 11:54:03'),(289,0,102,2,'2015-04-11 11:57:01'),(290,0,103,2,'2015-04-11 13:12:39'),(291,0,103,17,'2015-04-11 13:12:40'),(292,0,104,2,'2015-04-12 22:56:08'),(293,0,105,2,'2015-04-12 23:10:58'),(294,0,106,2,'2015-04-13 08:40:08'),(295,8,105,4,'2015-04-13 13:48:28'),(296,8,104,4,'2015-04-13 14:03:23'),(297,8,106,4,'2015-04-13 14:44:48'),(298,8,85,7,'2015-04-13 15:31:57'),(299,0,107,2,'2015-04-13 17:51:52'),(300,0,108,2,'2015-04-13 18:40:10'),(301,0,109,2,'2015-04-13 22:23:01'),(302,0,110,2,'2015-04-14 04:32:04'),(303,0,111,8,'2015-04-14 09:33:18'),(304,6,111,2,'2015-04-14 10:44:44'),(305,8,107,4,'2015-04-14 11:41:25'),(306,8,109,4,'2015-04-14 11:58:02'),(307,8,111,4,'2015-04-14 12:25:44'),(308,8,108,4,'2015-04-14 12:41:05'),(309,8,110,4,'2015-04-14 12:48:36'),(310,0,90,2,'2015-04-14 15:17:57'),(311,0,99,2,'2015-04-14 15:17:57'),(312,8,43,4,'2015-04-14 15:55:20'),(313,8,90,4,'2015-04-14 16:05:53'),(314,8,78,4,'2015-04-14 16:12:48'),(315,8,95,4,'2015-04-14 16:50:47'),(316,8,67,4,'2015-04-14 17:16:56'),(317,8,99,4,'2015-04-14 17:29:06'),(318,8,62,4,'2015-04-14 17:46:31'),(319,8,103,4,'2015-04-14 17:59:56'),(320,0,112,2,'2015-04-14 18:17:32'),(321,8,112,4,'2015-04-14 18:27:55'),(322,0,113,2,'2015-04-14 18:50:18'),(323,0,114,8,'2015-04-14 21:21:11'),(324,0,115,8,'2015-04-14 21:43:48'),(325,0,116,2,'2015-04-15 00:44:42'),(326,0,117,2,'2015-04-15 03:45:23'),(327,0,118,2,'2015-04-15 07:41:34'),(328,6,114,2,'2015-04-15 10:23:43'),(329,6,115,2,'2015-04-15 10:24:07'),(330,6,115,7,'2015-04-15 10:25:25'),(331,8,113,4,'2015-04-15 11:36:58'),(332,8,114,4,'2015-04-15 11:57:41'),(333,8,116,4,'2015-04-15 12:14:40'),(334,8,117,4,'2015-04-15 12:55:07'),(335,8,118,4,'2015-04-15 13:15:25'),(336,8,81,2,'2015-04-15 14:12:58'),(337,8,81,4,'2015-04-15 14:27:47'),(338,0,119,2,'2015-04-15 20:02:00'),(339,8,106,5,'2015-04-16 11:24:09'),(340,8,52,5,'2015-04-16 11:24:49'),(341,8,107,5,'2015-04-16 11:25:05'),(342,8,109,5,'2015-04-16 11:25:21'),(343,8,111,5,'2015-04-16 11:26:08'),(344,8,62,5,'2015-04-16 11:27:59'),(345,8,103,5,'2015-04-16 11:28:28'),(346,8,112,5,'2015-04-16 11:28:48'),(347,8,108,5,'2015-04-16 11:29:08'),(348,8,78,5,'2015-04-16 11:29:33'),(349,8,105,5,'2015-04-16 11:29:56'),(350,0,120,2,'2015-04-16 12:26:07'),(351,0,121,2,'2015-04-16 12:59:58'),(352,8,119,4,'2015-04-16 13:02:59'),(353,8,120,4,'2015-04-16 13:12:29'),(354,8,121,4,'2015-04-16 13:37:26'),(355,8,65,19,'2015-04-16 17:37:54'),(356,0,122,2,'2015-04-16 18:02:38'),(357,0,123,2,'2015-04-16 20:51:54'),(358,0,124,2,'2015-04-16 21:19:14'),(359,8,123,4,'2015-04-17 11:31:25'),(360,8,124,4,'2015-04-17 12:01:00'),(361,8,104,5,'2015-04-17 12:13:12'),(362,8,110,5,'2015-04-17 12:13:31'),(363,8,99,5,'2015-04-17 12:14:02'),(364,8,114,5,'2015-04-17 12:14:41'),(365,8,116,5,'2015-04-17 12:14:59'),(366,8,117,5,'2015-04-17 12:15:14'),(367,8,122,4,'2015-04-17 15:26:34'),(368,8,67,5,'2015-04-17 15:41:51'),(369,8,57,5,'2015-04-17 15:42:34'),(370,8,43,5,'2015-04-17 15:43:01'),(371,8,55,5,'2015-04-17 15:43:44'),(372,8,80,5,'2015-04-17 15:47:44'),(373,8,81,5,'2015-04-17 15:48:41'),(374,8,86,5,'2015-04-17 15:50:27'),(375,8,90,5,'2015-04-17 15:51:26'),(376,8,94,5,'2015-04-17 15:52:03'),(377,8,97,5,'2015-04-17 15:53:36'),(378,8,98,5,'2015-04-17 15:54:00'),(379,8,100,5,'2015-04-17 15:54:26'),(380,0,125,2,'2015-04-17 19:04:39'),(381,8,74,4,'2015-04-18 11:55:39'),(382,0,126,2,'2015-04-18 14:11:24'),(383,8,126,4,'2015-04-18 16:57:50'),(384,8,125,4,'2015-04-18 17:06:34'),(385,8,50,4,'2015-04-18 17:13:36'),(386,0,127,2,'2015-04-18 23:02:07'),(387,8,122,5,'2015-04-20 13:28:50'),(388,8,127,4,'2015-04-20 14:38:00'),(389,8,92,4,'2015-04-20 15:37:34'),(390,0,128,2,'2015-04-21 11:11:13'),(391,8,121,5,'2015-04-21 11:20:16'),(392,8,118,5,'2015-04-21 11:20:33'),(393,8,79,7,'2015-04-21 11:30:19'),(394,8,84,7,'2015-04-21 11:41:47'),(395,8,128,4,'2015-04-21 12:21:23'),(396,0,129,2,'2015-04-21 17:29:14'),(397,8,129,4,'2015-04-21 18:07:05'),(398,0,130,2,'2015-04-21 22:36:05'),(399,8,126,5,'2015-04-22 12:43:50'),(400,8,127,5,'2015-04-22 12:44:38'),(401,0,131,2,'2015-04-22 17:42:56'),(402,0,132,2,'2015-04-23 11:30:54'),(403,8,131,4,'2015-04-23 11:41:58'),(404,8,132,4,'2015-04-23 12:09:56'),(405,8,128,5,'2015-04-23 12:20:22'),(406,8,95,5,'2015-04-23 12:21:54'),(407,8,50,5,'2015-04-23 12:23:09'),(408,8,78,13,'2015-04-23 12:58:16'),(409,8,81,19,'2015-04-23 13:10:45'),(410,8,78,19,'2015-04-23 13:17:34'),(411,8,90,4,'2015-04-23 15:52:20'),(412,0,133,2,'2015-04-23 20:46:25'),(413,0,134,2,'2015-04-23 23:18:17'),(414,8,125,5,'2015-04-24 11:20:42'),(415,8,124,5,'2015-04-24 11:21:02'),(416,8,119,5,'2015-04-24 11:38:01'),(417,8,133,4,'2015-04-24 12:13:30'),(418,8,120,5,'2015-04-24 12:52:15'),(419,8,107,19,'2015-04-24 12:54:15'),(420,8,134,4,'2015-04-24 13:34:02'),(421,8,123,5,'2015-04-24 14:25:17'),(422,8,113,5,'2015-04-24 14:25:52'),(423,0,135,2,'2015-04-24 16:10:19'),(424,8,135,4,'2015-04-24 17:03:39'),(425,8,130,5,'2015-04-24 17:54:47'),(426,0,136,2,'2015-04-24 23:24:20'),(427,8,92,5,'2015-04-25 12:30:16'),(428,8,90,5,'2015-04-25 12:30:44'),(429,8,136,4,'2015-04-25 15:49:43'),(430,0,137,2,'2015-04-25 20:55:18'),(431,0,138,2,'2015-04-26 16:08:49'),(432,0,139,2,'2015-04-26 19:23:03'),(433,0,140,2,'2015-04-27 02:16:02'),(434,8,120,7,'2015-04-27 14:54:50'),(435,8,140,4,'2015-04-27 15:08:53'),(436,8,137,4,'2015-04-27 16:29:29'),(437,8,138,4,'2015-04-27 16:36:19'),(438,0,141,2,'2015-04-28 12:13:48'),(439,8,106,19,'2015-04-28 12:37:56'),(440,8,141,4,'2015-04-28 15:29:50'),(441,0,142,2,'2015-04-28 15:34:53'),(442,8,142,4,'2015-04-29 13:52:29'),(443,8,139,4,'2015-04-29 13:54:11'),(444,8,136,5,'2015-04-29 17:27:58'),(445,8,137,5,'2015-04-29 17:28:58'),(446,8,83,5,'2015-04-30 15:09:09'),(447,8,129,5,'2015-04-30 15:09:48'),(448,8,131,5,'2015-04-30 15:12:42'),(449,8,132,5,'2015-04-30 15:14:32'),(450,8,133,5,'2015-04-30 15:15:15'),(451,8,134,5,'2015-04-30 15:16:22'),(452,8,135,5,'2015-04-30 15:16:55'),(453,8,113,7,'2015-04-30 18:01:30'),(454,0,143,2,'2015-04-30 21:05:46'),(455,0,144,2,'2015-05-01 17:06:18'),(456,8,143,4,'2015-05-02 12:29:15'),(457,8,144,4,'2015-05-02 12:30:01'),(458,8,121,19,'2015-05-04 15:38:52'),(459,0,145,2,'2015-05-05 18:21:52'),(460,0,146,2,'2015-05-06 03:01:11'),(461,0,147,2,'2015-05-06 08:45:36'),(462,8,145,4,'2015-05-06 11:17:43'),(463,8,146,4,'2015-05-06 11:41:48'),(464,8,147,7,'2015-05-06 13:39:14'),(465,0,148,2,'2015-05-06 19:16:51'),(466,0,149,2,'2015-05-07 07:25:25'),(467,8,136,7,'2015-05-07 12:02:48'),(468,8,148,4,'2015-05-07 12:53:20'),(469,8,149,4,'2015-05-07 13:13:05'),(470,0,150,2,'2015-05-08 11:44:03'),(471,8,140,5,'2015-05-08 13:19:59'),(472,8,143,5,'2015-05-08 13:20:26'),(473,8,141,5,'2015-05-08 13:20:44'),(474,8,144,5,'2015-05-08 13:21:07'),(475,8,139,5,'2015-05-08 13:23:31'),(476,8,150,4,'2015-05-09 11:19:00'),(477,8,142,5,'2015-05-09 12:36:47'),(478,8,145,5,'2015-05-09 12:37:05'),(479,0,151,2,'2015-05-09 13:35:36'),(480,0,152,2,'2015-05-10 06:34:36'),(481,8,151,4,'2015-05-11 13:25:05'),(482,8,152,4,'2015-05-11 13:59:29'),(483,0,153,2,'2015-05-11 17:56:05'),(484,0,154,2,'2015-05-11 22:44:48'),(485,0,155,2,'2015-05-11 23:06:27'),(486,8,153,4,'2015-05-12 12:34:58'),(487,8,154,4,'2015-05-12 13:07:38'),(488,8,155,4,'2015-05-12 14:13:41'),(489,0,156,2,'2015-05-13 06:11:14'),(490,8,156,4,'2015-05-13 12:13:34'),(491,8,152,5,'2015-05-13 12:14:44'),(492,8,138,5,'2015-05-13 12:16:47'),(493,8,151,5,'2015-05-13 15:01:08'),(494,8,148,5,'2015-05-13 15:03:29'),(495,8,149,5,'2015-05-13 15:04:25'),(496,8,154,5,'2015-05-15 11:42:44'),(497,8,156,5,'2015-05-15 11:43:05'),(498,8,155,5,'2015-05-15 11:43:20'),(499,8,146,5,'2015-05-15 11:46:19'),(500,8,150,5,'2015-05-15 14:27:32'),(501,0,157,2,'2015-05-16 11:27:15'),(502,8,157,4,'2015-05-16 13:53:59'),(503,0,158,2,'2015-05-16 16:26:43'),(504,0,159,2,'2015-05-17 18:36:21'),(505,0,160,2,'2015-05-18 02:51:10'),(506,8,158,4,'2015-05-18 13:43:01'),(507,8,160,4,'2015-05-18 13:53:49'),(508,8,159,4,'2015-05-18 14:05:21'),(509,0,161,2,'2015-05-18 20:42:06'),(510,8,161,4,'2015-05-19 11:14:07'),(511,8,149,7,'2015-05-19 12:49:16'),(512,8,133,19,'2015-05-19 15:48:12'),(513,8,157,5,'2015-05-20 17:28:13'),(514,8,153,5,'2015-05-21 11:12:43'),(515,8,160,5,'2015-05-21 11:15:22'),(516,8,158,5,'2015-05-21 13:59:17'),(517,0,162,2,'2015-05-21 15:43:15'),(518,8,162,4,'2015-05-21 17:04:10'),(519,8,162,6,'2015-05-21 17:39:54'),(520,0,163,2,'2015-05-22 07:38:45'),(521,8,163,4,'2015-05-22 12:22:51'),(522,8,161,5,'2015-05-22 12:26:04'),(523,8,159,5,'2015-05-22 12:26:31'),(524,0,164,2,'2015-05-22 17:02:49'),(525,8,164,4,'2015-05-23 11:12:06'),(526,0,165,2,'2015-05-23 15:18:02'),(527,0,166,2,'2015-05-24 12:55:10'),(528,8,165,4,'2015-05-26 12:23:13'),(529,8,166,4,'2015-05-26 12:40:21'),(530,8,157,7,'2015-05-26 12:44:48'),(531,0,167,2,'2015-05-27 16:54:31'),(532,0,168,2,'2015-05-27 23:21:59'),(533,0,169,2,'2015-05-27 23:50:08'),(534,8,168,4,'2015-05-28 15:59:45'),(535,8,167,4,'2015-05-28 16:18:38'),(536,8,169,4,'2015-05-28 16:58:10'),(537,0,170,2,'2015-05-28 22:24:30'),(538,8,170,4,'2015-05-29 12:11:30'),(539,0,171,2,'2015-05-29 20:57:52'),(540,8,169,5,'2015-05-30 11:50:44'),(541,8,167,5,'2015-05-30 11:51:01'),(542,8,165,5,'2015-05-30 11:51:32'),(543,8,164,5,'2015-05-30 11:52:54'),(544,8,163,5,'2015-05-30 11:53:21'),(545,0,172,2,'2015-05-31 17:13:27'),(546,0,173,2,'2015-05-31 18:59:15'),(547,0,174,2,'2015-06-01 06:15:41'),(548,8,171,4,'2015-06-01 14:34:21'),(549,8,173,4,'2015-06-01 14:39:07'),(550,8,174,4,'2015-06-01 15:02:42'),(551,8,172,4,'2015-06-01 16:05:31'),(552,0,175,2,'2015-06-02 08:57:07'),(553,0,176,8,'2015-06-02 15:58:48'),(554,8,176,2,'2015-06-02 16:56:50'),(555,8,176,4,'2015-06-02 17:31:40'),(556,0,177,2,'2015-06-02 19:08:11'),(557,0,178,2,'2015-06-02 19:14:01'),(558,0,179,2,'2015-06-02 19:43:48'),(559,8,174,5,'2015-06-03 11:10:36'),(560,8,173,5,'2015-06-03 11:10:55'),(561,8,172,5,'2015-06-03 11:11:12'),(562,8,171,5,'2015-06-03 11:11:30'),(563,8,179,4,'2015-06-03 11:46:40'),(564,8,178,4,'2015-06-03 11:48:05'),(565,8,177,4,'2015-06-03 12:02:18'),(566,8,176,5,'2015-06-04 11:11:43'),(567,8,163,7,'2015-06-04 16:58:05'),(568,8,175,4,'2015-06-04 17:20:42'),(569,0,180,2,'2015-06-04 18:34:40'),(570,0,181,2,'2015-06-04 19:16:22'),(571,0,182,2,'2015-06-05 11:07:23'),(572,8,180,4,'2015-06-05 15:04:18'),(573,8,181,4,'2015-06-05 15:21:13'),(574,8,182,4,'2015-06-05 15:45:01'),(575,8,159,7,'2015-06-05 15:48:44'),(576,8,169,7,'2015-06-05 15:55:31'),(577,8,175,5,'2015-06-06 11:45:27'),(578,8,180,5,'2015-06-08 13:29:41'),(579,8,178,5,'2015-06-09 13:53:08'),(580,8,170,5,'2015-06-09 13:53:43'),(581,8,168,5,'2015-06-09 13:56:37'),(582,8,179,5,'2015-06-09 13:57:52'),(583,0,183,2,'2015-06-10 17:55:09'),(584,0,184,2,'2015-06-10 19:20:43'),(585,0,185,2,'2015-06-10 19:31:27'),(586,8,183,4,'2015-06-11 11:50:19'),(587,8,184,4,'2015-06-11 11:51:20'),(588,8,185,4,'2015-06-11 12:01:53'),(589,8,181,5,'2015-06-11 12:14:11'),(590,8,177,5,'2015-06-11 12:59:09'),(591,0,186,8,'2015-06-12 14:44:20'),(592,0,187,8,'2015-06-12 20:07:46'),(593,8,185,5,'2015-06-13 11:16:13'),(594,8,184,5,'2015-06-13 11:16:30'),(595,8,183,5,'2015-06-13 11:16:45'),(596,8,182,5,'2015-06-13 11:17:10'),(597,8,166,5,'2015-06-13 11:17:51'),(598,0,188,2,'2015-06-13 18:22:01'),(599,0,189,2,'2015-06-15 18:02:08'),(600,8,187,6,'2015-06-15 18:46:53'),(601,8,186,2,'2015-06-15 18:47:11'),(602,0,190,2,'2015-06-16 02:58:40'),(603,8,188,4,'2015-06-16 11:38:48'),(604,8,189,4,'2015-06-16 11:55:50'),(605,8,190,4,'2015-06-16 12:44:58'),(606,8,186,4,'2015-06-16 12:45:26'),(607,8,178,7,'2015-06-17 11:59:36'),(608,0,191,2,'2015-06-18 15:18:33'),(609,0,192,2,'2015-06-18 15:32:23'),(610,0,193,8,'2015-06-18 15:56:23'),(611,8,191,4,'2015-06-18 15:59:21'),(612,8,193,2,'2015-06-18 16:19:01'),(613,8,192,4,'2015-06-18 16:31:33'),(614,0,194,2,'2015-06-18 16:35:07'),(615,8,193,4,'2015-06-18 16:54:26'),(616,8,194,4,'2015-06-18 17:09:28'),(617,0,195,2,'2015-06-18 19:18:24'),(618,0,196,2,'2015-06-18 21:52:40'),(619,0,197,2,'2015-06-19 04:09:26'),(620,0,198,2,'2015-06-19 10:47:45'),(621,8,195,4,'2015-06-19 11:54:40'),(622,8,197,4,'2015-06-19 12:05:22'),(623,8,198,4,'2015-06-19 12:14:09'),(624,8,196,4,'2015-06-19 12:25:28'),(625,8,190,5,'2015-06-19 13:21:07'),(626,0,199,2,'2015-06-19 17:50:15'),(627,8,199,4,'2015-06-19 18:21:34'),(628,0,200,2,'2015-06-19 20:28:57'),(629,0,201,2,'2015-06-20 10:30:09'),(630,8,201,4,'2015-06-20 11:39:30'),(631,8,200,4,'2015-06-20 12:04:06'),(632,0,202,2,'2015-06-20 12:54:16'),(633,8,202,4,'2015-06-20 16:04:44'),(634,0,203,2,'2015-06-20 19:15:04'),(635,0,204,8,'2015-06-21 05:35:12'),(636,8,203,4,'2015-06-22 14:05:03'),(637,8,204,2,'2015-06-22 15:25:09'),(638,8,204,4,'2015-06-22 17:17:35'),(639,8,189,5,'2015-06-23 11:03:33'),(640,8,194,5,'2015-06-23 11:04:14'),(641,8,199,5,'2015-06-23 11:05:48'),(642,0,205,2,'2015-06-24 02:56:24'),(643,0,206,2,'2015-06-24 02:57:01'),(644,0,207,2,'2015-06-24 06:40:36'),(645,0,208,2,'2015-06-24 07:26:13'),(646,0,209,2,'2015-06-24 08:48:50'),(647,0,210,2,'2015-06-24 09:13:04'),(648,0,211,2,'2015-06-24 09:23:14'),(649,0,212,2,'2015-06-24 10:54:59'),(650,0,213,2,'2015-06-24 11:06:40'),(651,8,213,4,'2015-06-24 11:28:22'),(652,8,212,4,'2015-06-24 11:36:18'),(653,8,205,4,'2015-06-24 11:58:40'),(654,0,214,2,'2015-06-24 12:07:26'),(655,8,209,4,'2015-06-24 12:11:28'),(656,8,207,4,'2015-06-24 12:25:14'),(657,8,206,4,'2015-06-24 12:33:20'),(658,8,208,4,'2015-06-24 12:46:17'),(659,8,210,7,'2015-06-24 12:47:59'),(660,8,214,4,'2015-06-24 13:31:07'),(661,8,211,4,'2015-06-24 16:17:55'),(662,0,215,2,'2015-06-24 18:10:17'),(663,0,216,2,'2015-06-24 20:04:45'),(664,0,217,2,'2015-06-24 21:17:48'),(665,0,218,2,'2015-06-24 21:51:40'),(666,8,216,4,'2015-06-25 11:20:14'),(667,8,218,4,'2015-06-25 11:30:05'),(668,8,217,4,'2015-06-25 11:49:20'),(669,8,215,4,'2015-06-25 12:03:40'),(670,8,200,5,'2015-06-25 13:45:11'),(671,0,219,2,'2015-06-26 03:51:54'),(672,0,220,2,'2015-06-26 10:36:43'),(673,8,219,4,'2015-06-26 11:48:30'),(674,8,201,7,'2015-06-26 12:18:51'),(675,8,220,4,'2015-06-26 12:21:45'),(676,8,191,7,'2015-06-26 12:26:41'),(677,0,221,2,'2015-06-26 14:28:04'),(678,8,221,4,'2015-06-26 15:58:47'),(679,0,222,2,'2015-06-27 10:52:15'),(680,8,222,4,'2015-06-27 12:41:50'),(681,0,223,2,'2015-06-27 19:42:51'),(682,0,224,2,'2015-06-28 06:56:27'),(683,0,225,2,'2015-06-28 13:59:59'),(684,8,223,4,'2015-06-28 14:11:52'),(685,8,225,4,'2015-06-28 15:39:21'),(686,0,226,2,'2015-06-28 20:23:09'),(687,0,227,2,'2015-06-28 22:21:06'),(688,8,226,4,'2015-06-29 13:14:27'),(689,8,227,7,'2015-06-29 13:25:53'),(690,0,228,2,'2015-06-29 13:45:09'),(691,8,224,4,'2015-06-29 15:08:46'),(692,8,228,4,'2015-06-29 15:16:05'),(693,8,216,5,'2015-06-29 15:16:38'),(694,8,186,5,'2015-06-29 15:50:17'),(695,0,229,2,'2015-06-30 08:45:10'),(696,8,229,4,'2015-06-30 11:20:02'),(697,8,195,7,'2015-06-30 11:48:02'),(698,0,230,2,'2015-06-30 12:17:22'),(699,8,230,4,'2015-06-30 13:19:57'),(700,0,231,2,'2015-06-30 17:45:37'),(701,0,232,8,'2015-07-01 04:43:36'),(702,0,233,2,'2015-07-01 08:35:00'),(703,8,231,4,'2015-07-01 12:37:58'),(704,8,232,2,'2015-07-01 12:46:12'),(705,8,198,7,'2015-07-01 12:52:03'),(706,8,232,4,'2015-07-01 13:05:41'),(707,8,233,4,'2015-07-01 13:50:21'),(708,0,234,2,'2015-07-01 16:35:49'),(709,8,234,4,'2015-07-01 19:01:15'),(710,0,235,2,'2015-07-01 19:58:37'),(711,0,236,2,'2015-07-02 00:22:37'),(712,0,237,2,'2015-07-02 10:42:16'),(713,8,236,7,'2015-07-02 12:24:46'),(714,8,235,4,'2015-07-02 12:38:15'),(715,8,237,4,'2015-07-02 12:47:11'),(716,0,238,2,'2015-07-02 19:00:07'),(717,0,239,2,'2015-07-03 00:12:50'),(718,0,240,2,'2015-07-03 06:30:56'),(719,0,241,2,'2015-07-03 08:36:57'),(720,0,242,2,'2015-07-03 09:30:27'),(721,8,238,7,'2015-07-03 11:42:26'),(722,8,240,7,'2015-07-03 11:50:45'),(723,8,242,4,'2015-07-03 12:42:38'),(724,8,188,5,'2015-07-03 13:49:23'),(725,8,193,5,'2015-07-03 13:50:06'),(726,8,192,5,'2015-07-03 13:50:57'),(727,8,196,5,'2015-07-03 13:51:38'),(728,8,197,5,'2015-07-03 13:52:10'),(729,8,202,5,'2015-07-03 13:52:45'),(730,8,203,5,'2015-07-03 13:53:24'),(731,8,232,5,'2015-07-03 15:09:01'),(732,8,233,5,'2015-07-03 15:10:43'),(733,0,243,2,'2015-07-03 17:18:10'),(734,8,243,4,'2015-07-03 17:42:54'),(735,0,244,2,'2015-07-03 22:30:50'),(736,8,244,4,'2015-07-04 11:24:46'),(737,8,239,4,'2015-07-04 11:42:54'),(738,8,241,7,'2015-07-04 11:50:39'),(739,0,245,2,'2015-07-04 13:22:28'),(740,0,246,2,'2015-07-04 16:41:18'),(741,8,245,4,'2015-07-04 17:58:18'),(742,0,247,2,'2015-07-04 18:42:18'),(743,0,248,2,'2015-07-05 23:15:15'),(744,0,249,2,'2015-07-05 23:59:17'),(745,8,248,4,'2015-07-06 13:15:37'),(746,8,247,4,'2015-07-06 13:47:59'),(747,8,249,4,'2015-07-06 14:06:24'),(748,8,208,5,'2015-07-06 15:55:14'),(749,8,204,5,'2015-07-06 16:03:11'),(750,8,205,5,'2015-07-06 16:04:29'),(751,8,205,5,'2015-07-06 16:04:29'),(752,8,206,5,'2015-07-06 16:05:42'),(753,8,207,5,'2015-07-06 16:06:36'),(754,8,209,5,'2015-07-06 16:07:29'),(755,8,211,5,'2015-07-06 16:08:26'),(756,8,212,5,'2015-07-06 16:09:18'),(757,8,213,5,'2015-07-06 16:10:40'),(758,8,214,5,'2015-07-06 16:11:37'),(759,8,215,5,'2015-07-06 16:12:54'),(760,8,217,5,'2015-07-06 16:13:46'),(761,8,218,5,'2015-07-06 16:14:42'),(762,8,219,5,'2015-07-06 16:15:38'),(763,8,221,5,'2015-07-06 16:17:16'),(764,8,223,5,'2015-07-06 16:18:53'),(765,8,225,5,'2015-07-06 16:20:51'),(766,8,226,5,'2015-07-06 16:22:11'),(767,8,229,5,'2015-07-06 16:23:27'),(768,8,230,5,'2015-07-06 16:24:12'),(769,8,235,5,'2015-07-06 16:25:24'),(770,8,243,5,'2015-07-06 16:28:05'),(771,8,246,4,'2015-07-06 18:21:56'),(772,0,250,2,'2015-07-07 03:05:16'),(773,8,250,4,'2015-07-07 11:47:07'),(774,0,251,2,'2015-07-07 16:12:29'),(775,8,251,4,'2015-07-07 16:56:21'),(776,8,246,5,'2015-07-08 11:09:26'),(777,8,249,5,'2015-07-08 11:09:48'),(778,8,219,7,'2015-07-08 11:34:12'),(779,8,234,5,'2015-07-08 11:53:11'),(780,8,237,5,'2015-07-08 11:54:08'),(781,8,228,5,'2015-07-08 11:54:58'),(782,0,252,2,'2015-07-08 14:47:08'),(783,8,252,4,'2015-07-08 15:35:14'),(784,8,242,5,'2015-07-09 11:12:43'),(785,8,239,5,'2015-07-09 12:23:04'),(786,8,231,5,'2015-07-09 12:24:29'),(787,8,224,5,'2015-07-09 12:25:09'),(788,8,222,5,'2015-07-09 12:29:15'),(789,8,232,7,'2015-07-09 12:49:54'),(790,0,253,2,'2015-07-09 13:00:33'),(791,8,253,4,'2015-07-09 13:46:05'),(792,8,247,5,'2015-07-10 10:08:18'),(793,8,252,5,'2015-07-10 10:09:18'),(794,0,254,2,'2015-07-10 11:47:51'),(795,8,182,7,'2015-07-10 12:09:14'),(796,8,254,4,'2015-07-10 12:19:27'),(797,0,255,2,'2015-07-10 17:45:45'),(798,0,256,2,'2015-07-11 09:37:17'),(799,8,256,4,'2015-07-11 11:39:11'),(800,8,256,2,'2015-07-11 11:41:14'),(801,8,255,4,'2015-07-11 11:43:06'),(802,8,256,7,'2015-07-11 15:01:47'),(803,0,257,2,'2015-07-12 13:08:57'),(804,0,258,2,'2015-07-12 23:29:42'),(805,8,258,4,'2015-07-13 13:31:02'),(806,8,257,4,'2015-07-13 13:31:39'),(807,8,253,5,'2015-07-13 17:22:00'),(808,0,259,2,'2015-07-13 22:07:33'),(809,0,260,2,'2015-07-14 04:48:40'),(810,0,261,2,'2015-07-14 05:13:24'),(811,8,259,4,'2015-07-15 11:47:04'),(812,8,260,4,'2015-07-15 12:28:23'),(813,8,261,4,'2015-07-15 15:30:42'),(814,8,231,7,'2015-07-15 15:34:08'),(815,0,262,2,'2015-07-15 17:08:25'),(816,8,262,4,'2015-07-15 18:07:31'),(817,0,263,2,'2015-07-16 10:17:27'),(818,8,263,4,'2015-07-16 13:17:25'),(819,8,244,5,'2015-07-16 17:51:57'),(820,8,245,5,'2015-07-16 17:52:53'),(821,8,248,5,'2015-07-16 17:53:27'),(822,8,251,5,'2015-07-16 17:54:08'),(823,8,254,5,'2015-07-16 17:54:48'),(824,8,255,5,'2015-07-16 17:55:25'),(825,8,257,5,'2015-07-16 17:56:12'),(826,8,250,5,'2015-07-16 17:58:18'),(827,8,220,5,'2015-07-16 17:59:24'),(828,8,74,5,'2015-07-16 18:00:26'),(829,0,264,2,'2015-07-16 22:56:56'),(830,8,264,4,'2015-07-17 12:43:03'),(831,0,265,2,'2015-07-18 18:37:16'),(832,0,266,2,'2015-07-19 18:40:00'),(833,8,266,4,'2015-07-20 13:20:49'),(834,0,267,2,'2015-07-20 13:30:18'),(835,8,267,4,'2015-07-20 14:37:09'),(836,8,251,7,'2015-07-20 14:59:00'),(837,8,265,4,'2015-07-21 11:56:01'),(838,0,268,2,'2015-07-21 13:52:11'),(839,8,268,4,'2015-07-21 15:35:39'),(840,0,269,2,'2015-07-23 11:27:01'),(841,8,269,4,'2015-07-23 13:34:26'),(842,8,264,7,'2015-07-23 15:09:17'),(843,0,270,2,'2015-07-25 00:33:20'),(844,0,271,2,'2015-07-25 06:45:55'),(845,8,271,4,'2015-07-25 11:36:45'),(846,8,270,4,'2015-07-25 11:44:46'),(847,8,258,5,'2015-07-27 14:25:51'),(848,8,259,5,'2015-07-27 14:26:39'),(849,8,261,5,'2015-07-27 14:28:33'),(850,8,262,5,'2015-07-27 14:29:39'),(851,8,260,5,'2015-07-27 14:30:30'),(852,8,263,5,'2015-07-27 14:31:28'),(853,8,265,5,'2015-07-27 14:35:39'),(854,8,266,5,'2015-07-27 14:36:58'),(855,8,267,5,'2015-07-27 14:37:55'),(856,8,268,5,'2015-07-27 14:38:28'),(857,8,269,5,'2015-07-29 17:12:06'),(858,8,270,5,'2015-07-29 17:12:44'),(859,8,271,5,'2015-09-10 19:12:21'),(860,0,272,2,'2015-09-14 18:17:10'),(861,0,272,17,'2015-09-14 18:17:11'),(862,0,273,2,'2015-09-15 10:50:53'),(863,0,273,17,'2015-09-15 10:50:55'),(864,0,274,2,'2015-09-15 16:18:02'),(865,0,274,17,'2015-09-15 16:18:03'),(866,0,275,8,'2015-09-17 05:09:03'),(867,0,275,17,'2015-09-17 05:09:06'),(868,0,276,2,'2015-09-17 08:27:07'),(869,0,276,17,'2015-09-17 08:27:09'),(870,0,277,2,'2015-09-18 18:23:35'),(871,0,277,17,'2015-09-18 18:23:36'),(872,0,278,2,'2015-09-19 02:55:22'),(873,0,278,17,'2015-09-19 02:55:23'),(874,0,279,2,'2015-09-19 03:27:12'),(875,0,279,17,'2015-09-19 03:27:13'),(876,0,280,8,'2015-09-19 03:27:19'),(877,0,280,17,'2015-09-19 03:27:19'),(878,0,281,2,'2015-09-20 15:12:30'),(879,0,281,17,'2015-09-20 15:12:35'),(880,0,282,2,'2015-09-21 15:06:29'),(881,0,282,17,'2015-09-21 15:06:31'),(882,8,282,2,'2015-09-21 18:25:10'),(883,8,281,2,'2015-09-21 18:26:39'),(884,8,278,2,'2015-09-21 18:27:51'),(885,8,276,2,'2015-09-21 18:28:47'),(886,8,275,2,'2015-09-21 18:29:25'),(887,8,273,2,'2015-09-21 18:30:45'),(888,0,283,2,'2015-09-22 02:19:38'),(889,8,283,4,'2015-09-22 11:54:17'),(890,8,282,4,'2015-09-22 12:33:02'),(891,8,275,4,'2015-09-22 12:54:03'),(892,8,281,4,'2015-09-22 14:53:58'),(893,8,276,4,'2015-09-22 15:05:11'),(894,8,273,4,'2015-09-22 15:21:04'),(895,0,284,2,'2015-09-22 15:21:57'),(896,8,278,4,'2015-09-22 15:28:25'),(897,8,284,4,'2015-09-22 16:25:30'),(898,8,281,5,'2015-09-23 11:06:42'),(899,0,285,2,'2015-09-23 16:38:48'),(900,8,283,5,'2015-09-24 11:14:35'),(901,8,282,5,'2015-09-24 11:15:04'),(902,8,276,5,'2015-09-24 11:15:40'),(903,8,275,5,'2015-09-24 11:16:17'),(904,8,285,4,'2015-09-24 12:15:18'),(905,0,286,2,'2015-09-25 11:39:58'),(906,0,286,17,'2015-09-25 11:40:00'),(907,0,287,2,'2015-09-25 13:30:04'),(908,8,287,4,'2015-09-25 15:15:05'),(909,8,285,5,'2015-09-26 11:07:53'),(910,0,288,2,'2015-09-26 20:02:51'),(911,0,288,17,'2015-09-26 20:02:52'),(912,0,289,2,'2015-09-27 15:25:00'),(913,0,290,2,'2015-09-28 00:35:00'),(914,0,291,2,'2015-09-28 01:01:49'),(915,0,291,17,'2015-09-28 01:01:50'),(916,8,289,4,'2015-09-28 15:57:11'),(917,8,290,4,'2015-09-28 16:06:57'),(918,8,273,7,'2015-09-30 11:58:10'),(919,8,290,5,'2015-09-30 12:07:01'),(920,8,289,5,'2015-09-30 12:07:30'),(921,0,292,2,'2015-10-01 17:10:28'),(922,8,292,4,'2015-10-01 18:17:12'),(923,0,293,2,'2015-10-01 20:51:01'),(924,0,294,2,'2015-10-01 22:12:40'),(925,0,294,17,'2015-10-01 22:12:41'),(926,0,295,2,'2015-10-01 22:17:24'),(927,0,296,2,'2015-10-01 22:32:17'),(928,0,294,2,'2015-10-02 00:36:48'),(929,8,296,4,'2015-10-02 11:41:16'),(930,8,295,4,'2015-10-02 11:58:23'),(931,8,293,4,'2015-10-02 12:24:43'),(932,0,297,2,'2015-10-04 16:56:18'),(933,0,298,8,'2015-10-04 20:43:41'),(934,0,299,8,'2015-10-04 20:59:41'),(935,0,300,8,'2015-10-04 21:14:47'),(936,8,297,4,'2015-10-05 13:41:58'),(937,0,301,2,'2015-10-05 14:09:49'),(938,8,301,4,'2015-10-05 15:19:35'),(939,8,287,7,'2015-10-05 15:54:12'),(940,8,288,7,'2015-10-05 16:58:39'),(941,0,302,2,'2015-10-05 22:45:47'),(942,8,302,4,'2015-10-06 12:02:16'),(943,8,277,7,'2015-10-06 16:57:46'),(944,0,303,2,'2015-10-06 20:22:07'),(945,0,304,2,'2015-10-06 21:42:50'),(946,0,305,2,'2015-10-07 07:51:38'),(947,8,303,4,'2015-10-07 12:36:56'),(948,8,305,4,'2015-10-07 12:52:23'),(949,8,304,4,'2015-10-07 15:52:40'),(950,0,306,8,'2015-10-07 17:48:39'),(951,8,306,2,'2015-10-07 18:05:27'),(952,0,307,2,'2015-10-07 18:40:40'),(953,8,286,7,'2015-10-08 12:32:37'),(954,8,307,4,'2015-10-08 13:55:35'),(955,0,308,2,'2015-10-08 14:56:28'),(956,0,309,2,'2015-10-08 17:59:59'),(957,8,280,7,'2015-10-09 12:07:13'),(958,8,308,4,'2015-10-09 12:36:57'),(959,8,309,4,'2015-10-09 14:09:13'),(960,0,310,2,'2015-10-09 14:33:37'),(961,8,310,4,'2015-10-09 14:54:38'),(962,0,311,2,'2015-10-09 15:48:35'),(963,8,311,4,'2015-10-09 16:09:51'),(964,0,311,27,'2015-10-09 19:37:24'),(965,8,306,4,'2015-10-10 11:51:46'),(966,8,274,4,'2015-10-10 12:54:23'),(967,0,312,2,'2015-10-10 13:30:18'),(968,0,312,27,'2015-10-10 13:30:24'),(969,8,312,4,'2015-10-10 15:33:04'),(970,8,311,4,'2015-10-10 15:43:22'),(971,8,307,5,'2015-10-10 17:50:21'),(972,8,302,5,'2015-10-10 17:50:49'),(973,8,284,5,'2015-10-10 17:51:18'),(974,8,300,2,'2015-10-12 14:43:02'),(975,0,300,27,'2015-10-12 14:45:18'),(976,8,299,7,'2015-10-12 15:04:08'),(977,8,298,7,'2015-10-12 15:04:38'),(978,0,313,2,'2015-10-12 15:13:10'),(979,0,313,27,'2015-10-12 15:14:11'),(980,8,300,4,'2015-10-12 15:18:59'),(981,8,313,4,'2015-10-12 15:56:38'),(982,0,314,2,'2015-10-12 16:16:12'),(983,0,314,27,'2015-10-12 16:19:03'),(984,8,314,4,'2015-10-12 16:44:46'),(985,8,310,5,'2015-10-13 12:07:43'),(986,8,297,5,'2015-10-13 12:08:30'),(987,8,295,5,'2015-10-13 12:09:16'),(988,8,272,4,'2015-10-13 17:30:31'),(989,0,315,2,'2015-10-15 16:16:23'),(990,0,315,27,'2015-10-15 16:18:14'),(991,0,316,2,'2015-10-15 16:27:56'),(992,0,316,27,'2015-10-15 16:30:06'),(993,8,316,4,'2015-10-15 17:40:38'),(994,8,315,4,'2015-10-15 17:41:34'),(995,8,272,5,'2015-10-16 11:23:03'),(996,8,274,5,'2015-10-16 15:14:06'),(997,8,278,5,'2015-10-16 15:15:40'),(998,8,292,5,'2015-10-16 15:16:20'),(999,8,296,5,'2015-10-16 15:16:48'),(1000,0,317,2,'2015-10-16 19:42:11'),(1001,0,317,27,'2015-10-16 19:42:19'),(1002,0,318,2,'2015-10-16 23:10:52'),(1003,0,318,27,'2015-10-16 23:12:17'),(1004,0,319,2,'2015-10-17 10:35:04'),(1005,0,319,27,'2015-10-17 10:36:18'),(1006,8,291,4,'2015-10-17 11:53:24'),(1007,8,319,4,'2015-10-17 11:57:42'),(1008,8,279,4,'2015-10-17 12:04:32'),(1009,8,294,4,'2015-10-17 12:12:39'),(1010,8,318,4,'2015-10-17 12:28:40'),(1011,8,317,4,'2015-10-17 12:29:49'),(1012,8,309,5,'2015-10-17 12:35:05'),(1013,8,315,5,'2015-10-17 12:35:56'),(1014,8,316,5,'2015-10-17 12:36:23'),(1015,0,320,2,'2015-10-17 15:39:23'),(1016,0,320,27,'2015-10-17 15:44:40'),(1017,0,321,2,'2015-10-17 22:14:03'),(1018,0,321,27,'2015-10-17 22:14:57'),(1019,0,322,2,'2015-10-18 12:45:01'),(1020,0,322,27,'2015-10-18 12:45:07'),(1021,8,320,4,'2015-10-19 14:10:27'),(1022,8,322,4,'2015-10-19 14:11:22'),(1023,8,321,4,'2015-10-19 14:26:51'),(1024,8,300,7,'2015-10-20 11:36:29'),(1025,8,310,7,'2015-10-20 12:11:46'),(1026,0,323,2,'2015-10-21 00:06:07'),(1027,0,323,27,'2015-10-21 00:06:40'),(1028,8,323,4,'2015-10-21 11:24:55'),(1029,8,291,5,'2015-10-21 14:04:07'),(1030,8,319,5,'2015-10-21 14:04:32'),(1031,8,279,5,'2015-10-21 14:05:21'),(1032,8,315,7,'2015-10-22 12:16:16'),(1033,8,294,5,'2015-10-22 13:32:36'),(1034,0,324,2,'2015-10-22 22:30:43'),(1035,0,324,27,'2015-10-22 22:30:54'),(1036,0,325,2,'2015-10-23 07:01:41'),(1037,0,325,27,'2015-10-23 07:02:41'),(1038,0,326,2,'2015-10-23 07:34:45'),(1039,8,324,4,'2015-10-23 11:17:48'),(1040,8,325,4,'2015-10-23 12:01:37'),(1041,8,326,4,'2015-10-23 12:35:38'),(1042,8,322,5,'2015-10-23 13:23:17'),(1043,0,327,2,'2015-10-25 09:32:54'),(1044,0,327,27,'2015-10-25 09:33:12'),(1045,0,328,2,'2015-10-25 22:41:59'),(1046,0,328,27,'2015-10-25 22:42:12'),(1047,8,293,5,'2015-10-26 13:31:02'),(1048,8,301,5,'2015-10-26 13:32:20'),(1049,8,303,5,'2015-10-26 14:16:29'),(1050,8,304,5,'2015-10-26 14:17:24'),(1051,8,305,5,'2015-10-26 14:19:44'),(1052,8,308,5,'2015-10-26 14:21:57'),(1053,8,306,5,'2015-10-26 14:22:53'),(1054,8,311,5,'2015-10-26 14:23:43'),(1055,8,312,5,'2015-10-26 14:24:28'),(1056,8,313,5,'2015-10-26 14:25:16'),(1057,8,314,5,'2015-10-26 14:26:23'),(1058,8,317,5,'2015-10-26 14:26:55'),(1059,8,318,5,'2015-10-26 14:27:23'),(1060,8,321,5,'2015-10-26 14:28:56'),(1061,8,327,4,'2015-10-26 15:56:54'),(1062,8,326,5,'2015-10-27 11:09:55'),(1063,8,325,5,'2015-10-27 11:10:26'),(1064,8,328,4,'2015-10-27 13:01:03'),(1065,0,326,27,'2015-10-27 17:37:11'),(1066,8,326,5,'2015-10-27 19:01:02'),(1067,0,329,2,'2015-10-28 06:54:07'),(1068,0,329,27,'2015-10-28 06:54:27'),(1069,8,329,4,'2015-10-28 13:36:55'),(1070,0,330,2,'2015-10-29 16:49:18'),(1071,0,330,27,'2015-10-29 16:49:26'),(1072,8,330,5,'2015-10-29 17:34:42'),(1073,8,330,4,'2015-10-29 17:38:46'),(1074,8,272,19,'2015-10-30 12:00:23'),(1075,8,328,5,'2015-10-30 14:36:15'),(1076,8,330,5,'2015-10-30 14:45:19'),(1077,0,331,2,'2015-11-01 10:40:13'),(1078,0,331,27,'2015-11-01 10:42:08'),(1079,8,331,4,'2015-11-02 14:07:40'),(1080,8,320,5,'2015-11-03 11:11:55'),(1081,8,323,5,'2015-11-03 11:13:16'),(1082,8,329,5,'2015-11-03 11:21:42'),(1083,8,327,5,'2015-11-03 11:24:08'),(1084,0,332,8,'2015-11-03 17:09:01'),(1085,8,332,2,'2015-11-03 17:14:27'),(1086,0,332,27,'2015-11-03 17:16:14'),(1087,8,332,4,'2015-11-03 17:56:15'),(1088,0,333,2,'2015-11-04 01:57:26'),(1089,0,334,2,'2015-11-04 09:56:44'),(1090,0,334,27,'2015-11-04 10:00:06'),(1091,8,334,4,'2015-11-04 11:46:54'),(1092,8,331,5,'2015-11-04 11:54:35'),(1093,0,335,2,'2015-11-06 03:21:49'),(1094,0,335,27,'2015-11-06 03:32:08'),(1095,0,336,2,'2015-11-06 11:26:48'),(1096,0,336,27,'2015-11-06 11:32:10'),(1097,8,330,7,'2015-11-06 11:35:54'),(1098,8,336,4,'2015-11-06 11:51:30'),(1099,8,335,4,'2015-11-06 12:12:43'),(1100,0,333,27,'2015-11-06 16:16:01'),(1101,8,333,4,'2015-11-06 16:24:12'),(1102,8,324,5,'2015-11-07 11:22:12'),(1103,0,337,2,'2015-11-08 22:23:47'),(1104,0,337,27,'2015-11-08 22:32:04'),(1105,8,337,4,'2015-11-09 15:00:17'),(1106,0,338,2,'2015-11-10 09:28:44'),(1107,0,338,27,'2015-11-10 09:32:07'),(1108,0,339,2,'2015-11-10 13:49:36'),(1109,8,338,4,'2015-11-10 17:20:07'),(1110,0,340,2,'2015-11-11 21:29:47'),(1111,0,340,27,'2015-11-11 21:32:05'),(1112,8,339,4,'2015-11-12 11:38:37'),(1113,0,339,27,'2015-11-12 11:48:02'),(1114,8,339,4,'2015-11-12 11:58:48'),(1115,8,340,4,'2015-11-12 12:11:30'),(1116,0,341,2,'2015-11-12 12:50:41'),(1117,0,341,27,'2015-11-12 12:50:48'),(1118,8,341,4,'2015-11-12 13:47:08'),(1119,0,342,2,'2015-11-18 09:08:18'),(1120,0,342,27,'2015-11-18 09:16:08'),(1121,8,342,4,'2015-11-18 11:37:05'),(1122,8,341,5,'2015-11-18 12:20:43'),(1123,8,339,5,'2015-11-18 12:21:08'),(1124,0,343,2,'2015-11-19 01:00:43'),(1125,0,343,27,'2015-11-19 01:00:51'),(1126,8,343,4,'2015-11-19 12:47:38'),(1127,8,340,5,'2015-11-19 13:44:27'),(1128,8,336,5,'2015-11-19 13:44:53'),(1129,8,334,5,'2015-11-19 13:45:20'),(1130,0,344,2,'2015-11-21 06:44:51'),(1131,0,344,27,'2015-11-21 06:48:15'),(1132,8,344,4,'2015-11-21 11:54:26'),(1133,0,345,2,'2015-11-21 23:22:23'),(1134,0,345,27,'2015-11-21 23:32:04'),(1135,8,345,7,'2015-11-23 15:39:33'),(1136,8,333,5,'2015-11-24 11:34:43'),(1137,8,338,5,'2015-11-24 11:35:27'),(1138,0,346,2,'2015-11-24 17:50:18'),(1139,0,346,27,'2015-11-24 17:50:27'),(1140,8,344,5,'2015-11-25 11:47:05'),(1141,8,344,7,'2015-11-27 12:14:23'),(1142,0,347,2,'2015-11-27 18:31:39'),(1143,0,347,27,'2015-11-27 18:32:09'),(1144,0,348,2,'2015-11-27 19:00:22'),(1145,0,348,27,'2015-11-27 19:00:29'),(1146,0,349,2,'2015-11-27 19:16:14'),(1147,0,349,27,'2015-11-27 19:16:21'),(1148,0,350,2,'2015-11-27 22:13:08'),(1149,0,350,27,'2015-11-27 22:16:06'),(1150,0,351,2,'2015-11-27 23:52:51'),(1151,0,351,27,'2015-11-28 00:00:01'),(1152,0,352,2,'2015-11-28 08:44:39'),(1153,0,352,27,'2015-11-28 08:48:14'),(1154,8,350,4,'2015-11-28 11:47:44'),(1155,0,353,2,'2015-11-28 11:59:45'),(1156,0,353,27,'2015-11-28 12:00:03'),(1157,8,348,4,'2015-11-28 12:00:52'),(1158,8,349,4,'2015-11-28 12:10:19'),(1159,8,351,4,'2015-11-28 12:11:19'),(1160,8,347,4,'2015-11-28 12:25:28'),(1161,8,353,4,'2015-11-28 12:31:45'),(1162,8,352,4,'2015-11-28 14:28:09'),(1163,0,354,2,'2015-11-29 22:08:25'),(1164,0,354,27,'2015-11-29 22:16:07'),(1165,8,354,4,'2015-11-30 13:11:53'),(1166,0,355,2,'2015-11-30 14:07:50'),(1167,0,355,27,'2015-11-30 14:16:04'),(1168,8,355,4,'2015-11-30 16:55:53'),(1169,8,342,5,'2015-12-01 13:55:49'),(1170,0,356,2,'2015-12-02 05:20:51'),(1171,0,356,27,'2015-12-02 05:32:28'),(1172,8,356,4,'2015-12-02 11:48:39'),(1173,8,352,5,'2015-12-02 12:03:51'),(1174,8,349,5,'2015-12-02 12:04:58'),(1175,8,348,5,'2015-12-02 12:06:35'),(1176,8,347,5,'2015-12-02 12:07:09'),(1177,0,357,2,'2015-12-02 16:46:20'),(1178,0,357,27,'2015-12-02 16:48:06'),(1179,8,355,5,'2015-12-03 11:10:43'),(1180,8,350,5,'2015-12-03 11:11:51'),(1181,8,351,5,'2015-12-03 11:13:13'),(1182,8,349,19,'2015-12-03 12:04:34'),(1183,8,357,4,'2015-12-04 12:30:03'),(1184,0,358,2,'2015-12-04 14:39:26'),(1185,0,358,27,'2015-12-04 14:48:05'),(1186,8,358,4,'2015-12-04 15:47:19'),(1187,0,359,8,'2015-12-06 15:58:34'),(1188,8,359,2,'2015-12-07 14:08:44'),(1189,0,359,27,'2015-12-07 14:16:05'),(1190,8,359,4,'2015-12-07 16:24:55'),(1191,0,360,2,'2015-12-09 09:19:51'),(1192,0,360,27,'2015-12-09 09:32:07'),(1193,8,360,4,'2015-12-09 12:00:28'),(1194,8,358,7,'2015-12-11 12:52:32'),(1195,0,361,2,'2015-12-13 12:30:10'),(1196,0,361,27,'2015-12-13 12:32:04'),(1197,8,361,4,'2015-12-14 14:26:32'),(1198,0,362,8,'2015-12-14 23:49:49'),(1199,0,363,2,'2015-12-15 19:16:14'),(1200,0,363,27,'2015-12-15 19:16:18'),(1201,8,363,4,'2015-12-16 12:17:52'),(1202,8,337,7,'2015-12-17 11:53:43'),(1203,0,364,2,'2015-12-17 16:37:38'),(1204,0,364,27,'2015-12-17 16:48:04'),(1205,8,362,2,'2015-12-17 17:07:09'),(1206,0,362,27,'2015-12-17 17:16:02'),(1207,8,362,4,'2015-12-17 17:16:50'),(1208,8,364,7,'2015-12-17 17:54:06'),(1209,8,363,5,'2015-12-18 11:02:17'),(1210,8,335,5,'2015-12-18 12:42:37'),(1211,8,343,5,'2015-12-18 12:43:05'),(1212,0,365,2,'2015-12-18 16:59:04'),(1213,0,365,27,'2015-12-18 17:00:02'),(1214,8,365,4,'2015-12-19 12:25:08'),(1215,0,366,2,'2015-12-21 08:43:24'),(1216,0,366,27,'2015-12-21 08:48:17'),(1217,8,366,4,'2015-12-21 13:38:45'),(1218,8,346,19,'2015-12-21 16:07:27'),(1219,8,362,5,'2015-12-22 15:40:42'),(1220,8,332,5,'2015-12-22 15:44:27'),(1221,0,367,2,'2015-12-23 06:52:40'),(1222,0,367,27,'2015-12-23 07:00:24'),(1223,8,367,4,'2015-12-23 12:28:35'),(1224,0,368,2,'2015-12-27 10:42:42'),(1225,0,368,27,'2015-12-27 10:48:06'),(1226,0,369,2,'2015-12-27 14:27:15'),(1227,0,369,27,'2015-12-27 14:32:04'),(1228,8,369,4,'2015-12-28 13:39:03'),(1229,8,368,4,'2015-12-28 14:12:23'),(1230,0,370,2,'2015-12-28 17:09:36'),(1231,0,370,27,'2015-12-28 17:16:06'),(1232,0,371,2,'2015-12-29 01:11:56'),(1233,0,371,27,'2015-12-29 01:16:07'),(1234,8,371,4,'2015-12-29 11:41:03'),(1235,8,370,4,'2015-12-29 13:56:58'),(1236,0,372,2,'2016-01-04 00:14:46'),(1237,0,372,27,'2016-01-04 00:16:06'),(1238,0,373,2,'2016-01-04 00:24:02'),(1239,0,373,27,'2016-01-04 00:32:03'),(1240,0,374,2,'2016-01-04 00:37:43'),(1241,0,374,27,'2016-01-04 00:48:04'),(1242,0,375,2,'2016-01-04 01:08:28'),(1243,0,375,27,'2016-01-04 01:16:03'),(1244,0,376,2,'2016-01-04 02:56:25'),(1245,0,376,27,'2016-01-04 03:00:08'),(1246,0,377,8,'2016-01-04 04:56:41'),(1247,0,378,8,'2016-01-04 04:59:12'),(1248,0,379,2,'2016-01-04 06:00:41'),(1249,0,379,27,'2016-01-04 06:00:56'),(1250,0,379,27,'2016-01-04 06:00:56'),(1251,0,380,8,'2016-01-04 06:10:32'),(1252,0,381,8,'2016-01-04 06:14:14'),(1253,0,382,8,'2016-01-04 06:15:50'),(1254,0,383,8,'2016-01-04 06:17:15'),(1255,0,384,8,'2016-01-04 06:25:08'),(1256,0,385,8,'2016-01-04 06:35:59'),(1257,0,386,2,'2016-01-04 07:48:08'),(1258,0,386,27,'2016-01-04 07:48:30'),(1259,0,387,2,'2016-01-04 07:55:35'),(1260,0,387,27,'2016-01-04 08:00:15'),(1261,0,388,2,'2016-01-04 10:19:24'),(1262,8,380,2,'2016-01-04 11:49:35'),(1263,0,380,27,'2016-01-04 11:49:43'),(1264,0,389,2,'2016-01-04 12:40:34'),(1265,0,389,27,'2016-01-04 12:48:03'),(1266,8,377,7,'2016-01-04 13:15:29'),(1267,8,378,7,'2016-01-04 13:16:41'),(1268,0,390,2,'2016-01-04 13:19:40'),(1269,0,390,27,'2016-01-04 13:32:04'),(1270,0,391,2,'2016-01-04 14:15:09'),(1271,0,391,27,'2016-01-04 14:16:11'),(1272,8,389,4,'2016-01-04 15:02:30'),(1273,8,390,4,'2016-01-04 15:12:10'),(1274,8,391,4,'2016-01-04 15:43:01'),(1275,8,387,4,'2016-01-04 15:49:26'),(1276,8,374,4,'2016-01-04 15:55:37'),(1277,0,392,2,'2016-01-04 16:05:02'),(1278,0,392,27,'2016-01-04 16:16:03'),(1279,8,386,4,'2016-01-04 16:27:06'),(1280,8,375,4,'2016-01-04 16:57:08'),(1281,0,393,2,'2016-01-04 17:04:57'),(1282,0,393,27,'2016-01-04 17:16:05'),(1283,8,372,4,'2016-01-04 17:37:25'),(1284,8,393,4,'2016-01-04 17:48:05'),(1285,8,373,4,'2016-01-04 17:56:59'),(1286,0,394,8,'2016-01-04 18:18:33'),(1287,8,379,4,'2016-01-04 18:24:32'),(1288,8,376,4,'2016-01-04 18:25:53'),(1289,8,394,27,'2016-01-04 18:28:05'),(1290,8,394,2,'2016-01-04 18:28:39'),(1291,0,394,27,'2016-01-04 18:32:02'),(1292,8,388,7,'2016-01-04 18:42:38'),(1293,0,395,2,'2016-01-04 21:53:44'),(1294,0,395,27,'2016-01-04 22:00:11'),(1295,0,396,2,'2016-01-05 10:45:43'),(1296,0,396,27,'2016-01-05 10:48:05'),(1297,8,380,4,'2016-01-05 13:04:05'),(1298,8,392,4,'2016-01-05 13:06:15'),(1299,8,353,19,'2016-01-05 13:29:24'),(1300,8,395,4,'2016-01-05 13:35:25'),(1301,8,394,4,'2016-01-05 14:54:43'),(1302,0,397,2,'2016-01-05 14:54:47'),(1303,0,397,27,'2016-01-05 15:00:04'),(1304,8,396,4,'2016-01-05 15:02:27'),(1305,8,381,7,'2016-01-05 15:04:33'),(1306,8,382,7,'2016-01-05 15:05:41'),(1307,8,383,7,'2016-01-05 15:06:10'),(1308,8,384,7,'2016-01-05 15:06:53'),(1309,8,385,7,'2016-01-05 15:07:35'),(1310,8,397,4,'2016-01-05 15:19:47'),(1311,0,398,2,'2016-01-05 16:15:20'),(1312,0,398,27,'2016-01-05 16:16:10'),(1313,0,399,2,'2016-01-05 16:30:46'),(1314,0,399,27,'2016-01-05 16:32:02'),(1315,8,398,4,'2016-01-05 16:39:44'),(1316,0,400,2,'2016-01-05 16:55:45'),(1317,8,399,7,'2016-01-05 16:57:48'),(1318,0,400,27,'2016-01-05 17:00:03'),(1319,8,399,4,'2016-01-05 17:13:00'),(1320,0,401,8,'2016-01-05 17:38:45'),(1321,8,400,4,'2016-01-05 17:41:32'),(1322,8,401,2,'2016-01-05 17:48:30'),(1323,0,401,27,'2016-01-05 17:48:35'),(1324,8,401,4,'2016-01-05 18:11:11'),(1325,0,402,2,'2016-01-05 21:24:49'),(1326,0,402,27,'2016-01-05 21:32:04'),(1327,0,403,2,'2016-01-05 22:15:50'),(1328,0,403,27,'2016-01-05 22:16:07'),(1329,0,404,2,'2016-01-05 23:38:09'),(1330,0,404,27,'2016-01-05 23:48:00'),(1331,0,405,2,'2016-01-06 09:05:10'),(1332,0,405,27,'2016-01-06 09:16:06'),(1333,0,406,2,'2016-01-06 10:05:11'),(1334,0,406,27,'2016-01-06 10:16:08'),(1335,8,403,4,'2016-01-06 11:33:02'),(1336,0,407,2,'2016-01-06 11:40:02'),(1337,8,404,4,'2016-01-06 11:47:58'),(1338,0,407,27,'2016-01-06 11:48:04'),(1339,8,406,4,'2016-01-06 12:14:02'),(1340,8,405,4,'2016-01-06 12:32:10'),(1341,8,407,4,'2016-01-06 13:01:43'),(1342,8,398,5,'2016-01-06 13:19:51'),(1343,8,386,5,'2016-01-06 13:20:38'),(1344,8,372,5,'2016-01-06 13:22:13'),(1345,0,408,2,'2016-01-06 13:46:34'),(1346,0,408,27,'2016-01-06 13:48:07'),(1347,8,408,4,'2016-01-06 14:33:29'),(1348,8,402,7,'2016-01-06 14:45:09'),(1349,0,409,2,'2016-01-06 15:16:55'),(1350,0,409,27,'2016-01-06 15:17:02'),(1351,0,410,2,'2016-01-06 15:21:21'),(1352,8,410,27,'2016-01-06 15:28:41'),(1353,0,410,27,'2016-01-06 15:32:02'),(1354,8,409,4,'2016-01-06 15:36:46'),(1355,8,410,4,'2016-01-06 15:50:12'),(1356,0,411,2,'2016-01-07 10:56:54'),(1357,0,411,27,'2016-01-07 11:00:05'),(1358,8,399,5,'2016-01-07 11:11:17'),(1359,8,392,5,'2016-01-07 11:11:54'),(1360,8,380,5,'2016-01-07 11:12:22'),(1361,8,411,4,'2016-01-07 11:24:57'),(1362,0,412,2,'2016-01-08 07:37:46'),(1363,0,412,27,'2016-01-08 07:48:12'),(1364,0,413,2,'2016-01-08 09:19:42'),(1365,0,413,27,'2016-01-08 09:32:04'),(1366,0,414,2,'2016-01-08 10:02:25'),(1367,0,414,27,'2016-01-08 10:02:34'),(1368,8,414,4,'2016-01-08 12:35:35'),(1369,8,412,4,'2016-01-08 12:36:34'),(1370,8,413,4,'2016-01-08 12:58:18'),(1371,8,371,7,'2016-01-08 12:59:09'),(1372,0,415,2,'2016-01-08 22:34:53'),(1373,0,415,27,'2016-01-08 22:34:59'),(1374,8,415,4,'2016-01-09 12:13:28'),(1375,0,416,2,'2016-01-09 21:59:08'),(1376,0,416,27,'2016-01-09 22:00:02'),(1377,0,417,2,'2016-01-10 11:53:43'),(1378,0,417,27,'2016-01-10 12:00:05'),(1379,8,417,7,'2016-01-10 15:17:45'),(1380,0,418,2,'2016-01-10 16:35:26'),(1381,0,418,27,'2016-01-10 16:48:02'),(1382,0,419,2,'2016-01-11 01:09:29'),(1383,0,419,27,'2016-01-11 01:16:09'),(1384,8,418,4,'2016-01-11 13:01:18'),(1385,8,419,4,'2016-01-11 13:56:22'),(1386,8,416,4,'2016-01-11 14:04:12'),(1387,8,370,7,'2016-01-11 16:12:09'),(1388,8,406,19,'2016-01-12 12:29:32'),(1389,8,413,7,'2016-01-12 16:00:21'),(1390,0,420,2,'2016-01-13 00:01:12'),(1391,0,420,27,'2016-01-13 00:01:21'),(1392,0,421,2,'2016-01-13 09:22:09'),(1393,0,421,27,'2016-01-13 09:32:05'),(1394,8,421,4,'2016-01-13 12:34:49'),(1395,8,420,4,'2016-01-13 12:54:44'),(1396,8,415,5,'2016-01-13 15:01:35'),(1397,0,422,2,'2016-01-13 17:15:00'),(1398,0,423,2,'2016-01-13 20:37:22'),(1399,0,424,2,'2016-01-13 22:49:29'),(1400,0,424,27,'2016-01-13 22:49:36');

--
-- Table structure for table `ps_order_invoice`
--

CREATE TABLE `ps_order_invoice` (
  `id_order_invoice` int(11) unsigned NOT NULL AUTO_INCREMENT,
  `id_order` int(11) NOT NULL,
  `number` int(11) NOT NULL,
  `delivery_number` int(11) NOT NULL,
  `delivery_date` datetime DEFAULT NULL,
  `total_discount_tax_excl` decimal(17,2) NOT NULL DEFAULT '0.00',
  `total_discount_tax_incl` decimal(17,2) NOT NULL DEFAULT '0.00',
  `total_paid_tax_excl` decimal(17,2) NOT NULL DEFAULT '0.00',
  `total_paid_tax_incl` decimal(17,2) NOT NULL DEFAULT '0.00',
  `total_products` decimal(17,2) NOT NULL DEFAULT '0.00',
  `total_products_wt` decimal(17,2) NOT NULL DEFAULT '0.00',
  `total_shipping_tax_excl` decimal(17,2) NOT NULL DEFAULT '0.00',
  `total_shipping_tax_incl` decimal(17,2) NOT NULL DEFAULT '0.00',
  `shipping_tax_computation_method` int(10) unsigned NOT NULL,
  `total_wrapping_tax_excl` decimal(17,2) NOT NULL DEFAULT '0.00',
  `total_wrapping_tax_incl` decimal(17,2) NOT NULL DEFAULT '0.00',
  `note` text,
  `date_add` datetime NOT NULL,
  PRIMARY KEY (`id_order_invoice`),
  KEY `id_order` (`id_order`)
) ENGINE=InnoDB AUTO_INCREMENT=404 DEFAULT CHARSET=utf8;

--
-- Dumping data for table `ps_order_invoice`
--

INSERT INTO `ps_order_invoice` VALUES (1,6,1,0,'0000-00-00 00:00:00','0.00','0.00','23.51','28.21','16.51','19.81','7.00','8.40',0,'0.00','0.00','','2014-12-19 11:11:04'),(2,7,2,0,'0000-00-00 00:00:00','0.00','0.00','53.00','63.60','53.00','63.60','0.00','0.00',0,'0.00','0.00','','2014-12-23 18:42:29'),(3,8,3,0,'0000-00-00 00:00:00','0.00','0.00','16.51','19.81','16.51','19.81','0.00','0.00',0,'0.00','0.00','','2014-12-30 15:01:58'),(4,9,4,0,'0000-00-00 00:00:00','0.00','0.00','16.51','19.81','16.51','19.81','0.00','0.00',0,'0.00','0.00','','2014-12-30 15:07:59'),(5,10,5,0,'0000-00-00 00:00:00','0.00','0.00','16.51','19.81','16.51','19.81','0.00','0.00',0,'0.00','0.00','','2014-12-30 15:22:29'),(6,11,6,0,'0000-00-00 00:00:00','0.00','0.00','535.83','640.00','520.83','625.00','15.00','15.00',0,'0.00','0.00','','2015-01-15 09:56:59'),(7,12,7,1,'2015-01-17 13:01:46','0.00','0.00','965.00','1158.00','965.00','1158.00','0.00','0.00',0,'0.00','0.00','','2015-01-17 13:01:45'),(8,13,8,2,'2015-01-17 17:30:55','0.00','0.00','1185.00','1185.00','1170.00','1170.00','15.00','15.00',0,'0.00','0.00','','2015-01-17 17:30:55'),(9,14,9,0,'0000-00-00 00:00:00','0.00','0.00','281.67','335.00','266.67','320.00','15.00','15.00',0,'0.00','0.00','','2015-01-22 09:00:06'),(10,15,10,3,'2015-02-03 20:41:29','0.00','0.00','548.34','655.00','533.34','640.00','15.00','15.00',0,'0.00','0.00','','2015-01-22 11:44:17'),(11,17,11,0,'0000-00-00 00:00:00','0.00','0.00','435.83','520.00','420.83','505.00','15.00','15.00',0,'0.00','0.00','','2015-01-24 17:23:17'),(12,20,12,0,'0000-00-00 00:00:00','0.00','0.00','160.83','190.00','145.83','175.00','15.00','15.00',0,'0.00','0.00','','2015-01-27 14:17:06'),(13,21,13,4,'2015-02-04 12:26:10','0.00','0.00','509.17','605.00','479.17','575.00','30.00','30.00',0,'0.00','0.00','','2015-02-04 11:15:10'),(14,22,14,0,'0000-00-00 00:00:00','0.00','0.00','494.17','590.00','479.17','575.00','15.00','15.00',0,'0.00','0.00','','2015-02-04 15:28:06'),(15,23,15,0,'0000-00-00 00:00:00','0.00','0.00','215.00','255.00','200.00','240.00','15.00','15.00',0,'0.00','0.00','','2015-02-04 15:41:48'),(16,24,16,0,'0000-00-00 00:00:00','0.00','0.00','277.50','330.00','262.50','315.00','15.00','15.00',0,'0.00','0.00','','2015-02-04 22:15:42'),(17,25,17,24,'2015-03-28 16:54:48','0.00','0.00','277.50','330.00','262.50','315.00','15.00','15.00',0,'0.00','0.00','','2015-02-07 23:41:17'),(18,26,18,9,'2015-03-10 11:52:06','0.00','0.00','279.17','335.00','279.17','335.00','0.00','0.00',0,'0.00','0.00','','2015-02-08 16:50:54'),(19,29,19,5,'2015-02-11 21:44:53','0.00','0.00','281.67','335.00','266.67','320.00','15.00','15.00',0,'0.00','0.00','','2015-02-11 21:44:53'),(20,34,20,0,'0000-00-00 00:00:00','0.00','0.00','355.00','355.00','340.00','340.00','15.00','15.00',0,'0.00','0.00','','2015-02-12 21:37:19'),(21,35,21,0,'0000-00-00 00:00:00','0.00','0.00','355.00','355.00','340.00','340.00','15.00','15.00',0,'0.00','0.00','','2015-02-12 21:50:24'),(22,36,22,0,'0000-00-00 00:00:00','0.00','0.00','355.00','355.00','340.00','340.00','15.00','15.00',0,'0.00','0.00','','2015-02-12 21:54:55'),(23,37,23,0,'0000-00-00 00:00:00','0.00','0.00','355.00','355.00','340.00','340.00','15.00','15.00',0,'0.00','0.00','','2015-02-12 22:23:50'),(24,38,24,0,'0000-00-00 00:00:00','0.00','0.00','281.67','335.00','266.67','320.00','15.00','15.00',0,'0.00','0.00','','2015-02-12 22:28:37'),(25,39,25,0,'0000-00-00 00:00:00','0.00','0.00','281.67','335.00','266.67','320.00','15.00','15.00',0,'0.00','0.00','','2015-02-12 22:58:59'),(26,41,26,0,'0000-00-00 00:00:00','0.00','0.00','467.50','467.50','437.50','437.50','30.00','30.00',0,'0.00','0.00','','2015-02-14 13:52:59'),(27,42,27,15,'2015-03-20 11:27:59','0.00','0.00','1416.67','1700.00','1416.67','1700.00','0.00','0.00',0,'0.00','0.00','','2015-02-16 02:42:54'),(28,43,28,56,'2015-04-14 15:55:20','0.00','0.00','915.00','915.00','900.00','900.00','15.00','15.00',0,'0.00','0.00','','2015-02-16 19:13:43'),(29,52,29,46,'2015-04-10 17:41:22','0.00','0.00','1405.00','1405.00','1390.00','1390.00','15.00','15.00',0,'0.00','0.00','','2015-02-19 11:03:25'),(30,48,30,6,'2015-03-05 11:46:09','0.00','0.00','225.00','225.00','210.00','210.00','15.00','15.00',0,'0.00','0.00','','2015-03-05 10:38:27'),(31,60,31,0,'0000-00-00 00:00:00','0.00','0.00','180.00','180.00','165.00','165.00','15.00','15.00',0,'0.00','0.00','','2015-03-06 09:05:08'),(32,61,32,0,'0000-00-00 00:00:00','0.00','0.00','265.00','315.00','250.00','300.00','15.00','15.00',0,'0.00','0.00','','2015-03-06 09:14:32'),(33,62,33,62,'2015-04-14 17:46:31','0.00','0.00','1527.51','1830.00','1512.51','1815.00','15.00','15.00',0,'0.00','0.00','','2015-03-06 13:36:30'),(34,63,34,21,'2015-03-28 15:57:16','0.00','0.00','305.00','305.00','290.00','290.00','15.00','15.00',0,'0.00','0.00','','2015-03-06 20:16:42'),(35,64,35,16,'2015-03-21 13:00:02','0.00','0.00','970.00','970.00','955.00','955.00','15.00','15.00',0,'0.00','0.00','','2015-03-08 13:28:21'),(36,65,36,25,'2015-03-28 18:22:00','0.00','0.00','1430.00','1430.00','1415.00','1415.00','15.00','15.00',0,'0.00','0.00','','2015-03-09 04:30:55'),(37,66,37,8,'2015-03-09 16:47:49','0.00','0.00','259.17','305.00','229.17','275.00','30.00','30.00',0,'0.00','0.00','','2015-03-09 06:50:04'),(38,59,38,7,'2015-03-09 16:05:13','0.00','0.00','595.00','595.00','565.00','565.00','30.00','30.00',0,'0.00','0.00','','2015-03-09 14:29:11'),(39,67,39,60,'2015-04-14 17:16:56','0.00','0.00','330.00','330.00','300.00','300.00','30.00','30.00',0,'0.00','0.00','','2015-03-10 08:14:20'),(40,27,40,10,'2015-03-10 12:14:35','0.00','0.00','256.67','305.00','241.67','290.00','15.00','15.00',0,'0.00','0.00','','2015-03-10 12:14:35'),(41,68,41,11,'2015-03-12 11:40:47','0.00','0.00','490.00','585.00','475.00','570.00','15.00','15.00',0,'0.00','0.00','','2015-03-11 13:23:25'),(42,56,42,12,'2015-03-12 11:50:30','0.00','0.00','625.00','625.00','610.00','610.00','15.00','15.00',0,'0.00','0.00','','2015-03-12 11:50:30'),(43,69,43,19,'2015-03-26 15:46:39','0.00','0.00','244.17','290.00','229.17','275.00','15.00','15.00',0,'0.00','0.00','','2015-03-12 19:28:30'),(44,70,44,13,'2015-03-13 15:38:51','0.00','0.00','525.00','525.00','510.00','510.00','15.00','15.00',0,'0.00','0.00','','2015-03-13 13:24:53'),(45,53,45,14,'2015-03-18 16:44:13','0.00','0.00','305.00','305.00','275.00','275.00','30.00','30.00',0,'0.00','0.00','','2015-03-18 16:30:39'),(46,72,46,28,'2015-03-30 16:02:55','0.00','0.00','467.50','555.00','437.50','525.00','30.00','30.00',0,'0.00','0.00','','2015-03-21 11:16:10'),(47,73,47,20,'2015-03-28 15:35:08','0.00','0.00','223.33','265.00','208.33','250.00','15.00','15.00',0,'0.00','0.00','','2015-03-21 13:23:20'),(48,74,48,77,'2015-04-18 11:55:39','0.00','0.00','705.00','705.00','690.00','690.00','15.00','15.00',0,'0.00','0.00','','2015-03-22 08:29:26'),(49,75,49,17,'2015-03-25 12:51:22','0.00','0.00','285.00','285.00','270.00','270.00','15.00','15.00',0,'0.00','0.00','','2015-03-24 18:36:21'),(50,76,50,0,'0000-00-00 00:00:00','0.00','0.00','575.00','575.00','560.00','560.00','15.00','15.00',0,'0.00','0.00','','2015-03-25 12:08:53'),(51,77,51,33,'2015-04-02 14:16:55','0.00','0.00','255.00','300.00','225.00','270.00','30.00','30.00',0,'0.00','0.00','','2015-03-26 14:05:36'),(52,54,52,18,'2015-03-26 15:30:42','0.00','0.00','440.00','440.00','425.00','425.00','15.00','15.00',0,'0.00','0.00','','2015-03-26 15:30:42'),(53,79,53,35,'2015-04-03 15:38:15','0.00','0.00','370.00','370.00','340.00','340.00','30.00','30.00',0,'0.00','0.00','','2015-03-27 12:03:08'),(54,80,54,23,'2015-03-28 16:39:47','0.00','0.00','760.00','760.00','745.00','745.00','15.00','15.00',0,'0.00','0.00','','2015-03-27 16:39:14'),(55,28,55,22,'2015-03-28 16:25:46','0.00','0.00','281.67','335.00','266.67','320.00','15.00','15.00',0,'0.00','0.00','','2015-03-28 16:25:46'),(56,82,56,26,'2015-03-30 13:49:47','0.00','0.00','550.00','550.00','535.00','535.00','15.00','15.00',0,'0.00','0.00','','2015-03-30 02:32:02'),(57,83,57,43,'2015-04-07 14:01:18','0.00','0.00','1980.00','1980.00','1965.00','1965.00','15.00','15.00',0,'0.00','0.00','','2015-03-30 05:06:40'),(58,84,58,41,'2015-04-07 13:00:20','0.00','0.00','290.00','345.00','275.00','330.00','15.00','15.00',0,'0.00','0.00','','2015-03-30 10:37:43'),(59,71,59,27,'2015-03-30 15:47:31','0.00','0.00','1277.49','1530.00','1262.49','1515.00','15.00','15.00',0,'0.00','0.00','','2015-03-30 15:47:31'),(60,85,60,30,'2015-04-02 12:22:14','0.00','0.00','160.00','160.00','145.00','145.00','15.00','15.00',0,'0.00','0.00','','2015-04-01 16:16:57'),(61,86,61,31,'2015-04-02 12:32:15','0.00','0.00','355.00','355.00','340.00','340.00','15.00','15.00',0,'0.00','0.00','','2015-04-01 20:11:17'),(62,87,62,45,'2015-04-09 12:08:19','0.00','0.00','380.00','450.00','350.00','420.00','30.00','30.00',0,'0.00','0.00','','2015-04-01 21:11:22'),(63,88,63,29,'2015-04-02 11:55:15','0.00','0.00','345.00','345.00','315.00','315.00','30.00','30.00',0,'0.00','0.00','','2015-04-02 07:47:30'),(64,89,64,32,'2015-04-02 12:49:25','0.00','0.00','398.33','475.00','383.33','460.00','15.00','15.00',0,'0.00','0.00','','2015-04-02 12:24:14'),(65,90,65,57,'2015-04-14 16:05:53','0.00','0.00','150.00','150.00','135.00','135.00','15.00','15.00',0,'0.00','0.00','','2015-04-02 17:04:14'),(66,55,66,34,'2015-04-03 15:01:50','0.00','0.00','223.33','265.00','208.33','250.00','15.00','15.00',0,'0.00','0.00','','2015-04-03 15:01:50'),(67,91,67,36,'2015-04-03 16:23:19','0.00','0.00','344.17','410.00','329.17','395.00','15.00','15.00',0,'0.00','0.00','','2015-04-03 15:58:46'),(68,92,68,82,'2015-04-20 15:37:34','0.00','0.00','2115.00','2115.00','2100.00','2100.00','15.00','15.00',0,'0.00','0.00','','2015-04-04 01:18:27'),(69,93,69,40,'2015-04-07 12:06:06','0.00','0.00','630.00','630.00','600.00','600.00','30.00','30.00',0,'0.00','0.00','','2015-04-04 05:18:58'),(70,94,70,37,'2015-04-04 11:50:58','0.00','0.00','745.00','745.00','730.00','730.00','15.00','15.00',0,'0.00','0.00','','2015-04-04 06:56:09'),(71,95,71,59,'2015-04-14 16:50:47','0.00','0.00','680.00','680.00','665.00','665.00','15.00','15.00',0,'0.00','0.00','','2015-04-05 12:58:56'),(72,96,72,39,'2015-04-07 11:48:09','0.00','0.00','340.00','405.00','325.00','390.00','15.00','15.00',0,'0.00','0.00','','2015-04-05 18:30:10'),(73,97,73,38,'2015-04-07 11:41:44','0.00','0.00','650.00','650.00','635.00','635.00','15.00','15.00',0,'0.00','0.00','','2015-04-06 21:53:43'),(74,57,74,42,'2015-04-07 13:25:48','0.00','0.00','820.00','820.00','805.00','805.00','15.00','15.00',0,'0.00','0.00','','2015-04-07 13:25:48'),(75,98,75,44,'2015-04-08 11:32:34','0.00','0.00','244.17','290.00','229.17','275.00','15.00','15.00',0,'0.00','0.00','','2015-04-07 20:16:45'),(76,99,76,61,'2015-04-14 17:29:06','0.00','0.00','295.00','295.00','280.00','280.00','15.00','15.00',0,'0.00','0.00','','2015-04-08 17:19:04'),(77,100,77,47,'2015-04-11 11:40:44','0.00','0.00','127.50','150.00','112.50','135.00','15.00','15.00',0,'0.00','0.00','','2015-04-11 00:50:39'),(78,101,78,0,'0000-00-00 00:00:00','340.00','405.00','0.00','0.00','325.00','390.00','15.00','15.00',0,'0.00','0.00','','2015-04-11 11:53:10'),(79,102,79,0,'0000-00-00 00:00:00','260.83','310.00','0.00','0.00','245.83','295.00','15.00','15.00',0,'0.00','0.00','','2015-04-11 11:57:01'),(80,103,80,63,'2015-04-14 17:59:56','0.00','0.00','740.00','885.00','725.00','870.00','15.00','15.00',0,'0.00','0.00','','2015-04-11 13:12:39'),(81,104,81,49,'2015-04-13 14:03:23','0.00','0.00','590.00','590.00','560.00','560.00','30.00','30.00',0,'0.00','0.00','','2015-04-12 22:56:08'),(82,105,82,48,'2015-04-13 13:48:28','0.00','0.00','320.00','320.00','290.00','290.00','30.00','30.00',0,'0.00','0.00','','2015-04-12 23:10:58'),(83,106,83,50,'2015-04-13 14:44:48','0.00','0.00','771.67','920.00','741.67','890.00','30.00','30.00',0,'0.00','0.00','','2015-04-13 08:40:08'),(84,107,84,51,'2015-04-14 11:41:25','0.00','0.00','917.50','1095.00','887.50','1065.00','30.00','30.00',0,'0.00','0.00','','2015-04-13 17:51:52'),(85,108,85,54,'2015-04-14 12:41:05','0.00','0.00','640.00','640.00','610.00','610.00','30.00','30.00',0,'0.00','0.00','','2015-04-13 18:40:10'),(86,109,86,52,'2015-04-14 11:58:02','0.00','0.00','830.00','990.00','800.00','960.00','30.00','30.00',0,'0.00','0.00','','2015-04-13 22:23:01'),(87,110,87,55,'2015-04-14 12:48:36','0.00','0.00','645.00','645.00','615.00','615.00','30.00','30.00',0,'0.00','0.00','','2015-04-14 04:32:04'),(88,111,88,53,'2015-04-14 12:25:44','0.00','0.00','640.00','640.00','610.00','610.00','30.00','30.00',0,'0.00','0.00','','2015-04-14 10:44:44'),(89,78,89,58,'2015-04-14 16:12:48','0.00','0.00','575.00','575.00','560.00','560.00','15.00','15.00',0,'0.00','0.00','','2015-04-14 16:12:48'),(90,112,90,64,'2015-04-14 18:27:55','684.16','815.00','0.00','0.00','654.16','785.00','30.00','30.00',0,'0.00','0.00','','2015-04-14 18:17:32'),(91,113,91,65,'2015-04-15 11:36:58','0.00','0.00','227.50','270.00','212.50','255.00','15.00','15.00',0,'0.00','0.00','','2015-04-14 18:50:18'),(92,116,92,67,'2015-04-15 12:14:40','0.00','0.00','430.00','510.00','400.00','480.00','30.00','30.00',0,'0.00','0.00','','2015-04-15 00:44:42'),(93,117,93,68,'2015-04-15 12:55:07','0.00','0.00','680.00','680.00','650.00','650.00','30.00','30.00',0,'0.00','0.00','','2015-04-15 03:45:22'),(94,118,94,69,'2015-04-15 13:15:25','0.00','0.00','450.00','450.00','420.00','420.00','30.00','30.00',0,'0.00','0.00','','2015-04-15 07:41:34'),(95,114,95,66,'2015-04-15 11:57:41','0.00','0.00','360.00','360.00','330.00','330.00','30.00','30.00',0,'0.00','0.00','','2015-04-15 10:23:43'),(96,115,96,0,'0000-00-00 00:00:00','0.00','0.00','360.00','360.00','330.00','330.00','30.00','30.00',0,'0.00','0.00','','2015-04-15 10:24:07'),(97,81,97,70,'2015-04-15 14:27:47','0.00','0.00','1500.00','1500.00','1485.00','1485.00','15.00','15.00',0,'0.00','0.00','','2015-04-15 14:12:58'),(98,119,98,71,'2015-04-16 13:02:59','0.00','0.00','231.67','275.00','216.67','260.00','15.00','15.00',0,'0.00','0.00','','2015-04-15 20:02:00'),(99,120,99,72,'2015-04-16 13:12:29','0.00','0.00','431.67','515.00','416.67','500.00','15.00','15.00',0,'0.00','0.00','','2015-04-16 12:26:07'),(100,121,100,73,'2015-04-16 13:37:26','0.00','0.00','446.67','530.00','416.67','500.00','30.00','30.00',0,'0.00','0.00','','2015-04-16 12:59:58'),(101,122,101,76,'2015-04-17 15:26:34','467.50','555.00','0.00','0.00','437.50','525.00','30.00','30.00',0,'0.00','0.00','','2015-04-16 18:02:37'),(102,123,102,74,'2015-04-17 11:31:25','0.00','0.00','119.17','140.00','104.17','125.00','15.00','15.00',0,'0.00','0.00','','2015-04-16 20:51:54'),(103,124,103,75,'2015-04-17 12:01:00','0.00','0.00','650.00','650.00','620.00','620.00','30.00','30.00',0,'0.00','0.00','','2015-04-16 21:19:14'),(104,125,104,79,'2015-04-18 17:06:34','0.00','0.00','680.00','680.00','650.00','650.00','30.00','30.00',0,'0.00','0.00','','2015-04-17 19:04:39'),(105,126,105,78,'2015-04-18 16:57:50','0.00','0.00','625.00','625.00','595.00','595.00','30.00','30.00',0,'0.00','0.00','','2015-04-18 14:11:24'),(106,50,106,80,'2015-04-18 17:13:36','0.00','0.00','335.84','400.00','320.84','385.00','15.00','15.00',0,'0.00','0.00','','2015-04-18 17:13:36'),(107,127,107,81,'2015-04-20 14:38:00','0.00','0.00','370.00','370.00','340.00','340.00','30.00','30.00',0,'0.00','0.00','','2015-04-18 23:02:07'),(108,128,108,83,'2015-04-21 12:21:22','0.00','0.00','665.00','665.00','650.00','650.00','15.00','15.00',0,'0.00','0.00','','2015-04-21 11:11:13'),(109,129,109,84,'2015-04-21 18:07:05','0.00','0.00','431.67','515.00','416.67','500.00','15.00','15.00',0,'0.00','0.00','','2015-04-21 17:29:14'),(110,130,110,90,'2015-04-24 17:54:47','0.00','0.00','485.84','580.00','470.84','565.00','15.00','15.00',0,'0.00','0.00','','2015-04-21 22:36:05'),(111,131,111,85,'2015-04-23 11:41:58','0.00','0.00','555.00','660.00','525.00','630.00','30.00','30.00',0,'0.00','0.00','','2015-04-22 17:42:56'),(112,132,112,86,'2015-04-23 12:09:55','0.00','0.00','338.33','400.00','308.33','370.00','30.00','30.00',0,'0.00','0.00','','2015-04-23 11:30:54'),(113,133,113,87,'2015-04-24 12:13:30','0.00','0.00','348.34','415.00','333.34','400.00','15.00','15.00',0,'0.00','0.00','','2015-04-23 20:46:25'),(114,134,114,88,'2015-04-24 13:34:02','0.00','0.00','273.33','325.00','258.33','310.00','15.00','15.00',0,'0.00','0.00','','2015-04-23 23:18:17'),(115,135,115,89,'2015-04-24 17:03:39','505.00','600.00','0.00','0.00','475.00','570.00','30.00','30.00',0,'0.00','0.00','','2015-04-24 16:10:19'),(116,136,116,91,'2015-04-25 15:49:43','0.00','0.00','640.00','640.00','610.00','610.00','30.00','30.00',0,'0.00','0.00','','2015-04-24 23:24:20'),(117,137,117,93,'2015-04-27 16:29:29','0.00','0.00','438.33','520.00','408.33','490.00','30.00','30.00',0,'0.00','0.00','','2015-04-25 20:55:18'),(118,138,118,94,'2015-04-27 16:36:19','0.00','0.00','144.17','170.00','129.17','155.00','15.00','15.00',0,'0.00','0.00','','2015-04-26 16:08:49'),(119,139,119,97,'2015-04-29 13:54:11','0.00','0.00','244.17','290.00','229.17','275.00','15.00','15.00',0,'0.00','0.00','','2015-04-26 19:23:03'),(120,140,120,92,'2015-04-27 15:08:53','0.00','0.00','435.00','435.00','420.00','420.00','15.00','15.00',0,'0.00','0.00','','2015-04-27 02:16:02'),(121,141,121,95,'2015-04-28 15:29:50','0.00','0.00','160.83','190.00','145.83','175.00','15.00','15.00',0,'0.00','0.00','','2015-04-28 12:13:47'),(122,142,122,96,'2015-04-29 13:52:29','0.00','0.00','405.00','405.00','375.00','375.00','30.00','30.00',0,'0.00','0.00','','2015-04-28 15:34:53'),(123,143,123,98,'2015-05-02 12:29:15','0.00','0.00','534.17','635.00','504.17','605.00','30.00','30.00',0,'0.00','0.00','','2015-04-30 21:05:46'),(124,144,124,99,'2015-05-02 12:30:01','0.00','0.00','290.00','345.00','275.00','330.00','15.00','15.00',0,'0.00','0.00','','2015-05-01 17:06:18'),(125,145,125,100,'2015-05-06 11:17:43','0.00','0.00','442.50','525.00','412.50','495.00','30.00','30.00',0,'0.00','0.00','','2015-05-05 18:21:52'),(126,146,126,101,'2015-05-06 11:41:48','0.00','0.00','1456.67','1745.00','1441.67','1730.00','15.00','15.00',0,'0.00','0.00','','2015-05-06 03:01:11'),(127,147,127,0,'0000-00-00 00:00:00','0.00','0.00','179.17','215.00','179.17','215.00','0.00','0.00',0,'0.00','0.00','','2015-05-06 08:45:36'),(128,148,128,102,'2015-05-07 12:53:20','0.00','0.00','290.00','345.00','275.00','330.00','15.00','15.00',0,'0.00','0.00','','2015-05-06 19:16:51'),(129,149,129,103,'2015-05-07 13:13:05','0.00','0.00','1110.83','1330.00','1095.83','1315.00','15.00','15.00',0,'0.00','0.00','','2015-05-07 07:25:25'),(130,150,130,104,'2015-05-09 11:19:00','0.00','0.00','265.00','315.00','250.00','300.00','15.00','15.00',0,'0.00','0.00','','2015-05-08 11:44:03'),(131,151,131,105,'2015-05-11 13:25:05','0.00','0.00','490.00','585.00','475.00','570.00','15.00','15.00',0,'0.00','0.00','','2015-05-09 13:35:36'),(132,152,132,106,'2015-05-11 13:59:29','0.00','0.00','671.67','800.00','641.67','770.00','30.00','30.00',0,'0.00','0.00','','2015-05-10 06:34:36'),(133,153,133,107,'2015-05-12 12:34:58','0.00','0.00','431.67','515.00','416.67','500.00','15.00','15.00',0,'0.00','0.00','','2015-05-11 17:56:05'),(134,154,134,108,'2015-05-12 13:07:38','0.00','0.00','345.00','345.00','315.00','315.00','30.00','30.00',0,'0.00','0.00','','2015-05-11 22:44:48'),(135,155,135,109,'2015-05-12 14:13:41','0.00','0.00','390.00','390.00','360.00','360.00','30.00','30.00',0,'0.00','0.00','','2015-05-11 23:06:27'),(136,156,136,110,'2015-05-13 12:13:34','0.00','0.00','220.00','220.00','190.00','190.00','30.00','30.00',0,'0.00','0.00','','2015-05-13 06:11:14'),(137,157,137,111,'2015-05-16 13:53:59','0.00','0.00','731.67','875.00','716.67','860.00','15.00','15.00',0,'0.00','0.00','','2015-05-16 11:27:15'),(138,158,138,112,'2015-05-18 13:43:01','0.00','0.00','227.50','270.00','212.50','255.00','15.00','15.00',0,'0.00','0.00','','2015-05-16 16:26:43'),(139,159,139,114,'2015-05-18 14:05:21','0.00','0.00','781.66','935.00','766.66','920.00','15.00','15.00',0,'0.00','0.00','','2015-05-17 18:36:21'),(140,160,140,113,'2015-05-18 13:53:49','0.00','0.00','292.50','345.00','262.50','315.00','30.00','30.00',0,'0.00','0.00','','2015-05-18 02:51:10'),(141,161,141,115,'2015-05-19 11:14:07','0.00','0.00','294.17','350.00','279.17','335.00','15.00','15.00',0,'0.00','0.00','','2015-05-18 20:42:06'),(142,162,142,116,'2015-05-21 17:04:10','0.00','0.00','240.00','285.00','225.00','270.00','15.00','15.00',0,'0.00','0.00','','2015-05-21 15:43:15'),(143,163,143,117,'2015-05-22 12:22:51','0.00','0.00','345.00','345.00','330.00','330.00','15.00','15.00',0,'0.00','0.00','','2015-05-22 07:38:45'),(144,164,144,118,'2015-05-23 11:12:06','0.00','0.00','323.33','385.00','308.33','370.00','15.00','15.00',0,'0.00','0.00','','2015-05-22 17:02:49'),(145,165,145,119,'2015-05-26 12:23:13','0.00','0.00','375.00','375.00','345.00','345.00','30.00','30.00',0,'0.00','0.00','','2015-05-23 15:18:02'),(146,166,146,120,'2015-05-26 12:40:21','0.00','0.00','290.00','345.00','275.00','330.00','15.00','15.00',0,'0.00','0.00','','2015-05-24 12:55:10'),(147,167,147,122,'2015-05-28 16:18:38','0.00','0.00','446.67','530.00','416.67','500.00','30.00','30.00',0,'0.00','0.00','','2015-05-27 16:54:31'),(148,168,148,121,'2015-05-28 15:59:45','0.00','0.00','144.17','170.00','129.17','155.00','15.00','15.00',0,'0.00','0.00','','2015-05-27 23:21:58'),(149,169,149,123,'2015-05-28 16:58:10','0.00','0.00','680.00','680.00','650.00','650.00','30.00','30.00',0,'0.00','0.00','','2015-05-27 23:50:08'),(150,170,150,124,'2015-05-29 12:11:30','0.00','0.00','127.50','150.00','112.50','135.00','15.00','15.00',0,'0.00','0.00','','2015-05-28 22:24:30'),(151,171,151,125,'2015-06-01 14:34:21','0.00','0.00','565.00','565.00','535.00','535.00','30.00','30.00',0,'0.00','0.00','','2015-05-29 20:57:52'),(152,172,152,128,'2015-06-01 16:05:31','0.00','0.00','942.50','1125.00','912.50','1095.00','30.00','30.00',0,'0.00','0.00','','2015-05-31 17:13:26'),(153,173,153,126,'2015-06-01 14:39:07','0.00','0.00','438.33','520.00','408.33','490.00','30.00','30.00',0,'0.00','0.00','','2015-05-31 18:59:15'),(154,174,154,127,'2015-06-01 15:02:42','0.00','0.00','513.34','610.00','483.34','580.00','30.00','30.00',0,'0.00','0.00','','2015-06-01 06:15:41'),(155,175,155,133,'2015-06-04 17:20:42','0.00','0.00','1046.67','1250.00','1016.67','1220.00','30.00','30.00',0,'0.00','0.00','','2015-06-02 08:57:07'),(156,176,156,129,'2015-06-02 17:31:40','0.00','0.00','195.00','195.00','165.00','165.00','30.00','30.00',0,'0.00','0.00','','2015-06-02 16:56:50'),(157,177,157,132,'2015-06-03 12:02:18','0.00','0.00','510.00','510.00','480.00','480.00','30.00','30.00',0,'0.00','0.00','','2015-06-02 19:08:11'),(158,178,158,131,'2015-06-03 11:48:05','0.00','0.00','652.50','780.00','637.50','765.00','15.00','15.00',0,'0.00','0.00','','2015-06-02 19:14:01'),(159,179,159,130,'2015-06-03 11:46:40','0.00','0.00','205.00','205.00','175.00','175.00','30.00','30.00',0,'0.00','0.00','','2015-06-02 19:43:48'),(160,180,160,134,'2015-06-05 15:04:18','0.00','0.00','765.00','765.00','735.00','735.00','30.00','30.00',0,'0.00','0.00','','2015-06-04 18:34:40'),(161,181,161,135,'2015-06-05 15:21:13','0.00','0.00','291.67','350.00','291.67','350.00','0.00','0.00',0,'0.00','0.00','','2015-06-04 19:16:22'),(162,182,162,136,'2015-06-05 15:45:01','0.00','0.00','260.83','310.00','245.83','295.00','15.00','15.00',0,'0.00','0.00','','2015-06-05 11:07:23'),(163,183,163,137,'2015-06-11 11:50:19','0.00','0.00','260.83','310.00','245.83','295.00','15.00','15.00',0,'0.00','0.00','','2015-06-10 17:55:09'),(164,184,164,138,'2015-06-11 11:51:20','0.00','0.00','238.33','280.00','208.33','250.00','30.00','30.00',0,'0.00','0.00','','2015-06-10 19:20:43'),(165,185,165,139,'2015-06-11 12:01:53','0.00','0.00','255.00','300.00','225.00','270.00','30.00','30.00',0,'0.00','0.00','','2015-06-10 19:31:27'),(166,188,166,140,'2015-06-16 11:38:48','0.00','0.00','240.00','285.00','225.00','270.00','15.00','15.00',0,'0.00','0.00','','2015-06-13 18:22:01'),(167,189,167,141,'2015-06-16 11:55:50','0.00','0.00','431.67','515.00','416.67','500.00','15.00','15.00',0,'0.00','0.00','','2015-06-15 18:02:08'),(168,186,168,143,'2015-06-16 12:45:26','0.00','0.00','144.17','170.00','129.17','155.00','15.00','15.00',0,'0.00','0.00','','2015-06-15 18:47:10'),(169,190,169,142,'2015-06-16 12:44:58','0.00','0.00','1155.00','1155.00','1125.00','1125.00','30.00','30.00',0,'0.00','0.00','','2015-06-16 02:58:40'),(170,191,170,144,'2015-06-18 15:59:21','211.25','253.50','507.92','606.50','704.17','845.00','15.00','15.00',0,'0.00','0.00','','2015-06-18 15:18:33'),(171,192,171,145,'2015-06-18 16:31:33','69.00','69.00','176.00','176.00','230.00','230.00','15.00','15.00',0,'0.00','0.00','','2015-06-18 15:32:23'),(172,193,172,146,'2015-06-18 16:54:26','192.00','192.00','478.00','478.00','640.00','640.00','30.00','30.00',0,'0.00','0.00','','2015-06-18 16:19:01'),(173,194,173,147,'2015-06-18 17:09:28','96.25','115.50','239.58','284.50','320.83','385.00','15.00','15.00',0,'0.00','0.00','','2015-06-18 16:35:07'),(174,195,174,148,'2015-06-19 11:54:40','101.25','121.50','251.25','298.50','337.50','405.00','15.00','15.00',0,'0.00','0.00','','2015-06-18 19:18:24'),(175,196,175,151,'2015-06-19 12:25:28','96.25','115.50','239.58','284.50','320.83','385.00','15.00','15.00',0,'0.00','0.00','','2015-06-18 21:52:40'),(176,197,176,149,'2015-06-19 12:05:22','99.00','99.00','261.00','261.00','330.00','330.00','30.00','30.00',0,'0.00','0.00','','2015-06-19 04:09:26'),(177,198,177,150,'2015-06-19 12:14:09','0.00','0.00','206.67','245.00','191.67','230.00','15.00','15.00',0,'0.00','0.00','','2015-06-19 10:47:45'),(178,199,178,152,'2015-06-19 18:21:34','115.50','115.50','299.50','299.50','385.00','385.00','30.00','30.00',0,'0.00','0.00','','2015-06-19 17:50:15'),(179,200,179,154,'2015-06-20 12:04:06','87.50','105.00','234.17','275.00','291.67','350.00','30.00','30.00',0,'0.00','0.00','','2015-06-19 20:28:57'),(180,201,180,153,'2015-06-20 11:39:30','42.50','51.00','114.17','134.00','141.67','170.00','15.00','15.00',0,'0.00','0.00','','2015-06-20 10:30:09'),(181,202,181,155,'2015-06-20 16:04:44','73.75','88.50','172.08','206.50','245.83','295.00','0.00','0.00',0,'0.00','0.00','','2015-06-20 12:54:16'),(182,203,182,156,'2015-06-22 14:05:03','141.25','169.50','344.59','410.50','470.84','565.00','15.00','15.00',0,'0.00','0.00','','2015-06-20 19:15:04'),(183,204,183,157,'2015-06-22 17:17:35','160.50','160.50','404.50','404.50','535.00','535.00','30.00','30.00',0,'0.00','0.00','','2015-06-22 15:25:09'),(184,205,184,160,'2015-06-24 11:58:40','0.00','0.00','291.67','350.00','291.67','350.00','0.00','0.00',0,'0.00','0.00','','2015-06-24 02:56:23'),(185,206,185,163,'2015-06-24 12:33:20','0.00','0.00','96.67','113.00','81.67','98.00','15.00','15.00',0,'0.00','0.00','','2015-06-24 02:57:01'),(186,207,186,162,'2015-06-24 12:25:14','0.00','0.00','207.50','246.00','192.50','231.00','15.00','15.00',0,'0.00','0.00','','2015-06-24 06:40:35'),(187,208,187,164,'2015-06-24 12:46:17','0.00','0.00','460.50','460.50','430.50','430.50','30.00','30.00',0,'0.00','0.00','','2015-06-24 07:26:11'),(188,209,188,161,'2015-06-24 12:11:28','0.00','0.00','207.50','246.00','192.50','231.00','15.00','15.00',0,'0.00','0.00','','2015-06-24 08:48:50'),(189,210,189,0,'0000-00-00 00:00:00','0.00','0.00','239.17','287.00','239.17','287.00','0.00','0.00',0,'0.00','0.00','','2015-06-24 09:13:04'),(190,211,190,166,'2015-06-24 16:17:55','0.00','0.00','1331.50','1331.50','1301.50','1301.50','30.00','30.00',0,'0.00','0.00','','2015-06-24 09:23:14'),(191,212,191,159,'2015-06-24 11:36:18','0.00','0.00','114.17','134.00','99.17','119.00','15.00','15.00',0,'0.00','0.00','','2015-06-24 10:54:59'),(192,213,192,158,'2015-06-24 11:28:22','0.00','0.00','455.42','543.50','440.42','528.50','15.00','15.00',0,'0.00','0.00','','2015-06-24 11:06:39'),(193,214,193,165,'2015-06-24 13:31:07','0.00','0.00','711.50','711.50','696.50','696.50','15.00','15.00',0,'0.00','0.00','','2015-06-24 12:07:26'),(194,215,194,170,'2015-06-25 12:03:40','0.00','0.00','299.50','299.50','269.50','269.50','30.00','30.00',0,'0.00','0.00','','2015-06-24 18:10:17'),(195,216,195,167,'2015-06-25 11:20:14','0.00','0.00','306.25','367.50','306.25','367.50','0.00','0.00',0,'0.00','0.00','','2015-06-24 20:04:45'),(196,217,196,169,'2015-06-25 11:49:20','0.00','0.00','145.50','145.50','115.50','115.50','30.00','30.00',0,'0.00','0.00','','2015-06-24 21:17:48'),(197,218,197,168,'2015-06-25 11:30:05','0.00','0.00','128.75','151.50','113.75','136.50','15.00','15.00',0,'0.00','0.00','','2015-06-24 21:51:40'),(198,219,198,171,'2015-06-26 11:48:30','0.00','0.00','157.50','186.00','142.50','171.00','15.00','15.00',0,'0.00','0.00','','2015-06-26 03:51:53'),(199,220,199,172,'2015-06-26 12:21:45','0.00','0.00','210.42','249.50','195.42','234.50','15.00','15.00',0,'0.00','0.00','','2015-06-26 10:36:43'),(200,221,200,173,'2015-06-26 15:58:47','0.00','0.00','198.75','235.50','183.75','220.50','15.00','15.00',0,'0.00','0.00','','2015-06-26 14:28:04'),(201,222,201,174,'2015-06-27 12:41:49','0.00','0.00','201.67','239.00','186.67','224.00','15.00','15.00',0,'0.00','0.00','','2015-06-27 10:52:15'),(202,223,202,175,'2015-06-28 14:11:52','0.00','0.00','205.00','240.00','175.00','210.00','30.00','30.00',0,'0.00','0.00','','2015-06-27 19:42:51'),(203,224,203,178,'2015-06-29 15:08:46','0.00','0.00','422.00','422.00','392.00','392.00','30.00','30.00',0,'0.00','0.00','','2015-06-28 06:56:27'),(204,225,204,176,'2015-06-28 15:39:21','0.00','0.00','569.59','677.50','539.59','647.50','30.00','30.00',0,'0.00','0.00','','2015-06-28 13:59:59'),(205,226,205,177,'2015-06-29 13:14:27','0.00','0.00','210.42','249.50','195.42','234.50','15.00','15.00',0,'0.00','0.00','','2015-06-28 20:23:09'),(206,227,206,0,'0000-00-00 00:00:00','0.00','0.00','190.00','225.00','175.00','210.00','15.00','15.00',0,'0.00','0.00','','2015-06-28 22:21:06'),(207,228,207,179,'2015-06-29 15:16:05','0.00','0.00','190.00','225.00','175.00','210.00','15.00','15.00',0,'0.00','0.00','','2015-06-29 13:45:09'),(208,229,208,180,'2015-06-30 11:20:02','0.00','0.00','100.00','114.00','70.00','84.00','30.00','30.00',0,'0.00','0.00','','2015-06-30 08:45:10'),(209,230,209,181,'2015-06-30 13:19:54','0.00','0.00','140.00','165.00','125.00','150.00','15.00','15.00',0,'0.00','0.00','','2015-06-30 12:17:22'),(210,231,210,182,'2015-07-01 12:37:57','0.00','0.00','711.00','711.00','681.00','681.00','30.00','30.00',0,'0.00','0.00','','2015-06-30 17:45:37'),(211,233,211,184,'2015-07-01 13:50:21','0.00','0.00','330.00','393.00','315.00','378.00','15.00','15.00',0,'0.00','0.00','','2015-07-01 08:35:00'),(212,232,212,183,'2015-07-01 13:05:41','0.00','0.00','240.00','240.00','210.00','210.00','30.00','30.00',0,'0.00','0.00','','2015-07-01 12:46:11'),(213,234,213,185,'2015-07-01 19:01:15','0.00','0.00','182.50','216.00','167.50','201.00','15.00','15.00',0,'0.00','0.00','','2015-07-01 16:35:49'),(214,235,214,186,'2015-07-02 12:38:14','0.00','0.00','587.50','702.00','572.50','687.00','15.00','15.00',0,'0.00','0.00','','2015-07-01 19:58:37'),(215,236,215,0,'0000-00-00 00:00:00','0.00','0.00','120.00','120.00','90.00','90.00','30.00','30.00',0,'0.00','0.00','','2015-07-02 00:22:37'),(216,237,216,187,'2015-07-02 12:47:10','0.00','0.00','262.50','312.00','247.50','297.00','15.00','15.00',0,'0.00','0.00','','2015-07-02 10:42:16'),(217,238,217,0,'0000-00-00 00:00:00','0.00','0.00','162.50','192.00','147.50','177.00','15.00','15.00',0,'0.00','0.00','','2015-07-02 19:00:07'),(218,239,218,191,'2015-07-04 11:42:54','0.00','0.00','489.00','489.00','459.00','459.00','30.00','30.00',0,'0.00','0.00','','2015-07-03 00:12:49'),(219,240,219,0,'0000-00-00 00:00:00','0.00','0.00','414.00','414.00','384.00','384.00','30.00','30.00',0,'0.00','0.00','','2015-07-03 06:30:56'),(220,241,220,0,'0000-00-00 00:00:00','0.00','0.00','162.50','192.00','147.50','177.00','15.00','15.00',0,'0.00','0.00','','2015-07-03 08:36:57'),(221,242,221,188,'2015-07-03 12:42:38','0.00','0.00','438.00','438.00','408.00','408.00','30.00','30.00',0,'0.00','0.00','','2015-07-03 09:30:27'),(222,243,222,189,'2015-07-03 17:42:54','0.00','0.00','295.00','348.00','265.00','318.00','30.00','30.00',0,'0.00','0.00','','2015-07-03 17:18:10'),(223,244,223,190,'2015-07-04 11:24:46','0.00','0.00','135.00','159.00','120.00','144.00','15.00','15.00',0,'0.00','0.00','','2015-07-03 22:30:50'),(224,245,224,192,'2015-07-04 17:58:18','0.00','0.00','247.09','293.50','232.09','278.50','15.00','15.00',0,'0.00','0.00','','2015-07-04 13:22:28'),(225,246,225,196,'2015-07-06 18:21:55','0.00','0.00','75.00','87.00','60.00','72.00','15.00','15.00',0,'0.00','0.00','','2015-07-04 16:41:18'),(226,247,226,194,'2015-07-06 13:47:59','0.00','0.00','366.00','366.00','336.00','336.00','30.00','30.00',0,'0.00','0.00','','2015-07-04 18:42:18'),(227,248,227,193,'2015-07-06 13:15:37','0.00','0.00','245.42','291.50','230.42','276.50','15.00','15.00',0,'0.00','0.00','','2015-07-05 23:15:15'),(228,249,228,195,'2015-07-06 14:06:23','0.00','0.00','345.00','345.00','315.00','315.00','30.00','30.00',0,'0.00','0.00','','2015-07-05 23:59:17'),(229,250,229,197,'2015-07-07 11:47:07','0.00','0.00','138.00','138.00','108.00','108.00','30.00','30.00',0,'0.00','0.00','','2015-07-07 03:05:16'),(230,251,230,198,'2015-07-07 16:56:21','0.00','0.00','475.00','567.00','460.00','552.00','15.00','15.00',0,'0.00','0.00','','2015-07-07 16:12:28'),(231,252,231,199,'2015-07-08 15:35:14','0.00','0.00','569.58','677.50','539.58','647.50','30.00','30.00',0,'0.00','0.00','','2015-07-08 14:47:08'),(232,253,232,200,'2015-07-09 13:46:05','0.00','0.00','145.83','175.00','145.83','175.00','0.00','0.00',0,'0.00','0.00','','2015-07-09 13:00:32'),(233,254,233,201,'2015-07-10 12:19:27','0.00','0.00','127.50','150.00','112.50','135.00','15.00','15.00',0,'0.00','0.00','','2015-07-10 11:47:51'),(234,255,234,203,'2015-07-11 11:43:06','0.00','0.00','173.33','205.00','158.33','190.00','15.00','15.00',0,'0.00','0.00','','2015-07-10 17:45:44'),(235,256,235,202,'2015-07-11 11:39:11','0.00','0.00','212.50','212.50','197.50','197.50','15.00','15.00',0,'0.00','0.00','','2015-07-11 09:37:17'),(236,257,236,205,'2015-07-13 13:31:39','0.00','0.00','146.25','172.50','131.25','157.50','15.00','15.00',0,'0.00','0.00','','2015-07-12 13:08:56'),(237,258,237,204,'2015-07-13 13:31:02','0.00','0.00','221.25','262.50','206.25','247.50','15.00','15.00',0,'0.00','0.00','','2015-07-12 23:29:42'),(238,259,238,206,'2015-07-15 11:47:04','0.00','0.00','165.00','195.00','150.00','180.00','15.00','15.00',0,'0.00','0.00','','2015-07-13 22:07:32'),(239,260,239,207,'2015-07-15 12:28:23','0.00','0.00','217.50','217.50','187.50','187.50','30.00','30.00',0,'0.00','0.00','','2015-07-14 04:48:40'),(240,261,240,208,'2015-07-15 15:30:42','0.00','0.00','295.00','295.00','265.00','265.00','30.00','30.00',0,'0.00','0.00','','2015-07-14 05:13:24'),(241,262,241,209,'2015-07-15 18:07:31','0.00','0.00','225.00','225.00','195.00','195.00','30.00','30.00',0,'0.00','0.00','','2015-07-15 17:08:25'),(242,263,242,210,'2015-07-16 13:17:25','0.00','0.00','140.00','165.00','125.00','150.00','15.00','15.00',0,'0.00','0.00','','2015-07-16 10:17:27'),(243,264,243,211,'2015-07-17 12:43:03','0.00','0.00','173.33','205.00','158.33','190.00','15.00','15.00',0,'0.00','0.00','','2015-07-16 22:56:56'),(244,265,244,214,'2015-07-21 11:56:01','0.00','0.00','280.00','280.00','265.00','265.00','15.00','15.00',0,'0.00','0.00','','2015-07-18 18:37:16'),(245,266,245,212,'2015-07-20 13:20:49','0.00','0.00','325.42','387.50','310.42','372.50','15.00','15.00',0,'0.00','0.00','','2015-07-19 18:40:00'),(246,267,246,213,'2015-07-20 14:37:09','0.00','0.00','219.17','260.00','204.17','245.00','15.00','15.00',0,'0.00','0.00','','2015-07-20 13:30:18'),(247,268,247,215,'2015-07-21 15:35:39','0.00','0.00','221.25','262.50','206.25','247.50','15.00','15.00',0,'0.00','0.00','','2015-07-21 13:52:11'),(248,269,248,216,'2015-07-23 13:34:26','0.00','0.00','402.50','402.50','372.50','372.50','30.00','30.00',0,'0.00','0.00','','2015-07-23 11:27:01'),(249,270,249,218,'2015-07-25 11:44:46','0.00','0.00','188.33','220.00','158.33','190.00','30.00','30.00',0,'0.00','0.00','','2015-07-25 00:33:20'),(250,271,250,217,'2015-07-25 11:36:45','0.00','0.00','200.00','200.00','170.00','170.00','30.00','30.00',0,'0.00','0.00','','2015-07-25 06:45:55'),(251,272,251,252,'2015-10-13 17:30:31','0.00','0.00','1620.00','1620.00','1590.00','1590.00','30.00','30.00',0,'0.00','0.00','','2015-09-14 18:17:10'),(252,273,252,224,'2015-09-22 15:21:04','0.00','0.00','390.00','465.00','375.00','450.00','15.00','15.00',0,'0.00','0.00','','2015-09-15 10:50:53'),(253,274,253,247,'2015-10-10 12:54:23','0.00','0.00','729.17','875.00','729.17','875.00','0.00','0.00',0,'0.00','0.00','','2015-09-15 16:18:02'),(254,276,254,223,'2015-09-22 15:05:11','0.00','0.00','380.00','380.00','350.00','350.00','30.00','30.00',0,'0.00','0.00','','2015-09-17 08:27:06'),(255,277,255,0,'0000-00-00 00:00:00','30.00','30.00','655.00','655.00','655.00','655.00','30.00','30.00',0,'0.00','0.00','','2015-09-18 18:23:35'),(256,278,256,225,'2015-09-22 15:28:25','0.00','0.00','748.34','895.00','733.34','880.00','15.00','15.00',0,'0.00','0.00','','2015-09-19 02:55:22'),(257,279,257,257,'2015-10-17 12:04:32','0.00','0.00','1790.00','2145.00','1775.00','2130.00','15.00','15.00',0,'0.00','0.00','','2015-09-19 03:27:12'),(258,281,258,222,'2015-09-22 14:53:58','0.00','0.00','442.50','525.00','412.50','495.00','30.00','30.00',0,'0.00','0.00','','2015-09-20 15:12:30'),(259,282,259,220,'2015-09-22 12:33:02','0.00','0.00','970.00','970.00','940.00','940.00','30.00','30.00',0,'0.00','0.00','','2015-09-21 15:06:29'),(260,275,260,221,'2015-09-22 12:54:02','0.00','0.00','645.00','645.00','615.00','615.00','30.00','30.00',0,'0.00','0.00','','2015-09-21 18:29:25'),(261,283,261,219,'2015-09-22 11:54:16','0.00','0.00','715.00','715.00','685.00','685.00','30.00','30.00',0,'0.00','0.00','','2015-09-22 02:19:38'),(262,284,262,226,'2015-09-22 16:25:30','0.00','0.00','327.50','390.00','312.50','375.00','15.00','15.00',0,'0.00','0.00','','2015-09-22 15:21:57'),(263,285,263,227,'2015-09-24 12:15:18','0.00','0.00','380.00','380.00','350.00','350.00','30.00','30.00',0,'0.00','0.00','','2015-09-23 16:38:48'),(264,286,264,0,'0000-00-00 00:00:00','0.00','0.00','415.00','495.00','400.00','480.00','15.00','15.00',0,'0.00','0.00','','2015-09-25 11:39:58'),(265,287,265,228,'2015-09-25 15:15:05','0.00','0.00','494.17','590.00','479.17','575.00','15.00','15.00',0,'0.00','0.00','','2015-09-25 13:30:04'),(266,288,266,0,'0000-00-00 00:00:00','0.00','0.00','415.00','495.00','400.00','480.00','15.00','15.00',0,'0.00','0.00','','2015-09-26 20:02:50'),(267,289,267,229,'2015-09-28 15:57:11','0.00','0.00','342.50','405.00','312.50','375.00','30.00','30.00',0,'0.00','0.00','','2015-09-27 15:25:00'),(268,290,268,230,'2015-09-28 16:06:57','0.00','0.00','484.17','575.00','454.17','545.00','30.00','30.00',0,'0.00','0.00','','2015-09-28 00:35:00'),(269,291,269,255,'2015-10-17 11:53:24','0.00','0.00','709.17','845.00','679.17','815.00','30.00','30.00',0,'0.00','0.00','','2015-09-28 01:01:49'),(270,292,270,231,'2015-10-01 18:17:11','0.00','0.00','844.17','1010.00','829.17','995.00','15.00','15.00',0,'0.00','0.00','','2015-10-01 17:10:28'),(271,293,271,234,'2015-10-02 12:24:43','0.00','0.00','859.17','1025.00','829.17','995.00','30.00','30.00',0,'0.00','0.00','','2015-10-01 20:51:00'),(272,294,272,258,'2015-10-17 12:12:39','0.00','0.00','481.67','575.00','466.67','560.00','15.00','15.00',0,'0.00','0.00','','2015-10-01 22:12:40'),(273,295,273,233,'2015-10-02 11:58:23','0.00','0.00','344.17','410.00','329.17','395.00','15.00','15.00',0,'0.00','0.00','','2015-10-01 22:17:23'),(274,296,274,232,'2015-10-02 11:41:16','0.00','0.00','760.00','760.00','745.00','745.00','15.00','15.00',0,'0.00','0.00','','2015-10-01 22:32:17'),(275,297,275,235,'2015-10-05 13:41:58','0.00','0.00','344.17','410.00','329.17','395.00','15.00','15.00',0,'0.00','0.00','','2015-10-04 16:56:18'),(276,301,276,236,'2015-10-05 15:19:35','0.00','0.00','1130.00','1130.00','1100.00','1100.00','30.00','30.00',0,'0.00','0.00','','2015-10-05 14:09:49'),(277,302,277,237,'2015-10-06 12:02:15','0.00','0.00','615.00','615.00','585.00','585.00','30.00','30.00',0,'0.00','0.00','','2015-10-05 22:45:47'),(278,303,278,238,'2015-10-07 12:36:56','0.00','0.00','235.83','280.00','220.83','265.00','15.00','15.00',0,'0.00','0.00','','2015-10-06 20:22:07'),(279,304,279,240,'2015-10-07 15:52:40','0.00','0.00','973.33','1165.00','958.33','1150.00','15.00','15.00',0,'0.00','0.00','','2015-10-06 21:42:50'),(280,305,280,239,'2015-10-07 12:52:22','0.00','0.00','844.17','1010.00','829.17','995.00','15.00','15.00',0,'0.00','0.00','','2015-10-07 07:51:38'),(281,306,281,246,'2015-10-10 11:51:46','0.00','0.00','1000.00','1000.00','970.00','970.00','30.00','30.00',0,'0.00','0.00','','2015-10-07 18:05:26'),(282,307,282,241,'2015-10-08 13:55:35','0.00','0.00','600.00','600.00','570.00','570.00','30.00','30.00',0,'0.00','0.00','','2015-10-07 18:40:40'),(283,308,283,242,'2015-10-09 12:36:57','0.00','0.00','381.67','455.00','366.67','440.00','15.00','15.00',0,'0.00','0.00','','2015-10-08 14:56:28'),(284,309,284,243,'2015-10-09 14:09:13','0.00','0.00','310.00','310.00','280.00','280.00','30.00','30.00',0,'0.00','0.00','','2015-10-08 17:59:59'),(285,280,285,0,'0000-00-00 00:00:00','0.00','0.00','970.00','970.00','940.00','940.00','30.00','30.00',0,'0.00','0.00','','2015-10-09 12:07:12'),(286,310,286,244,'2015-10-09 14:54:38','0.00','0.00','859.17','1025.00','829.17','995.00','30.00','30.00',0,'0.00','0.00','','2015-10-09 14:33:37'),(287,311,287,245,'2015-10-09 16:09:51','0.00','0.00','456.67','545.00','441.67','530.00','15.00','15.00',0,'0.00','0.00','','2015-10-09 15:48:35'),(288,312,288,248,'2015-10-10 15:33:04','0.00','0.00','770.00','770.00','740.00','740.00','30.00','30.00',0,'0.00','0.00','','2015-10-10 13:30:18'),(289,300,289,249,'2015-10-12 15:18:59','0.00','0.00','580.00','580.00','550.00','550.00','30.00','30.00',0,'0.00','0.00','','2015-10-12 14:43:02'),(290,299,290,0,'0000-00-00 00:00:00','0.00','0.00','580.00','580.00','550.00','550.00','30.00','30.00',0,'0.00','0.00','','2015-10-12 15:04:08'),(291,298,291,0,'0000-00-00 00:00:00','0.00','0.00','580.00','580.00','550.00','550.00','30.00','30.00',0,'0.00','0.00','','2015-10-12 15:04:38'),(292,313,292,250,'2015-10-12 15:56:37','0.00','0.00','859.17','1025.00','829.17','995.00','30.00','30.00',0,'0.00','0.00','','2015-10-12 15:13:10'),(293,314,293,251,'2015-10-12 16:44:46','0.00','0.00','1094.17','1310.00','1079.17','1295.00','15.00','15.00',0,'0.00','0.00','','2015-10-12 16:16:12'),(294,315,294,254,'2015-10-15 17:41:33','0.00','0.00','1709.17','2045.00','1679.17','2015.00','30.00','30.00',0,'0.00','0.00','','2015-10-15 16:16:22'),(295,316,295,253,'2015-10-15 17:40:38','0.00','0.00','896.67','1070.00','866.67','1040.00','30.00','30.00',0,'0.00','0.00','','2015-10-15 16:27:56'),(296,317,296,260,'2015-10-17 12:29:49','0.00','0.00','1050.84','1255.00','1020.84','1225.00','30.00','30.00',0,'0.00','0.00','','2015-10-16 19:42:11'),(297,318,297,259,'2015-10-17 12:28:40','0.00','0.00','871.67','1040.00','841.67','1010.00','30.00','30.00',0,'0.00','0.00','','2015-10-16 23:10:52'),(298,319,298,256,'2015-10-17 11:57:41','0.00','0.00','381.67','455.00','366.67','440.00','15.00','15.00',0,'0.00','0.00','','2015-10-17 10:35:04'),(299,320,299,261,'2015-10-19 14:10:27','0.00','0.00','335.83','400.00','320.83','385.00','15.00','15.00',0,'0.00','0.00','','2015-10-17 15:39:23'),(300,321,300,263,'2015-10-19 14:26:51','0.00','0.00','844.17','1010.00','829.17','995.00','15.00','15.00',0,'0.00','0.00','','2015-10-17 22:14:03'),(301,322,301,262,'2015-10-19 14:11:22','0.00','0.00','1035.00','1035.00','1005.00','1005.00','30.00','30.00',0,'0.00','0.00','','2015-10-18 12:45:00'),(302,323,302,264,'2015-10-21 11:24:53','0.00','0.00','677.50','810.00','662.50','795.00','15.00','15.00',0,'0.00','0.00','','2015-10-21 00:06:07'),(303,324,303,265,'2015-10-23 11:17:48','0.00','0.00','390.00','465.00','375.00','450.00','15.00','15.00',0,'0.00','0.00','','2015-10-22 22:30:42'),(304,325,304,266,'2015-10-23 12:01:37','0.00','0.00','1095.00','1095.00','1065.00','1065.00','30.00','30.00',0,'0.00','0.00','','2015-10-23 07:01:40'),(305,326,305,267,'2015-10-23 12:35:38','0.00','0.00','600.00','600.00','570.00','570.00','30.00','30.00',0,'0.00','0.00','','2015-10-23 07:34:45'),(306,327,306,268,'2015-10-26 15:56:54','0.00','0.00','427.50','510.00','412.50','495.00','15.00','15.00',0,'0.00','0.00','','2015-10-25 09:32:54'),(307,328,307,269,'2015-10-27 13:01:03','0.00','0.00','335.83','400.00','320.83','385.00','15.00','15.00',0,'0.00','0.00','','2015-10-25 22:41:59'),(308,329,308,270,'2015-10-28 13:36:54','0.00','0.00','1035.00','1035.00','1005.00','1005.00','30.00','30.00',0,'0.00','0.00','','2015-10-28 06:54:06'),(309,330,309,271,'2015-10-29 17:34:42','0.00','0.00','442.50','525.00','412.50','495.00','30.00','30.00',0,'0.00','0.00','','2015-10-29 16:49:18'),(310,331,310,272,'2015-11-02 14:07:40','0.00','0.00','1863.33','2230.00','1833.33','2200.00','30.00','30.00',0,'0.00','0.00','','2015-11-01 10:40:13'),(311,332,311,273,'2015-11-03 17:56:14','0.00','0.00','560.00','560.00','530.00','530.00','30.00','30.00',0,'0.00','0.00','','2015-11-03 17:14:25'),(312,333,312,277,'2015-11-06 16:24:12','0.00','0.00','500.00','500.00','470.00','470.00','30.00','30.00',0,'0.00','0.00','','2015-11-04 01:57:26'),(313,334,313,274,'2015-11-04 11:46:53','0.00','0.00','677.50','810.00','662.50','795.00','15.00','15.00',0,'0.00','0.00','','2015-11-04 09:56:44'),(314,335,314,276,'2015-11-06 12:12:43','0.00','0.00','1235.00','1235.00','1205.00','1205.00','30.00','30.00',0,'0.00','0.00','','2015-11-06 03:21:49'),(315,336,315,275,'2015-11-06 11:51:30','0.00','0.00','281.67','335.00','266.67','320.00','15.00','15.00',0,'0.00','0.00','','2015-11-06 11:26:47'),(316,337,316,278,'2015-11-09 15:00:17','0.00','0.00','844.17','1010.00','829.17','995.00','15.00','15.00',0,'0.00','0.00','','2015-11-08 22:23:47'),(317,338,317,279,'2015-11-10 17:20:07','0.00','0.00','1420.00','1420.00','1390.00','1390.00','30.00','30.00',0,'0.00','0.00','','2015-11-10 09:28:44'),(318,339,318,280,'2015-11-12 11:38:36','0.00','0.00','1260.00','1260.00','1230.00','1230.00','30.00','30.00',0,'0.00','0.00','','2015-11-10 13:49:36'),(319,340,319,281,'2015-11-12 12:11:29','0.00','0.00','844.17','1010.00','829.17','995.00','15.00','15.00',0,'0.00','0.00','','2015-11-11 21:29:47'),(320,341,320,282,'2015-11-12 13:47:08','0.00','0.00','988.33','1180.00','958.33','1150.00','30.00','30.00',0,'0.00','0.00','','2015-11-12 12:50:41'),(321,342,321,283,'2015-11-18 11:37:05','0.00','0.00','1260.00','1260.00','1230.00','1230.00','30.00','30.00',0,'0.00','0.00','','2015-11-18 09:08:18'),(322,343,322,284,'2015-11-19 12:47:38','0.00','0.00','310.83','370.00','295.83','355.00','15.00','15.00',0,'0.00','0.00','','2015-11-19 01:00:43'),(323,344,323,285,'2015-11-21 11:54:26','0.00','0.00','880.00','880.00','850.00','850.00','30.00','30.00',0,'0.00','0.00','','2015-11-21 06:44:51'),(324,345,324,0,'0000-00-00 00:00:00','0.00','0.00','469.17','560.00','454.17','545.00','15.00','15.00',0,'0.00','0.00','','2015-11-21 23:22:23'),(325,346,325,0,'0000-00-00 00:00:00','0.00','0.00','1563.34','1870.00','1533.34','1840.00','30.00','30.00',0,'0.00','0.00','','2015-11-24 17:50:17'),(326,347,326,290,'2015-11-28 12:25:28','103.50','103.50','271.50','271.50','345.00','345.00','30.00','30.00',0,'0.00','0.00','','2015-11-27 18:31:39'),(327,348,327,287,'2015-11-28 12:00:52','81.25','97.50','204.58','242.50','270.83','325.00','15.00','15.00',0,'0.00','0.00','','2015-11-27 19:00:22'),(328,349,328,288,'2015-11-28 12:10:19','1030.00','1236.00','2433.34','2914.00','3433.34','4120.00','30.00','30.00',0,'0.00','0.00','','2015-11-27 19:16:14'),(329,350,329,286,'2015-11-28 11:47:44','520.50','520.50','1244.50','1244.50','1735.00','1735.00','30.00','30.00',0,'0.00','0.00','','2015-11-27 22:13:08'),(330,351,330,289,'2015-11-28 12:11:18','160.00','192.00','403.33','478.00','533.33','640.00','30.00','30.00',0,'0.00','0.00','','2015-11-27 23:52:51'),(331,352,331,292,'2015-11-28 14:28:09','0.00','0.00','1219.17','1460.00','1204.17','1445.00','15.00','15.00',0,'0.00','0.00','','2015-11-28 08:44:39'),(332,353,332,291,'2015-11-28 12:31:45','277.50','333.00','662.50','792.00','925.00','1110.00','15.00','15.00',0,'0.00','0.00','','2015-11-28 11:59:45'),(333,354,333,293,'2015-11-30 13:11:53','112.50','135.00','277.50','330.00','375.00','450.00','15.00','15.00',0,'0.00','0.00','','2015-11-29 22:08:25'),(334,355,334,294,'2015-11-30 16:55:53','243.00','243.00','597.00','597.00','810.00','810.00','30.00','30.00',0,'0.00','0.00','','2015-11-30 14:07:50'),(335,356,335,295,'2015-12-02 11:48:38','180.00','180.00','450.00','450.00','600.00','600.00','30.00','30.00',0,'0.00','0.00','','2015-12-02 05:20:51'),(336,357,336,296,'2015-12-04 12:30:03','248.75','298.50','610.42','726.50','829.17','995.00','30.00','30.00',0,'0.00','0.00','','2015-12-02 16:46:20'),(337,358,337,297,'2015-12-04 15:47:17','0.00','0.00','1570.00','1570.00','1540.00','1540.00','30.00','30.00',0,'0.00','0.00','','2015-12-04 14:39:25'),(338,359,338,298,'2015-12-07 16:24:55','0.00','0.00','880.00','880.00','850.00','850.00','30.00','30.00',0,'0.00','0.00','','2015-12-07 14:08:44'),(339,360,339,299,'2015-12-09 12:00:28','0.00','0.00','344.17','410.00','329.17','395.00','15.00','15.00',0,'0.00','0.00','','2015-12-09 09:19:51'),(340,361,340,300,'2015-12-14 14:26:32','0.00','0.00','344.17','410.00','329.17','395.00','15.00','15.00',0,'0.00','0.00','','2015-12-13 12:30:10'),(341,363,341,301,'2015-12-16 12:17:52','0.00','0.00','481.67','575.00','466.67','560.00','15.00','15.00',0,'0.00','0.00','','2015-12-15 19:16:14'),(342,364,342,0,'0000-00-00 00:00:00','0.00','0.00','350.83','415.00','320.83','385.00','30.00','30.00',0,'0.00','0.00','','2015-12-17 16:37:38'),(343,362,343,302,'2015-12-17 17:16:50','0.00','0.00','469.17','560.00','454.17','545.00','15.00','15.00',0,'0.00','0.00','','2015-12-17 17:07:09'),(344,365,344,303,'2015-12-19 12:25:08','0.00','0.00','430.00','430.00','400.00','400.00','30.00','30.00',0,'0.00','0.00','','2015-12-18 16:59:04'),(345,366,345,304,'2015-12-21 13:38:45','0.00','0.00','395.00','395.00','365.00','365.00','30.00','30.00',0,'0.00','0.00','','2015-12-21 08:43:24'),(346,367,346,305,'2015-12-23 12:28:34','0.00','0.00','496.67','496.67','466.67','466.67','30.00','30.00',0,'0.00','0.00','','2015-12-23 06:52:40'),(347,368,347,307,'2015-12-28 14:12:23','0.00','0.00','942.50','942.50','912.50','912.50','30.00','30.00',0,'0.00','0.00','','2015-12-27 10:42:42'),(348,369,348,306,'2015-12-28 13:39:03','0.00','0.00','481.67','575.00','466.67','560.00','15.00','15.00',0,'0.00','0.00','','2015-12-27 14:27:15'),(349,370,349,309,'2015-12-29 13:56:58','0.00','0.00','350.83','350.83','320.83','320.83','30.00','30.00',0,'0.00','0.00','','2015-12-28 17:09:36'),(350,371,350,308,'2015-12-29 11:41:03','0.00','0.00','471.67','560.00','441.67','530.00','30.00','30.00',0,'0.00','0.00','','2015-12-29 01:11:55'),(351,372,351,317,'2016-01-04 17:37:25','0.00','0.00','277.50','327.00','247.50','297.00','30.00','30.00',0,'0.00','0.00','','2016-01-04 00:14:46'),(352,373,352,319,'2016-01-04 17:56:58','0.00','0.00','212.50','252.00','197.50','237.00','15.00','15.00',0,'0.00','0.00','','2016-01-04 00:24:02'),(353,374,353,314,'2016-01-04 15:55:37','0.00','0.00','512.50','612.00','497.50','597.00','15.00','15.00',0,'0.00','0.00','','2016-01-04 00:37:43'),(354,375,354,316,'2016-01-04 16:57:08','0.00','0.00','427.50','507.00','397.50','477.00','30.00','30.00',0,'0.00','0.00','','2016-01-04 01:08:28'),(355,376,355,321,'2016-01-04 18:25:53','0.00','0.00','397.50','477.00','397.50','477.00','0.00','0.00',0,'0.00','0.00','','2016-01-04 02:56:25'),(356,379,356,320,'2016-01-04 18:24:32','0.00','0.00','279.00','279.00','249.00','249.00','30.00','30.00',0,'0.00','0.00','','2016-01-04 06:00:41'),(357,386,357,315,'2016-01-04 16:27:06','0.00','0.00','558.00','558.00','528.00','528.00','30.00','30.00',0,'0.00','0.00','','2016-01-04 07:48:08'),(358,387,358,313,'2016-01-04 15:49:26','0.00','0.00','202.50','240.00','187.50','225.00','15.00','15.00',0,'0.00','0.00','','2016-01-04 07:55:35'),(359,388,359,0,'0000-00-00 00:00:00','0.00','0.00','512.50','612.00','497.50','597.00','15.00','15.00',0,'0.00','0.00','','2016-01-04 10:19:23'),(360,380,360,322,'2016-01-05 13:04:05','0.00','0.00','240.00','240.00','210.00','210.00','30.00','30.00',0,'0.00','0.00','','2016-01-04 11:49:35'),(361,389,361,310,'2016-01-04 15:02:30','0.00','0.00','287.50','342.00','272.50','327.00','15.00','15.00',0,'0.00','0.00','','2016-01-04 12:40:34'),(362,377,362,0,'0000-00-00 00:00:00','0.00','0.00','279.00','279.00','249.00','249.00','30.00','30.00',0,'0.00','0.00','','2016-01-04 13:15:29'),(363,378,363,0,'0000-00-00 00:00:00','0.00','0.00','279.00','279.00','249.00','249.00','30.00','30.00',0,'0.00','0.00','','2016-01-04 13:16:40'),(364,390,364,311,'2016-01-04 15:12:10','0.00','0.00','545.00','651.00','530.00','636.00','15.00','15.00',0,'0.00','0.00','','2016-01-04 13:19:40'),(365,391,365,312,'2016-01-04 15:43:01','0.00','0.00','372.50','444.00','357.50','429.00','15.00','15.00',0,'0.00','0.00','','2016-01-04 14:15:09'),(366,392,366,323,'2016-01-05 13:06:15','0.00','0.00','318.00','318.00','288.00','288.00','30.00','30.00',0,'0.00','0.00','','2016-01-04 16:05:02'),(367,393,367,318,'2016-01-04 17:48:05','0.00','0.00','207.50','246.00','192.50','231.00','15.00','15.00',0,'0.00','0.00','','2016-01-04 17:04:57'),(368,394,368,325,'2016-01-05 14:54:43','0.00','0.00','477.00','477.00','447.00','447.00','30.00','30.00',0,'0.00','0.00','','2016-01-04 18:28:39'),(369,395,369,324,'2016-01-05 13:35:25','0.00','0.00','658.33','787.00','643.33','772.00','15.00','15.00',0,'0.00','0.00','','2016-01-04 21:53:44'),(370,396,370,326,'2016-01-05 15:02:27','0.00','0.00','132.50','156.00','117.50','141.00','15.00','15.00',0,'0.00','0.00','','2016-01-05 10:45:43'),(371,397,371,327,'2016-01-05 15:19:47','0.00','0.00','172.50','204.00','157.50','189.00','15.00','15.00',0,'0.00','0.00','','2016-01-05 14:54:47'),(372,381,372,0,'0000-00-00 00:00:00','0.00','0.00','240.00','240.00','210.00','210.00','30.00','30.00',0,'0.00','0.00','','2016-01-05 15:04:33'),(373,382,373,0,'0000-00-00 00:00:00','0.00','0.00','240.00','240.00','210.00','210.00','30.00','30.00',0,'0.00','0.00','','2016-01-05 15:05:41'),(374,383,374,0,'0000-00-00 00:00:00','0.00','0.00','240.00','240.00','210.00','210.00','30.00','30.00',0,'0.00','0.00','','2016-01-05 15:06:10'),(375,384,375,0,'0000-00-00 00:00:00','0.00','0.00','240.00','240.00','210.00','210.00','30.00','30.00',0,'0.00','0.00','','2016-01-05 15:06:52'),(376,385,376,0,'0000-00-00 00:00:00','0.00','0.00','240.00','240.00','210.00','210.00','30.00','30.00',0,'0.00','0.00','','2016-01-05 15:07:35'),(377,398,377,328,'2016-01-05 16:39:44','0.00','0.00','175.00','207.00','160.00','192.00','15.00','15.00',0,'0.00','0.00','','2016-01-05 16:15:19'),(378,399,378,329,'2016-01-05 17:12:59','0.00','0.00','444.00','444.00','414.00','414.00','30.00','30.00',0,'0.00','0.00','','2016-01-05 16:30:46'),(379,400,379,330,'2016-01-05 17:41:32','0.00','0.00','633.00','633.00','603.00','603.00','30.00','30.00',0,'0.00','0.00','','2016-01-05 16:55:45'),(380,401,380,331,'2016-01-05 18:11:11','0.00','0.00','562.50','672.00','547.50','657.00','15.00','15.00',0,'0.00','0.00','','2016-01-05 17:48:30'),(381,402,381,0,'0000-00-00 00:00:00','0.00','0.00','540.00','540.00','510.00','510.00','30.00','30.00',0,'0.00','0.00','','2016-01-05 21:24:48'),(382,403,382,332,'2016-01-06 11:33:02','0.00','0.00','265.00','318.00','265.00','318.00','0.00','0.00',0,'0.00','0.00','','2016-01-05 22:15:50'),(383,404,383,333,'2016-01-06 11:47:58','0.00','0.00','762.50','912.00','747.50','897.00','15.00','15.00',0,'0.00','0.00','','2016-01-05 23:38:09'),(384,405,384,335,'2016-01-06 12:32:10','0.00','0.00','202.50','240.00','187.50','225.00','15.00','15.00',0,'0.00','0.00','','2016-01-06 09:05:10'),(385,406,385,334,'2016-01-06 12:14:02','0.00','0.00','755.00','903.00','740.00','888.00','15.00','15.00',0,'0.00','0.00','','2016-01-06 10:05:11'),(386,407,386,336,'2016-01-06 13:01:43','0.00','0.00','405.00','405.00','375.00','375.00','30.00','30.00',0,'0.00','0.00','','2016-01-06 11:40:02'),(387,408,387,337,'2016-01-06 14:33:29','0.00','0.00','677.50','807.00','647.50','777.00','30.00','30.00',0,'0.00','0.00','','2016-01-06 13:46:34'),(388,409,388,338,'2016-01-06 15:36:46','0.00','0.00','262.50','312.00','247.50','297.00','15.00','15.00',0,'0.00','0.00','','2016-01-06 15:16:55'),(389,410,389,339,'2016-01-06 15:50:12','0.00','0.00','462.50','552.00','447.50','537.00','15.00','15.00',0,'0.00','0.00','','2016-01-06 15:21:20'),(390,411,390,340,'2016-01-07 11:24:57','0.00','0.00','527.50','627.00','497.50','597.00','30.00','30.00',0,'0.00','0.00','','2016-01-07 10:56:54'),(391,412,391,342,'2016-01-08 12:36:34','0.00','0.00','405.00','483.00','390.00','468.00','15.00','15.00',0,'0.00','0.00','','2016-01-08 07:37:45'),(392,413,392,343,'2016-01-08 12:58:18','0.00','0.00','397.50','477.00','397.50','477.00','0.00','0.00',0,'0.00','0.00','','2016-01-08 09:19:42'),(393,414,393,341,'2016-01-08 12:35:35','0.00','0.00','287.50','342.00','272.50','327.00','15.00','15.00',0,'0.00','0.00','','2016-01-08 10:02:25'),(394,415,394,344,'2016-01-09 12:13:27','0.00','0.00','277.50','327.00','247.50','297.00','30.00','30.00',0,'0.00','0.00','','2016-01-08 22:34:53'),(395,416,395,347,'2016-01-11 14:04:12','0.00','0.00','280.00','333.00','265.00','318.00','15.00','15.00',0,'0.00','0.00','','2016-01-09 21:59:08'),(396,417,396,0,'0000-00-00 00:00:00','0.00','0.00','412.50','492.00','397.50','477.00','15.00','15.00',0,'0.00','0.00','','2016-01-10 11:53:43'),(397,418,397,345,'2016-01-11 13:01:17','0.00','0.00','247.50','297.00','247.50','297.00','0.00','0.00',0,'0.00','0.00','','2016-01-10 16:35:26'),(398,419,398,346,'2016-01-11 13:56:22','0.00','0.00','527.50','630.00','512.50','615.00','15.00','15.00',0,'0.00','0.00','','2016-01-11 01:09:29'),(399,420,399,349,'2016-01-13 12:54:44','0.00','0.00','315.00','315.00','285.00','285.00','30.00','30.00',0,'0.00','0.00','','2016-01-13 00:01:12'),(400,421,400,348,'2016-01-13 12:34:49','0.00','0.00','372.00','372.00','342.00','342.00','30.00','30.00',0,'0.00','0.00','','2016-01-13 09:22:09'),(401,422,401,0,'0000-00-00 00:00:00','0.00','0.00','695.00','695.00','665.00','665.00','30.00','30.00',0,'0.00','0.00','','2016-01-13 17:15:00'),(402,423,402,0,'0000-00-00 00:00:00','0.00','0.00','531.67','635.00','516.67','620.00','15.00','15.00',0,'0.00','0.00','','2016-01-13 20:37:22'),(403,424,403,0,'0000-00-00 00:00:00','0.00','0.00','280.00','333.00','265.00','318.00','15.00','15.00',0,'0.00','0.00','','2016-01-13 22:49:29');

--
-- Table structure for table `ps_order_invoice_payment`
--

CREATE TABLE `ps_order_invoice_payment` (
  `id_order_invoice` int(11) unsigned NOT NULL,
  `id_order_payment` int(11) unsigned NOT NULL,
  `id_order` int(11) unsigned NOT NULL,
  PRIMARY KEY (`id_order_invoice`,`id_order_payment`),
  KEY `order_payment` (`id_order_payment`),
  KEY `id_order` (`id_order`)
) ENGINE=InnoDB DEFAULT CHARSET=utf8;

--
-- Dumping data for table `ps_order_invoice_payment`
--

INSERT INTO `ps_order_invoice_payment` VALUES (1,1,6),(2,2,7),(3,3,8),(4,4,9),(5,5,10),(6,6,11),(7,7,12),(8,8,13),(9,9,14),(10,10,15),(11,11,17),(12,12,20),(13,13,21),(14,14,22),(15,15,23),(16,16,24),(17,17,25),(18,18,26),(40,54,27),(55,72,28),(19,22,29),(20,24,34),(21,25,35),(22,26,36),(24,28,38),(25,29,39),(26,31,41),(27,32,42),(28,33,43),(30,43,48),(106,127,50),(29,37,52),(45,60,53),(52,68,54),(66,84,55),(42,56,56),(74,92,57),(38,52,59),(31,45,60),(32,46,61),(33,47,62),(34,48,63),(35,49,64),(36,50,65),(37,51,66),(39,53,67),(41,55,68),(43,57,69),(44,58,70),(59,77,71),(46,61,72),(47,62,73),(48,63,74),(49,64,75),(50,66,76),(51,67,77),(89,108,78),(53,70,79),(54,71,80),(97,118,81),(56,74,82),(57,75,83),(58,76,84),(60,78,85),(61,79,86),(62,80,87),(63,81,88),(64,82,89),(65,83,90),(67,85,91),(68,86,92),(69,87,93),(70,88,94),(71,89,95),(72,90,96),(73,91,97),(75,93,98),(76,94,99),(77,95,100),(78,96,101),(79,97,102),(80,98,103),(81,99,104),(82,100,105),(83,101,106),(84,102,107),(85,103,108),(86,104,109),(87,105,110),(88,107,111),(90,109,112),(91,110,113),(95,116,114),(96,117,115),(92,113,116),(93,114,117),(94,115,118),(98,119,119),(99,120,120),(100,121,121),(101,122,122),(102,123,123),(103,124,124),(104,125,125),(105,126,126),(107,128,127),(108,129,128),(109,130,129),(110,131,130),(111,132,131),(112,133,132),(113,134,133),(114,135,134),(115,136,135),(116,137,136),(117,138,137),(118,139,138),(119,140,139),(120,141,140),(121,142,141),(122,143,142),(123,144,143),(124,145,144),(125,146,145),(126,147,146),(127,148,147),(128,149,148),(129,150,149),(130,151,150),(131,152,151),(132,153,152),(133,154,153),(134,155,154),(135,156,155),(136,157,156),(137,158,157),(138,159,158),(139,160,159),(140,161,160),(141,162,161),(142,163,162),(143,164,163),(144,165,164),(145,166,165),(146,167,166),(147,168,167),(148,169,168),(149,170,169),(150,171,170),(151,172,171),(152,173,172),(153,174,173),(154,175,174),(155,176,175),(156,178,176),(157,179,177),(158,180,178),(159,181,179),(160,182,180),(161,183,181),(162,184,182),(163,185,183),(164,186,184),(165,187,185),(168,192,186),(166,190,188),(167,191,189),(169,193,190),(170,194,191),(171,195,192),(172,197,193),(173,198,194),(174,199,195),(175,200,196),(176,201,197),(177,202,198),(178,203,199),(179,204,200),(180,205,201),(181,206,202),(182,207,203),(183,209,204),(184,210,205),(185,211,206),(186,212,207),(187,213,208),(188,214,209),(189,215,210),(190,216,211),(191,217,212),(192,218,213),(193,219,214),(194,220,215),(195,221,216),(196,222,217),(197,223,218),(198,224,219),(199,225,220),(200,226,221),(201,227,222),(202,228,223),(203,229,224),(204,230,225),(205,231,226),(206,232,227),(207,233,228),(208,234,229),(209,235,230),(210,236,231),(212,239,232),(211,238,233),(213,240,234),(214,241,235),(215,242,236),(216,243,237),(217,244,238),(218,245,239),(219,246,240),(220,247,241),(221,248,242),(222,249,243),(223,250,244),(224,251,245),(225,252,246),(226,253,247),(227,254,248),(228,255,249),(229,256,250),(230,257,251),(231,258,252),(232,259,253),(233,260,254),(234,261,255),(235,262,256),(236,263,257),(237,264,258),(238,265,259),(239,266,260),(240,267,261),(241,268,262),(242,269,263),(243,270,264),(244,271,265),(245,272,266),(246,273,267),(247,274,268),(248,275,269),(249,276,270),(250,277,271),(251,278,272),(252,279,273),(253,280,274),(260,289,275),(254,282,276),(255,283,277),(256,284,278),(257,285,279),(258,287,281),(259,288,282),(261,290,283),(262,291,284),(263,292,285),(264,293,286),(265,294,287),(266,295,288),(267,296,289),(268,297,290),(269,298,291),(270,299,292),(271,300,293),(272,301,294),(273,302,295),(274,303,296),(275,304,297),(289,321,300),(276,308,301),(277,309,302),(278,310,303),(279,311,304),(280,312,305),(281,314,306),(282,315,307),(283,316,308),(284,317,309),(286,318,310),(287,319,311),(288,320,312),(292,322,313),(293,323,314),(294,324,315),(295,325,316),(296,326,317),(297,327,318),(298,328,319),(299,329,320),(300,330,321),(301,331,322),(302,332,323),(303,333,324),(304,334,325),(305,335,326),(306,336,327),(307,337,328),(308,338,329),(309,339,330),(310,340,331),(311,342,332),(312,343,333),(313,344,334),(314,345,335),(315,346,336),(316,347,337),(317,348,338),(318,349,339),(319,350,340),(320,351,341),(321,352,342),(322,353,343),(323,354,344),(324,355,345),(325,356,346),(326,357,347),(327,358,348),(328,359,349),(329,360,350),(330,361,351),(331,362,352),(332,363,353),(333,364,354),(334,365,355),(335,366,356),(336,367,357),(337,368,358),(338,370,359),(339,371,360),(340,372,361),(343,376,362),(341,374,363),(342,375,364),(344,377,365),(345,378,366),(346,379,367),(347,380,368),(348,381,369),(349,382,370),(350,383,371),(351,384,372),(352,385,373),(353,386,374),(354,387,375),(355,388,376),(356,391,379),(360,401,380),(357,398,386),(358,399,387),(359,400,388),(361,402,389),(364,403,390),(365,404,391),(366,405,392),(367,406,393),(368,408,394),(369,409,395),(370,410,396),(371,411,397),(377,412,398),(378,413,399),(379,414,400),(380,416,401),(381,417,402),(382,418,403),(383,419,404),(384,420,405),(385,421,406),(386,422,407),(387,423,408),(388,424,409),(389,425,410),(390,426,411),(391,427,412),(392,428,413),(393,429,414),(394,430,415),(395,431,416),(396,432,417),(397,433,418),(398,434,419),(399,435,420),(400,436,421),(401,437,422),(402,438,423),(403,439,424);

--
-- Table structure for table `ps_order_invoice_tax`
--

CREATE TABLE `ps_order_invoice_tax` (
  `id_order_invoice` int(11) NOT NULL,
  `type` varchar(15) NOT NULL,
  `id_tax` int(11) NOT NULL,
  `amount` decimal(10,6) NOT NULL DEFAULT '0.000000',
  KEY `id_tax` (`id_tax`)
) ENGINE=InnoDB DEFAULT CHARSET=utf8;

--
-- Dumping data for table `ps_order_invoice_tax`
--

INSERT INTO `ps_order_invoice_tax` VALUES (1,'shipping',1,'1.400000'),(2,'shipping',1,'0.000000'),(3,'shipping',1,'0.000000'),(4,'shipping',1,'0.000000'),(5,'shipping',1,'0.000000'),(7,'shipping',1,'0.000000'),(18,'shipping',1,'0.000000'),(27,'shipping',1,'0.000000'),(127,'shipping',1,'0.000000'),(161,'shipping',1,'0.000000'),(181,'shipping',1,'0.000000'),(184,'shipping',1,'0.000000'),(189,'shipping',1,'0.000000'),(195,'shipping',1,'0.000000'),(232,'shipping',1,'0.000000'),(253,'shipping',1,'0.000000'),(355,'shipping',1,'0.000000'),(382,'shipping',1,'0.000000'),(392,'shipping',1,'0.000000'),(397,'shipping',1,'0.000000');

--
-- Table structure for table `ps_order_message`
--

CREATE TABLE `ps_order_message` (
  `id_order_message` int(10) unsigned NOT NULL AUTO_INCREMENT,
  `date_add` datetime NOT NULL,
  PRIMARY KEY (`id_order_message`)
) ENGINE=InnoDB AUTO_INCREMENT=2 DEFAULT CHARSET=utf8;

--
-- Dumping data for table `ps_order_message`
--

INSERT INTO `ps_order_message` VALUES (1,'2014-12-14 08:54:28');

--
-- Table structure for table `ps_order_message_lang`
--

CREATE TABLE `ps_order_message_lang` (
  `id_order_message` int(10) unsigned NOT NULL,
  `id_lang` int(10) unsigned NOT NULL,
  `name` varchar(128) NOT NULL,
  `message` text NOT NULL,
  PRIMARY KEY (`id_order_message`,`id_lang`)
) ENGINE=InnoDB DEFAULT CHARSET=utf8;

--
-- Dumping data for table `ps_order_message_lang`
--

INSERT INTO `ps_order_message_lang` VALUES (1,1,'Délai','Bonjour,\n\nMalheureusement, un élément de votre commande est actuellement en rupture de stock. Cela peut provoquer un léger retard dans la livraison.\nVeuillez accepter nos excuses et soyez assurés que nous tâcherons d\'y remédier.\n\nCordialement,'),(1,2,'Délai','Bonjour,\n\nMalheureusement, un élément de votre commande est actuellement en rupture de stock. Cela peut provoquer un léger retard dans la livraison.\nVeuillez accepter nos excuses et soyez assurés que nous tâcherons d\'y remédier.\n\nCordialement,'),(1,3,'Délai','Bonjour,\n\nMalheureusement, un élément de votre commande est actuellement en rupture de stock. Cela peut provoquer un léger retard dans la livraison.\nVeuillez accepter nos excuses et soyez assurés que nous tâcherons d\'y remédier.\n\nCordialement,'),(1,4,'Délai','Bonjour,\n\nMalheureusement, un élément de votre commande est actuellement en rupture de stock. Cela peut provoquer un léger retard dans la livraison.\nVeuillez accepter nos excuses et soyez assurés que nous tâcherons d\'y remédier.\n\nCordialement,'),(1,5,'Délai','Bonjour,\n\nMalheureusement, un élément de votre commande est actuellement en rupture de stock. Cela peut provoquer un léger retard dans la livraison.\nVeuillez accepter nos excuses et soyez assurés que nous tâcherons d\'y remédier.\n\nCordialement,');

--
-- Table structure for table `ps_order_return`
--

CREATE TABLE `ps_order_return` (
  `id_order_return` int(10) unsigned NOT NULL AUTO_INCREMENT,
  `id_customer` int(10) unsigned NOT NULL,
  `id_order` int(10) unsigned NOT NULL,
  `state` tinyint(1) unsigned NOT NULL DEFAULT '1',
  `question` text NOT NULL,
  `date_add` datetime NOT NULL,
  `date_upd` datetime NOT NULL,
  PRIMARY KEY (`id_order_return`),
  KEY `order_return_customer` (`id_customer`),
  KEY `id_order` (`id_order`)
) ENGINE=InnoDB DEFAULT CHARSET=utf8;

--
-- Dumping data for table `ps_order_return`
--


--
-- Table structure for table `ps_order_return_detail`
--

CREATE TABLE `ps_order_return_detail` (
  `id_order_return` int(10) unsigned NOT NULL,
  `id_order_detail` int(10) unsigned NOT NULL,
  `id_customization` int(10) unsigned NOT NULL DEFAULT '0',
  `product_quantity` int(10) unsigned NOT NULL DEFAULT '0',
  PRIMARY KEY (`id_order_return`,`id_order_detail`,`id_customization`)
) ENGINE=InnoDB DEFAULT CHARSET=utf8;

--
-- Dumping data for table `ps_order_return_detail`
--


--
-- Table structure for table `ps_order_return_state`
--

CREATE TABLE `ps_order_return_state` (
  `id_order_return_state` int(10) unsigned NOT NULL AUTO_INCREMENT,
  `color` varchar(32) DEFAULT NULL,
  PRIMARY KEY (`id_order_return_state`)
) ENGINE=InnoDB AUTO_INCREMENT=6 DEFAULT CHARSET=utf8;

--
-- Dumping data for table `ps_order_return_state`
--

INSERT INTO `ps_order_return_state` VALUES (1,'#4169E1'),(2,'#8A2BE2'),(3,'#32CD32'),(4,'#DC143C'),(5,'#108510');

--
-- Table structure for table `ps_order_return_state_lang`
--

CREATE TABLE `ps_order_return_state_lang` (
  `id_order_return_state` int(10) unsigned NOT NULL,
  `id_lang` int(10) unsigned NOT NULL,
  `name` varchar(64) NOT NULL,
  PRIMARY KEY (`id_order_return_state`,`id_lang`)
) ENGINE=InnoDB DEFAULT CHARSET=utf8;

--
-- Dumping data for table `ps_order_return_state_lang`
--

INSERT INTO `ps_order_return_state_lang` VALUES (1,1,'En attente de confirmation'),(1,2,'En attente de confirmation'),(1,3,'En attente de confirmation'),(1,4,'En attente de confirmation'),(1,5,'En attente de confirmation'),(2,1,'En attente du colis'),(2,2,'En attente du colis'),(2,3,'En attente du colis'),(2,4,'En attente du colis'),(2,5,'En attente du colis'),(3,1,'Colis reçu'),(3,2,'Colis reçu'),(3,3,'Colis reçu'),(3,4,'Colis reçu'),(3,5,'Colis reçu'),(4,1,'Retour refusé'),(4,2,'Retour refusé'),(4,3,'Retour refusé'),(4,4,'Retour refusé'),(4,5,'Retour refusé'),(5,1,'Retour terminé'),(5,2,'Retour terminé'),(5,3,'Retour terminé'),(5,4,'Retour terminé'),(5,5,'Retour terminé');

--
-- Table structure for table `ps_order_slip`
--

CREATE TABLE `ps_order_slip` (
  `id_order_slip` int(10) unsigned NOT NULL AUTO_INCREMENT,
  `conversion_rate` decimal(13,6) NOT NULL DEFAULT '1.000000',
  `id_customer` int(10) unsigned NOT NULL,
  `id_order` int(10) unsigned NOT NULL,
  `shipping_cost` tinyint(3) unsigned NOT NULL DEFAULT '0',
  `amount` decimal(10,2) NOT NULL,
  `shipping_cost_amount` decimal(10,2) NOT NULL,
  `partial` tinyint(1) NOT NULL,
  `date_add` datetime NOT NULL,
  `date_upd` datetime NOT NULL,
  PRIMARY KEY (`id_order_slip`),
  KEY `order_slip_customer` (`id_customer`),
  KEY `id_order` (`id_order`)
) ENGINE=InnoDB AUTO_INCREMENT=54 DEFAULT CHARSET=utf8;

--
-- Dumping data for table `ps_order_slip`
--

INSERT INTO `ps_order_slip` VALUES (1,'1.000000',25,21,1,'605.00','30.00',0,'2015-02-04 13:26:42','2015-02-04 13:26:42'),(2,'1.000000',25,21,0,'575.00','0.00',1,'2015-02-04 13:26:46','2015-02-04 13:26:46'),(3,'1.000000',88,66,0,'275.00','0.00',1,'2015-03-20 11:22:35','2015-03-20 11:22:35'),(4,'1.000000',2,6,0,'19.81','0.00',1,'2015-03-20 12:49:10','2015-03-20 12:49:10'),(5,'1.000000',121,76,0,'535.00','535.00',1,'2015-03-25 12:09:11','2015-03-25 12:09:11'),(6,'1.000000',101,71,0,'420.00','0.00',1,'2015-04-09 17:21:11','2015-04-09 17:21:11'),(7,'1.000000',4,101,0,'390.00','0.00',1,'2015-04-11 11:55:01','2015-04-11 11:55:01'),(8,'1.000000',145,85,0,'145.00','0.00',1,'2015-04-13 15:31:40','2015-04-13 15:31:40'),(9,'1.000000',191,115,0,'340.00','30.00',1,'2015-04-15 10:25:02','2015-04-15 10:25:02'),(10,'1.000000',87,65,0,'855.00','0.00',1,'2015-04-16 17:37:01','2015-04-16 17:37:01'),(11,'1.000000',154,92,0,'2100.00','0.00',1,'2015-04-17 18:10:46','2015-04-17 18:10:46'),(12,'1.000000',154,92,0,'420.00','0.00',1,'2015-04-17 18:14:34','2015-04-17 18:14:34'),(13,'1.000000',129,79,0,'340.00','0.00',1,'2015-04-21 11:30:07','2015-04-21 11:30:07'),(14,'1.000000',139,84,0,'330.00','0.00',1,'2015-04-21 11:41:25','2015-04-21 11:41:25'),(15,'1.000000',121,78,0,'135.00','0.00',1,'2015-04-23 12:57:52','2015-04-23 12:57:52'),(16,'1.000000',135,81,0,'395.00','0.00',1,'2015-04-23 13:12:35','2015-04-23 13:12:35'),(17,'1.000000',182,107,0,'795.00','0.00',1,'2015-04-24 12:54:02','2015-04-24 12:54:02'),(18,'1.000000',199,120,0,'500.00','0.00',1,'2015-04-27 14:54:32','2015-04-27 14:54:32'),(19,'1.000000',181,106,0,'500.00','0.00',1,'2015-04-28 12:37:40','2015-04-28 12:37:40'),(20,'1.000000',190,113,0,'255.00','0.00',1,'2015-04-30 18:01:14','2015-04-30 18:01:14'),(21,'1.000000',200,121,0,'500.00','0.00',1,'2015-05-04 15:38:26','2015-05-04 15:38:26'),(22,'1.000000',200,121,0,'500.00','0.00',1,'2015-05-04 15:39:21','2015-05-04 15:39:21'),(23,'1.000000',229,136,0,'610.00','0.00',1,'2015-05-07 12:02:29','2015-05-07 12:02:29'),(24,'1.000000',264,149,0,'1315.00','0.00',1,'2015-05-19 12:51:02','2015-05-19 12:51:02'),(25,'1.000000',225,133,0,'125.00','0.00',1,'2015-05-19 15:47:38','2015-05-19 15:47:38'),(26,'1.000000',251,157,0,'860.00','0.00',1,'2015-05-26 12:44:10','2015-05-26 12:44:10'),(27,'1.000000',255,163,0,'330.00','0.00',1,'2015-06-04 16:57:45','2015-06-04 16:57:45'),(28,'1.000000',287,159,0,'920.00','0.00',1,'2015-06-05 15:47:28','2015-06-05 15:47:28'),(29,'1.000000',314,169,0,'650.00','0.00',1,'2015-06-05 15:55:18','2015-06-05 15:55:18'),(30,'1.000000',332,178,0,'765.00','0.00',1,'2015-06-17 11:59:18','2015-06-17 11:59:18'),(31,'1.000000',41,201,0,'119.00','0.00',1,'2015-06-26 12:18:37','2015-06-26 12:18:37'),(32,'1.000000',306,191,0,'252.00','0.00',1,'2015-06-26 12:26:07','2015-06-26 12:26:07'),(33,'1.000000',360,195,0,'161.00','0.00',1,'2015-06-30 11:47:33','2015-06-30 11:47:33'),(34,'1.000000',363,198,0,'230.00','0.00',1,'2015-07-01 12:51:52','2015-07-01 12:51:52'),(35,'1.000000',392,219,0,'171.00','0.00',1,'2015-07-08 11:34:01','2015-07-08 11:34:01'),(36,'1.000000',334,182,0,'605.00','310.00',1,'2015-07-10 12:09:00','2015-07-10 12:09:00'),(37,'1.000000',75,231,0,'327.00','30.00',1,'2015-07-15 15:33:48','2015-07-15 15:33:48'),(38,'1.000000',390,251,0,'552.00','0.00',1,'2015-07-20 14:58:33','2015-07-20 14:58:33'),(39,'1.000000',40,264,0,'190.00','0.00',1,'2015-07-23 15:09:04','2015-07-23 15:09:04'),(40,'1.000000',516,300,0,'550.00','0.00',1,'2015-10-20 11:38:54','2015-10-20 11:38:54'),(41,'1.000000',465,315,0,'1225.00','0.00',1,'2015-10-22 12:15:26','2015-10-22 12:15:26'),(42,'1.000000',162,272,0,'845.00','0.00',1,'2015-10-30 12:00:46','2015-10-30 12:00:46'),(43,'1.000000',465,330,0,'495.00','0.00',1,'2015-11-06 11:34:56','2015-11-06 11:34:56'),(44,'1.000000',194,333,0,'570.00','0.00',1,'2015-11-06 16:08:30','2015-11-06 16:08:30'),(45,'1.000000',605,345,0,'545.00','0.00',1,'2015-11-23 15:39:12','2015-11-23 15:39:12'),(46,'1.000000',604,344,0,'850.00','0.00',1,'2015-11-27 12:14:04','2015-11-27 12:14:04'),(47,'1.000000',465,351,0,'640.00','0.00',1,'2015-11-28 11:20:27','2015-11-28 11:20:27'),(48,'1.000000',465,351,0,'30.00','30.00',1,'2015-11-28 11:20:48','2015-11-28 11:20:48'),(49,'1.000000',465,349,0,'995.00','0.00',1,'2015-12-03 12:03:42','2015-12-03 12:03:42'),(50,'1.000000',465,346,0,'995.00','0.00',1,'2015-12-21 16:06:35','2015-12-21 16:06:35'),(51,'1.000000',226,353,0,'235.00','0.00',1,'2016-01-05 13:28:55','2016-01-05 13:28:55'),(52,'1.000000',342,371,0,'530.00','0.00',1,'2016-01-08 12:59:50','2016-01-08 12:59:50'),(53,'1.000000',711,406,0,'657.00','0.00',1,'2016-01-12 12:29:10','2016-01-12 12:29:10');

--
-- Table structure for table `ps_order_slip_detail`
--

CREATE TABLE `ps_order_slip_detail` (
  `id_order_slip` int(10) unsigned NOT NULL,
  `id_order_detail` int(10) unsigned NOT NULL,
  `product_quantity` int(10) unsigned NOT NULL DEFAULT '0',
  `amount_tax_excl` decimal(10,2) DEFAULT NULL,
  `amount_tax_incl` decimal(10,2) DEFAULT NULL,
  PRIMARY KEY (`id_order_slip`,`id_order_detail`)
) ENGINE=InnoDB DEFAULT CHARSET=utf8;

--
-- Dumping data for table `ps_order_slip_detail`
--

INSERT INTO `ps_order_slip_detail` VALUES (1,34,1,'479.17','575.00'),(3,102,1,'229.17','275.00'),(4,16,1,'16.51','19.81'),(6,111,1,'350.00','420.00'),(7,160,1,'325.00','390.00'),(8,135,1,'145.00','145.00'),(9,180,1,'310.00','310.00'),(10,99,1,'320.00','320.00'),(10,101,1,'535.00','535.00'),(11,142,1,'610.00','610.00'),(11,144,1,'420.00','420.00'),(11,145,1,'350.00','350.00'),(11,146,1,'720.00','720.00'),(12,143,1,'420.00','420.00'),(13,124,1,'340.00','340.00'),(14,134,1,'275.00','330.00'),(15,122,1,'135.00','135.00'),(16,126,1,'395.00','395.00'),(17,169,1,'279.17','335.00'),(17,170,1,'383.33','460.00'),(18,187,1,'416.67','500.00'),(19,167,1,'416.67','500.00'),(20,178,1,'212.50','255.00'),(21,188,0,'416.67','500.00'),(23,209,0,'610.00','610.00'),(24,225,1,'383.33','460.00'),(24,226,1,'275.00','330.00'),(24,227,1,'437.50','525.00'),(25,205,1,'104.17','125.00'),(26,236,1,'475.00','570.00'),(26,237,1,'241.67','290.00'),(27,244,1,'330.00','330.00'),(28,239,1,'383.33','460.00'),(28,240,1,'383.33','460.00'),(29,250,1,'650.00','650.00'),(30,261,1,'637.50','765.00'),(31,294,1,'99.17','119.00'),(32,278,1,'113.75','136.50'),(32,281,1,'96.25','115.50'),(33,287,1,'134.17','161.00'),(34,291,1,'191.67','230.00'),(35,318,1,'142.50','171.00'),(36,267,1,'245.83','295.00'),(37,332,1,'297.00','297.00'),(38,360,1,'265.00','318.00'),(38,361,1,'195.00','234.00'),(39,375,1,'158.33','190.00'),(40,420,1,'550.00','550.00'),(41,436,1,'579.17','695.00'),(41,438,1,'441.67','530.00'),(42,385,1,'845.00','845.00'),(43,456,1,'412.50','495.00'),(44,462,1,'570.00','570.00'),(45,478,1,'454.17','545.00'),(46,477,1,'850.00','850.00'),(47,493,1,'533.33','640.00'),(49,485,1,'829.17','995.00'),(50,479,1,'829.17','995.00'),(51,496,1,'195.83','235.00'),(52,518,1,'441.67','530.00'),(53,557,1,'547.50','657.00');

--
-- Table structure for table `ps_order_state`
--

CREATE TABLE `ps_order_state` (
  `id_order_state` int(10) unsigned NOT NULL AUTO_INCREMENT,
  `invoice` tinyint(1) unsigned DEFAULT '0',
  `send_email` tinyint(1) unsigned NOT NULL DEFAULT '0',
  `module_name` varchar(255) DEFAULT NULL,
  `color` varchar(32) DEFAULT NULL,
  `unremovable` tinyint(1) unsigned NOT NULL,
  `hidden` tinyint(1) unsigned NOT NULL DEFAULT '0',
  `logable` tinyint(1) NOT NULL DEFAULT '0',
  `delivery` tinyint(1) unsigned NOT NULL DEFAULT '0',
  `shipped` tinyint(1) unsigned NOT NULL DEFAULT '0',
  `paid` tinyint(1) unsigned NOT NULL DEFAULT '0',
  `deleted` tinyint(1) unsigned NOT NULL DEFAULT '0',
  PRIMARY KEY (`id_order_state`),
  KEY `module_name` (`module_name`)
) ENGINE=InnoDB AUTO_INCREMENT=28 DEFAULT CHARSET=utf8;

--
-- Dumping data for table `ps_order_state`
--

INSERT INTO `ps_order_state` VALUES (1,0,1,'cheque','#4169E1',1,0,0,0,0,0,0),(2,1,0,'','#32CD32',1,0,1,0,0,1,0),(3,1,1,'','#FF8C00',1,0,1,1,0,1,0),(4,1,1,'','#8A2BE2',1,0,1,1,1,1,0),(5,1,0,'','#108510',1,0,1,1,1,1,0),(6,0,1,'','#DC143C',1,0,0,0,0,0,0),(7,1,1,'','#ec2e15',1,0,0,0,0,0,0),(8,0,1,'','#8f0621',1,0,0,0,0,0,0),(9,1,1,'','#FF69B4',1,0,0,0,0,1,0),(10,0,1,'bankwire','#4169E1',1,0,0,0,0,0,0),(11,0,0,'','#4169E1',1,0,0,0,0,0,0),(12,1,1,'','#32CD32',1,0,1,0,0,1,0),(13,1,0,'','#BBDDEE',0,0,1,0,0,0,0),(14,1,1,'','#ff70bd',0,0,1,0,0,1,0),(15,1,0,'','#f2bfff',0,0,1,0,0,0,0),(16,1,1,'','#e4ffb6',0,0,1,0,0,1,0),(17,0,1,NULL,'#FFDD99',1,0,1,0,0,0,0),(18,1,0,'paybox','Crimson',0,0,1,0,0,0,0),(19,1,1,'paybox','#ff7d34',0,0,1,0,0,0,0),(27,0,0,'fastmagsync','#fc2700',0,0,0,0,0,0,0);

--
-- Table structure for table `ps_order_state_lang`
--

CREATE TABLE `ps_order_state_lang` (
  `id_order_state` int(10) unsigned NOT NULL,
  `id_lang` int(10) unsigned NOT NULL,
  `name` varchar(64) NOT NULL,
  `template` varchar(64) NOT NULL,
  PRIMARY KEY (`id_order_state`,`id_lang`)
) ENGINE=InnoDB DEFAULT CHARSET=utf8;

--
-- Dumping data for table `ps_order_state_lang`
--

INSERT INTO `ps_order_state_lang` VALUES (1,1,'En attente du paiement par chèque','cheque'),(1,2,'En attente du paiement par chèque','cheque'),(1,3,'En attente du paiement par chèque','cheque'),(1,4,'En attente du paiement par chèque','cheque'),(1,5,'En attente du paiement par chèque','cheque'),(2,1,'Paiement accepté','payment'),(2,2,'Paiement accepté','payment'),(2,3,'Paiement accepté','payment'),(2,4,'Paiement accepté','payment'),(2,5,'Paiement accepté','payment'),(3,1,'Préparation en cours','preparation'),(3,2,'Préparation en cours','preparation'),(3,3,'Préparation en cours','preparation'),(3,4,'Préparation en cours','preparation'),(3,5,'Préparation en cours','preparation'),(4,1,'En cours de livraison','shipped'),(4,2,'En cours de livraison','shipped'),(4,3,'En cours de livraison','shipped'),(4,4,'En cours de livraison','shipped'),(4,5,'En cours de livraison','shipped'),(5,1,'Livré',''),(5,2,'Livré',''),(5,3,'Livré',''),(5,4,'Livré',''),(5,5,'Livré',''),(6,1,'Annulé','order_canceled'),(6,2,'Annulé','order_canceled'),(6,3,'Annulé','order_canceled'),(6,4,'Annulé','order_canceled'),(6,5,'Annulé','order_canceled'),(7,1,'Remboursé','refund'),(7,2,'Remboursé','refund'),(7,3,'Remboursé','refund'),(7,4,'Remboursé','refund'),(7,5,'Remboursé','refund'),(8,1,'Erreur de paiement','payment_error'),(8,2,'Erreur de paiement','payment_error'),(8,3,'Erreur de paiement','payment_error'),(8,4,'Erreur de paiement','payment_error'),(8,5,'Erreur de paiement','payment_error'),(9,1,'En attente de réapprovisionnement','outofstock'),(9,2,'En attente de réapprovisionnement','outofstock'),(9,3,'En attente de réapprovisionnement','outofstock'),(9,4,'En attente de réapprovisionnement','outofstock'),(9,5,'En attente de réapprovisionnement','outofstock'),(10,1,'En attente du paiement par virement bancaire','bankwire'),(10,2,'En attente du paiement par virement bancaire','bankwire'),(10,3,'En attente du paiement par virement bancaire','bankwire'),(10,4,'En attente du paiement par virement bancaire','bankwire'),(10,5,'En attente du paiement par virement bancaire','bankwire'),(11,1,'En attente du paiement par PayPal',''),(11,2,'En attente du paiement par PayPal',''),(11,3,'En attente du paiement par PayPal',''),(11,4,'En attente du paiement par PayPal',''),(11,5,'En attente du paiement par PayPal',''),(12,1,'Paiement à distance accepté','payment'),(12,2,'Paiement à distance accepté','payment'),(12,3,'Paiement à distance accepté','payment'),(12,4,'Paiement à distance accepté','payment'),(12,5,'Paiement à distance accepté','payment'),(13,1,'Payé partiellement via Paybox',''),(13,3,'Partially paid through Paybox',''),(13,4,'Payé partiellement via Paybox',''),(13,5,'Payé partiellement via Paybox',''),(14,1,'Débit à l\'expédition','payment'),(14,3,'Receive and Pay','payment'),(14,4,'Débit à l\'expédition',''),(14,5,'Débit à l\'expédition',''),(15,1,'Encaissé partiellement',''),(15,3,'Partially cashed',''),(15,4,'Encaissé partiellement',''),(15,5,'Encaissé partiellement',''),(16,1,'Payé via Kwixo','payment'),(16,3,'Paid with Kwixo','payment'),(16,4,'Payé via Kwixo',''),(16,5,'Payé via Kwixo',''),(17,1,'Preorder','preorder'),(17,3,'Preorder','preorder'),(18,1,'En attente de débit','payment'),(18,3,'Awaiting Payment Capture by Merchant','payment'),(19,1,'Partiellement Remboursé par Paybox','refund'),(19,3,'Partially Refunded by Paybox','refund'),(27,1,'Synchronisée avec Fastmag',''),(27,3,'Synchronisée avec Fastmag','');

--
-- Table structure for table `ps_orders`
--

CREATE TABLE `ps_orders` (
  `id_order` int(10) unsigned NOT NULL AUTO_INCREMENT,
  `reference` varchar(9) DEFAULT NULL,
  `id_shop_group` int(11) unsigned NOT NULL DEFAULT '1',
  `id_shop` int(11) unsigned NOT NULL DEFAULT '1',
  `id_carrier` int(10) unsigned NOT NULL,
  `id_lang` int(10) unsigned NOT NULL,
  `id_customer` int(10) unsigned NOT NULL,
  `id_cart` int(10) unsigned NOT NULL,
  `id_currency` int(10) unsigned NOT NULL,
  `id_address_delivery` int(10) unsigned NOT NULL,
  `id_address_invoice` int(10) unsigned NOT NULL,
  `current_state` int(10) unsigned NOT NULL,
  `secure_key` varchar(32) NOT NULL DEFAULT '-1',
  `payment` varchar(255) NOT NULL,
  `conversion_rate` decimal(13,6) NOT NULL DEFAULT '1.000000',
  `module` varchar(255) DEFAULT NULL,
  `recyclable` tinyint(1) unsigned NOT NULL DEFAULT '0',
  `gift` tinyint(1) unsigned NOT NULL DEFAULT '0',
  `gift_message` text,
  `mobile_theme` tinyint(1) NOT NULL DEFAULT '0',
  `shipping_number` varchar(32) DEFAULT NULL,
  `total_discounts` decimal(17,2) NOT NULL DEFAULT '0.00',
  `total_discounts_tax_incl` decimal(17,2) NOT NULL DEFAULT '0.00',
  `total_discounts_tax_excl` decimal(17,2) NOT NULL DEFAULT '0.00',
  `total_paid` decimal(17,2) NOT NULL DEFAULT '0.00',
  `total_paid_tax_incl` decimal(17,2) NOT NULL DEFAULT '0.00',
  `total_paid_tax_excl` decimal(17,2) NOT NULL DEFAULT '0.00',
  `total_paid_real` decimal(17,2) NOT NULL DEFAULT '0.00',
  `total_products` decimal(17,2) NOT NULL DEFAULT '0.00',
  `total_products_wt` decimal(17,2) NOT NULL DEFAULT '0.00',
  `total_shipping` decimal(17,2) NOT NULL DEFAULT '0.00',
  `total_shipping_tax_incl` decimal(17,2) NOT NULL DEFAULT '0.00',
  `total_shipping_tax_excl` decimal(17,2) NOT NULL DEFAULT '0.00',
  `carrier_tax_rate` decimal(10,3) NOT NULL DEFAULT '0.000',
  `total_wrapping` decimal(17,2) NOT NULL DEFAULT '0.00',
  `total_wrapping_tax_incl` decimal(17,2) NOT NULL DEFAULT '0.00',
  `total_wrapping_tax_excl` decimal(17,2) NOT NULL DEFAULT '0.00',
  `invoice_number` int(10) unsigned NOT NULL DEFAULT '0',
  `delivery_number` int(10) unsigned NOT NULL DEFAULT '0',
  `invoice_date` datetime NOT NULL,
  `delivery_date` datetime NOT NULL,
  `valid` int(1) unsigned NOT NULL DEFAULT '0',
  `date_add` datetime NOT NULL,
  `date_upd` datetime NOT NULL,
  PRIMARY KEY (`id_order`),
  KEY `id_customer` (`id_customer`),
  KEY `id_cart` (`id_cart`),
  KEY `invoice_number` (`invoice_number`),
  KEY `id_carrier` (`id_carrier`),
  KEY `id_lang` (`id_lang`),
  KEY `id_currency` (`id_currency`),
  KEY `id_address_delivery` (`id_address_delivery`),
  KEY `id_address_invoice` (`id_address_invoice`),
  KEY `id_shop_group` (`id_shop_group`),
  KEY `current_state` (`current_state`),
  KEY `id_shop` (`id_shop`),
  KEY `date_add` (`date_add`)
) ENGINE=InnoDB AUTO_INCREMENT=425 DEFAULT CHARSET=utf8;

--
-- Dumping data for table `ps_orders`
--

INSERT INTO `ps_orders` VALUES (1,'XKBKNABJK',1,1,2,1,1,1,1,4,4,6,'b44a6d9efd7a0076a0fbce6b15eaf3b1','Payment by check','1.000000','cheque',0,0,'',0,'','0.00','0.00','0.00','55.00','55.00','55.00','0.00','53.00','53.00','2.00','2.00','2.00','0.000','0.00','0.00','0.00',0,0,'0000-00-00 00:00:00','0000-00-00 00:00:00',0,'2014-12-14 08:54:26','2014-12-14 08:54:27'),(2,'OHSATSERP',1,1,2,1,1,2,1,4,4,1,'b44a6d9efd7a0076a0fbce6b15eaf3b1','Payment by check','1.000000','cheque',0,0,'',0,'','0.00','0.00','0.00','75.90','75.90','75.90','0.00','73.90','73.90','2.00','2.00','2.00','0.000','0.00','0.00','0.00',0,0,'0000-00-00 00:00:00','0000-00-00 00:00:00',0,'2014-12-14 08:54:26','2014-12-14 08:54:27'),(3,'UOYEVOLI',1,1,2,1,1,3,1,4,4,8,'b44a6d9efd7a0076a0fbce6b15eaf3b1','Payment by check','1.000000','cheque',0,0,'',0,'','0.00','0.00','0.00','76.01','76.01','76.01','0.00','74.01','74.01','2.00','2.00','2.00','0.000','0.00','0.00','0.00',0,0,'0000-00-00 00:00:00','0000-00-00 00:00:00',0,'2014-12-14 08:54:27','2014-12-14 08:54:27'),(4,'FFATNOMMJ',1,1,2,1,1,4,1,4,4,1,'b44a6d9efd7a0076a0fbce6b15eaf3b1','Payment by check','1.000000','cheque',0,0,'',0,'','0.00','0.00','0.00','89.89','89.89','89.89','0.00','87.89','87.89','2.00','2.00','2.00','0.000','0.00','0.00','0.00',0,0,'0000-00-00 00:00:00','0000-00-00 00:00:00',0,'2014-12-14 08:54:27','2014-12-14 08:54:27'),(5,'KHWLILZLL',1,1,2,1,1,5,1,4,4,10,'b44a6d9efd7a0076a0fbce6b15eaf3b1','Bank wire','1.000000','bankwire',0,0,'',0,'','0.00','0.00','0.00','71.51','71.51','71.51','0.00','69.51','69.51','2.00','2.00','2.00','0.000','0.00','0.00','0.00',0,0,'0000-00-00 00:00:00','0000-00-00 00:00:00',0,'2014-12-14 08:54:27','2014-12-14 08:54:27'),(6,'QJSQNFVYM',1,1,2,1,2,6,1,5,5,2,'2aa6b11f62c584a070983b997a310373','Chèque','1.000000','cheque',0,0,'',0,'','0.00','0.00','0.00','28.21','28.21','23.51','28.21','16.51','19.81','8.40','8.40','7.00','20.000','0.00','0.00','0.00',1,0,'2014-12-19 11:11:04','0000-00-00 00:00:00',1,'2014-12-19 10:33:02','2014-12-19 11:11:04'),(7,'ORPTIODQB',1,1,1,1,3,8,1,6,6,2,'ad222063679ac744f0dd8bc6738b990f','Chèque','1.000000','cheque',0,0,'',0,'','0.00','0.00','0.00','63.60','63.60','53.00','63.60','53.00','63.60','0.00','0.00','0.00','20.000','0.00','0.00','0.00',2,0,'2014-12-23 18:42:29','0000-00-00 00:00:00',1,'2014-12-23 18:41:24','2014-12-23 18:42:29'),(8,'FKNQHIYUZ',1,1,1,1,2,11,1,5,5,2,'2aa6b11f62c584a070983b997a310373','Chèque','1.000000','cheque',0,0,'',0,'','0.00','0.00','0.00','19.81','19.81','16.51','19.81','16.51','19.81','0.00','0.00','0.00','20.000','0.00','0.00','0.00',3,0,'2014-12-30 15:01:58','0000-00-00 00:00:00',1,'2014-12-30 15:01:15','2014-12-30 15:01:58'),(9,'OVYBQCQLK',1,1,1,1,2,12,1,5,5,2,'2aa6b11f62c584a070983b997a310373','Chèque','1.000000','cheque',0,0,'',0,'','0.00','0.00','0.00','19.81','19.81','16.51','19.81','16.51','19.81','0.00','0.00','0.00','20.000','0.00','0.00','0.00',4,0,'2014-12-30 15:07:59','0000-00-00 00:00:00',1,'2014-12-30 15:07:38','2014-12-30 15:08:00'),(10,'WKNIZZQJJ',1,1,1,1,2,13,1,5,5,2,'2aa6b11f62c584a070983b997a310373','Chèque','1.000000','cheque',0,0,'',0,'','0.00','0.00','0.00','19.81','19.81','16.51','19.81','16.51','19.81','0.00','0.00','0.00','20.000','0.00','0.00','0.00',5,0,'2014-12-30 15:22:29','0000-00-00 00:00:00',1,'2014-12-30 15:21:49','2014-12-30 15:22:29'),(11,'NJCWRMBSA',1,1,13,1,6,24,1,9,9,9,'b25751bef8c28dce33ed3fdd8a2148fc','Chèque','1.000000','cheque',0,0,'',0,'','0.00','0.00','0.00','640.00','640.00','535.83','640.00','520.83','625.00','15.00','15.00','15.00','0.000','0.00','0.00','0.00',6,0,'2015-01-15 09:56:59','0000-00-00 00:00:00',0,'2015-01-15 09:56:59','2015-01-15 09:56:59'),(12,'RGERCWHEN',1,1,11,1,4,30,1,7,7,5,'22c369885e218d54316ef8690170609f','Chèque','1.000000','cheque',0,0,'',0,'','0.00','0.00','0.00','1158.00','1158.00','965.00','1158.00','965.00','1158.00','0.00','0.00','0.00','20.000','0.00','0.00','0.00',7,1,'2015-01-17 13:01:45','2015-01-17 13:01:46',1,'2015-01-17 12:08:50','2015-01-17 13:01:46'),(13,'GXMVVUHRW',1,1,13,1,2,23,1,5,5,5,'2aa6b11f62c584a070983b997a310373','Chèque','1.000000','cheque',0,0,'',0,'','0.00','0.00','0.00','1185.00','1185.00','1185.00','1185.00','1170.00','1170.00','15.00','15.00','15.00','0.000','0.00','0.00','0.00',8,2,'2015-01-17 17:30:55','2015-01-17 17:30:55',1,'2015-01-17 17:30:10','2015-01-17 17:30:55'),(14,'JIKDZAQWT',1,1,15,1,2,32,1,5,5,7,'2aa6b11f62c584a070983b997a310373','Chèque','1.000000','cheque',0,0,'',0,'','0.00','0.00','0.00','335.00','335.00','281.67','335.00','266.67','320.00','15.00','15.00','15.00','0.000','0.00','0.00','0.00',9,0,'2015-01-22 09:00:06','0000-00-00 00:00:00',0,'2015-01-22 08:59:06','2015-02-06 12:09:55'),(15,'HBSWXFTRP',1,1,15,1,2,41,1,5,5,5,'2aa6b11f62c584a070983b997a310373','Chèque','1.000000','cheque',0,0,'',0,'','0.00','0.00','0.00','655.00','655.00','548.34','655.00','533.34','640.00','15.00','15.00','15.00','0.000','0.00','0.00','0.00',10,3,'2015-01-22 11:44:17','2015-02-03 20:41:29',1,'2015-01-22 11:43:43','2015-02-03 20:41:29'),(16,'GOWKUJUCK',1,1,15,1,4,54,1,7,7,1,'22c369885e218d54316ef8690170609f','Chèque','1.000000','cheque',0,0,'',0,'','0.00','0.00','0.00','1185.00','1185.00','990.00','0.00','975.00','1170.00','15.00','15.00','15.00','0.000','0.00','0.00','0.00',0,0,'0000-00-00 00:00:00','0000-00-00 00:00:00',0,'2015-01-24 17:17:09','2015-01-24 17:18:54'),(17,'HPNEVACLE',1,1,15,1,4,55,1,7,7,9,'22c369885e218d54316ef8690170609f','Chèque','1.000000','cheque',0,0,'',0,'','0.00','0.00','0.00','520.00','520.00','435.83','520.00','420.83','505.00','15.00','15.00','15.00','0.000','0.00','0.00','0.00',11,0,'2015-01-24 17:23:17','0000-00-00 00:00:00',0,'2015-01-24 17:23:16','2015-01-24 17:23:17'),(18,'NKWUTEJUX',1,1,15,1,4,56,1,7,7,1,'22c369885e218d54316ef8690170609f','Chèque','1.000000','cheque',0,0,'',0,'','0.00','0.00','0.00','325.00','325.00','273.34','0.00','258.34','310.00','15.00','15.00','15.00','0.000','0.00','0.00','0.00',0,0,'0000-00-00 00:00:00','0000-00-00 00:00:00',0,'2015-01-24 17:51:41','2015-01-25 09:00:05'),(19,'VYQDOKALB',1,1,15,1,4,58,1,7,7,1,'22c369885e218d54316ef8690170609f','Chèque','1.000000','cheque',0,0,'',0,'','0.00','0.00','0.00','325.00','325.00','273.34','0.00','258.34','310.00','15.00','15.00','15.00','0.000','0.00','0.00','0.00',0,0,'0000-00-00 00:00:00','0000-00-00 00:00:00',0,'2015-01-25 09:18:05','2015-01-25 09:27:21'),(20,'CDLVVWCRE',1,1,15,1,17,59,1,20,20,2,'581f80f254d810eb7568561a4657bbb4','Paybox - Epayment','1.000000','epayment',0,0,'',0,'','0.00','0.00','0.00','190.00','190.00','160.83','190.00','145.83','175.00','15.00','15.00','15.00','0.000','0.00','0.00','0.00',12,0,'2015-01-27 14:17:06','0000-00-00 00:00:00',1,'2015-01-27 14:17:06','2015-01-27 14:17:07'),(21,'ZDAKIDIIH',1,1,17,1,25,62,1,29,29,7,'d57dd68fd862b4d7d1d045a47907e539','Paybox - Epayment','1.000000','epayment',0,0,'',0,'','0.00','0.00','0.00','605.00','605.00','509.17','605.00','479.17','575.00','30.00','30.00','30.00','0.000','0.00','0.00','0.00',13,4,'2015-02-04 11:15:10','2015-02-04 12:31:37',0,'2015-02-04 11:15:10','2015-02-04 12:34:25'),(22,'OPXKCEKHF',1,1,15,1,24,80,1,27,27,7,'73676272051b8b5a9179a29c3d4f4f3d','Paybox - Epayment','1.000000','epayment',0,0,'',0,'','0.00','0.00','0.00','590.00','590.00','494.17','590.00','479.17','575.00','15.00','15.00','15.00','0.000','0.00','0.00','0.00',14,0,'2015-02-04 15:28:06','0000-00-00 00:00:00',0,'2015-02-04 15:28:06','2015-02-05 11:11:08'),(23,'XMYAILOGS',1,1,15,1,24,82,1,27,27,7,'73676272051b8b5a9179a29c3d4f4f3d','Paybox - Epayment','1.000000','epayment',0,0,'',0,'','0.00','0.00','0.00','255.00','255.00','215.00','255.00','200.00','240.00','15.00','15.00','15.00','0.000','0.00','0.00','0.00',15,0,'2015-02-04 15:41:48','0000-00-00 00:00:00',0,'2015-02-04 15:41:48','2015-02-05 19:03:13'),(24,'BGCZJXVNR',1,1,15,1,31,85,1,35,35,7,'9df36d555bd5955bfcb3890a198c5da2','Paybox - Epayment','1.000000','epayment',0,0,'',0,'','0.00','0.00','0.00','330.00','330.00','277.50','330.00','262.50','315.00','15.00','15.00','15.00','0.000','0.00','0.00','0.00',16,0,'2015-02-04 22:15:42','0000-00-00 00:00:00',0,'2015-02-04 22:15:42','2015-02-05 11:10:10'),(25,'AXYWTJTHB',1,1,15,1,41,126,1,46,46,5,'de39365912b7f26e6bcae4922161aa18','Paybox - Epayment','1.000000','epayment',0,0,'',0,'773239348827','0.00','0.00','0.00','330.00','330.00','277.50','330.00','262.50','315.00','15.00','15.00','15.00','0.000','0.00','0.00','0.00',17,24,'2015-02-07 23:41:17','2015-03-31 18:04:39',1,'2015-02-07 23:41:16','2015-03-31 18:04:39'),(26,'DAKUJCFNQ',1,1,11,1,45,136,1,50,50,5,'36b78256cce8d71db8fa449d77e752a0','Paybox - Epayment','1.000000','epayment',0,0,'',0,'','0.00','0.00','0.00','335.00','335.00','279.17','335.00','279.17','335.00','0.00','0.00','0.00','20.000','0.00','0.00','0.00',18,9,'2015-02-08 16:50:54','2015-03-13 18:26:07',1,'2015-02-08 16:50:54','2015-03-13 18:26:07'),(27,'CAUDIZTTU',1,1,15,3,47,145,1,53,52,5,'d792731d168b3fe38b3c924934d6c72a','Paybox - Epayment','1.000000','epayment',0,0,'',0,'CX111176023FR','0.00','0.00','0.00','305.00','305.00','256.67','561.67','241.67','290.00','15.00','15.00','15.00','0.000','0.00','0.00','0.00',40,10,'2015-03-10 12:14:35','2015-03-20 16:30:35',1,'2015-02-09 12:39:17','2015-03-20 16:30:35'),(28,'FOHDZLIUS',1,1,15,3,50,155,1,56,56,5,'f841f9b9b7bff06584f9f9bf6f7f351a','Paybox - Epayment','1.000000','epayment',0,0,'',0,'773239309278','0.00','0.00','0.00','335.00','335.00','281.67','690.00','266.67','320.00','15.00','15.00','15.00','0.000','0.00','0.00','0.00',55,22,'2015-03-28 16:25:46','2015-04-02 14:08:56',1,'2015-02-10 18:24:36','2015-04-02 14:08:57'),(29,'MTZLSWOGH',1,1,15,3,50,161,1,56,56,7,'f841f9b9b7bff06584f9f9bf6f7f351a','Paybox - Epayment','1.000000','epayment',0,0,'',0,'','0.00','0.00','0.00','335.00','335.00','281.67','690.00','266.67','320.00','15.00','15.00','15.00','0.000','0.00','0.00','0.00',19,5,'2015-02-11 21:44:53','2015-02-11 21:44:53',0,'2015-02-11 02:42:12','2015-02-20 16:10:41'),(30,'ZFTKAXKKO',1,1,15,1,56,181,1,62,62,6,'9250b8048b5a6cee31c6b03880c04174','Chèque','1.000000','cheque',0,0,'',0,'','0.00','0.00','0.00','15.00','15.00','15.00','0.00','0.00','0.00','15.00','15.00','15.00','0.000','0.00','0.00','0.00',0,0,'0000-00-00 00:00:00','0000-00-00 00:00:00',0,'2015-02-12 19:10:59','2015-02-12 21:54:48'),(31,'NYDMZVEMD',1,1,15,1,56,182,1,62,62,6,'9250b8048b5a6cee31c6b03880c04174','Chèque','1.000000','cheque',0,0,'',0,'','0.00','0.00','0.00','15.00','15.00','15.00','0.00','0.00','0.00','15.00','15.00','15.00','0.000','0.00','0.00','0.00',0,0,'0000-00-00 00:00:00','0000-00-00 00:00:00',0,'2015-02-12 19:12:08','2015-02-12 21:54:20'),(32,'TVJLDNZYR',1,1,15,1,57,184,1,63,63,6,'2c7d5386f7b648c6a728d88fa1a414cf','Paybox - Epayment','1.000000','epayment',0,0,'',0,'','0.00','0.00','0.00','335.00','335.00','281.67','355.00','266.67','320.00','15.00','15.00','15.00','0.000','0.00','0.00','0.00',0,0,'0000-00-00 00:00:00','0000-00-00 00:00:00',0,'2015-02-12 20:40:02','2015-02-12 21:57:21'),(33,'NTTOVAMIQ',1,1,15,1,57,185,1,63,63,6,'2c7d5386f7b648c6a728d88fa1a414cf','Chèque','1.000000','cheque',0,0,'',0,'','0.00','0.00','0.00','355.00','355.00','355.00','0.00','340.00','340.00','15.00','15.00','15.00','0.000','0.00','0.00','0.00',0,0,'0000-00-00 00:00:00','0000-00-00 00:00:00',0,'2015-02-12 20:43:38','2015-02-12 21:58:30'),(34,'XRQWXPEKK',1,1,15,1,57,190,1,63,63,6,'2c7d5386f7b648c6a728d88fa1a414cf','Paybox','1.000000','paybox',0,0,'',0,'','0.00','0.00','0.00','355.00','355.00','355.00','355.00','340.00','340.00','15.00','15.00','15.00','0.000','0.00','0.00','0.00',20,0,'2015-02-12 21:37:19','0000-00-00 00:00:00',0,'2015-02-12 21:37:19','2015-02-12 21:57:50'),(35,'LKMFTALOX',1,1,15,1,57,191,1,63,63,6,'2c7d5386f7b648c6a728d88fa1a414cf','Paybox','1.000000','paybox',0,0,'',0,'','0.00','0.00','0.00','355.00','355.00','355.00','355.00','340.00','340.00','15.00','15.00','15.00','0.000','0.00','0.00','0.00',21,0,'2015-02-12 21:50:24','0000-00-00 00:00:00',0,'2015-02-12 21:50:24','2015-02-12 21:53:52'),(36,'KQJOJWVDJ',1,1,15,1,57,192,1,63,63,6,'2c7d5386f7b648c6a728d88fa1a414cf','Paybox','1.000000','paybox',0,0,'',0,'','0.00','0.00','0.00','355.00','355.00','355.00','355.00','340.00','340.00','15.00','15.00','15.00','0.000','0.00','0.00','0.00',22,0,'2015-02-12 21:54:55','0000-00-00 00:00:00',0,'2015-02-12 21:54:55','2015-02-12 21:57:35'),(37,'ZJZDPRRVT',1,1,15,1,57,194,1,63,63,6,'2c7d5386f7b648c6a728d88fa1a414cf','Paybox','1.000000','paybox',0,0,'',0,'','0.00','0.00','0.00','355.00','355.00','355.00','335.00','340.00','340.00','15.00','15.00','15.00','0.000','0.00','0.00','0.00',23,0,'2015-02-12 22:23:50','0000-00-00 00:00:00',0,'2015-02-12 22:15:42','2015-02-12 22:47:49'),(38,'DUHASNHAD',1,1,15,1,57,196,1,64,64,6,'2c7d5386f7b648c6a728d88fa1a414cf','Paybox','1.000000','paybox',0,0,'',0,'','0.00','0.00','0.00','335.00','335.00','281.67','335.00','266.67','320.00','15.00','15.00','15.00','0.000','0.00','0.00','0.00',24,0,'2015-02-12 22:28:37','0000-00-00 00:00:00',0,'2015-02-12 22:28:37','2015-02-12 22:48:04'),(39,'AVQYOKLYP',1,1,15,1,57,197,1,64,64,6,'2c7d5386f7b648c6a728d88fa1a414cf','Paybox','1.000000','paybox',0,0,'',0,'','0.00','0.00','0.00','335.00','335.00','281.67','335.00','266.67','320.00','15.00','15.00','15.00','0.000','0.00','0.00','0.00',25,0,'2015-02-12 22:58:59','0000-00-00 00:00:00',0,'2015-02-12 22:58:59','2015-02-12 23:03:56'),(40,'WIMASZEVW',1,1,15,1,57,198,1,65,65,6,'2c7d5386f7b648c6a728d88fa1a414cf','Paybox','1.000000','paybox',0,0,'',0,'','0.00','0.00','0.00','355.00','355.00','355.00','335.00','340.00','340.00','15.00','15.00','15.00','0.000','0.00','0.00','0.00',0,0,'0000-00-00 00:00:00','0000-00-00 00:00:00',0,'2015-02-12 23:10:18','2015-02-12 23:12:11'),(41,'RTOXLRHJU',1,1,17,3,59,208,1,67,67,7,'31c2fc5ccb0a1e0da89de7d43bcf4dec','Paybox','1.000000','paybox',0,0,'',0,'','0.00','0.00','0.00','467.50','467.50','467.50','467.50','437.50','437.50','30.00','30.00','30.00','0.000','0.00','0.00','0.00',26,0,'2015-02-14 13:52:59','0000-00-00 00:00:00',0,'2015-02-14 13:52:59','2015-02-16 18:37:25'),(42,'JHAHPZMRM',1,1,11,3,61,220,1,69,69,5,'5761a7d4e87bd7215e695cb8feef1d79','Paybox','1.000000','paybox',0,0,'',0,'','0.00','0.00','0.00','1700.00','1700.00','1416.67','1700.00','1416.67','1700.00','0.00','0.00','0.00','20.000','0.00','0.00','0.00',27,15,'2015-02-16 02:42:54','2015-03-20 11:27:59',1,'2015-02-16 02:42:53','2015-03-20 11:27:59'),(43,'DFKXOFZFX',1,1,15,3,62,224,1,71,71,5,'ca2b6ef2b1dc2e12b8711fcefb455dfc','Paybox','1.000000','paybox',0,0,'',0,'773361573780','0.00','0.00','0.00','915.00','915.00','915.00','915.00','900.00','900.00','15.00','15.00','15.00','0.000','0.00','0.00','0.00',28,56,'2015-02-16 19:13:43','2015-04-17 15:43:00',1,'2015-02-16 19:13:43','2015-04-17 15:43:02'),(44,'MFMSTVHHN',1,1,15,1,57,232,1,65,65,6,'2c7d5386f7b648c6a728d88fa1a414cf','Chèque','1.000000','cheque',0,0,'',0,'','0.00','0.00','0.00','15.00','15.00','15.00','0.00','0.00','0.00','15.00','15.00','15.00','0.000','0.00','0.00','0.00',0,0,'0000-00-00 00:00:00','0000-00-00 00:00:00',0,'2015-02-17 21:19:35','2015-02-17 21:21:00'),(45,'PAHDRGEPE',1,1,15,1,4,233,1,7,7,6,'22c369885e218d54316ef8690170609f','Chèque','1.000000','cheque',0,0,'',0,'','0.00','0.00','0.00','15.00','15.00','15.00','0.00','0.00','0.00','15.00','15.00','15.00','0.000','0.00','0.00','0.00',0,0,'0000-00-00 00:00:00','0000-00-00 00:00:00',0,'2015-02-17 21:19:43','2015-02-17 21:20:46'),(46,'AQMWMJYDA',1,1,15,1,57,236,1,70,65,6,'2c7d5386f7b648c6a728d88fa1a414cf','Paybox','1.000000','paybox',0,0,'',0,'','0.00','0.00','0.00','201.00','201.00','170.00','0.00','155.00','186.00','15.00','15.00','15.00','0.000','0.00','0.00','0.00',0,0,'0000-00-00 00:00:00','0000-00-00 00:00:00',0,'2015-02-17 21:48:42','2015-02-17 22:46:59'),(47,'KQDJLRQBB',1,1,15,1,57,238,1,74,74,6,'2c7d5386f7b648c6a728d88fa1a414cf','Paybox','1.000000','paybox',0,0,'',0,'','0.00','0.00','0.00','170.00','170.00','144.17','170.00','129.17','155.00','15.00','15.00','15.00','0.000','0.00','0.00','0.00',0,0,'0000-00-00 00:00:00','0000-00-00 00:00:00',0,'2015-02-17 21:55:04','2015-02-17 22:50:27'),(48,'VMLDOMPVN',1,1,15,3,62,226,1,71,71,5,'ca2b6ef2b1dc2e12b8711fcefb455dfc','Paybox','1.000000','paybox',0,0,'',0,'EX003775019FR','0.00','0.00','0.00','225.00','225.00','225.00','450.00','210.00','210.00','15.00','15.00','15.00','0.000','0.00','0.00','0.00',30,6,'2015-03-05 10:38:27','2015-03-31 18:06:52',1,'2015-02-18 05:58:15','2015-03-31 18:06:52'),(49,'GRLYZIXLA',1,1,15,3,66,247,1,76,76,8,'47ea11d3cf8617595be77739b2b6cffe','Paybox','1.000000','paybox',0,0,'',0,'','0.00','0.00','0.00','520.00','520.00','435.84','0.00','420.84','505.00','15.00','15.00','15.00','0.000','0.00','0.00','0.00',0,0,'0000-00-00 00:00:00','0000-00-00 00:00:00',0,'2015-02-18 15:13:37','2015-02-18 15:13:38'),(50,'DJDJQVDWW',1,1,15,3,66,250,1,76,76,5,'47ea11d3cf8617595be77739b2b6cffe','Paybox','1.000000','paybox',0,0,'',0,'773402449125','0.00','0.00','0.00','400.00','400.00','335.84','800.00','320.84','385.00','15.00','15.00','15.00','0.000','0.00','0.00','0.00',106,80,'2015-04-18 17:13:36','2015-04-23 12:23:09',1,'2015-02-18 21:08:37','2015-04-23 12:23:09'),(51,'SMHEGMLTE',1,1,15,3,62,252,1,71,71,8,'ca2b6ef2b1dc2e12b8711fcefb455dfc','Paybox','1.000000','paybox',0,0,'',0,'','0.00','0.00','0.00','1405.00','1405.00','1405.00','0.00','1390.00','1390.00','15.00','15.00','15.00','0.000','0.00','0.00','0.00',0,0,'0000-00-00 00:00:00','0000-00-00 00:00:00',0,'2015-02-19 10:54:36','2015-02-19 10:54:36'),(52,'RJGMLXYMK',1,1,15,3,62,255,1,71,71,5,'ca2b6ef2b1dc2e12b8711fcefb455dfc','Paybox','1.000000','paybox',0,0,'',0,'773339777573','0.00','0.00','0.00','1405.00','1405.00','1405.00','2810.00','1390.00','1390.00','15.00','15.00','15.00','0.000','0.00','0.00','0.00',29,46,'2015-02-19 11:03:25','2015-04-16 11:24:49',1,'2015-02-19 11:01:37','2015-04-16 11:24:49'),(53,'WMWUQARMU',1,1,17,3,39,269,1,44,44,5,'a286b2895ed03ed4f18615b23000d363','Paybox','1.000000','paybox',0,0,'',0,'773154282540','0.00','0.00','0.00','305.00','305.00','305.00','610.00','275.00','275.00','30.00','30.00','30.00','0.000','0.00','0.00','0.00',45,14,'2015-03-18 16:30:39','2015-03-26 12:25:34',1,'2015-02-22 16:04:53','2015-03-26 12:25:34'),(54,'IMXGRYWDW',1,1,15,3,77,342,1,88,88,5,'cbb76a7e8ceba1285a527ee6eb729b27','Paybox','1.000000','paybox',0,0,'',0,'EX003775053FR','0.00','0.00','0.00','440.00','440.00','440.00','880.00','425.00','425.00','15.00','15.00','15.00','0.000','0.00','0.00','0.00',52,18,'2015-03-26 15:30:42','2015-04-02 14:31:43',1,'2015-03-04 10:36:58','2015-04-02 14:31:43'),(55,'VKABGEYRK',1,1,15,1,64,351,1,73,73,5,'46f56efbac31b956e81abde41e62928d','Paybox','1.000000','paybox',0,0,'',0,'CX111176085FR','0.00','0.00','0.00','265.00','265.00','223.33','780.00','208.33','250.00','15.00','15.00','15.00','0.000','0.00','0.00','0.00',66,34,'2015-04-03 15:01:50','2015-04-17 15:43:43',1,'2015-03-04 23:00:04','2015-04-17 15:43:45'),(56,'DVORMVOEA',1,1,15,3,80,352,1,91,91,5,'057977ccc3f11858b75c44c1f5f28373','Paybox','1.000000','paybox',0,0,'',0,'EX003775036FR','0.00','0.00','0.00','625.00','625.00','625.00','1250.00','610.00','610.00','15.00','15.00','15.00','0.000','0.00','0.00','0.00',42,12,'2015-03-12 11:50:30','2015-03-31 18:08:31',1,'2015-03-04 23:28:10','2015-03-31 18:08:31'),(57,'UORXVKVCM',1,1,15,3,80,353,1,92,91,5,'057977ccc3f11858b75c44c1f5f28373','Paybox','1.000000','paybox',0,0,'',0,'EX003775155FR','0.00','0.00','0.00','820.00','820.00','820.00','1640.00','805.00','805.00','15.00','15.00','15.00','0.000','0.00','0.00','0.00',74,42,'2015-04-07 13:25:48','2015-04-17 15:42:34',1,'2015-03-04 23:39:06','2015-04-17 15:42:34'),(58,'PIIPLZNWW',1,1,17,3,82,360,1,94,95,8,'70b1ed2f576aa3dd20291c82f4d298a5','Paybox','1.000000','paybox',0,0,'',0,'','0.00','0.00','0.00','1180.00','1180.00','1180.00','0.00','1150.00','1150.00','30.00','30.00','30.00','0.000','0.00','0.00','0.00',0,0,'0000-00-00 00:00:00','0000-00-00 00:00:00',0,'2015-03-05 08:25:37','2015-03-05 08:25:37'),(59,'MHKKMUZCP',1,1,17,3,82,376,1,95,95,5,'70b1ed2f576aa3dd20291c82f4d298a5','Paybox','1.000000','paybox',0,0,'',0,'EX003775022FR','0.00','0.00','0.00','595.00','595.00','595.00','1190.00','565.00','565.00','30.00','30.00','30.00','0.000','0.00','0.00','0.00',38,7,'2015-03-09 14:29:11','2015-03-31 18:09:09',1,'2015-03-06 07:56:14','2015-03-31 18:09:09'),(60,'YDAMFXLKQ',1,1,15,1,57,379,1,65,65,6,'2c7d5386f7b648c6a728d88fa1a414cf','Paybox - Epayment','1.000000','epayment',0,0,'',0,'','0.00','0.00','0.00','180.00','180.00','180.00','180.00','165.00','165.00','15.00','15.00','15.00','0.000','0.00','0.00','0.00',31,0,'2015-03-06 09:05:08','0000-00-00 00:00:00',0,'2015-03-06 09:05:08','2015-03-06 09:07:31'),(61,'OWQOCASXZ',1,1,15,1,57,380,1,70,70,6,'2c7d5386f7b648c6a728d88fa1a414cf','Paybox - Epayment','1.000000','epayment',0,0,'',0,'','0.00','0.00','0.00','315.00','315.00','265.00','315.00','250.00','300.00','15.00','15.00','15.00','0.000','0.00','0.00','0.00',32,0,'2015-03-06 09:14:32','0000-00-00 00:00:00',0,'2015-03-06 09:14:31','2015-03-06 09:16:31'),(62,'MSEKSGYPP',1,1,15,3,83,382,1,97,96,5,'08a6ad4a4d474d4563041de6f929d082','Paybox - Epayment','1.000000','epayment',0,0,'',0,'773363107575','0.00','0.00','0.00','1830.00','1830.00','1527.51','1830.00','1512.51','1815.00','15.00','15.00','15.00','0.000','0.00','0.00','0.00',33,62,'2015-03-06 13:36:30','2015-04-16 11:27:59',1,'2015-03-06 13:36:30','2015-04-16 11:27:59'),(63,'RXREFFVTM',1,1,15,3,84,387,1,98,98,5,'54b4e7bfc4994bd191b72fc3244a401b','Paybox - Epayment','1.000000','epayment',0,0,'',0,'773239272726','0.00','0.00','0.00','305.00','305.00','305.00','305.00','290.00','290.00','15.00','15.00','15.00','0.000','0.00','0.00','0.00',34,21,'2015-03-06 20:16:42','2015-04-02 14:08:28',1,'2015-03-06 20:16:42','2015-04-02 14:08:28'),(64,'NXARBLNIL',1,1,15,3,86,398,1,100,100,5,'fb6667a4aeeeca0b785d67bf1be3a875','Paybox - Epayment','1.000000','epayment',0,0,'',0,'773183049900','0.00','0.00','0.00','970.00','970.00','970.00','970.00','955.00','955.00','15.00','15.00','15.00','0.000','0.00','0.00','0.00',35,16,'2015-03-08 13:28:21','2015-03-26 12:25:08',1,'2015-03-08 13:28:21','2015-03-26 12:25:08'),(65,'VODDSLHUF',1,1,15,3,87,405,1,101,101,19,'19a01cf56d745028c4b7d497f85f1b8b','Paybox - Epayment','1.000000','epayment',0,0,'',0,'773239473956','0.00','0.00','0.00','1430.00','1430.00','1430.00','1430.00','1415.00','1415.00','15.00','15.00','15.00','0.000','0.00','0.00','0.00',36,25,'2015-03-09 04:30:55','2015-04-02 14:08:03',1,'2015-03-09 04:30:53','2015-04-16 17:37:54'),(66,'JGIKGEOTK',1,1,17,3,88,407,1,102,102,7,'eefd298c9ccc5c130bf3f42ceed1722d','Paybox - Epayment','1.000000','epayment',0,0,'',0,'CX111176010FR','0.00','0.00','0.00','305.00','305.00','259.17','305.00','229.17','275.00','30.00','30.00','30.00','0.000','0.00','0.00','0.00',37,8,'2015-03-09 06:50:04','2015-03-13 11:57:54',0,'2015-03-09 06:50:04','2015-03-20 11:22:52'),(67,'DXKPQNVHY',1,1,17,3,82,419,1,95,95,5,'70b1ed2f576aa3dd20291c82f4d298a5','Paybox - Epayment','1.000000','epayment',0,0,'',0,'773362204425','0.00','0.00','0.00','330.00','330.00','330.00','330.00','300.00','300.00','30.00','30.00','30.00','0.000','0.00','0.00','0.00',39,60,'2015-03-10 08:14:20','2015-04-17 15:41:51',1,'2015-03-10 08:14:20','2015-04-17 15:41:51'),(68,'XPGQRACUF',1,1,15,1,92,431,1,107,107,5,'6f818d2147f719b7b0415036cbb63daf','Paybox - Epayment','1.000000','epayment',0,0,'',0,'9C00229007514','0.00','0.00','0.00','585.00','585.00','490.00','585.00','475.00','570.00','15.00','15.00','15.00','0.000','0.00','0.00','0.00',41,11,'2015-03-11 13:23:25','2015-03-19 12:40:45',1,'2015-03-11 13:23:24','2015-03-19 12:40:45'),(69,'YIJAQGQBL',1,1,15,3,79,399,1,105,105,5,'4996e5bea13d5a6ea2f33ff050950e7c','Paybox - Epayment','1.000000','epayment',0,0,'',0,'CX111176045FR','0.00','0.00','0.00','290.00','290.00','244.17','290.00','229.17','275.00','15.00','15.00','15.00','0.000','0.00','0.00','0.00',43,19,'2015-03-12 19:28:30','2015-03-31 18:11:21',1,'2015-03-12 19:28:29','2015-03-31 18:11:21'),(70,'BOSZXMZMB',1,1,15,3,96,456,1,111,111,5,'055b42c9d09a274acca4671268509bc0','Paybox - Epayment','1.000000','epayment',0,0,'',0,'CX111176037FR','0.00','0.00','0.00','525.00','525.00','525.00','525.00','510.00','510.00','15.00','15.00','15.00','0.000','0.00','0.00','0.00',44,13,'2015-03-13 13:24:53','2015-03-31 18:12:42',1,'2015-03-13 13:24:52','2015-03-31 18:12:42'),(71,'QDJXQOIEI',1,1,15,3,101,477,1,117,116,5,'06e404a5b9ab2d3c5384a9b93d4516ed','Paybox - Epayment','1.000000','epayment',0,0,'',0,'CX111176054FR','0.00','0.00','0.00','1530.00','1530.00','1277.49','3165.00','1262.49','1515.00','15.00','15.00','15.00','0.000','0.00','0.00','0.00',59,27,'2015-03-30 15:47:31','2015-04-09 17:25:18',1,'2015-03-16 17:28:54','2015-04-09 17:25:18'),(72,'QBBSMEALA',1,1,18,3,109,522,1,125,125,5,'868b9cb1a12f7c11cb0eb147c07dd97e','Paybox - Epayment','1.000000','epayment',0,0,'',0,'CX111176068FR','0.00','0.00','0.00','555.00','555.00','467.50','555.00','437.50','525.00','30.00','30.00','30.00','0.000','0.00','0.00','0.00',46,28,'2015-03-21 11:16:10','2015-04-02 14:29:46',1,'2015-03-21 11:16:10','2015-04-02 14:29:46'),(73,'WXPWSYGMX',1,1,15,1,110,523,1,126,126,5,'005cead81786c89610336f0d22aaa423','Paybox - Epayment','1.000000','epayment',0,0,'',0,'9C00229007552','0.00','0.00','0.00','265.00','265.00','223.33','265.00','208.33','250.00','15.00','15.00','15.00','0.000','0.00','0.00','0.00',47,20,'2015-03-21 13:23:20','2015-04-02 14:28:38',1,'2015-03-21 13:23:20','2015-04-02 14:28:38'),(74,'CJIENZANQ',1,1,15,3,114,535,1,130,130,5,'ee84e30035a0169b27f35c77a91cb675','Paybox - Epayment','1.000000','epayment',0,0,'',0,'773402270397','0.00','0.00','0.00','705.00','705.00','705.00','705.00','690.00','690.00','15.00','15.00','15.00','0.000','0.00','0.00','0.00',48,77,'2015-03-22 08:29:26','2015-07-16 18:00:26',1,'2015-03-22 08:29:26','2015-07-16 18:00:26'),(75,'BBXOWSSAE',1,1,15,3,120,557,1,136,136,5,'f15767bd2e924da8c53f4ed89542c200','Paybox - Epayment','1.000000','epayment',0,0,'',0,'EX003775040FR','0.00','0.00','0.00','285.00','285.00','285.00','285.00','270.00','270.00','15.00','15.00','15.00','0.000','0.00','0.00','0.00',49,17,'2015-03-24 18:36:21','2015-04-02 14:27:58',1,'2015-03-24 18:36:20','2015-04-02 14:27:58'),(76,'BMGGTIAAP',1,1,15,3,121,558,1,137,137,7,'0ec4cf7366078bfc2bc4a44201c8b357','Paybox - Epayment','1.000000','epayment',0,0,'',0,'','0.00','0.00','0.00','575.00','575.00','575.00','1110.00','560.00','560.00','15.00','15.00','15.00','0.000','0.00','0.00','0.00',50,0,'2015-03-25 12:08:53','0000-00-00 00:00:00',0,'2015-03-24 19:38:09','2015-03-25 12:09:22'),(77,'PDTMVMBLT',1,1,18,3,124,582,1,140,140,5,'c708a8ed2fb2cee4e0014168de303d72','Paybox - Epayment','1.000000','epayment',0,0,'',0,'773275856702','0.00','0.00','0.00','300.00','300.00','255.00','570.00','225.00','270.00','30.00','30.00','30.00','0.000','0.00','0.00','0.00',51,33,'2015-03-26 14:05:36','2015-04-02 14:16:55',1,'2015-03-26 14:05:36','2015-04-02 14:16:55'),(78,'AKJDRNRLT',1,1,15,3,121,590,1,137,137,19,'0ec4cf7366078bfc2bc4a44201c8b357','Paybox - Epayment','1.000000','epayment',0,0,'',0,'773361799250','0.00','0.00','0.00','575.00','575.00','575.00','1110.00','560.00','560.00','15.00','15.00','15.00','0.000','0.00','0.00','0.00',89,58,'2015-04-14 16:12:48','2015-04-16 11:29:33',1,'2015-03-26 17:09:28','2015-04-23 13:17:34'),(79,'WIDXNCXIC',1,1,18,3,129,604,1,146,146,7,'7ce697f943ad20b64bcdfe01ab2e3a98','Paybox - Epayment','1.000000','epayment',0,0,'',0,'773286815103','0.00','0.00','0.00','370.00','370.00','370.00','650.00','340.00','340.00','30.00','30.00','30.00','0.000','0.00','0.00','0.00',53,35,'2015-03-27 12:03:08','2015-04-03 15:38:15',0,'2015-03-27 12:03:08','2015-04-21 11:30:19'),(80,'KGQHNAGTC',1,1,15,3,132,609,1,149,149,5,'0f470bf096953ad8c7c0a4f16cad0cb5','Paybox - Epayment','1.000000','epayment',0,0,'',0,'EX003775067FR','0.00','0.00','0.00','760.00','760.00','760.00','760.00','745.00','745.00','15.00','15.00','15.00','0.000','0.00','0.00','0.00',54,23,'2015-03-27 16:39:14','2015-04-17 15:47:44',1,'2015-03-27 16:39:13','2015-04-17 15:47:44'),(81,'QTFRSDGLO',1,1,15,3,135,640,1,152,153,19,'69f00a1261d68dcb11e36fdbaaf5da24','Paybox - Epayment','1.000000','epayment',0,0,'',0,'773371856857','0.00','0.00','0.00','1500.00','1500.00','1500.00','2900.00','1485.00','1485.00','15.00','15.00','15.00','0.000','0.00','0.00','0.00',97,70,'2015-04-15 14:12:58','2015-04-17 15:48:41',1,'2015-03-29 23:02:52','2015-04-23 13:10:45'),(82,'BLXTAKQLP',1,1,15,3,136,644,1,154,155,5,'ce65268bd15564bffd4c595bfee19c7c','Paybox - Epayment','1.000000','epayment',0,0,'',0,'773241281570','0.00','0.00','0.00','550.00','550.00','550.00','550.00','535.00','535.00','15.00','15.00','15.00','0.000','0.00','0.00','0.00',56,26,'2015-03-30 02:32:02','2015-04-02 14:07:20',1,'2015-03-30 02:32:02','2015-04-02 14:07:20'),(83,'ATDQLSSXA',1,1,15,3,138,645,1,157,157,5,'a2eb40255bc93e8a7c2e92883eee54b3','Paybox - Epayment','1.000000','epayment',0,0,'',0,'EX003775141FR','0.00','0.00','0.00','1980.00','1980.00','1980.00','1980.00','1965.00','1965.00','15.00','15.00','15.00','0.000','0.00','0.00','0.00',57,43,'2015-03-30 05:06:40','2015-04-30 15:09:09',1,'2015-03-30 05:06:39','2015-04-30 15:09:09'),(84,'ECGUKIKGM',1,1,15,3,139,652,1,158,158,7,'c4755d0bda742ad34f8bc287827d33a7','Paybox - Epayment','1.000000','epayment',0,0,'',0,'CX111176111FR','0.00','0.00','0.00','345.00','345.00','290.00','345.00','275.00','330.00','15.00','15.00','15.00','0.000','0.00','0.00','0.00',58,41,'2015-03-30 10:37:43','2015-04-10 18:00:37',0,'2015-03-30 10:37:43','2015-04-21 11:41:47'),(85,'HAXJHMVZO',1,1,15,3,145,703,1,164,166,7,'cca50e4a81da0361bcc741603b07fd74','Paybox - Epayment','1.000000','epayment',0,0,'',0,'','0.00','0.00','0.00','160.00','160.00','160.00','160.00','145.00','145.00','15.00','15.00','15.00','0.000','0.00','0.00','0.00',60,30,'2015-04-01 16:16:57','2015-04-08 12:31:42',0,'2015-04-01 16:16:56','2015-04-13 15:31:57'),(86,'ZGRPOSVRN',1,1,15,3,147,707,1,168,168,5,'04cd0924afc2498960b2ed5fa7ddc0e2','Paybox - Epayment','1.000000','epayment',0,0,'',0,'EX003775084FR','0.00','0.00','0.00','355.00','355.00','355.00','355.00','340.00','340.00','15.00','15.00','15.00','0.000','0.00','0.00','0.00',61,31,'2015-04-01 20:11:17','2015-04-17 15:50:27',1,'2015-04-01 20:11:17','2015-04-17 15:50:27'),(87,'MONNXBHWX',1,1,18,3,148,709,1,169,169,5,'9f90d80ab400d7ad7a76cbbe0b8cb8b9','Paybox - Epayment','1.000000','epayment',0,0,'',0,'773326814652','0.00','0.00','0.00','450.00','450.00','380.00','450.00','350.00','420.00','30.00','30.00','30.00','0.000','0.00','0.00','0.00',62,45,'2015-04-01 21:11:22','2015-04-11 11:54:03',1,'2015-04-01 21:11:21','2015-04-11 11:54:03'),(88,'CFMDPMIXX',1,1,18,3,50,715,1,56,56,5,'f841f9b9b7bff06584f9f9bf6f7f351a','Paybox - Epayment','1.000000','epayment',0,0,'',0,'773275534971','0.00','0.00','0.00','345.00','345.00','345.00','345.00','315.00','315.00','30.00','30.00','30.00','0.000','0.00','0.00','0.00',63,29,'2015-04-02 07:47:30','2015-04-07 14:41:27',1,'2015-04-02 07:47:30','2015-04-07 14:41:27'),(89,'OWTWOMKPZ',1,1,15,3,149,718,1,170,170,5,'5d5637a5a852fa44271824d5d5a84338','Paybox - Epayment','1.000000','epayment',0,0,'',0,'CX 1111 7607 1 FR','0.00','0.00','0.00','475.00','475.00','398.33','475.00','383.33','460.00','15.00','15.00','15.00','0.000','0.00','0.00','0.00',64,32,'2015-04-02 12:24:14','2015-04-09 12:32:58',1,'2015-04-02 12:24:14','2015-04-09 12:32:58'),(90,'MIAQTJZYG',1,1,15,3,150,720,1,171,171,5,'6c49d1eed64857943c80412503e15cc9','Paybox - Epayment','1.000000','epayment',0,0,'',0,'773361716242','0.00','0.00','0.00','150.00','150.00','150.00','150.00','135.00','135.00','15.00','15.00','15.00','0.000','0.00','0.00','0.00',65,57,'2015-04-02 17:04:14','2015-04-25 12:30:44',1,'2015-04-02 17:04:14','2015-04-25 12:30:44'),(91,'THGURVYXO',1,1,15,3,141,736,1,176,177,5,'fe81480d97a15a8e64943b4479c80b0d','Paybox - Epayment','1.000000','epayment',0,0,'',0,'CX111176099FR','0.00','0.00','0.00','410.00','410.00','344.17','410.00','329.17','395.00','15.00','15.00','15.00','0.000','0.00','0.00','0.00',67,36,'2015-04-03 15:58:46','2015-04-10 18:02:03',1,'2015-04-03 15:58:46','2015-04-10 18:02:03'),(92,'FTJSPOAOR',1,1,15,3,154,744,1,178,178,5,'0ad24860fa54d43272e22d4f21f94dba','Paybox - Epayment','1.000000','epayment',0,0,'',0,'773404918968','0.00','0.00','0.00','2115.00','2115.00','2115.00','2535.00','2100.00','2100.00','15.00','15.00','15.00','0.000','0.00','0.00','0.00',68,82,'2015-04-04 01:18:27','2015-04-25 12:30:16',1,'2015-04-04 01:18:26','2015-04-25 12:30:16'),(93,'LLFQOKLRH',1,1,18,3,155,747,1,179,179,5,'6e3033f9df774daad031b625dd4fea69','Paybox - Epayment','1.000000','epayment',0,0,'',0,'773305077289','0.00','0.00','0.00','630.00','630.00','630.00','630.00','600.00','600.00','30.00','30.00','30.00','0.000','0.00','0.00','0.00',69,40,'2015-04-04 05:18:58','2015-04-09 12:39:07',1,'2015-04-04 05:18:58','2015-04-09 12:39:07'),(94,'RMNDHXHDR',1,1,15,3,156,749,1,180,180,5,'f46abccffdb14a19dbdf947c635dbcbb','Paybox - Epayment','1.000000','epayment',0,0,'',0,'EX003775098FR','0.00','0.00','0.00','745.00','745.00','745.00','745.00','730.00','730.00','15.00','15.00','15.00','0.000','0.00','0.00','0.00',70,37,'2015-04-04 06:56:09','2015-04-17 15:52:03',1,'2015-04-04 06:56:09','2015-04-17 15:52:03'),(95,'VEMLWOVVS',1,1,15,3,159,762,1,183,183,5,'be2b89289cfeceb88ec400d2d20d9c3e','Paybox - Epayment','1.000000','epayment',0,0,'',0,'773362249800','0.00','0.00','0.00','680.00','680.00','680.00','975.00','665.00','665.00','15.00','15.00','15.00','0.000','0.00','0.00','0.00',71,59,'2015-04-05 12:58:56','2015-04-23 12:21:54',1,'2015-04-05 12:58:56','2015-04-23 12:21:54'),(96,'DTQAODTFI',1,1,15,3,161,766,1,185,185,5,'7903082ab4ed0288232f0abe1633f50a','Paybox - Epayment','1.000000','epayment',0,0,'',0,'CX111176108FR','0.00','0.00','0.00','405.00','405.00','340.00','405.00','325.00','390.00','15.00','15.00','15.00','0.000','0.00','0.00','0.00',72,39,'2015-04-05 18:30:10','2015-04-10 17:59:56',1,'2015-04-05 18:30:09','2015-04-10 17:59:56'),(97,'EFAQJWQVB',1,1,15,3,162,787,1,186,186,5,'238e3ed76868bee64f264c6de3ef4de7','Paybox - Epayment','1.000000','epayment',0,0,'',0,'EX003775107FR','0.00','0.00','0.00','650.00','650.00','650.00','650.00','635.00','635.00','15.00','15.00','15.00','0.000','0.00','0.00','0.00',73,38,'2015-04-06 21:53:43','2015-04-17 15:53:36',1,'2015-04-06 21:53:43','2015-04-17 15:53:36'),(98,'YDJSQXHSR',1,1,15,1,168,800,1,192,192,5,'94a081fc3543a6462ce9408f964753cd','Paybox - Epayment','1.000000','epayment',0,0,'',0,'CX111176125FR','0.00','0.00','0.00','290.00','290.00','244.17','290.00','229.17','275.00','15.00','15.00','15.00','0.000','0.00','0.00','0.00',75,44,'2015-04-07 20:16:45','2015-04-17 15:54:00',1,'2015-04-07 20:16:45','2015-04-17 15:54:00'),(99,'IPGCFYOFT',1,1,15,3,69,828,1,79,79,5,'88ff1afb98e58a23cae6372b90126b79','Paybox - Epayment','1.000000','epayment',0,0,'',0,'773362856874','0.00','0.00','0.00','295.00','295.00','295.00','295.00','280.00','280.00','15.00','15.00','15.00','0.000','0.00','0.00','0.00',76,61,'2015-04-08 17:19:04','2015-04-17 12:14:02',1,'2015-04-08 17:19:04','2015-04-17 12:14:02'),(100,'PXLRFJIDL',1,1,20,3,176,874,1,204,204,5,'3817958b13a1d948a56522bb051d9f5c','Paybox - Epayment','1.000000','epayment',0,0,'',0,'CX111176139FR','0.00','0.00','0.00','150.00','150.00','127.50','150.00','112.50','135.00','15.00','15.00','15.00','0.000','0.00','0.00','0.00',77,47,'2015-04-11 00:50:39','2015-04-17 15:54:26',1,'2015-04-11 00:50:37','2015-04-17 15:54:26'),(101,'LENNAMGEC',1,1,20,1,4,879,1,7,7,2,'22c369885e218d54316ef8690170609f','Commande gratuite','1.000000','free_order',0,0,'',0,'','405.00','405.00','340.00','0.00','0.00','0.00','0.00','325.00','390.00','15.00','15.00','15.00','0.000','0.00','0.00','0.00',78,0,'2015-04-11 11:53:10','0000-00-00 00:00:00',1,'2015-04-11 11:53:09','2015-04-11 11:53:10'),(102,'GOLCJCHJO',1,1,20,1,4,880,1,7,7,2,'22c369885e218d54316ef8690170609f','Commande gratuite','1.000000','free_order',0,0,'',0,'','310.00','310.00','260.83','0.00','0.00','0.00','0.00','245.83','295.00','15.00','15.00','15.00','0.000','0.00','0.00','0.00',79,0,'2015-04-11 11:57:01','0000-00-00 00:00:00',1,'2015-04-11 11:57:00','2015-04-11 11:57:01'),(103,'GTYYHTUKZ',1,1,20,3,124,882,1,140,140,5,'c708a8ed2fb2cee4e0014168de303d72','Paybox - Epayment','1.000000','epayment',0,0,'',0,'773363334563','0.00','0.00','0.00','885.00','885.00','740.00','885.00','725.00','870.00','15.00','15.00','15.00','0.000','0.00','0.00','0.00',80,63,'2015-04-11 13:12:39','2015-04-16 11:28:28',1,'2015-04-11 13:12:38','2015-04-16 11:28:28'),(104,'YPQDEMRLO',1,1,18,3,50,905,1,56,56,5,'f841f9b9b7bff06584f9f9bf6f7f351a','Paybox - Epayment','1.000000','epayment',0,0,'',0,'773349410212','0.00','0.00','0.00','590.00','590.00','590.00','590.00','560.00','560.00','30.00','30.00','30.00','0.000','0.00','0.00','0.00',81,49,'2015-04-12 22:56:08','2015-04-17 12:13:12',1,'2015-04-12 22:56:07','2015-04-17 12:13:12'),(105,'BNFERFCXT',1,1,18,3,125,906,1,141,141,5,'8ba96111bcbe1b5ebdb9f55dd5d69612','Paybox - Epayment','1.000000','epayment',0,0,'',0,'773349361390','0.00','0.00','0.00','320.00','320.00','320.00','320.00','290.00','290.00','30.00','30.00','30.00','0.000','0.00','0.00','0.00',82,48,'2015-04-12 23:10:58','2015-04-16 11:29:56',1,'2015-04-12 23:10:58','2015-04-16 11:29:56'),(106,'CQNFYGEDK',1,1,18,3,181,914,1,210,210,19,'f9f0f767831bdd1c7753332251d80526','Paybox - Epayment','1.000000','epayment',0,0,'',0,'773349611578','0.00','0.00','0.00','920.00','920.00','771.67','920.00','741.67','890.00','30.00','30.00','30.00','0.000','0.00','0.00','0.00',83,50,'2015-04-13 08:40:08','2015-04-16 11:24:09',1,'2015-04-13 08:40:07','2015-04-28 12:37:56'),(107,'NUHIPQQQZ',1,1,18,3,182,912,1,211,211,19,'db8e0b5f35cfa2f05c2a8159aaabde51','Paybox - Epayment','1.000000','epayment',0,0,'',0,'773360452393','0.00','0.00','0.00','1095.00','1095.00','917.50','1095.00','887.50','1065.00','30.00','30.00','30.00','0.000','0.00','0.00','0.00',84,51,'2015-04-13 17:51:52','2015-04-16 11:25:05',1,'2015-04-13 17:51:52','2015-04-24 12:54:15'),(108,'NHXIOOWXO',1,1,18,1,183,923,1,212,212,5,'d180c000dabf0c8d1c76cfb86ea4f405','Paybox - Epayment','1.000000','epayment',0,0,'',0,'773360542329','0.00','0.00','0.00','640.00','640.00','640.00','640.00','610.00','610.00','30.00','30.00','30.00','0.000','0.00','0.00','0.00',85,54,'2015-04-13 18:40:10','2015-04-16 11:29:08',1,'2015-04-13 18:40:10','2015-04-16 11:29:08'),(109,'TSPTMYYQD',1,1,18,1,169,928,1,193,193,5,'0a545863f5e0655adee1c8108e056f8b','Paybox - Epayment','1.000000','epayment',0,0,'',0,'773360479724','0.00','0.00','0.00','990.00','990.00','830.00','990.00','800.00','960.00','30.00','30.00','30.00','0.000','0.00','0.00','0.00',86,52,'2015-04-13 22:23:01','2015-04-16 11:25:21',1,'2015-04-13 22:23:00','2015-04-16 11:25:21'),(110,'JAXGSEJCK',1,1,18,3,186,935,1,215,215,5,'ddfe9de1b468266c32175748cc9fc1d4','Paybox - Epayment','1.000000','epayment',0,0,'',0,'773360555568','0.00','0.00','0.00','645.00','645.00','645.00','645.00','615.00','615.00','30.00','30.00','30.00','0.000','0.00','0.00','0.00',87,55,'2015-04-14 04:32:04','2015-04-17 12:13:31',1,'2015-04-14 04:32:03','2015-04-17 12:13:31'),(111,'ZAGZUHSPZ',1,1,18,3,187,938,1,216,216,5,'1127bbb9b0d5914693f8e1186e6ed320','Paybox - Epayment','1.000000','epayment',0,0,'',0,'773360520861','0.00','0.00','0.00','640.00','640.00','640.00','1240.00','610.00','610.00','30.00','30.00','30.00','0.000','0.00','0.00','0.00',88,53,'2015-04-14 10:44:44','2015-04-16 11:26:08',1,'2015-04-14 09:33:18','2015-04-16 11:26:08'),(112,'EARRICGWB',1,1,18,1,189,951,1,218,219,5,'c469879441f407fc99db847e163cd98d','Commande gratuite','1.000000','free_order',0,0,'',0,'773363785429','815.00','815.00','684.16','0.00','0.00','0.00','0.00','654.16','785.00','30.00','30.00','30.00','0.000','0.00','0.00','0.00',90,64,'2015-04-14 18:17:32','2015-04-16 11:28:48',1,'2015-04-14 18:17:32','2015-04-16 11:28:48'),(113,'MSXIPRRYD',1,1,20,3,190,952,1,220,220,7,'c05655421cf38556defd20bcff83dbe0','Paybox - Epayment','1.000000','epayment',0,0,'',0,'CX111176156FR','0.00','0.00','0.00','270.00','270.00','227.50','270.00','212.50','255.00','15.00','15.00','15.00','0.000','0.00','0.00','0.00',91,65,'2015-04-14 18:50:18','2015-04-24 14:25:52',0,'2015-04-14 18:50:18','2015-04-30 18:01:30'),(114,'IEOROAHSD',1,1,18,3,191,957,1,221,221,5,'0e349ce68d6fc3a81e8cadd527d2da4a','Paybox - Epayment','1.000000','epayment',0,0,'',0,'773371533891','0.00','0.00','0.00','360.00','360.00','360.00','700.00','330.00','330.00','30.00','30.00','30.00','0.000','0.00','0.00','0.00',95,66,'2015-04-15 10:23:43','2015-04-17 12:14:41',1,'2015-04-14 21:21:11','2015-04-17 12:14:41'),(115,'DIKJGROWC',1,1,18,3,191,959,1,221,221,7,'0e349ce68d6fc3a81e8cadd527d2da4a','Paybox - Epayment','1.000000','epayment',0,0,'',0,'','0.00','0.00','0.00','360.00','360.00','360.00','700.00','330.00','330.00','30.00','30.00','30.00','0.000','0.00','0.00','0.00',96,0,'2015-04-15 10:24:07','0000-00-00 00:00:00',0,'2015-04-14 21:43:47','2015-04-15 10:25:25'),(116,'AUZMNWHPS',1,1,18,3,192,962,1,223,223,5,'1e69816ed449491ab81e2c810078ce0a','Paybox - Epayment','1.000000','epayment',0,0,'',0,'773371555749','0.00','0.00','0.00','510.00','510.00','430.00','510.00','400.00','480.00','30.00','30.00','30.00','0.000','0.00','0.00','0.00',92,67,'2015-04-15 00:44:42','2015-04-17 12:14:59',1,'2015-04-15 00:44:41','2015-04-17 12:14:59'),(117,'KDOKENVRA',1,1,18,3,193,966,1,224,224,5,'1756ab45a712b6458656d2cf26e6bf9b','Paybox - Epayment','1.000000','epayment',0,0,'',0,'773371617133','0.00','0.00','0.00','680.00','680.00','680.00','680.00','650.00','650.00','30.00','30.00','30.00','0.000','0.00','0.00','0.00',93,68,'2015-04-15 03:45:22','2015-04-17 12:15:14',1,'2015-04-15 03:45:22','2015-04-17 12:15:14'),(118,'NQMURKCDM',1,1,18,3,194,968,1,225,225,5,'98c61836a8769065a3ab35dc2cb5ca03','Paybox - Epayment','1.000000','epayment',0,0,'',0,'773371649779','0.00','0.00','0.00','450.00','450.00','450.00','450.00','420.00','420.00','30.00','30.00','30.00','0.000','0.00','0.00','0.00',94,69,'2015-04-15 07:41:34','2015-04-21 11:20:33',1,'2015-04-15 07:41:34','2015-04-21 11:20:33'),(119,'GAZOGCDBO',1,1,20,3,197,980,1,230,229,5,'efbaea4153cd99bb15afe132dd89aa1a','Paybox - Epayment','1.000000','epayment',0,0,'',0,'CX111176160FR','0.00','0.00','0.00','275.00','275.00','231.67','275.00','216.67','260.00','15.00','15.00','15.00','0.000','0.00','0.00','0.00',98,71,'2015-04-15 20:02:00','2015-04-24 11:38:01',1,'2015-04-15 20:02:00','2015-04-24 11:38:01'),(120,'CIFYYGHYZ',1,1,20,3,199,994,1,232,233,7,'81856f26dc3aa3b88e9d197b2e48b8e3','Paybox - Epayment','1.000000','epayment',0,0,'',0,'CX111176173FR','0.00','0.00','0.00','515.00','515.00','431.67','515.00','416.67','500.00','15.00','15.00','15.00','0.000','0.00','0.00','0.00',99,72,'2015-04-16 12:26:07','2015-04-24 12:52:15',0,'2015-04-16 12:26:06','2015-04-27 14:54:50'),(121,'UNQXUMBKI',1,1,18,3,200,991,1,234,234,19,'2270ff2fa1d816c30f99317c9075ef00','Paybox - Epayment','1.000000','epayment',0,0,'',0,'773382384379','0.00','0.00','0.00','530.00','530.00','446.67','530.00','416.67','500.00','30.00','30.00','30.00','0.000','0.00','0.00','0.00',100,73,'2015-04-16 12:59:58','2015-04-21 11:20:16',1,'2015-04-16 12:59:57','2015-05-04 15:38:52'),(122,'IYYNHGCOW',1,1,18,1,201,999,1,235,235,5,'d0919fab644048210e0222a015884378','Commande gratuite','1.000000','free_order',0,0,'',0,'773393516724','555.00','555.00','467.50','0.00','0.00','0.00','0.00','437.50','525.00','30.00','30.00','30.00','0.000','0.00','0.00','0.00',101,76,'2015-04-16 18:02:37','2015-04-20 13:28:49',1,'2015-04-16 18:02:37','2015-04-20 13:28:50'),(123,'XDZECBEXT',1,1,20,1,196,1002,1,227,227,5,'53c96318d36fa7aeb15abf8c42f9b9a8','Paybox - Epayment','1.000000','epayment',0,0,'',0,'9C00229007569','0.00','0.00','0.00','140.00','140.00','119.17','140.00','104.17','125.00','15.00','15.00','15.00','0.000','0.00','0.00','0.00',102,74,'2015-04-16 20:51:54','2015-04-24 14:25:17',1,'2015-04-16 20:51:54','2015-04-24 14:25:17'),(124,'DPBWPSWHF',1,1,18,3,125,1004,1,141,141,5,'8ba96111bcbe1b5ebdb9f55dd5d69612','Paybox - Epayment','1.000000','epayment',0,0,'',0,'773392773189','0.00','0.00','0.00','650.00','650.00','650.00','650.00','620.00','620.00','30.00','30.00','30.00','0.000','0.00','0.00','0.00',103,75,'2015-04-16 21:19:14','2015-04-24 11:21:02',1,'2015-04-16 21:19:14','2015-04-24 11:21:02'),(125,'LKPSBPTPT',1,1,18,3,204,1016,1,238,238,5,'2ce0317864a7a5a97e8ae8168f267467','Paybox - Epayment','1.000000','epayment',0,0,'',0,'773402440036','0.00','0.00','0.00','680.00','680.00','680.00','680.00','650.00','650.00','30.00','30.00','30.00','0.000','0.00','0.00','0.00',104,79,'2015-04-17 19:04:39','2015-04-24 11:20:42',1,'2015-04-17 19:04:37','2015-04-24 11:20:42'),(126,'PPZWHFASD',1,1,18,1,125,1037,1,141,141,5,'8ba96111bcbe1b5ebdb9f55dd5d69612','Paybox - Epayment','1.000000','epayment',0,0,'',0,'773402429811','0.00','0.00','0.00','625.00','625.00','625.00','625.00','595.00','595.00','30.00','30.00','30.00','0.000','0.00','0.00','0.00',105,78,'2015-04-18 14:11:24','2015-04-22 12:43:50',1,'2015-04-18 14:11:23','2015-04-22 12:43:50'),(127,'PTVNNHNNJ',1,1,18,3,209,1054,1,243,243,5,'a95798adbebb086bc84066593285c6f4','Paybox - Epayment','1.000000','epayment',0,0,'',0,'773404486659','0.00','0.00','0.00','370.00','370.00','370.00','370.00','340.00','340.00','30.00','30.00','30.00','0.000','0.00','0.00','0.00',107,81,'2015-04-18 23:02:07','2015-04-22 12:44:38',1,'2015-04-18 23:02:06','2015-04-22 12:44:38'),(128,'NQMCWXPKW',1,1,20,3,215,1082,1,249,249,5,'0e7adfd0fbb6f742822fd0a2e82bbd9d','Paybox - Epayment','1.000000','epayment',0,0,'',0,'773415010216','0.00','0.00','0.00','665.00','665.00','665.00','665.00','650.00','650.00','15.00','15.00','15.00','0.000','0.00','0.00','0.00',108,83,'2015-04-21 11:11:13','2015-04-23 12:20:22',1,'2015-04-21 11:11:11','2015-04-23 12:20:22'),(129,'XHDPJPUQW',1,1,20,1,217,1089,1,251,251,5,'182992f326f7522be0c47ffe1add7632','Paybox - Epayment','1.000000','epayment',0,0,'',0,'CX111176187FR','0.00','0.00','0.00','515.00','515.00','431.67','515.00','416.67','500.00','15.00','15.00','15.00','0.000','0.00','0.00','0.00',109,84,'2015-04-21 17:29:14','2015-04-30 15:09:48',1,'2015-04-21 17:29:14','2015-04-30 15:09:48'),(130,'VMZEPBITT',1,1,20,3,219,1093,1,253,253,5,'b36fdc2bfb61b4c0dc27bd66959d75a4','Paybox - Epayment','1.000000','epayment',0,0,'',0,'CX111176213FR','0.00','0.00','0.00','580.00','580.00','485.84','580.00','470.84','565.00','15.00','15.00','15.00','0.000','0.00','0.00','0.00',110,90,'2015-04-21 22:36:05','2015-04-24 17:54:47',1,'2015-04-21 22:36:05','2015-04-24 17:54:47'),(131,'NFVWDGBAW',1,1,18,1,222,1107,1,256,256,5,'a92dde38393bbb93fa0b5dbbbcee9a21','Paybox - Epayment','1.000000','epayment',0,0,'',0,'773436341450','0.00','0.00','0.00','660.00','660.00','555.00','660.00','525.00','630.00','30.00','30.00','30.00','0.000','0.00','0.00','0.00',111,85,'2015-04-22 17:42:56','2015-04-30 15:12:42',1,'2015-04-22 17:42:56','2015-04-30 15:12:42'),(132,'FYCRPCKRM',1,1,18,3,224,1111,1,258,258,5,'fd597bf8def6c92a858de882223524a5','Paybox - Epayment','1.000000','epayment',0,0,'',0,'773437270910','0.00','0.00','0.00','400.00','400.00','338.33','400.00','308.33','370.00','30.00','30.00','30.00','0.000','0.00','0.00','0.00',112,86,'2015-04-23 11:30:54','2015-04-30 15:14:32',1,'2015-04-23 11:30:54','2015-04-30 15:14:32'),(133,'HAZREDVRZ',1,1,20,3,225,1126,1,260,260,19,'48644f6e8d87b256834637e27099937a','Paybox - Epayment','1.000000','epayment',0,0,'',0,'cx111176195fr','0.00','0.00','0.00','415.00','415.00','348.34','415.00','333.34','400.00','15.00','15.00','15.00','0.000','0.00','0.00','0.00',113,87,'2015-04-23 20:46:25','2015-04-30 15:15:15',1,'2015-04-23 20:46:25','2015-05-19 15:48:12'),(134,'KBSYDXASO',1,1,20,3,226,1129,1,261,261,5,'8e02074f0d6eed2957089e2c47bea62e','Paybox - Epayment','1.000000','epayment',0,0,'',0,'Cx111176200FR','0.00','0.00','0.00','325.00','325.00','273.33','325.00','258.33','310.00','15.00','15.00','15.00','0.000','0.00','0.00','0.00',114,88,'2015-04-23 23:18:17','2015-04-30 15:16:22',1,'2015-04-23 23:18:17','2015-04-30 15:16:22'),(135,'HXRBLJZAZ',1,1,18,1,189,1137,1,262,262,5,'c469879441f407fc99db847e163cd98d','Commande gratuite','1.000000','free_order',0,0,'',0,'773448778338','600.00','600.00','505.00','0.00','0.00','0.00','0.00','475.00','570.00','30.00','30.00','30.00','0.000','0.00','0.00','0.00',115,89,'2015-04-24 16:10:19','2015-04-30 15:16:55',1,'2015-04-24 16:10:19','2015-04-30 15:16:55'),(136,'SXNSYIGYT',1,1,18,3,229,1145,1,265,265,7,'458f37c99ed4d659a6e5c5bca162f754','Paybox - Epayment','1.000000','epayment',0,0,'',0,'773456616622','0.00','0.00','0.00','640.00','640.00','640.00','640.00','610.00','610.00','30.00','30.00','30.00','0.000','0.00','0.00','0.00',116,91,'2015-04-24 23:24:20','2015-04-29 17:27:58',0,'2015-04-24 23:24:19','2015-05-07 12:02:48'),(137,'HQTLGIQOZ',1,1,18,3,233,1156,1,269,269,5,'61183214a9130e0860c2fb6bcc885f0d','Paybox - Epayment','1.000000','epayment',0,0,'',0,'773459577631','0.00','0.00','0.00','520.00','520.00','438.33','520.00','408.33','490.00','30.00','30.00','30.00','0.000','0.00','0.00','0.00',117,93,'2015-04-25 20:55:18','2015-04-29 17:28:58',1,'2015-04-25 20:55:18','2015-04-29 17:28:58'),(138,'ZRWGAINML',1,1,20,1,237,1167,1,274,274,5,'aa2d9a32c7ee998f022d8cc8384788fb','Paybox - Epayment','1.000000','epayment',0,0,'',0,'CX111176227FR','0.00','0.00','0.00','170.00','170.00','144.17','170.00','129.17','155.00','15.00','15.00','15.00','0.000','0.00','0.00','0.00',118,94,'2015-04-26 16:08:49','2015-05-13 12:16:47',1,'2015-04-26 16:08:49','2015-05-13 12:16:47'),(139,'YRPIPQVGW',1,1,20,3,238,1169,1,275,275,5,'7c43583ea0fef8ba44aedbf35d2df498','Paybox - Epayment','1.000000','epayment',0,0,'',0,'CX111176244FR','0.00','0.00','0.00','290.00','290.00','244.17','290.00','229.17','275.00','15.00','15.00','15.00','0.000','0.00','0.00','0.00',119,97,'2015-04-26 19:23:03','2015-05-08 13:23:31',1,'2015-04-26 19:23:03','2015-05-08 13:23:31'),(140,'AUMBYEPRG',1,1,20,3,240,1170,1,277,277,5,'51858acabc64d785bead08739decd0fc','Paybox - Epayment','1.000000','epayment',0,0,'',0,'EX003775169FR','0.00','0.00','0.00','435.00','435.00','435.00','435.00','420.00','420.00','15.00','15.00','15.00','0.000','0.00','0.00','0.00',120,92,'2015-04-27 02:16:02','2015-05-08 13:19:59',1,'2015-04-27 02:16:01','2015-05-08 13:19:59'),(141,'MIVXEBBBD',1,1,20,1,244,1184,1,281,282,5,'a712f582b1a0517ccb1f91468be8fcbd','Paybox - Epayment','1.000000','epayment',0,0,'',0,'CX111176235FR','0.00','0.00','0.00','190.00','190.00','160.83','190.00','145.83','175.00','15.00','15.00','15.00','0.000','0.00','0.00','0.00',121,95,'2015-04-28 12:13:47','2015-05-08 13:20:44',1,'2015-04-28 12:13:46','2015-05-08 13:20:44'),(142,'HSKROWUHK',1,1,18,3,245,1186,1,283,283,5,'50b55b18bb7eb9cfdbf06556f4524ba5','Paybox - Epayment','1.000000','epayment',0,0,'',0,'773480827056','0.00','0.00','0.00','405.00','405.00','405.00','405.00','375.00','375.00','30.00','30.00','30.00','0.000','0.00','0.00','0.00',122,96,'2015-04-28 15:34:53','2015-05-09 12:36:47',1,'2015-04-28 15:34:53','2015-05-09 12:36:47'),(143,'YUBBGTTWS',1,1,18,3,249,1218,1,287,287,5,'8011302cf634f2a0aa436c16b8c251bc','Paybox - Epayment','1.000000','epayment',0,0,'',0,'CX111176261FR','0.00','0.00','0.00','635.00','635.00','534.17','635.00','504.17','605.00','30.00','30.00','30.00','0.000','0.00','0.00','0.00',123,98,'2015-04-30 21:05:46','2015-05-08 13:20:26',1,'2015-04-30 21:05:46','2015-05-08 13:20:26'),(144,'GJKNZBTKH',1,1,20,3,253,1223,1,293,293,5,'9a8f401c71cbe3cb9ae8b20d66f342c1','Paybox - Epayment','1.000000','epayment',0,0,'',0,'CX111176258FR','0.00','0.00','0.00','345.00','345.00','290.00','345.00','275.00','330.00','15.00','15.00','15.00','0.000','0.00','0.00','0.00',124,99,'2015-05-01 17:06:18','2015-05-08 13:21:07',1,'2015-05-01 17:06:18','2015-05-08 13:21:07'),(145,'IKFZRXEEB',1,1,18,3,257,1267,1,297,297,5,'94bbad38896cc02eb59f19b49ad58458','Paybox - Epayment','1.000000','epayment',0,0,'',0,'773534688582','0.00','0.00','0.00','525.00','525.00','442.50','525.00','412.50','495.00','30.00','30.00','30.00','0.000','0.00','0.00','0.00',125,100,'2015-05-05 18:21:52','2015-05-09 12:37:05',1,'2015-05-05 18:21:51','2015-05-09 12:37:05'),(146,'PSZCGFCQZ',1,1,20,3,258,1272,1,298,298,5,'54441e9779795d8d372c3e5c96e4dce6','Paybox - Epayment','1.000000','epayment',0,0,'',0,'CX111176275FR','0.00','0.00','0.00','1745.00','1745.00','1456.67','1745.00','1441.67','1730.00','15.00','15.00','15.00','0.000','0.00','0.00','0.00',126,101,'2015-05-06 03:01:11','2015-05-15 11:46:19',1,'2015-05-06 03:01:11','2015-05-15 11:46:19'),(147,'IPNJYAVRP',1,1,11,1,259,1274,1,299,299,7,'6c4bd691b2ca5649650736a6d1329f2e','Paybox - Epayment','1.000000','epayment',0,0,'',0,'','0.00','0.00','0.00','215.00','215.00','179.17','215.00','179.17','215.00','0.00','0.00','0.00','20.000','0.00','0.00','0.00',127,0,'2015-05-06 08:45:36','0000-00-00 00:00:00',0,'2015-05-06 08:45:36','2015-05-06 13:39:14'),(148,'MJHBQHNOK',1,1,20,3,261,1277,1,301,301,5,'e5b9bb97aa39683e4d5c9ebda51c2135','Paybox - Epayment','1.000000','epayment',0,0,'',0,'CX111176289FR','0.00','0.00','0.00','345.00','345.00','290.00','345.00','275.00','330.00','15.00','15.00','15.00','0.000','0.00','0.00','0.00',128,102,'2015-05-06 19:16:51','2015-05-13 15:03:29',1,'2015-05-06 19:16:50','2015-05-13 15:03:29'),(149,'CEMFWPRFJ',1,1,20,3,264,1287,1,304,304,7,'33b227cfe7462424b346c87cb246741e','Paybox - Epayment','1.000000','epayment',0,0,'',0,'CX111176292FR','0.00','0.00','0.00','1330.00','1330.00','1110.83','1330.00','1095.83','1315.00','15.00','15.00','15.00','0.000','0.00','0.00','0.00',129,103,'2015-05-07 07:25:25','2015-05-13 15:04:25',0,'2015-05-07 07:25:25','2015-05-19 12:49:16'),(150,'FZKYFLXYA',1,1,20,1,266,1302,1,306,306,5,'b40853ad8ddcf4b2e9c1885c15bbbee8','Paybox - Epayment','1.000000','epayment',0,0,'',0,'CX111176301FR','0.00','0.00','0.00','315.00','315.00','265.00','315.00','250.00','300.00','15.00','15.00','15.00','0.000','0.00','0.00','0.00',130,104,'2015-05-08 11:44:03','2015-05-15 14:27:32',1,'2015-05-08 11:44:02','2015-05-15 14:27:32'),(151,'LTZOXDWEI',1,1,20,3,269,1311,1,309,309,5,'69888da6a89564fc893e4c8bcdd1291b','Paybox - Epayment','1.000000','epayment',0,0,'',0,'CX111176315FR','0.00','0.00','0.00','585.00','585.00','490.00','585.00','475.00','570.00','15.00','15.00','15.00','0.000','0.00','0.00','0.00',131,105,'2015-05-09 13:35:36','2015-05-13 15:01:08',1,'2015-05-09 13:35:36','2015-05-13 15:01:08'),(152,'BACRJVFJZ',1,1,18,3,267,1314,1,311,311,5,'0b835a52c05d1ad2e59e2b883c1b144e','Paybox - Epayment','1.000000','epayment',0,0,'',0,'773567355768','0.00','0.00','0.00','800.00','800.00','671.67','800.00','641.67','770.00','30.00','30.00','30.00','0.000','0.00','0.00','0.00',132,106,'2015-05-10 06:34:36','2015-05-13 12:14:44',1,'2015-05-10 06:34:36','2015-05-13 12:14:44'),(153,'HGUHPKMHN',1,1,20,3,203,1336,1,237,237,5,'57b068ec4227107e817f7c5e4b554b01','Paybox - Epayment','1.000000','epayment',0,0,'',0,'773634138554','0.00','0.00','0.00','515.00','515.00','431.67','515.00','416.67','500.00','15.00','15.00','15.00','0.000','0.00','0.00','0.00',133,107,'2015-05-11 17:56:05','2015-05-21 11:12:43',1,'2015-05-11 17:56:05','2015-05-21 11:12:43'),(154,'PJDJJCQIU',1,1,18,3,275,1334,1,316,316,5,'26002f6c34333eaf8b1e7590fa1a18f5','Paybox - Epayment','1.000000','epayment',0,0,'',0,'773577990881','0.00','0.00','0.00','345.00','345.00','345.00','345.00','315.00','315.00','30.00','30.00','30.00','0.000','0.00','0.00','0.00',134,108,'2015-05-11 22:44:48','2015-05-15 11:42:44',1,'2015-05-11 22:44:48','2015-05-15 11:42:44'),(155,'GCMNSYPXO',1,1,18,3,162,1338,1,186,186,5,'238e3ed76868bee64f264c6de3ef4de7','Paybox - Epayment','1.000000','epayment',0,0,'',0,'773578189595','0.00','0.00','0.00','390.00','390.00','390.00','390.00','360.00','360.00','30.00','30.00','30.00','0.000','0.00','0.00','0.00',135,109,'2015-05-11 23:06:27','2015-05-15 11:43:20',1,'2015-05-11 23:06:26','2015-05-15 11:43:20'),(156,'UMLBVJWPT',1,1,18,3,278,1346,1,319,319,5,'70c2f429625b00e1c6b4367d6c4b01cb','Paybox - Epayment','1.000000','epayment',0,0,'',0,'773588703211','0.00','0.00','0.00','220.00','220.00','220.00','220.00','190.00','190.00','30.00','30.00','30.00','0.000','0.00','0.00','0.00',136,110,'2015-05-13 06:11:14','2015-05-15 11:43:05',1,'2015-05-13 06:11:13','2015-05-15 11:43:05'),(157,'JEEBTKZBZ',1,1,20,3,251,1372,1,291,291,7,'ea8c7c6ff4b26c38099802dd0b3bf8e5','Paybox - Epayment','1.000000','epayment',0,0,'',0,'CX111176332FR','0.00','0.00','0.00','875.00','875.00','731.67','875.00','716.67','860.00','15.00','15.00','15.00','0.000','0.00','0.00','0.00',137,111,'2015-05-16 11:27:15','2015-05-20 17:28:13',0,'2015-05-16 11:27:14','2015-05-26 12:44:48'),(158,'ANFWSZTWE',1,1,20,3,285,1376,1,328,329,5,'8ef31cfab1fcb464683b13a54a13fece','Paybox - Epayment','1.000000','epayment',0,0,'',0,'CX111176346FR','0.00','0.00','0.00','270.00','270.00','227.50','270.00','212.50','255.00','15.00','15.00','15.00','0.000','0.00','0.00','0.00',138,112,'2015-05-16 16:26:43','2015-05-21 13:59:17',1,'2015-05-16 16:26:42','2015-05-21 13:59:17'),(159,'RDAMWPYFG',1,1,20,3,287,1387,1,332,333,7,'110dc591741fd0bdc51ea66769807fb4','Paybox - Epayment','1.000000','epayment',0,0,'',0,'CX111176350FR','0.00','0.00','0.00','935.00','935.00','781.66','935.00','766.66','920.00','15.00','15.00','15.00','0.000','0.00','0.00','0.00',139,114,'2015-05-17 18:36:21','2015-05-22 12:26:31',0,'2015-05-17 18:36:21','2015-06-05 15:48:44'),(160,'SCYTLQDGJ',1,1,18,3,288,1389,1,334,334,5,'6f4ddee0b25577f8cc19eee5c8d605cc','Paybox - Epayment','1.000000','epayment',0,0,'',0,'773620937807','0.00','0.00','0.00','345.00','345.00','292.50','345.00','262.50','315.00','30.00','30.00','30.00','0.000','0.00','0.00','0.00',140,113,'2015-05-18 02:51:10','2015-05-21 11:15:22',1,'2015-05-18 02:51:09','2015-05-21 11:15:22'),(161,'LNHGELNIS',1,1,20,1,289,1396,1,335,335,5,'117f600c043fc7c6fd30cb6eea1b34fe','Paybox - Epayment','1.000000','epayment',0,0,'',0,'CX111176363FR','0.00','0.00','0.00','350.00','350.00','294.17','350.00','279.17','335.00','15.00','15.00','15.00','0.000','0.00','0.00','0.00',141,115,'2015-05-18 20:42:06','2015-05-22 12:26:04',1,'2015-05-18 20:42:06','2015-05-22 12:26:04'),(162,'OGBWJOUCJ',1,1,20,1,297,1428,1,344,344,6,'ff1862b02bc10daa1bd62f678842ab36','Paybox - Epayment','1.000000','epayment',0,0,'',0,'9C00229007583','0.00','0.00','0.00','285.00','285.00','240.00','285.00','225.00','270.00','15.00','15.00','15.00','0.000','0.00','0.00','0.00',142,116,'2015-05-21 15:43:15','2015-05-21 17:04:10',0,'2015-05-21 15:43:14','2015-05-21 17:39:54'),(163,'VWVLMNOQA',1,1,20,3,255,1432,1,295,295,7,'fbaa38efdfdaff696ff65c7232e69477','Paybox - Epayment','1.000000','epayment',0,0,'',0,'CX111176377FR','0.00','0.00','0.00','345.00','345.00','345.00','345.00','330.00','330.00','15.00','15.00','15.00','0.000','0.00','0.00','0.00',143,117,'2015-05-22 07:38:45','2015-05-30 11:53:21',0,'2015-05-22 07:38:44','2015-06-04 16:58:05'),(164,'LXULDFIHO',1,1,20,3,299,1434,1,346,346,5,'640222af143f3dbcede6b274f6950440','Paybox - Epayment','1.000000','epayment',0,0,'',0,'9C00229007590','0.00','0.00','0.00','385.00','385.00','323.33','385.00','308.33','370.00','15.00','15.00','15.00','0.000','0.00','0.00','0.00',144,118,'2015-05-22 17:02:49','2015-05-30 11:52:54',1,'2015-05-22 17:02:49','2015-05-30 11:52:54'),(165,'CEGEXGOHR',1,1,18,3,303,1445,1,350,350,5,'8c376b4c88527dc65f5a9a920d48d0a6','Paybox - Epayment','1.000000','epayment',0,0,'',0,'773675552905','0.00','0.00','0.00','375.00','375.00','375.00','375.00','345.00','345.00','30.00','30.00','30.00','0.000','0.00','0.00','0.00',145,119,'2015-05-23 15:18:02','2015-05-30 11:51:32',1,'2015-05-23 15:18:02','2015-05-30 11:51:32'),(166,'EOFTJLRCW',1,1,20,1,264,1453,1,304,304,5,'33b227cfe7462424b346c87cb246741e','Paybox - Epayment','1.000000','epayment',0,0,'',0,'CX111176385FR','0.00','0.00','0.00','345.00','345.00','290.00','345.00','275.00','330.00','15.00','15.00','15.00','0.000','0.00','0.00','0.00',146,120,'2015-05-24 12:55:10','2015-06-13 11:17:51',1,'2015-05-24 12:55:09','2015-06-13 11:17:51'),(167,'FSGFXTXKJ',1,1,18,1,309,1474,1,357,357,5,'224f04c05ee50a5673cc24f9f5321e73','Paybox - Epayment','1.000000','epayment',0,0,'',0,'773699548987','0.00','0.00','0.00','530.00','530.00','446.67','530.00','416.67','500.00','30.00','30.00','30.00','0.000','0.00','0.00','0.00',147,122,'2015-05-27 16:54:31','2015-05-30 11:51:01',1,'2015-05-27 16:54:31','2015-05-30 11:51:01'),(168,'JBEIDTDDV',1,1,20,3,312,1477,1,360,360,5,'419079d94feb5cf7ef2b11f15a3f904c','Paybox - Epayment','1.000000','epayment',0,0,'',0,'CX111176394FR','0.00','0.00','0.00','170.00','170.00','144.17','170.00','129.17','155.00','15.00','15.00','15.00','0.000','0.00','0.00','0.00',148,121,'2015-05-27 23:21:58','2015-06-09 13:56:37',1,'2015-05-27 23:21:58','2015-06-09 13:56:37'),(169,'IXVLAROAC',1,1,18,3,314,1480,1,362,362,7,'3d8c3f8d89f47112b37129d99c93e44d','Paybox - Epayment','1.000000','epayment',0,0,'',0,'773699734920','0.00','0.00','0.00','680.00','680.00','680.00','680.00','650.00','650.00','30.00','30.00','30.00','0.000','0.00','0.00','0.00',149,123,'2015-05-27 23:50:08','2015-05-30 11:50:44',0,'2015-05-27 23:50:08','2015-06-05 15:55:31'),(170,'VEFHVYLDW',1,1,20,3,316,1492,1,364,364,5,'302eca2c775ae380a641323680a09def','Paybox - Epayment','1.000000','epayment',0,0,'',0,'CX111176403FR','0.00','0.00','0.00','150.00','150.00','127.50','150.00','112.50','135.00','15.00','15.00','15.00','0.000','0.00','0.00','0.00',150,124,'2015-05-28 22:24:30','2015-06-09 13:53:43',1,'2015-05-28 22:24:29','2015-06-09 13:53:43'),(171,'GJPNKZMIV',1,1,18,3,318,1500,1,366,366,5,'a39213e41763a6f02f5cdf4cf105853e','Paybox - Epayment','1.000000','epayment',0,0,'',0,'773721392218','0.00','0.00','0.00','565.00','565.00','565.00','565.00','535.00','535.00','30.00','30.00','30.00','0.000','0.00','0.00','0.00',151,125,'2015-05-29 20:57:52','2015-06-03 11:11:30',1,'2015-05-29 20:57:52','2015-06-03 11:11:30'),(172,'VVFNLESOY',1,1,12,1,325,1511,1,374,374,5,'b6cbdb827864c564db9ec747e806006a','Paybox - Epayment','1.000000','epayment',0,0,'',0,'773722278939','0.00','0.00','0.00','1125.00','1125.00','942.50','1125.00','912.50','1095.00','30.00','30.00','30.00','0.000','0.00','0.00','0.00',152,128,'2015-05-31 17:13:26','2015-06-03 11:11:12',1,'2015-05-31 17:13:26','2015-06-03 11:11:12'),(173,'PFMDFGFAT',1,1,18,3,326,1515,1,375,375,5,'0978b798e6f09457e08119f6fb247ccd','Paybox - Epayment','1.000000','epayment',0,0,'',0,'773721540709','0.00','0.00','0.00','520.00','520.00','438.33','520.00','408.33','490.00','30.00','30.00','30.00','0.000','0.00','0.00','0.00',153,126,'2015-05-31 18:59:15','2015-06-03 11:10:55',1,'2015-05-31 18:59:15','2015-06-03 11:10:55'),(174,'WIUKWEXLE',1,1,18,3,267,1512,1,311,307,5,'0b835a52c05d1ad2e59e2b883c1b144e','Paybox - Epayment','1.000000','epayment',0,0,'',0,'773722248270','0.00','0.00','0.00','610.00','610.00','513.34','610.00','483.34','580.00','30.00','30.00','30.00','0.000','0.00','0.00','0.00',154,127,'2015-06-01 06:15:41','2015-06-03 11:10:36',1,'2015-06-01 06:15:40','2015-06-03 11:10:36'),(175,'GOZHHAQNR',1,1,18,3,329,1527,1,378,378,5,'d775824533a13fd57427fef826a5d0ae','Paybox - Epayment','1.000000','epayment',0,0,'',0,'773755673219','0.00','0.00','0.00','1250.00','1250.00','1046.67','1250.00','1016.67','1220.00','30.00','30.00','30.00','0.000','0.00','0.00','0.00',155,133,'2015-06-02 08:57:07','2015-06-06 11:45:27',1,'2015-06-02 08:57:07','2015-06-06 11:45:27'),(176,'IWLWJFLIJ',1,1,18,3,330,1530,1,379,380,5,'a0cafec30c2d774c100e9e5c167865a2','Paybox - Epayment','1.000000','epayment',0,0,'',0,'773734299345','0.00','0.00','0.00','195.00','195.00','195.00','380.00','165.00','165.00','30.00','30.00','30.00','0.000','0.00','0.00','0.00',156,129,'2015-06-02 16:56:50','2015-06-04 11:11:43',1,'2015-06-02 15:58:47','2015-06-04 11:11:43'),(177,'GJCYEBMMF',1,1,18,3,331,1536,1,381,381,5,'bed870de7e2240b2a1d3a9f0d210378e','Paybox - Epayment','1.000000','epayment',0,0,'',0,'773742934790','0.00','0.00','0.00','510.00','510.00','510.00','510.00','480.00','480.00','30.00','30.00','30.00','0.000','0.00','0.00','0.00',157,132,'2015-06-02 19:08:11','2015-06-11 12:59:09',1,'2015-06-02 19:08:11','2015-06-11 12:59:09'),(178,'XQWKPAVRD',1,1,20,3,332,1535,1,382,382,7,'e36d34c8b385f56872d87ec30a1b3e09','Paybox - Epayment','1.000000','epayment',0,0,'',0,'CX111176417FR','0.00','0.00','0.00','780.00','780.00','652.50','780.00','637.50','765.00','15.00','15.00','15.00','0.000','0.00','0.00','0.00',158,131,'2015-06-02 19:14:01','2015-06-09 13:53:08',0,'2015-06-02 19:14:01','2015-06-17 11:59:36'),(179,'JKPZTANFS',1,1,18,3,240,1534,1,277,277,5,'51858acabc64d785bead08739decd0fc','Paybox - Epayment','1.000000','epayment',0,0,'',0,'773742918511','0.00','0.00','0.00','205.00','205.00','205.00','205.00','175.00','175.00','30.00','30.00','30.00','0.000','0.00','0.00','0.00',159,130,'2015-06-02 19:43:48','2015-06-09 13:57:52',1,'2015-06-02 19:43:47','2015-06-09 13:57:52'),(180,'MNNRCBJFE',1,1,18,3,310,1551,1,358,358,5,'49e891f3c097ece84f2bbff2db318c73','Paybox - Epayment','1.000000','epayment',0,0,'',0,'773764623848','0.00','0.00','0.00','765.00','765.00','765.00','765.00','735.00','735.00','30.00','30.00','30.00','0.000','0.00','0.00','0.00',160,134,'2015-06-04 18:34:40','2015-06-08 13:29:41',1,'2015-06-04 18:34:40','2015-06-08 13:29:41'),(181,'VUJWZDOPT',1,1,11,3,320,1552,1,369,369,5,'fdf6a19b6de5700a84cb8379ec1fc45a','Paybox - Epayment','1.000000','epayment',0,0,'',0,'CX111176425FR','0.00','0.00','0.00','350.00','350.00','291.67','350.00','291.67','350.00','0.00','0.00','0.00','20.000','0.00','0.00','0.00',161,135,'2015-06-04 19:16:22','2015-06-11 12:14:11',1,'2015-06-04 19:16:22','2015-06-11 12:14:11'),(182,'LNVTLOXUW',1,1,20,1,334,1560,1,383,384,7,'a67bbec5fb6137fda848cdec40e132ee','Paybox - Epayment','1.000000','epayment',0,0,'',0,'9C00229007606','0.00','0.00','0.00','310.00','310.00','260.83','310.00','245.83','295.00','15.00','15.00','15.00','0.000','0.00','0.00','0.00',162,136,'2015-06-05 11:07:23','2015-06-13 11:17:10',0,'2015-06-05 11:07:23','2015-07-10 12:09:14'),(183,'CGEEVBXGS',1,1,20,1,341,1604,1,391,391,5,'20867ff59f16a9c41868dd79c8759926','Paybox - Epayment','1.000000','epayment',0,0,'',0,'773806879240','0.00','0.00','0.00','310.00','310.00','260.83','310.00','245.83','295.00','15.00','15.00','15.00','0.000','0.00','0.00','0.00',163,137,'2015-06-10 17:55:09','2015-06-13 11:16:45',1,'2015-06-10 17:55:09','2015-06-13 11:16:45'),(184,'XZTKUEFAO',1,1,18,3,342,1607,1,392,392,5,'d5f27b46881882a2c26f0bcc992390c6','Paybox - Epayment','1.000000','epayment',0,0,'',0,'773806853515','0.00','0.00','0.00','280.00','280.00','238.33','280.00','208.33','250.00','30.00','30.00','30.00','0.000','0.00','0.00','0.00',164,138,'2015-06-10 19:20:43','2015-06-13 11:16:30',1,'2015-06-10 19:20:43','2015-06-13 11:16:30'),(185,'MKQDVDRSK',1,1,18,3,267,1608,1,311,307,5,'0b835a52c05d1ad2e59e2b883c1b144e','Paybox - Epayment','1.000000','epayment',0,0,'',0,'773806895030','0.00','0.00','0.00','300.00','300.00','255.00','300.00','225.00','270.00','30.00','30.00','30.00','0.000','0.00','0.00','0.00',165,139,'2015-06-10 19:31:27','2015-06-13 11:16:13',1,'2015-06-10 19:31:27','2015-06-13 11:16:13'),(186,'SMVZSYXXZ',1,1,20,1,344,1627,1,395,395,5,'6eaba8a654406d7476d89ccfb8d07238','Paybox - Epayment','1.000000','epayment',0,0,'',0,'','0.00','0.00','0.00','170.00','170.00','144.17','350.00','129.17','155.00','15.00','15.00','15.00','0.000','0.00','0.00','0.00',168,143,'2015-06-15 18:47:10','2015-06-29 15:50:17',1,'2015-06-12 14:44:17','2015-06-29 15:50:17'),(187,'AFBORIVHE',1,1,20,3,344,1629,1,398,397,6,'6eaba8a654406d7476d89ccfb8d07238','Paybox - Epayment','1.000000','epayment',0,0,'',0,'','0.00','0.00','0.00','170.00','170.00','144.17','180.00','129.17','155.00','15.00','15.00','15.00','0.000','0.00','0.00','0.00',0,0,'0000-00-00 00:00:00','0000-00-00 00:00:00',0,'2015-06-12 20:07:45','2015-06-15 18:46:53'),(188,'DUEBHIVDF',1,1,20,3,346,1633,1,399,399,5,'4cce23d4dd3392a1035c4d2e62720a1e','Paybox - Epayment','1.000000','epayment',0,0,'',0,'773839014974','0.00','0.00','0.00','285.00','285.00','240.00','285.00','225.00','270.00','15.00','15.00','15.00','0.000','0.00','0.00','0.00',166,140,'2015-06-13 18:22:01','2015-07-03 13:49:23',1,'2015-06-13 18:22:00','2015-07-03 13:49:23'),(189,'OORCJAHKB',1,1,20,1,217,1648,1,251,251,5,'182992f326f7522be0c47ffe1add7632','Paybox - Epayment','1.000000','epayment',0,0,'',0,'CX111176434FR','0.00','0.00','0.00','515.00','515.00','431.67','515.00','416.67','500.00','15.00','15.00','15.00','0.000','0.00','0.00','0.00',167,141,'2015-06-15 18:02:08','2015-06-23 11:03:33',1,'2015-06-15 18:02:08','2015-06-23 11:03:33'),(190,'HBAVRHBCM',1,1,18,3,194,1657,1,400,400,5,'98c61836a8769065a3ab35dc2cb5ca03','Paybox - Epayment','1.000000','epayment',0,0,'',0,'773839116075','0.00','0.00','0.00','1155.00','1155.00','1155.00','1155.00','1125.00','1125.00','30.00','30.00','30.00','0.000','0.00','0.00','0.00',169,142,'2015-06-16 02:58:40','2015-06-19 13:21:06',1,'2015-06-16 02:58:39','2015-06-19 13:21:07'),(191,'VUIJUEYTL',1,1,20,3,306,1675,1,354,353,7,'e590141bc673dcb933f2c5aa51ce33b5','Paybox - Epayment','1.000000','epayment',0,0,'',0,'CX111176451FR','253.50','253.50','211.25','606.50','606.50','507.92','606.50','704.17','845.00','15.00','15.00','15.00','0.000','0.00','0.00','0.00',170,144,'2015-06-18 15:18:33','2015-06-18 15:59:21',0,'2015-06-18 15:18:32','2015-06-26 12:26:41'),(192,'OUASUUPJJ',1,1,20,3,353,1686,1,408,408,5,'2d2067d0fe77c7bd8eb38ec754bc452f','Paybox - Epayment','1.000000','epayment',0,0,'',0,'cx111176465fr','69.00','69.00','69.00','176.00','176.00','176.00','176.00','230.00','230.00','15.00','15.00','15.00','0.000','0.00','0.00','0.00',171,145,'2015-06-18 15:32:23','2015-07-03 13:50:57',1,'2015-06-18 15:32:23','2015-07-03 13:50:57'),(193,'ADFZIJKVZ',1,1,18,3,355,1688,1,410,410,5,'f60ef5dbf28181b6e35c32b4c556f87b','Paybox - Epayment','1.000000','epayment',0,0,'',0,'773861776540','192.00','192.00','192.00','478.00','478.00','478.00','928.00','640.00','640.00','30.00','30.00','30.00','0.000','0.00','0.00','0.00',172,146,'2015-06-18 16:19:01','2015-07-03 13:50:06',1,'2015-06-18 15:56:22','2015-07-03 13:50:06'),(194,'BIXGNETDR',1,1,20,3,358,1695,1,414,414,5,'cd91a751cc77beb6c83ac0aa05da709b','Paybox - Epayment','1.000000','epayment',0,0,'',0,'CX111176479FR','115.50','115.50','96.25','284.50','284.50','239.58','284.50','320.83','385.00','15.00','15.00','15.00','0.000','0.00','0.00','0.00',173,147,'2015-06-18 16:35:07','2015-06-23 11:04:14',1,'2015-06-18 16:35:06','2015-06-23 11:04:14'),(195,'FELPNTULS',1,1,20,3,360,1713,1,416,416,7,'df550bd25e74840ff4d49b376ff46b09','Paybox - Epayment','1.000000','epayment',0,0,'',0,'CX111176482FR','121.50','121.50','101.25','298.50','298.50','251.25','298.50','337.50','405.00','15.00','15.00','15.00','0.000','0.00','0.00','0.00',174,148,'2015-06-18 19:18:24','2015-06-19 11:54:40',0,'2015-06-18 19:18:23','2015-06-30 11:48:02'),(196,'WOVMUCMTU',1,1,20,3,361,1719,1,417,417,5,'0de90c1b304fdf63b44a98fe207d4ebd','Paybox - Epayment','1.000000','epayment',0,0,'',0,'CX111176505FR','115.50','115.50','96.25','284.50','284.50','239.58','284.50','320.83','385.00','15.00','15.00','15.00','0.000','0.00','0.00','0.00',175,151,'2015-06-18 21:52:40','2015-07-03 13:51:38',1,'2015-06-18 21:52:40','2015-07-03 13:51:38'),(197,'YZUAVSCTF',1,1,18,3,300,1727,1,347,347,5,'802a4b3b58e0c1103d644764654f5930','Paybox - Epayment','1.000000','epayment',0,0,'',0,'773870499135','99.00','99.00','99.00','261.00','261.00','261.00','261.00','330.00','330.00','30.00','30.00','30.00','0.000','0.00','0.00','0.00',176,149,'2015-06-19 04:09:26','2015-07-03 13:52:10',1,'2015-06-19 04:09:25','2015-07-03 13:52:10'),(198,'FXIFLDLHN',1,1,20,3,363,1735,1,419,419,7,'3fb8f47630f7cf7c83515229fbec305e','Paybox - Epayment','1.000000','epayment',0,0,'',0,'CX111176496FR','0.00','0.00','0.00','245.00','245.00','206.67','245.00','191.67','230.00','15.00','15.00','15.00','0.000','0.00','0.00','0.00',177,150,'2015-06-19 10:47:45','2015-06-19 12:14:09',0,'2015-06-19 10:47:44','2015-07-01 12:52:03'),(199,'GBSJRLYLA',1,1,18,3,366,1746,1,421,422,5,'5a562e9bb8e7e0feea6593e7a9a96815','Paybox - Epayment','1.000000','epayment',0,0,'',0,'773873380317','115.50','115.50','115.50','299.50','299.50','299.50','299.50','385.00','385.00','30.00','30.00','30.00','0.000','0.00','0.00','0.00',178,152,'2015-06-19 17:50:15','2015-06-23 11:05:48',1,'2015-06-19 17:50:15','2015-06-23 11:05:48'),(200,'ASBISPCTG',1,1,18,3,367,1748,1,424,424,5,'15ae5b606fd5c184761926f7f736a5e4','Paybox - Epayment','1.000000','epayment',0,0,'',0,'773879580343','105.00','105.00','87.50','275.00','275.00','234.17','275.00','291.67','350.00','30.00','30.00','30.00','0.000','0.00','0.00','0.00',179,154,'2015-06-19 20:28:57','2015-06-25 13:45:11',1,'2015-06-19 20:28:57','2015-06-25 13:45:11'),(201,'ZSHUHIAWV',1,1,20,3,41,1757,1,46,46,7,'de39365912b7f26e6bcae4922161aa18','Paybox - Epayment','1.000000','epayment',0,0,'',0,'CX111176519FR','51.00','51.00','42.50','134.00','134.00','114.17','134.00','141.67','170.00','15.00','15.00','15.00','0.000','0.00','0.00','0.00',180,153,'2015-06-20 10:30:09','2015-06-20 11:39:30',0,'2015-06-20 10:30:08','2015-06-26 12:18:51'),(202,'FHTQLSBQK',1,1,11,1,362,1756,1,418,418,5,'6d4a22f00a154097e16c1029ea8023ba','Paybox - Epayment','1.000000','epayment',0,0,'',0,'','88.50','88.50','73.75','206.50','206.50','172.08','206.50','245.83','295.00','0.00','0.00','0.00','20.000','0.00','0.00','0.00',181,155,'2015-06-20 12:54:16','2015-07-03 13:52:45',1,'2015-06-20 12:54:16','2015-07-03 13:52:45'),(203,'WYNJHPPED',1,1,20,1,368,1762,1,425,425,5,'eda915072136cda7427c016ee94704d9','Paybox - Epayment','1.000000','epayment',0,0,'',0,'9C00229007613','169.50','169.50','141.25','410.50','410.50','344.59','410.50','470.84','565.00','15.00','15.00','15.00','0.000','0.00','0.00','0.00',182,156,'2015-06-20 19:15:04','2015-07-03 13:53:24',1,'2015-06-20 19:15:04','2015-07-03 13:53:24'),(204,'GGNJDSRRB',1,1,18,3,373,1769,1,430,430,5,'bef5b4ef0efbbe65871dc1223398089c','Paybox - Epayment','1.000000','epayment',0,0,'',0,'773883102903','160.50','160.50','160.50','404.50','404.50','404.50','784.50','535.00','535.00','30.00','30.00','30.00','0.000','0.00','0.00','0.00',183,157,'2015-06-22 15:25:09','2015-07-06 16:03:11',1,'2015-06-21 05:35:12','2015-07-06 16:03:11'),(205,'FURKKMRVZ',1,1,11,3,320,1802,1,369,369,5,'fdf6a19b6de5700a84cb8379ec1fc45a','Paybox - Epayment','1.000000','epayment',0,0,'',0,'CX111176522FR','0.00','0.00','0.00','350.00','350.00','291.67','350.00','291.67','350.00','0.00','0.00','0.00','20.000','0.00','0.00','0.00',184,160,'2015-06-24 02:56:23','2015-07-06 16:04:29',1,'2015-06-24 02:56:23','2015-07-06 16:04:29'),(206,'NADPAZOEE',1,1,20,3,377,1814,1,434,434,5,'6999bcbeac6db6d05614109f1922023f','Paybox - Epayment','1.000000','epayment',0,0,'',0,'CX111176540FR','0.00','0.00','0.00','113.00','113.00','96.67','113.00','81.67','98.00','15.00','15.00','15.00','0.000','0.00','0.00','0.00',185,163,'2015-06-24 02:57:01','2015-07-06 16:05:42',1,'2015-06-24 02:57:01','2015-07-06 16:05:42'),(207,'FEOYHYLGA',1,1,20,3,378,1826,1,435,435,5,'4e678a9e8ef0aa7fb1e7ce63abe246b2','Paybox - Epayment','1.000000','epayment',0,0,'',0,'CX111176536FR','0.00','0.00','0.00','246.00','246.00','207.50','246.00','192.50','231.00','15.00','15.00','15.00','0.000','0.00','0.00','0.00',186,162,'2015-06-24 06:40:35','2015-07-06 16:06:36',1,'2015-06-24 06:40:35','2015-07-06 16:06:36'),(208,'AHRPHEEAZ',1,1,18,3,379,1827,1,436,436,5,'ce83381221531d185e6cbc1efdf48479','Paybox - Epayment','1.000000','epayment',0,0,'',0,'773902310045','0.00','0.00','0.00','460.50','460.50','460.50','460.50','430.50','430.50','30.00','30.00','30.00','0.000','0.00','0.00','0.00',187,164,'2015-06-24 07:26:11','2015-07-06 15:55:14',1,'2015-06-24 07:26:11','2015-07-06 15:55:14'),(209,'AAUJSKQIR',1,1,20,3,299,1834,1,346,346,5,'640222af143f3dbcede6b274f6950440','Paybox - Epayment','1.000000','epayment',0,0,'',0,'9C00229007644','0.00','0.00','0.00','246.00','246.00','207.50','246.00','192.50','231.00','15.00','15.00','15.00','0.000','0.00','0.00','0.00',188,161,'2015-06-24 08:48:50','2015-07-06 16:07:29',1,'2015-06-24 08:48:50','2015-07-06 16:07:29'),(210,'MNUIJDZQA',1,1,11,3,380,1833,1,437,437,7,'62e45b86dc30a435dbd89d04821cd148','Paybox - Epayment','1.000000','epayment',0,0,'',0,'','0.00','0.00','0.00','287.00','287.00','239.17','287.00','239.17','287.00','0.00','0.00','0.00','20.000','0.00','0.00','0.00',189,0,'2015-06-24 09:13:04','0000-00-00 00:00:00',0,'2015-06-24 09:13:04','2015-06-24 12:47:59'),(211,'DMAPMIMDV',1,1,18,3,381,1832,1,438,438,5,'5844450e65d6bcf8bb87d03d675b9ace','Paybox - Epayment','1.000000','epayment',0,0,'',0,'773903493073','0.00','0.00','0.00','1331.50','1331.50','1331.50','1331.50','1301.50','1301.50','30.00','30.00','30.00','0.000','0.00','0.00','0.00',190,166,'2015-06-24 09:23:14','2015-07-06 16:08:25',1,'2015-06-24 09:23:11','2015-07-06 16:08:26'),(212,'QVAOFTBZR',1,1,20,1,382,1842,1,439,439,5,'f0bffde907e894ac269e94fc492d26fb','Paybox - Epayment','1.000000','epayment',0,0,'',0,'9C00229007637','0.00','0.00','0.00','134.00','134.00','114.17','134.00','99.17','119.00','15.00','15.00','15.00','0.000','0.00','0.00','0.00',191,159,'2015-06-24 10:54:59','2015-07-06 16:09:18',1,'2015-06-24 10:54:59','2015-07-06 16:09:18'),(213,'FBDTIGQKZ',1,1,20,1,383,1841,1,440,441,5,'688a3ee3aab2f3f22b2a1e3727b048c7','Paybox - Epayment','1.000000','epayment',0,0,'',0,'9C00229007620','0.00','0.00','0.00','543.50','543.50','455.42','543.50','440.42','528.50','15.00','15.00','15.00','0.000','0.00','0.00','0.00',192,158,'2015-06-24 11:06:39','2015-07-06 16:10:40',1,'2015-06-24 11:06:37','2015-07-06 16:10:40'),(214,'YERSUTMFJ',1,1,20,1,384,1845,1,442,442,5,'93a893353ee5035cf77a8110b270ed19','Paybox - Epayment','1.000000','epayment',0,0,'',0,'CX111176553FR','0.00','0.00','0.00','711.50','711.50','711.50','711.50','696.50','696.50','15.00','15.00','15.00','0.000','0.00','0.00','0.00',193,165,'2015-06-24 12:07:26','2015-07-06 16:11:37',1,'2015-06-24 12:07:25','2015-07-06 16:11:37'),(215,'KQDSRPIVN',1,1,18,3,310,1859,1,358,358,5,'49e891f3c097ece84f2bbff2db318c73','Paybox - Epayment','1.000000','epayment',0,0,'',0,'773912633928','0.00','0.00','0.00','299.50','299.50','299.50','299.50','269.50','269.50','30.00','30.00','30.00','0.000','0.00','0.00','0.00',194,170,'2015-06-24 18:10:17','2015-07-06 16:12:54',1,'2015-06-24 18:10:17','2015-07-06 16:12:54'),(216,'TCAVBDKII',1,1,11,1,45,1862,1,50,50,5,'36b78256cce8d71db8fa449d77e752a0','Paybox - Epayment','1.000000','epayment',0,0,'',0,'','0.00','0.00','0.00','367.50','367.50','306.25','367.50','306.25','367.50','0.00','0.00','0.00','20.000','0.00','0.00','0.00',195,167,'2015-06-24 20:04:45','2015-06-29 15:16:38',1,'2015-06-24 20:04:45','2015-06-29 15:16:38'),(217,'WCFBTGAGK',1,1,18,3,75,1866,1,86,85,5,'f6dcf526b7ae6cb2e0fcee51b8d7e0da','Paybox - Epayment','1.000000','epayment',0,0,'',0,'773912605354','0.00','0.00','0.00','145.50','145.50','145.50','145.50','115.50','115.50','30.00','30.00','30.00','0.000','0.00','0.00','0.00',196,169,'2015-06-24 21:17:48','2015-07-06 16:13:46',1,'2015-06-24 21:17:48','2015-07-06 16:13:46'),(218,'FBCGDCNCH',1,1,20,3,387,1868,1,445,445,5,'d04a92761b43c7345507a2d8e4d8f912','Paybox - Epayment','1.000000','epayment',0,0,'',0,'CX111176575FR','0.00','0.00','0.00','151.50','151.50','128.75','151.50','113.75','136.50','15.00','15.00','15.00','0.000','0.00','0.00','0.00',197,168,'2015-06-24 21:51:40','2015-07-06 16:14:42',1,'2015-06-24 21:51:40','2015-07-06 16:14:42'),(219,'YJOURBEDI',1,1,20,1,392,1891,1,450,450,7,'bf5342a0e4c506cc5fd30b79b4a1dad1','Paybox - Epayment','1.000000','epayment',0,0,'',0,'9C0022900765','0.00','0.00','0.00','186.00','186.00','157.50','186.00','142.50','171.00','15.00','15.00','15.00','0.000','0.00','0.00','0.00',198,171,'2015-06-26 03:51:53','2015-07-06 16:15:37',0,'2015-06-26 03:51:53','2015-07-08 11:34:12'),(220,'BRKSVJYFA',1,1,20,3,393,1896,1,452,452,5,'5a46a4b81d9e99edfb512186e67d4168','Paybox - Epayment','1.000000','epayment',0,0,'',0,'CX111176584FR','0.00','0.00','0.00','249.50','249.50','210.42','249.50','195.42','234.50','15.00','15.00','15.00','0.000','0.00','0.00','0.00',199,172,'2015-06-26 10:36:43','2015-07-16 17:59:24',1,'2015-06-26 10:36:42','2015-07-16 17:59:24'),(221,'RQMUMHAYL',1,1,20,3,395,1895,1,454,454,5,'53267654f9fc8a014123e6e212260216','Paybox - Epayment','1.000000','epayment',0,0,'',0,'Cx111176607FR','0.00','0.00','0.00','235.50','235.50','198.75','235.50','183.75','220.50','15.00','15.00','15.00','0.000','0.00','0.00','0.00',200,173,'2015-06-26 14:28:04','2015-07-06 16:17:16',1,'2015-06-26 14:28:03','2015-07-06 16:17:16'),(222,'SOKXFYVXL',1,1,20,1,397,1911,1,456,457,5,'a246190210985e66738f5cf461fe7e12','Paybox - Epayment','1.000000','epayment',0,0,'',0,'CX111176615FR','0.00','0.00','0.00','239.00','239.00','201.67','239.00','186.67','224.00','15.00','15.00','15.00','0.000','0.00','0.00','0.00',201,174,'2015-06-27 10:52:15','2015-07-09 12:29:15',1,'2015-06-27 10:52:15','2015-07-09 12:29:15'),(223,'XEPHLEOQT',1,1,18,3,398,1919,1,458,458,5,'178832e4aa0948455ae884746a0b8ce1','Paybox - Epayment','1.000000','epayment',0,0,'',0,'773933231290','0.00','0.00','0.00','240.00','240.00','205.00','240.00','175.00','210.00','30.00','30.00','30.00','0.000','0.00','0.00','0.00',202,175,'2015-06-27 19:42:51','2015-07-06 16:18:53',1,'2015-06-27 19:42:50','2015-07-06 16:18:53'),(224,'HDTAJFSPL',1,1,18,3,399,1926,1,459,459,5,'c8137b65cd25e3abbac7ecdf9e1198c1','Paybox - Epayment','1.000000','epayment',0,0,'',0,'773934614489','0.00','0.00','0.00','422.00','422.00','422.00','422.00','392.00','392.00','30.00','30.00','30.00','0.000','0.00','0.00','0.00',203,178,'2015-06-28 06:56:27','2015-07-09 12:25:09',1,'2015-06-28 06:56:27','2015-07-09 12:25:09'),(225,'JYAAPBYJO',1,1,18,3,359,1935,1,415,415,5,'1b88b97b666c1a2bd258e5a25153c25f','Paybox - Epayment','1.000000','epayment',0,0,'',0,'773933246708','0.00','0.00','0.00','677.50','677.50','569.59','677.50','539.59','647.50','30.00','30.00','30.00','0.000','0.00','0.00','0.00',204,176,'2015-06-28 13:59:59','2015-07-06 16:20:51',1,'2015-06-28 13:59:58','2015-07-06 16:20:51'),(226,'JZKZFRIJI',1,1,20,1,401,1941,1,461,461,5,'a0a9366a17715205fc5b525332467684','Paybox - Epayment','1.000000','epayment',0,0,'',0,'9C00229007668','0.00','0.00','0.00','249.50','249.50','210.42','249.50','195.42','234.50','15.00','15.00','15.00','0.000','0.00','0.00','0.00',205,177,'2015-06-28 20:23:09','2015-07-06 16:22:11',1,'2015-06-28 20:23:08','2015-07-06 16:22:11'),(227,'NHQJXDIMH',1,1,20,3,402,1942,1,462,462,7,'bfb444dab733c654db04edae3e177859','Paybox - Epayment','1.000000','epayment',0,0,'',0,'','0.00','0.00','0.00','225.00','225.00','190.00','225.00','175.00','210.00','15.00','15.00','15.00','0.000','0.00','0.00','0.00',206,0,'2015-06-28 22:21:06','0000-00-00 00:00:00',0,'2015-06-28 22:21:06','2015-06-29 13:25:53'),(228,'FSZGNTYPS',1,1,20,3,402,1949,1,462,462,5,'bfb444dab733c654db04edae3e177859','Paybox - Epayment','1.000000','epayment',0,0,'',0,'CX111176624FR','0.00','0.00','0.00','225.00','225.00','190.00','225.00','175.00','210.00','15.00','15.00','15.00','0.000','0.00','0.00','0.00',207,179,'2015-06-29 13:45:09','2015-07-08 11:54:58',1,'2015-06-29 13:45:08','2015-07-08 11:54:58'),(229,'JMKCREWGV',1,1,18,3,403,1961,1,463,465,5,'92f8a24a76410a4181aa275918fc15eb','Paybox - Epayment','1.000000','epayment',0,0,'',0,'773945671380','0.00','0.00','0.00','114.00','114.00','100.00','114.00','70.00','84.00','30.00','30.00','30.00','0.000','0.00','0.00','0.00',208,180,'2015-06-30 08:45:10','2015-07-06 16:23:27',1,'2015-06-30 08:45:09','2015-07-06 16:23:27'),(230,'TPQNTOCBK',1,1,20,1,404,1962,1,466,466,5,'247ae98829700baed5abf53d975fa116','Paybox - Epayment','1.000000','epayment',0,0,'',0,'9C00229007675','0.00','0.00','0.00','165.00','165.00','140.00','165.00','125.00','150.00','15.00','15.00','15.00','0.000','0.00','0.00','0.00',209,181,'2015-06-30 12:17:22','2015-07-06 16:24:12',1,'2015-06-30 12:17:22','2015-07-06 16:24:12'),(231,'OOXRFXEPI',1,1,18,3,75,1967,1,86,85,7,'f6dcf526b7ae6cb2e0fcee51b8d7e0da','Paybox - Epayment','1.000000','epayment',0,0,'',0,'773956413194','0.00','0.00','0.00','711.00','711.00','711.00','711.00','681.00','681.00','30.00','30.00','30.00','0.000','0.00','0.00','0.00',210,182,'2015-06-30 17:45:37','2015-07-09 12:24:29',0,'2015-06-30 17:45:36','2015-07-15 15:34:08'),(232,'TAYWSDEMJ',1,1,18,3,214,1972,1,248,248,7,'e0ef534c08abea610277b2b228cf002b','Paybox - Epayment','1.000000','epayment',0,0,'',0,'773956462711','0.00','0.00','0.00','240.00','240.00','240.00','468.00','210.00','210.00','30.00','30.00','30.00','0.000','0.00','0.00','0.00',212,183,'2015-07-01 12:46:11','2015-07-03 15:09:01',0,'2015-07-01 04:43:35','2015-07-09 12:49:54'),(233,'YGKLWZKDS',1,1,20,3,407,1971,1,471,470,5,'816d1c4a410b7d1dbd6ae669dfa68f1e','Paybox - Epayment','1.000000','epayment',0,0,'',0,'773956571204','0.00','0.00','0.00','393.00','393.00','330.00','393.00','315.00','378.00','15.00','15.00','15.00','0.000','0.00','0.00','0.00',211,184,'2015-07-01 08:35:00','2015-07-03 15:10:43',1,'2015-07-01 08:34:59','2015-07-03 15:10:43'),(234,'ZVCEMGWTN',1,1,20,1,408,1978,1,472,472,5,'61c642f71498cdca12878d2fd4b7edf8','Paybox - Epayment','1.000000','epayment',0,0,'',0,'9C00229007682','0.00','0.00','0.00','216.00','216.00','182.50','216.00','167.50','201.00','15.00','15.00','15.00','0.000','0.00','0.00','0.00',213,185,'2015-07-01 16:35:49','2015-07-08 11:53:11',1,'2015-07-01 16:35:48','2015-07-08 11:53:11'),(235,'FVAKINBDE',1,1,20,3,203,1984,1,237,237,5,'57b068ec4227107e817f7c5e4b554b01','Paybox - Epayment','1.000000','epayment',0,0,'',0,'CX111176638FR','0.00','0.00','0.00','702.00','702.00','587.50','888.00','572.50','687.00','15.00','15.00','15.00','0.000','0.00','0.00','0.00',214,186,'2015-07-01 19:58:37','2015-07-06 16:25:24',1,'2015-07-01 19:58:36','2015-07-06 16:25:24'),(236,'RODYCADYD',1,1,18,3,409,1987,1,473,473,7,'9ec217df16f8c358d62fdc730b38e858','Paybox - Epayment','1.000000','epayment',0,0,'',0,'','0.00','0.00','0.00','120.00','120.00','120.00','120.00','90.00','90.00','30.00','30.00','30.00','0.000','0.00','0.00','0.00',215,0,'2015-07-02 00:22:37','0000-00-00 00:00:00',0,'2015-07-02 00:22:36','2015-07-02 12:24:46'),(237,'NZCHVVISH',1,1,20,3,238,1991,1,275,275,5,'7c43583ea0fef8ba44aedbf35d2df498','Paybox - Epayment','1.000000','epayment',0,0,'',0,'CX111176641FR','0.00','0.00','0.00','312.00','312.00','262.50','312.00','247.50','297.00','15.00','15.00','15.00','0.000','0.00','0.00','0.00',216,187,'2015-07-02 10:42:16','2015-07-08 11:54:08',1,'2015-07-02 10:42:15','2015-07-08 11:54:08'),(238,'VLCHBVBPY',1,1,20,3,410,1995,1,474,474,7,'d6ccf83cedc9a05d80df6ac8b59c9dea','Paybox - Epayment','1.000000','epayment',0,0,'',0,'','0.00','0.00','0.00','192.00','192.00','162.50','192.00','147.50','177.00','15.00','15.00','15.00','0.000','0.00','0.00','0.00',217,0,'2015-07-02 19:00:07','0000-00-00 00:00:00',0,'2015-07-02 19:00:06','2015-07-03 11:42:26'),(239,'ALLBSJCOX',1,1,18,3,75,2001,1,86,85,5,'f6dcf526b7ae6cb2e0fcee51b8d7e0da','Paybox - Epayment','1.000000','epayment',0,0,'',0,'773979521244','0.00','0.00','0.00','489.00','489.00','489.00','489.00','459.00','459.00','30.00','30.00','30.00','0.000','0.00','0.00','0.00',218,191,'2015-07-03 00:12:49','2015-07-09 12:23:04',1,'2015-07-03 00:12:49','2015-07-09 12:23:04'),(240,'ELFHUTPYL',1,1,18,3,75,2006,1,86,85,7,'f6dcf526b7ae6cb2e0fcee51b8d7e0da','Paybox - Epayment','1.000000','epayment',0,0,'',0,'','0.00','0.00','0.00','414.00','414.00','414.00','414.00','384.00','384.00','30.00','30.00','30.00','0.000','0.00','0.00','0.00',219,0,'2015-07-03 06:30:56','0000-00-00 00:00:00',0,'2015-07-03 06:30:56','2015-07-03 11:50:45'),(241,'VGZCZGBPO',1,1,20,3,411,1996,1,475,475,7,'9219baed2420f02efb783f3e9d4383a3','Paybox - Epayment','1.000000','epayment',0,0,'',0,'','0.00','0.00','0.00','192.00','192.00','162.50','192.00','147.50','177.00','15.00','15.00','15.00','0.000','0.00','0.00','0.00',220,0,'2015-07-03 08:36:57','0000-00-00 00:00:00',0,'2015-07-03 08:36:56','2015-07-04 11:50:39'),(242,'VQCJSOVPM',1,1,18,3,412,2008,1,476,476,5,'2f8b16e7357617ae3a2efd6705b78ace','Paybox - Epayment','1.000000','epayment',0,0,'',0,'773976956961','0.00','0.00','0.00','438.00','438.00','438.00','438.00','408.00','408.00','30.00','30.00','30.00','0.000','0.00','0.00','0.00',221,188,'2015-07-03 09:30:27','2015-07-09 11:12:43',1,'2015-07-03 09:30:26','2015-07-09 11:12:44'),(243,'DOBSUUDZC',1,1,18,3,415,2018,1,479,480,5,'c527d7c7c0f985202b0e900e5dd75840','Paybox - Epayment','1.000000','epayment',0,0,'',0,'773977784767','0.00','0.00','0.00','348.00','348.00','295.00','348.00','265.00','318.00','30.00','30.00','30.00','0.000','0.00','0.00','0.00',222,189,'2015-07-03 17:18:10','2015-07-06 16:28:04',1,'2015-07-03 17:18:10','2015-07-06 16:28:05'),(244,'VJOZYXKJI',1,1,20,3,417,2013,1,482,482,5,'d97c2963aad9dc792381fe58585a847e','Paybox - Epayment','1.000000','epayment',0,0,'',0,'CX111176655FR','0.00','0.00','0.00','159.00','159.00','135.00','159.00','120.00','144.00','15.00','15.00','15.00','0.000','0.00','0.00','0.00',223,190,'2015-07-03 22:30:50','2015-07-16 17:51:57',1,'2015-07-03 22:30:49','2015-07-16 17:51:57'),(245,'KTGQKHFQK',1,1,20,1,418,2026,1,483,483,5,'f9669b7165611407a532bf787fb6ecdd','Paybox - Epayment','1.000000','epayment',0,0,'',0,'cx111176669fr','0.00','0.00','0.00','293.50','293.50','247.09','293.50','232.09','278.50','15.00','15.00','15.00','0.000','0.00','0.00','0.00',224,192,'2015-07-04 13:22:28','2015-07-16 17:52:53',1,'2015-07-04 13:22:27','2015-07-16 17:52:53'),(246,'SIOTLVMUM',1,1,20,3,419,2028,1,484,484,5,'9fb71bfc93cfa7a6fa79ddd7e0c5d47e','Paybox - Epayment','1.000000','epayment',0,0,'',0,'773983624547','0.00','0.00','0.00','87.00','87.00','75.00','324.00','60.00','72.00','15.00','15.00','15.00','0.000','0.00','0.00','0.00',225,196,'2015-07-04 16:41:18','2015-07-08 11:09:26',1,'2015-07-04 16:41:15','2015-07-08 11:09:26'),(247,'OPPOGMECB',1,1,18,3,420,2031,1,485,485,5,'5da750fdd8e3d8ccc14f63b4943148fe','Paybox - Epayment','1.000000','epayment',0,0,'',0,'773980998158','0.00','0.00','0.00','366.00','366.00','366.00','366.00','336.00','336.00','30.00','30.00','30.00','0.000','0.00','0.00','0.00',226,194,'2015-07-04 18:42:18','2015-07-10 10:08:18',1,'2015-07-04 18:42:17','2015-07-10 10:08:18'),(248,'PFKJNGZIP',1,1,20,3,410,2039,1,474,474,5,'d6ccf83cedc9a05d80df6ac8b59c9dea','Paybox - Epayment','1.000000','epayment',0,0,'',0,'CX111176672FR','0.00','0.00','0.00','291.50','291.50','245.42','291.50','230.42','276.50','15.00','15.00','15.00','0.000','0.00','0.00','0.00',227,193,'2015-07-05 23:15:15','2015-07-16 17:53:27',1,'2015-07-05 23:15:14','2015-07-16 17:53:27'),(249,'HAFRJQEBF',1,1,18,3,421,2041,1,486,486,5,'d90f03899f8c9a60e248f99cac735975','Paybox - Epayment','1.000000','epayment',0,0,'',0,'773981060568','0.00','0.00','0.00','345.00','345.00','345.00','345.00','315.00','315.00','30.00','30.00','30.00','0.000','0.00','0.00','0.00',228,195,'2015-07-05 23:59:17','2015-07-08 11:09:48',1,'2015-07-05 23:59:17','2015-07-08 11:09:48'),(250,'TJFQNNUBB',1,1,18,3,427,2055,1,491,492,5,'466b146f38970971af37dd7377a5f94c','Paybox - Epayment','1.000000','epayment',0,0,'',0,'773990880143','0.00','0.00','0.00','138.00','138.00','138.00','138.00','108.00','108.00','30.00','30.00','30.00','0.000','0.00','0.00','0.00',229,197,'2015-07-07 03:05:16','2015-07-16 17:58:18',1,'2015-07-07 03:05:14','2015-07-16 17:58:18'),(251,'VZEWONHMX',1,1,20,1,390,2060,1,448,448,7,'fe4efad53f5a331d8ddf78789e6e8862','Paybox - Epayment','1.000000','epayment',0,0,'',0,'CX111176686FR','0.00','0.00','0.00','567.00','567.00','475.00','567.00','460.00','552.00','15.00','15.00','15.00','0.000','0.00','0.00','0.00',230,198,'2015-07-07 16:12:28','2015-07-16 17:54:08',0,'2015-07-07 16:12:28','2015-07-20 14:59:00'),(252,'PZVWWHCFW',1,1,18,3,83,2081,1,496,96,5,'08a6ad4a4d474d4563041de6f929d082','Paybox - Epayment','1.000000','epayment',0,0,'',0,'774002277710','0.00','0.00','0.00','677.50','677.50','569.58','677.50','539.58','647.50','30.00','30.00','30.00','0.000','0.00','0.00','0.00',231,199,'2015-07-08 14:47:08','2015-07-10 10:09:18',1,'2015-07-08 14:47:07','2015-07-10 10:09:18'),(253,'ITXEFEOBU',1,1,11,1,433,2094,1,504,503,5,'95e305ef96b793a1aacfd48fd0d7d79c','Paybox - Epayment','1.000000','epayment',0,0,'',0,'','0.00','0.00','0.00','175.00','175.00','145.83','175.00','145.83','175.00','0.00','0.00','0.00','20.000','0.00','0.00','0.00',232,200,'2015-07-09 13:00:32','2015-07-13 17:22:00',1,'2015-07-09 13:00:32','2015-07-13 17:22:00'),(254,'AYUYTGVYH',1,1,20,3,435,2109,1,506,506,5,'6413e6bf5d79e22cd9d724cba14b4274','Paybox - Epayment','1.000000','epayment',0,0,'',0,'CX111176709FR','0.00','0.00','0.00','150.00','150.00','127.50','150.00','112.50','135.00','15.00','15.00','15.00','0.000','0.00','0.00','0.00',233,201,'2015-07-10 11:47:51','2015-07-16 17:54:48',1,'2015-07-10 11:47:46','2015-07-16 17:54:48'),(255,'YNLEDIYKX',1,1,20,1,45,2116,1,50,50,5,'36b78256cce8d71db8fa449d77e752a0','Paybox - Epayment','1.000000','epayment',0,0,'',0,'9C00229007699','0.00','0.00','0.00','205.00','205.00','173.33','205.00','158.33','190.00','15.00','15.00','15.00','0.000','0.00','0.00','0.00',234,203,'2015-07-10 17:45:44','2015-07-16 17:55:25',1,'2015-07-10 17:45:44','2015-07-16 17:55:25'),(256,'BDLMKSZJX',1,1,20,3,436,2123,1,507,507,7,'b54385498ac0e29e50a63f1962b4f0b5','Paybox - Epayment','1.000000','epayment',0,0,'',0,'9C00229007699','0.00','0.00','0.00','212.50','212.50','212.50','212.50','197.50','197.50','15.00','15.00','15.00','0.000','0.00','0.00','0.00',235,202,'2015-07-11 09:37:17','2015-07-11 11:39:11',0,'2015-07-11 09:37:16','2015-07-11 15:01:47'),(257,'YUEVSLOAE',1,1,20,1,439,2133,1,510,510,5,'98bb6401d0b4ced9f84e64940670cd8e','Paybox - Epayment','1.000000','epayment',0,0,'',0,'9C00229007705','0.00','0.00','0.00','172.50','172.50','146.25','172.50','131.25','157.50','15.00','15.00','15.00','0.000','0.00','0.00','0.00',236,205,'2015-07-12 13:08:56','2015-07-16 17:56:12',1,'2015-07-12 13:08:56','2015-07-16 17:56:13'),(258,'KZEDWRQIZ',1,1,20,1,64,2135,1,511,511,5,'46f56efbac31b956e81abde41e62928d','Paybox - Epayment','1.000000','epayment',0,0,'',0,'CX111176712FR','0.00','0.00','0.00','262.50','262.50','221.25','262.50','206.25','247.50','15.00','15.00','15.00','0.000','0.00','0.00','0.00',237,204,'2015-07-12 23:29:42','2015-07-27 14:25:51',1,'2015-07-12 23:29:41','2015-07-27 14:25:51'),(259,'LGBQABAKL',1,1,20,3,441,2142,1,514,514,5,'6cfdb608698873a303912409f79028dd','Paybox - Epayment','1.000000','epayment',0,0,'',0,'CX111176726FR','0.00','0.00','0.00','195.00','195.00','165.00','195.00','150.00','180.00','15.00','15.00','15.00','0.000','0.00','0.00','0.00',238,206,'2015-07-13 22:07:32','2015-07-27 14:26:39',1,'2015-07-13 22:07:32','2015-07-27 14:26:39'),(260,'GDDZRYPIU',1,1,18,3,437,2145,1,508,508,5,'7dc3b960c0efe09ffefe12419a03dcba','Paybox - Epayment','1.000000','epayment',0,0,'',0,'774054044180','0.00','0.00','0.00','217.50','217.50','217.50','217.50','187.50','187.50','30.00','30.00','30.00','0.000','0.00','0.00','0.00',239,207,'2015-07-14 04:48:40','2015-07-27 14:30:30',1,'2015-07-14 04:48:40','2015-07-27 14:30:30'),(261,'KTDVHQQQB',1,1,18,3,39,2146,1,512,512,5,'a286b2895ed03ed4f18615b23000d363','Paybox - Epayment','1.000000','epayment',0,0,'',0,'774054496020','0.00','0.00','0.00','295.00','295.00','295.00','295.00','265.00','265.00','30.00','30.00','30.00','0.000','0.00','0.00','0.00',240,208,'2015-07-14 05:13:24','2015-07-27 14:28:33',1,'2015-07-14 05:13:24','2015-07-27 14:28:33'),(262,'PMOCQKZOV',1,1,18,3,442,2156,1,515,516,5,'7082872d79634d35619457800413fbf4','Paybox - Epayment','1.000000','epayment',0,0,'',0,'774056784337','0.00','0.00','0.00','225.00','225.00','225.00','225.00','195.00','195.00','30.00','30.00','30.00','0.000','0.00','0.00','0.00',241,209,'2015-07-15 17:08:25','2015-07-27 14:29:39',1,'2015-07-15 17:08:25','2015-07-27 14:29:39'),(263,'VHJQJDLMF',1,1,20,3,443,2165,1,517,517,5,'f99310a3e539fb2f75cfae887b4d3122','Paybox - Epayment','1.000000','epayment',0,0,'',0,'774064566710','0.00','0.00','0.00','165.00','165.00','140.00','165.00','125.00','150.00','15.00','15.00','15.00','0.000','0.00','0.00','0.00',242,210,'2015-07-16 10:17:27','2015-07-27 14:31:28',1,'2015-07-16 10:17:26','2015-07-27 14:31:28'),(264,'TSRENVPDX',1,1,20,3,40,2169,1,45,45,7,'a49e09728483eb48715df55f001ea219','Paybox - Epayment','1.000000','epayment',0,0,'',0,'774074853650','0.00','0.00','0.00','205.00','205.00','173.33','430.00','158.33','190.00','15.00','15.00','15.00','0.000','0.00','0.00','0.00',243,211,'2015-07-16 22:56:56','2015-07-17 12:43:03',0,'2015-07-16 22:56:50','2015-07-23 15:09:17'),(265,'QIKNJCOHY',1,1,20,3,447,2187,1,521,521,5,'9de8d7a0f4c34aa1087c6ec1b2a6d470','Paybox - Epayment','1.000000','epayment',0,0,'',0,'774095583858','0.00','0.00','0.00','280.00','280.00','280.00','280.00','265.00','265.00','15.00','15.00','15.00','0.000','0.00','0.00','0.00',244,214,'2015-07-18 18:37:16','2015-07-27 14:35:39',1,'2015-07-18 18:37:16','2015-07-27 14:35:39'),(266,'TUPXGOKOT',1,1,20,1,64,2194,1,73,511,5,'46f56efbac31b956e81abde41e62928d','Paybox - Epayment','1.000000','epayment',0,0,'',0,'CX111176730FR','0.00','0.00','0.00','387.50','387.50','325.42','387.50','310.42','372.50','15.00','15.00','15.00','0.000','0.00','0.00','0.00',245,212,'2015-07-19 18:40:00','2015-07-27 14:36:58',1,'2015-07-19 18:40:00','2015-07-27 14:36:58'),(267,'OEONWYXWJ',1,1,20,3,449,2206,1,523,523,5,'cfdc21f2a407238a65d115838fb52486','Paybox - Epayment','1.000000','epayment',0,0,'',0,'CX111176743FR','0.00','0.00','0.00','260.00','260.00','219.17','260.00','204.17','245.00','15.00','15.00','15.00','0.000','0.00','0.00','0.00',246,213,'2015-07-20 13:30:18','2015-07-27 14:37:55',1,'2015-07-20 13:30:17','2015-07-27 14:37:55'),(268,'HEVZAIHVK',1,1,20,3,451,2212,1,525,526,5,'7680ff327bc6b92b697b4f4ec8b64bb7','Paybox - Epayment','1.000000','epayment',0,0,'',0,'CX111176757FR','0.00','0.00','0.00','262.50','262.50','221.25','262.50','206.25','247.50','15.00','15.00','15.00','0.000','0.00','0.00','0.00',247,215,'2015-07-21 13:52:11','2015-07-27 14:38:28',1,'2015-07-21 13:52:11','2015-07-27 14:38:28'),(269,'QSUPXNKXL',1,1,18,1,454,2224,1,529,529,5,'a1ffe5db85775921e6b9bcd95b677a4a','Paybox - Epayment','1.000000','epayment',0,0,'',0,'774116417180','0.00','0.00','0.00','402.50','402.50','402.50','402.50','372.50','372.50','30.00','30.00','30.00','0.000','0.00','0.00','0.00',248,216,'2015-07-23 11:27:01','2015-07-29 17:12:06',1,'2015-07-23 11:26:58','2015-07-29 17:12:06'),(270,'WAGELYIVJ',1,1,18,3,458,2238,1,533,533,5,'3de7fc14603e8f1cf67269cdfec004da','Paybox - Epayment','1.000000','epayment',0,0,'',0,'774135406821','0.00','0.00','0.00','220.00','220.00','188.33','220.00','158.33','190.00','30.00','30.00','30.00','0.000','0.00','0.00','0.00',249,218,'2015-07-25 00:33:20','2015-07-29 17:12:44',1,'2015-07-25 00:33:20','2015-07-29 17:12:44'),(271,'CRRMXDDIO',1,1,18,3,455,2236,1,530,530,5,'e9f76ccd2aefa5d38c9d139bc4a1bd7d','Paybox - Epayment','1.000000','epayment',0,0,'',0,'774135401040','0.00','0.00','0.00','200.00','200.00','200.00','200.00','170.00','170.00','30.00','30.00','30.00','0.000','0.00','0.00','0.00',250,217,'2015-07-25 06:45:55','2015-09-10 19:12:21',1,'2015-07-25 06:45:54','2015-09-10 19:12:21'),(272,'BHDYIOKMS',1,1,18,3,162,2258,1,186,186,19,'238e3ed76868bee64f264c6de3ef4de7','Paybox - Epayment','1.000000','epayment',0,0,'',0,'774711440506','0.00','0.00','0.00','1620.00','1620.00','1620.00','1620.00','1590.00','1590.00','30.00','30.00','30.00','0.000','0.00','0.00','0.00',251,252,'2015-09-14 18:17:10','2015-10-16 11:23:03',1,'2015-09-14 18:17:09','2015-10-30 12:00:23'),(273,'CKYZRRQVE',1,1,20,3,465,2273,1,540,541,7,'b3e7fca667cef1186e01764297982c11','Paybox - Epayment','1.000000','epayment',0,0,'',0,'CX111176765FR','0.00','0.00','0.00','465.00','465.00','390.00','465.00','375.00','450.00','15.00','15.00','15.00','0.000','0.00','0.00','0.00',252,224,'2015-09-15 10:50:53','2015-09-22 15:21:04',0,'2015-09-15 10:50:53','2015-09-30 11:58:10'),(274,'HRZCZAODB',1,1,11,3,467,2279,1,543,543,5,'3ad5f91b1c0534966453d9a3894b0513','Paybox - Epayment','1.000000','epayment',0,0,'',0,'774711449937','0.00','0.00','0.00','875.00','875.00','729.17','875.00','729.17','875.00','0.00','0.00','0.00','20.000','0.00','0.00','0.00',253,247,'2015-09-15 16:18:02','2015-10-16 15:14:06',1,'2015-09-15 16:18:01','2015-10-16 15:14:06'),(275,'AVXZWQEIA',1,1,18,3,472,2309,1,548,548,5,'f409388fa590b568bcca399f69be5719','Paybox - Epayment','1.000000','epayment',0,0,'',0,'774562013507','0.00','0.00','0.00','645.00','645.00','645.00','1250.00','615.00','615.00','30.00','30.00','30.00','0.000','0.00','0.00','0.00',260,221,'2015-09-21 18:29:25','2015-09-24 11:16:17',1,'2015-09-17 05:09:02','2015-09-24 11:16:17'),(276,'FLMDGLIXV',1,1,18,3,82,2311,1,95,95,5,'70b1ed2f576aa3dd20291c82f4d298a5','Paybox - Epayment','1.000000','epayment',0,0,'',0,'774562561075','0.00','0.00','0.00','380.00','380.00','380.00','380.00','350.00','350.00','30.00','30.00','30.00','0.000','0.00','0.00','0.00',254,223,'2015-09-17 08:27:06','2015-09-24 11:15:40',1,'2015-09-17 08:27:06','2015-09-24 11:15:40'),(277,'JROWXNDQP',1,1,18,1,162,2340,1,186,186,7,'238e3ed76868bee64f264c6de3ef4de7','Paybox - Epayment','1.000000','epayment',0,0,'',0,'','30.00','30.00','30.00','655.00','655.00','655.00','655.00','655.00','655.00','30.00','30.00','30.00','0.000','0.00','0.00','0.00',255,0,'2015-09-18 18:23:35','0000-00-00 00:00:00',0,'2015-09-18 18:23:34','2015-10-06 16:57:46'),(278,'ZFPLEVZKQ',1,1,20,3,101,2348,1,117,117,5,'06e404a5b9ab2d3c5384a9b93d4516ed','Paybox - Epayment','1.000000','epayment',0,0,'',0,'CX111176774FR','0.00','0.00','0.00','895.00','895.00','748.34','1685.00','733.34','880.00','15.00','15.00','15.00','0.000','0.00','0.00','0.00',256,225,'2015-09-19 02:55:22','2015-10-16 15:15:40',1,'2015-09-19 02:55:21','2015-10-16 15:15:40'),(279,'KQZPGTSPR',1,1,20,3,101,2349,1,117,117,5,'06e404a5b9ab2d3c5384a9b93d4516ed','Paybox - Epayment','1.000000','epayment',0,0,'',0,'774763618838','0.00','0.00','0.00','2145.00','2145.00','1790.00','2145.00','1775.00','2130.00','15.00','15.00','15.00','0.000','0.00','0.00','0.00',257,257,'2015-09-19 03:27:12','2015-10-21 14:05:19',1,'2015-09-19 03:27:11','2015-10-21 14:05:21'),(280,'NNXUWQQWG',1,1,18,3,478,2350,1,554,554,7,'ba90bd75023f6aba45d626abcb565e60','Paybox - Epayment','1.000000','epayment',0,0,'',0,'','0.00','0.00','0.00','970.00','970.00','970.00','905.00','940.00','940.00','30.00','30.00','30.00','0.000','0.00','0.00','0.00',285,0,'2015-10-09 12:07:12','0000-00-00 00:00:00',0,'2015-09-19 03:27:19','2015-10-09 12:07:13'),(281,'JYNQBZQTW',1,1,18,3,479,2367,1,555,555,5,'7d6e6d4dc095f5d36a376f5a549bdbd4','Paybox - Epayment','1.000000','epayment',0,0,'',0,'774562471030','0.00','0.00','0.00','525.00','525.00','442.50','1515.00','412.50','495.00','30.00','30.00','30.00','0.000','0.00','0.00','0.00',258,222,'2015-09-20 15:12:30','2015-09-23 11:06:42',1,'2015-09-20 15:12:29','2015-09-23 11:06:42'),(282,'BMHOARPSU',1,1,18,3,466,2380,1,542,542,5,'98b970725f126fb2130e7f4634e4829b','Paybox - Epayment','1.000000','epayment',0,0,'',0,'774561973382','0.00','0.00','0.00','970.00','970.00','970.00','970.00','940.00','940.00','30.00','30.00','30.00','0.000','0.00','0.00','0.00',259,220,'2015-09-21 15:06:29','2015-09-24 11:15:04',1,'2015-09-21 15:06:29','2015-09-24 11:15:04'),(283,'GYKSMMKNE',1,1,18,3,67,2385,1,77,77,5,'32bded83f616a9f090bca5685a1e443d','Paybox - Epayment','1.000000','epayment',0,0,'',0,'774561926295','0.00','0.00','0.00','715.00','715.00','715.00','715.00','685.00','685.00','30.00','30.00','30.00','0.000','0.00','0.00','0.00',261,219,'2015-09-22 02:19:38','2015-09-24 11:14:35',1,'2015-09-22 02:19:37','2015-09-24 11:14:35'),(284,'PAZOEZMHD',1,1,20,3,483,2391,1,559,559,5,'1f9ca2a2753fcc036ca265663abe05fa','Paybox - Epayment','1.000000','epayment',0,0,'',0,'774617561010','0.00','0.00','0.00','390.00','390.00','327.50','390.00','312.50','375.00','15.00','15.00','15.00','0.000','0.00','0.00','0.00',262,226,'2015-09-22 15:21:57','2015-10-10 17:51:18',1,'2015-09-22 15:21:57','2015-10-10 17:51:18'),(285,'RKHCEIKOC',1,1,18,3,485,2408,1,561,561,5,'2b74f6bf516e1e1f4cf7da48b0e80c2b','Paybox - Epayment','1.000000','epayment',0,0,'',0,'774583133668','0.00','0.00','0.00','380.00','380.00','380.00','380.00','350.00','350.00','30.00','30.00','30.00','0.000','0.00','0.00','0.00',263,227,'2015-09-23 16:38:48','2015-09-26 11:07:53',1,'2015-09-23 16:38:47','2015-09-26 11:07:53'),(286,'CUUHAYPAM',1,1,20,3,487,2429,1,563,563,7,'63cd14bd07a6ed6e73d94d23e7764c7a','Paybox - Epayment','1.000000','epayment',0,0,'',0,'','0.00','0.00','0.00','495.00','495.00','415.00','495.00','400.00','480.00','15.00','15.00','15.00','0.000','0.00','0.00','0.00',264,0,'2015-09-25 11:39:58','0000-00-00 00:00:00',0,'2015-09-25 11:39:57','2015-10-08 12:32:37'),(287,'CZZMHNCWX',1,1,20,3,88,2426,1,102,102,7,'eefd298c9ccc5c130bf3f42ceed1722d','Paybox - Epayment','1.000000','epayment',0,0,'',0,'CX111176791FR','0.00','0.00','0.00','590.00','590.00','494.17','590.00','479.17','575.00','15.00','15.00','15.00','0.000','0.00','0.00','0.00',265,228,'2015-09-25 13:30:04','2015-09-25 15:15:05',0,'2015-09-25 13:30:04','2015-10-05 15:54:12'),(288,'XFREFDIDZ',1,1,20,1,492,2448,1,569,569,7,'0e96c022bdb5d3a29dc51a9252048bb9','Paybox - Epayment','1.000000','epayment',0,0,'',0,'','0.00','0.00','0.00','495.00','495.00','415.00','495.00','400.00','480.00','15.00','15.00','15.00','0.000','0.00','0.00','0.00',266,0,'2015-09-26 20:02:50','0000-00-00 00:00:00',0,'2015-09-26 20:02:50','2015-10-05 16:58:39'),(289,'IHCEQKDPF',1,1,18,3,489,2458,1,565,566,5,'611882cf8be90867171be86d4b1874a9','Paybox - Epayment','1.000000','epayment',0,0,'',0,'774605793657','0.00','0.00','0.00','405.00','405.00','342.50','405.00','312.50','375.00','30.00','30.00','30.00','0.000','0.00','0.00','0.00',267,229,'2015-09-27 15:25:00','2015-09-30 12:07:29',1,'2015-09-27 15:24:59','2015-09-30 12:07:30'),(290,'DUBLVKYHN',1,1,18,3,494,2466,1,571,571,5,'1ef0c15bc46f38abbbca644395b382c7','Paybox - Epayment','1.000000','epayment',0,0,'',0,'774606001642','0.00','0.00','0.00','575.00','575.00','484.17','575.00','454.17','545.00','30.00','30.00','30.00','0.000','0.00','0.00','0.00',268,230,'2015-09-28 00:35:00','2015-09-30 12:07:01',1,'2015-09-28 00:34:59','2015-09-30 12:07:01'),(291,'ULXHTIHLV',1,1,18,3,495,2467,1,572,572,5,'eb7ea79d8dae015d400b35c3441d29f4','Paybox - Epayment','1.000000','epayment',0,0,'',0,'774763614497','0.00','0.00','0.00','845.00','845.00','709.17','1795.00','679.17','815.00','30.00','30.00','30.00','0.000','0.00','0.00','0.00',269,255,'2015-09-28 01:01:49','2015-10-21 14:04:06',1,'2015-09-28 01:01:49','2015-10-21 14:04:07'),(292,'VCKPCSMDO',1,1,20,3,504,2512,1,581,582,5,'46d647c88e725e7110211a88241d5e3e','Paybox - Epayment','1.000000','epayment',0,0,'',0,'CX111176814FR','0.00','0.00','0.00','1010.00','1010.00','844.17','1010.00','829.17','995.00','15.00','15.00','15.00','0.000','0.00','0.00','0.00',270,231,'2015-10-01 17:10:28','2015-10-16 15:16:20',1,'2015-10-01 17:10:28','2015-10-16 15:16:20'),(293,'BCNEFQNWO',1,1,18,3,501,2520,1,578,578,5,'04f65ec3fed9791fb76fe3a3aab541f2','Paybox - Epayment','1.000000','epayment',0,0,'',0,'774648892325','0.00','0.00','0.00','1025.00','1025.00','859.17','1025.00','829.17','995.00','30.00','30.00','30.00','0.000','0.00','0.00','0.00',271,234,'2015-10-01 20:51:00','2015-10-26 13:31:02',1,'2015-10-01 20:51:00','2015-10-26 13:31:02'),(294,'FJCLJWSQS',1,1,20,3,506,2522,1,584,584,5,'ddbcae89e5c95abe033fae9e4031cfaf','Paybox - Epayment','1.000000','epayment',0,0,'',0,'774763621536','0.00','0.00','0.00','575.00','575.00','481.67','575.00','466.67','560.00','15.00','15.00','15.00','0.000','0.00','0.00','0.00',272,258,'2015-10-01 22:12:40','2015-10-22 13:32:36',1,'2015-10-01 22:12:40','2015-10-22 13:32:36'),(295,'HCKQPKMZF',1,1,20,1,507,2523,1,585,585,5,'2a79de3a3c87174ab54601ec3f2ee9e8','Paybox - Epayment','1.000000','epayment',0,0,'',0,'CX111176831FR','0.00','0.00','0.00','410.00','410.00','344.17','410.00','329.17','395.00','15.00','15.00','15.00','0.000','0.00','0.00','0.00',273,233,'2015-10-01 22:17:23','2015-10-13 12:09:16',1,'2015-10-01 22:17:23','2015-10-13 12:09:16'),(296,'FQPHHNPIL',1,1,20,3,509,2516,1,587,587,5,'8c124030b6da256232786b12a0dc40ef','Paybox - Epayment','1.000000','epayment',0,0,'',0,'CX111176828FR','0.00','0.00','0.00','760.00','760.00','760.00','760.00','745.00','745.00','15.00','15.00','15.00','0.000','0.00','0.00','0.00',274,232,'2015-10-01 22:32:17','2015-10-16 15:16:48',1,'2015-10-01 22:32:17','2015-10-16 15:16:48'),(297,'KYUKUSBOK',1,1,20,1,515,2589,1,593,593,5,'9bb669d6d3df2bdfccb9924fdf110e42','Paybox - Epayment','1.000000','epayment',0,0,'',0,'9C00229007712','0.00','0.00','0.00','410.00','410.00','344.17','410.00','329.17','395.00','15.00','15.00','15.00','0.000','0.00','0.00','0.00',275,235,'2015-10-04 16:56:18','2015-10-13 12:08:30',1,'2015-10-04 16:56:16','2015-10-13 12:08:30'),(298,'CFXILMOVY',1,1,18,3,516,2593,1,594,594,7,'b36a5254f65568cf47366e2880bd7305','Paybox - Epayment','1.000000','epayment',0,0,'',0,'','0.00','0.00','0.00','580.00','580.00','580.00','545.00','550.00','550.00','30.00','30.00','30.00','0.000','0.00','0.00','0.00',291,0,'2015-10-12 15:04:38','0000-00-00 00:00:00',0,'2015-10-04 20:43:40','2015-10-12 15:04:38'),(299,'DVFGDRAYM',1,1,18,3,516,2595,1,594,594,7,'b36a5254f65568cf47366e2880bd7305','Paybox - Epayment','1.000000','epayment',0,0,'',0,'','0.00','0.00','0.00','580.00','580.00','580.00','545.00','550.00','550.00','30.00','30.00','30.00','0.000','0.00','0.00','0.00',290,0,'2015-10-12 15:04:08','0000-00-00 00:00:00',0,'2015-10-04 20:59:40','2015-10-12 15:04:08'),(300,'OMDHJKYHB',1,1,18,3,516,2596,1,594,594,7,'b36a5254f65568cf47366e2880bd7305','Paybox - Epayment','1.000000','epayment',0,0,'',0,'774713498771','0.00','0.00','0.00','580.00','580.00','580.00','1125.00','550.00','550.00','30.00','30.00','30.00','0.000','0.00','0.00','0.00',289,249,'2015-10-12 14:43:02','2015-10-12 15:18:59',0,'2015-10-04 21:14:47','2015-10-20 11:36:29'),(301,'PZHVLZMXE',1,1,18,3,498,2610,1,575,575,5,'3eb8d6f4f385e0eaab7d8173c64d4548','Paybox - Epayment','1.000000','epayment',0,0,'',0,'774660475550','0.00','0.00','0.00','1130.00','1130.00','1130.00','1130.00','1100.00','1100.00','30.00','30.00','30.00','0.000','0.00','0.00','0.00',276,236,'2015-10-05 14:09:49','2015-10-26 13:32:20',1,'2015-10-05 14:09:48','2015-10-26 13:32:20'),(302,'FOLGSFGVI',1,1,18,3,81,2620,1,93,93,5,'2b2668785e7788d9163d188091d0d9f8','Paybox - Epayment','1.000000','epayment',0,0,'',0,'774670564877','0.00','0.00','0.00','615.00','615.00','615.00','615.00','585.00','585.00','30.00','30.00','30.00','0.000','0.00','0.00','0.00',277,237,'2015-10-05 22:45:47','2015-10-10 17:50:49',1,'2015-10-05 22:45:47','2015-10-10 17:50:49'),(303,'DPZZCFOEE',1,1,20,3,521,2632,1,599,599,5,'638dde110af4db6789bcabedb2f5c4a0','Paybox - Epayment','1.000000','epayment',0,0,'',0,'CX111176845FR','0.00','0.00','0.00','280.00','280.00','235.83','280.00','220.83','265.00','15.00','15.00','15.00','0.000','0.00','0.00','0.00',278,238,'2015-10-06 20:22:07','2015-10-26 14:16:29',1,'2015-10-06 20:22:06','2015-10-26 14:16:29'),(304,'PXCYMHHPW',1,1,20,1,41,2638,1,46,46,5,'de39365912b7f26e6bcae4922161aa18','Paybox - Epayment','1.000000','epayment',0,0,'',0,'CX111176862FR','0.00','0.00','0.00','1165.00','1165.00','973.33','1165.00','958.33','1150.00','15.00','15.00','15.00','0.000','0.00','0.00','0.00',279,240,'2015-10-06 21:42:50','2015-10-26 14:17:24',1,'2015-10-06 21:42:50','2015-10-26 14:17:24'),(305,'EANFZKDJQ',1,1,20,3,524,2645,1,602,602,5,'0a010a2c82a2ed0859cd8941c3aa9d31','Paybox - Epayment','1.000000','epayment',0,0,'',0,'CX111176859FR','0.00','0.00','0.00','1010.00','1010.00','844.17','1010.00','829.17','995.00','15.00','15.00','15.00','0.000','0.00','0.00','0.00',280,239,'2015-10-07 07:51:38','2015-10-26 14:19:44',1,'2015-10-07 07:51:37','2015-10-26 14:19:44'),(306,'JDPUAMBZM',1,1,18,3,526,2656,1,604,604,5,'817f0934295ea5a45a9e1b6e3ff0618c','Paybox - Epayment','1.000000','epayment',0,0,'',0,'774711426866','0.00','0.00','0.00','1000.00','1000.00','1000.00','1905.00','970.00','970.00','30.00','30.00','30.00','0.000','0.00','0.00','0.00',281,246,'2015-10-07 18:05:26','2015-10-26 14:22:53',1,'2015-10-07 17:48:39','2015-10-26 14:22:53'),(307,'CLIYTKRNI',1,1,18,3,185,2657,1,605,214,5,'60ad22a37c758138fa2381f6273fa0a4','Paybox - Epayment','1.000000','epayment',0,0,'',0,'774691632287','0.00','0.00','0.00','600.00','600.00','600.00','600.00','570.00','570.00','30.00','30.00','30.00','0.000','0.00','0.00','0.00',282,241,'2015-10-07 18:40:40','2015-10-10 17:50:21',1,'2015-10-07 18:40:40','2015-10-10 17:50:21'),(308,'XERULWCJN',1,1,20,1,529,2667,1,608,608,5,'f76c6e7f4bf35ef251a43a813d249d8b','Paybox - Epayment','1.000000','epayment',0,0,'',0,'9C00229007729','0.00','0.00','0.00','455.00','455.00','381.67','455.00','366.67','440.00','15.00','15.00','15.00','0.000','0.00','0.00','0.00',283,242,'2015-10-08 14:56:28','2015-10-26 14:21:57',1,'2015-10-08 14:56:28','2015-10-26 14:21:57'),(309,'HJNWVPFWY',1,1,18,3,531,2671,1,610,610,5,'136437b4f716985e4d4174495005c838','Paybox - Epayment','1.000000','epayment',0,0,'',0,'774702308697','0.00','0.00','0.00','310.00','310.00','310.00','310.00','280.00','280.00','30.00','30.00','30.00','0.000','0.00','0.00','0.00',284,243,'2015-10-08 17:59:59','2015-10-17 12:35:04',1,'2015-10-08 17:59:58','2015-10-17 12:35:05'),(310,'AVZOGITHI',1,1,18,3,533,2682,1,612,612,7,'5ae7ee0687733a82153113d21772d1fb','Paybox - Epayment','1.000000','epayment',0,0,'',0,'774702573263','0.00','0.00','0.00','1025.00','1025.00','859.17','1025.00','829.17','995.00','30.00','30.00','30.00','0.000','0.00','0.00','0.00',286,244,'2015-10-09 14:33:37','2015-10-13 12:07:43',0,'2015-10-09 14:33:36','2015-10-20 12:11:46'),(311,'CYVOBYKLN',1,1,20,3,481,2684,1,557,557,5,'29add3075e11b34a50a9aea376d53b56','Paybox - Epayment','1.000000','epayment',0,0,'',0,'CX111176880FR','0.00','0.00','0.00','545.00','545.00','456.67','545.00','441.67','530.00','15.00','15.00','15.00','0.000','0.00','0.00','0.00',287,245,'2015-10-09 15:48:35','2015-10-26 14:23:43',1,'2015-10-09 15:48:35','2015-10-26 14:23:43'),(312,'XNJQIKCNN',1,1,18,3,539,2704,1,618,618,5,'e0bafb9711e3487d478957daa20686eb','Paybox - Epayment','1.000000','epayment',0,0,'',0,'774711513560','0.00','0.00','0.00','770.00','770.00','770.00','770.00','740.00','740.00','30.00','30.00','30.00','0.000','0.00','0.00','0.00',288,248,'2015-10-10 13:30:18','2015-10-26 14:24:28',1,'2015-10-10 13:30:17','2015-10-26 14:24:29'),(313,'IEHJWLVIG',1,1,18,3,533,2741,1,612,612,5,'5ae7ee0687733a82153113d21772d1fb','Paybox - Epayment','1.000000','epayment',0,0,'',0,'774714055426','0.00','0.00','0.00','1025.00','1025.00','859.17','1025.00','829.17','995.00','30.00','30.00','30.00','0.000','0.00','0.00','0.00',292,250,'2015-10-12 15:13:10','2015-10-26 14:25:16',1,'2015-10-12 15:13:09','2015-10-26 14:25:16'),(314,'JXUWUMWZT',1,1,20,3,535,2742,1,614,614,5,'e012521b41d6936c018a10e7b5f69ef4','Paybox - Epayment','1.000000','epayment',0,0,'',0,'CX111176893FR','0.00','0.00','0.00','1310.00','1310.00','1094.17','1310.00','1079.17','1295.00','15.00','15.00','15.00','0.000','0.00','0.00','0.00',293,251,'2015-10-12 16:16:12','2015-10-26 14:26:23',1,'2015-10-12 16:16:11','2015-10-26 14:26:23'),(315,'ORRJBVMRK',1,1,18,3,465,2792,1,631,541,7,'b3e7fca667cef1186e01764297982c11','Paybox - Epayment','1.000000','epayment',0,0,'',0,'774746444859','0.00','0.00','0.00','2045.00','2045.00','1709.17','2045.00','1679.17','2015.00','30.00','30.00','30.00','0.000','0.00','0.00','0.00',294,254,'2015-10-15 16:16:22','2015-10-17 12:35:56',0,'2015-10-15 16:16:21','2015-10-22 12:16:16'),(316,'NLBLOXTZW',1,1,18,3,465,2793,1,631,541,5,'b3e7fca667cef1186e01764297982c11','Paybox - Epayment','1.000000','epayment',0,0,'',0,'774746444859','0.00','0.00','0.00','1070.00','1070.00','896.67','1070.00','866.67','1040.00','30.00','30.00','30.00','0.000','0.00','0.00','0.00',295,253,'2015-10-15 16:27:56','2015-10-17 12:36:23',1,'2015-10-15 16:27:56','2015-10-17 12:36:23'),(317,'PHOLSKGZV',1,1,18,3,465,2808,1,631,541,5,'b3e7fca667cef1186e01764297982c11','Paybox - Epayment','1.000000','epayment',0,0,'',0,'774763625174','0.00','0.00','0.00','1255.00','1255.00','1050.84','1255.00','1020.84','1225.00','30.00','30.00','30.00','0.000','0.00','0.00','0.00',296,260,'2015-10-16 19:42:11','2015-10-26 14:26:55',1,'2015-10-16 19:42:10','2015-10-26 14:26:55'),(318,'TEWDTKHIS',1,1,18,3,465,2810,1,631,541,5,'b3e7fca667cef1186e01764297982c11','Paybox - Epayment','1.000000','epayment',0,0,'',0,'774763625174','0.00','0.00','0.00','1040.00','1040.00','871.67','1040.00','841.67','1010.00','30.00','30.00','30.00','0.000','0.00','0.00','0.00',297,259,'2015-10-16 23:10:52','2015-10-26 14:27:23',1,'2015-10-16 23:10:51','2015-10-26 14:27:23'),(319,'IBZAPDKES',1,1,20,3,226,2813,1,261,261,5,'8e02074f0d6eed2957089e2c47bea62e','Paybox - Epayment','1.000000','epayment',0,0,'',0,'774763617978','0.00','0.00','0.00','455.00','455.00','381.67','455.00','366.67','440.00','15.00','15.00','15.00','0.000','0.00','0.00','0.00',298,256,'2015-10-17 10:35:04','2015-10-21 14:04:32',1,'2015-10-17 10:35:03','2015-10-21 14:04:32'),(320,'SLYWVMVLX',1,1,20,3,79,2818,1,105,90,5,'4996e5bea13d5a6ea2f33ff050950e7c','Paybox - Epayment','1.000000','epayment',0,0,'',0,'CX111176902FR','0.00','0.00','0.00','400.00','400.00','335.83','400.00','320.83','385.00','15.00','15.00','15.00','0.000','0.00','0.00','0.00',299,261,'2015-10-17 15:39:23','2015-11-03 11:11:54',1,'2015-10-17 15:39:22','2015-11-03 11:11:55'),(321,'UTCKODQIK',1,1,20,3,431,2817,1,500,500,5,'b671d21b0c06a83028a8fd6f773d2ed2','Paybox - Epayment','1.000000','epayment',0,0,'',0,'CX111176916FR','0.00','0.00','0.00','1010.00','1010.00','844.17','1010.00','829.17','995.00','15.00','15.00','15.00','0.000','0.00','0.00','0.00',300,263,'2015-10-17 22:14:03','2015-10-26 14:28:56',1,'2015-10-17 22:14:02','2015-10-26 14:28:56'),(322,'EFMGZEWWL',1,1,18,3,554,2827,1,634,634,5,'cbfa4a7126c1113a9f0a5eed30375977','Paybox - Epayment','1.000000','epayment',0,0,'',0,'774765550407','0.00','0.00','0.00','1035.00','1035.00','1035.00','1035.00','1005.00','1005.00','30.00','30.00','30.00','0.000','0.00','0.00','0.00',301,262,'2015-10-18 12:45:00','2015-10-23 13:23:16',1,'2015-10-18 12:45:00','2015-10-23 13:23:17'),(323,'PHQIWXXYV',1,1,20,1,559,2863,1,639,639,5,'388b6f3cecfe82181b2fc63420cfdacf','Paybox - Epayment','1.000000','epayment',0,0,'',0,'CX111176920FR','0.00','0.00','0.00','810.00','810.00','677.50','810.00','662.50','795.00','15.00','15.00','15.00','0.000','0.00','0.00','0.00',302,264,'2015-10-21 00:06:07','2015-11-03 11:13:15',1,'2015-10-21 00:06:06','2015-11-03 11:13:16'),(324,'NMQOZNMEG',1,1,20,1,564,2886,1,644,644,5,'7748c6108a8dfb4dcd3efc42d698b143','Paybox - Epayment','1.000000','epayment',0,0,'',0,'CX111176933FR','0.00','0.00','0.00','465.00','465.00','390.00','465.00','375.00','450.00','15.00','15.00','15.00','0.000','0.00','0.00','0.00',303,265,'2015-10-22 22:30:42','2015-11-07 11:22:12',1,'2015-10-22 22:30:39','2015-11-07 11:22:12'),(325,'MQRBRLCBL',1,1,18,3,565,2893,1,645,645,5,'53091a1c3b76064c788b092650bc9781','Paybox - Epayment','1.000000','epayment',0,0,'',0,'774808019540','0.00','0.00','0.00','1095.00','1095.00','1095.00','1095.00','1065.00','1065.00','30.00','30.00','30.00','0.000','0.00','0.00','0.00',304,266,'2015-10-23 07:01:40','2015-10-27 11:10:25',1,'2015-10-23 07:01:40','2015-10-27 11:10:26'),(326,'IYNAJWSLR',1,1,18,1,566,2894,1,646,646,5,'14a627fe0a66137141af761f95d2c0dc','Paybox - Epayment','1.000000','epayment',0,0,'',0,'774808057768','0.00','0.00','0.00','600.00','600.00','600.00','600.00','570.00','570.00','30.00','30.00','30.00','0.000','0.00','0.00','0.00',305,267,'2015-10-23 07:34:45','2015-10-27 19:01:02',1,'2015-10-23 07:34:45','2015-10-27 19:01:02'),(327,'QWTXJSAHP',1,1,20,1,570,2921,1,650,650,5,'ccd7beb7fa304b5b2c1b472a40af58d0','Paybox - Epayment','1.000000','epayment',0,0,'',0,'9C00229077736','0.00','0.00','0.00','510.00','510.00','427.50','510.00','412.50','495.00','15.00','15.00','15.00','0.000','0.00','0.00','0.00',306,268,'2015-10-25 09:32:54','2015-11-03 11:24:08',1,'2015-10-25 09:32:53','2015-11-03 11:24:08'),(328,'DMGFDXXVW',1,1,20,3,571,2925,1,651,651,5,'6d7894b1d3e78c0793336957995a097a','Paybox - Epayment','1.000000','epayment',0,0,'',0,'774830097400','0.00','0.00','0.00','400.00','400.00','335.83','400.00','320.83','385.00','15.00','15.00','15.00','0.000','0.00','0.00','0.00',307,269,'2015-10-25 22:41:59','2015-10-30 14:36:15',1,'2015-10-25 22:41:58','2015-10-30 14:36:15'),(329,'VAPWLFIXU',1,1,18,3,575,2946,1,655,655,5,'51a128264f43dd72c0cfb23792e00f57','Paybox - Epayment','1.000000','epayment',0,0,'',0,'774841161111','0.00','0.00','0.00','1035.00','1035.00','1035.00','1035.00','1005.00','1005.00','30.00','30.00','30.00','0.000','0.00','0.00','0.00',308,270,'2015-10-28 06:54:06','2015-11-03 11:21:42',1,'2015-10-28 06:54:06','2015-11-03 11:21:42'),(330,'GKFCIVCNT',1,1,18,3,465,2956,1,631,541,7,'b3e7fca667cef1186e01764297982c11','Paybox - Epayment','1.000000','epayment',0,0,'',0,'774855093154','0.00','0.00','0.00','525.00','525.00','442.50','525.00','412.50','495.00','30.00','30.00','30.00','0.000','0.00','0.00','0.00',309,271,'2015-10-29 16:49:18','2015-10-30 14:45:19',0,'2015-10-29 16:49:17','2015-11-06 11:35:54'),(331,'SWQLTNPJV',1,1,18,1,579,2983,1,659,659,5,'080c90c23970fde2708257c544493f54','Paybox - Epayment','1.000000','epayment',0,0,'',0,'774873926070','0.00','0.00','0.00','2230.00','2230.00','1863.33','2230.00','1833.33','2200.00','30.00','30.00','30.00','0.000','0.00','0.00','0.00',310,272,'2015-11-01 10:40:13','2015-11-04 11:54:34',1,'2015-11-01 10:40:13','2015-11-04 11:54:35'),(332,'LJYKYVGWG',1,1,18,3,583,3005,1,663,663,5,'20705fdb35b660aa10570ca8c2b7be82','Paybox - Epayment','1.000000','epayment',0,0,'',0,'774887276564','0.00','0.00','0.00','560.00','560.00','560.00','2525.00','530.00','530.00','30.00','30.00','30.00','0.000','0.00','0.00','0.00',311,273,'2015-11-03 17:14:25','2015-12-22 15:44:24',1,'2015-11-03 17:09:01','2015-12-22 15:44:27'),(333,'NOURWACZK',1,1,18,3,194,3010,1,400,400,5,'98c61836a8769065a3ab35dc2cb5ca03','Paybox - Epayment','1.000000','epayment',0,0,'',0,'774917834538','0.00','0.00','0.00','500.00','500.00','500.00','1070.00','470.00','470.00','30.00','30.00','30.00','0.000','0.00','0.00','0.00',312,277,'2015-11-04 01:57:26','2015-11-24 11:34:43',1,'2015-11-04 01:57:25','2015-11-24 11:34:43'),(334,'WKHOIXCKZ',1,1,20,3,491,3012,1,568,568,5,'d313f80474d747e2febfdec0ae5a5168','Paybox - Epayment','1.000000','epayment',0,0,'',0,'CX111176947FR','0.00','0.00','0.00','810.00','810.00','677.50','810.00','662.50','795.00','15.00','15.00','15.00','0.000','0.00','0.00','0.00',313,274,'2015-11-04 09:56:44','2015-11-19 13:45:20',1,'2015-11-04 09:56:43','2015-11-19 13:45:20'),(335,'RVPRESHRW',1,1,18,1,586,3032,1,666,666,5,'6f4b3e6755f41fb3458af3d90fcfba54','Paybox - Epayment','1.000000','epayment',0,0,'',0,'774916465860','0.00','0.00','0.00','1235.00','1235.00','1235.00','1235.00','1205.00','1205.00','30.00','30.00','30.00','0.000','0.00','0.00','0.00',314,276,'2015-11-06 03:21:49','2015-12-18 12:42:37',1,'2015-11-06 03:21:48','2015-12-18 12:42:37'),(336,'TRFJPAXIJ',1,1,20,1,45,3034,1,50,50,5,'36b78256cce8d71db8fa449d77e752a0','Paybox - Epayment','1.000000','epayment',0,0,'',0,'9C00229007743','0.00','0.00','0.00','335.00','335.00','281.67','335.00','266.67','320.00','15.00','15.00','15.00','0.000','0.00','0.00','0.00',315,275,'2015-11-06 11:26:47','2015-11-19 13:44:53',1,'2015-11-06 11:26:47','2015-11-19 13:44:53'),(337,'FAUIMCQRB',1,1,20,3,589,3053,1,669,669,7,'f2eb67e3070eca391c6c10bf6c1f109c','Paybox - Epayment','1.000000','epayment',0,0,'',0,'CX111176955FR','0.00','0.00','0.00','1010.00','1010.00','844.17','1010.00','829.17','995.00','15.00','15.00','15.00','0.000','0.00','0.00','0.00',316,278,'2015-11-08 22:23:47','2015-11-09 15:00:17',0,'2015-11-08 22:23:47','2015-12-17 11:53:43'),(338,'YTFUVLIFI',1,1,18,3,591,3070,1,675,675,5,'ffddc04bc88873ab866a763b8076c364','Paybox - Epayment','1.000000','epayment',0,0,'',0,'','0.00','0.00','0.00','1420.00','1420.00','1420.00','1420.00','1390.00','1390.00','30.00','30.00','30.00','0.000','0.00','0.00','0.00',317,279,'2015-11-10 09:28:44','2015-11-24 11:35:27',1,'2015-11-10 09:28:44','2015-11-24 11:35:27'),(339,'XUQLFUAOZ',1,1,18,3,588,3077,1,672,668,5,'3e76b977335ccf195d66b59bd6d0ad91','Paybox - Epayment','1.000000','epayment',0,0,'',0,'774958772054','0.00','0.00','0.00','1260.00','1260.00','1260.00','1260.00','1230.00','1230.00','30.00','30.00','30.00','0.000','0.00','0.00','0.00',318,280,'2015-11-10 13:49:36','2015-11-18 12:21:08',1,'2015-11-10 13:49:35','2015-11-18 12:21:08'),(340,'DPCJKEDFV',1,1,20,3,596,3092,1,678,678,5,'a588d62f88ea4f457a807657e7f73cf6','Paybox - Epayment','1.000000','epayment',0,0,'',0,'CX111176964FR','0.00','0.00','0.00','1010.00','1010.00','844.17','1010.00','829.17','995.00','15.00','15.00','15.00','0.000','0.00','0.00','0.00',319,281,'2015-11-11 21:29:47','2015-11-19 13:44:27',1,'2015-11-11 21:29:46','2015-11-19 13:44:28'),(341,'TQNURGIDV',1,1,18,3,597,3096,1,679,679,5,'55313957155093aa72202daef18908c1','Paybox - Epayment','1.000000','epayment',0,0,'',0,'774958919210','0.00','0.00','0.00','1180.00','1180.00','988.33','1180.00','958.33','1150.00','30.00','30.00','30.00','0.000','0.00','0.00','0.00',320,282,'2015-11-12 12:50:41','2015-11-18 12:20:43',1,'2015-11-12 12:50:41','2015-11-18 12:20:43'),(342,'NQQMNXDNN',1,1,18,3,602,3139,1,684,685,5,'cea2d5eb91a7c7a1d796a08fc4b3b57a','Paybox - Epayment','1.000000','epayment',0,0,'',0,'775001610262','0.00','0.00','0.00','1260.00','1260.00','1260.00','1260.00','1230.00','1230.00','30.00','30.00','30.00','0.000','0.00','0.00','0.00',321,283,'2015-11-18 09:08:18','2015-12-01 13:55:47',1,'2015-11-18 09:08:17','2015-12-01 13:55:49'),(343,'UZEIIZIGC',1,1,20,3,451,3144,1,525,526,5,'7680ff327bc6b92b697b4f4ec8b64bb7','Paybox - Epayment','1.000000','epayment',0,0,'',0,'CX111176978FR','0.00','0.00','0.00','370.00','370.00','310.83','370.00','295.83','355.00','15.00','15.00','15.00','0.000','0.00','0.00','0.00',322,284,'2015-11-19 01:00:43','2015-12-18 12:43:05',1,'2015-11-19 01:00:42','2015-12-18 12:43:05'),(344,'AONKGNYIW',1,1,18,3,604,3161,1,687,688,7,'5846641934f872a5a135a6b9aec70f9a','Paybox - Epayment','1.000000','epayment',0,0,'',0,'775032974786','0.00','0.00','0.00','880.00','880.00','880.00','880.00','850.00','850.00','30.00','30.00','30.00','0.000','0.00','0.00','0.00',323,285,'2015-11-21 06:44:51','2015-11-25 11:47:02',0,'2015-11-21 06:44:50','2015-11-27 12:14:23'),(345,'JVFIKRYLK',1,1,20,1,605,3167,1,689,689,7,'56a6235a92cf2f736273522bed9ea92a','Paybox - Epayment','1.000000','epayment',0,0,'',0,'','0.00','0.00','0.00','560.00','560.00','469.17','560.00','454.17','545.00','15.00','15.00','15.00','0.000','0.00','0.00','0.00',324,0,'2015-11-21 23:22:23','0000-00-00 00:00:00',0,'2015-11-21 23:22:22','2015-11-23 15:39:33'),(346,'MDKXQCHAL',1,1,18,3,465,3194,1,631,541,19,'b3e7fca667cef1186e01764297982c11','Paybox - Epayment','1.000000','epayment',0,0,'',0,'','0.00','0.00','0.00','1870.00','1870.00','1563.34','1870.00','1533.34','1840.00','30.00','30.00','30.00','0.000','0.00','0.00','0.00',325,0,'2015-11-24 17:50:17','0000-00-00 00:00:00',1,'2015-11-24 17:50:13','2015-12-21 16:07:27'),(347,'ZKDMSDCVA',1,1,18,3,613,3222,1,697,697,5,'c93a32df3e7badd3c6c0dc5c3f7631b8','Paybox - Epayment','1.000000','epayment',0,0,'',0,'775071246475','103.50','103.50','103.50','271.50','271.50','271.50','271.50','345.00','345.00','30.00','30.00','30.00','0.000','0.00','0.00','0.00',326,290,'2015-11-27 18:31:39','2015-12-02 12:07:09',1,'2015-11-27 18:31:38','2015-12-02 12:07:09'),(348,'QAQQYVLBT',1,1,20,3,614,3223,1,698,699,5,'df365c86471a22909ce376ae8e1ec4cc','Paybox - Epayment','1.000000','epayment',0,0,'',0,'775071242241','97.50','97.50','81.25','242.50','242.50','204.58','242.50','270.83','325.00','15.00','15.00','15.00','0.000','0.00','0.00','0.00',327,287,'2015-11-27 19:00:22','2015-12-02 12:06:35',1,'2015-11-27 19:00:21','2015-12-02 12:06:35'),(349,'UXVGMDWGR',1,1,18,3,465,3224,1,631,541,19,'b3e7fca667cef1186e01764297982c11','Paybox - Epayment','1.000000','epayment',0,0,'',0,'775071244277','1236.00','1236.00','1030.00','2914.00','2914.00','2433.34','2914.00','3433.34','4120.00','30.00','30.00','30.00','0.000','0.00','0.00','0.00',328,288,'2015-11-27 19:16:14','2015-12-02 12:04:58',1,'2015-11-27 19:16:14','2015-12-03 12:04:34'),(350,'YGAFRRTGH',1,1,18,1,138,3228,1,701,702,5,'a2eb40255bc93e8a7c2e92883eee54b3','Paybox - Epayment','1.000000','epayment',0,0,'',0,'775071234839','520.50','520.50','520.50','1244.50','1244.50','1244.50','1244.50','1735.00','1735.00','30.00','30.00','30.00','0.000','0.00','0.00','0.00',329,286,'2015-11-27 22:13:08','2015-12-03 11:11:51',1,'2015-11-27 22:13:07','2015-12-03 11:11:51'),(351,'GTTNAEKIB',1,1,18,3,465,3239,1,631,541,5,'b3e7fca667cef1186e01764297982c11','Paybox - Epayment','1.000000','epayment',0,0,'',0,'','192.00','192.00','160.00','478.00','478.00','403.33','478.00','533.33','640.00','30.00','30.00','30.00','0.000','0.00','0.00','0.00',330,289,'2015-11-27 23:52:51','2015-12-03 11:13:13',1,'2015-11-27 23:52:51','2015-12-03 11:13:13'),(352,'EYJGHILCX',1,1,20,1,619,3242,1,707,707,5,'bce428addea2c52ee93dd3fe3262a089','Paybox - Epayment','1.000000','epayment',0,0,'',0,'775071293952','0.00','0.00','0.00','1460.00','1460.00','1219.17','1460.00','1204.17','1445.00','15.00','15.00','15.00','0.000','0.00','0.00','0.00',331,292,'2015-11-28 08:44:39','2015-12-02 12:03:50',1,'2015-11-28 08:44:38','2015-12-02 12:03:51'),(353,'QMJUSOMOK',1,1,20,3,226,3246,1,261,261,19,'8e02074f0d6eed2957089e2c47bea62e','Paybox - Epayment','1.000000','epayment',0,0,'',0,'CX111176981FR','333.00','333.00','277.50','792.00','792.00','662.50','792.00','925.00','1110.00','15.00','15.00','15.00','0.000','0.00','0.00','0.00',332,291,'2015-11-28 11:59:45','2015-11-28 12:31:45',1,'2015-11-28 11:59:45','2016-01-05 13:29:24'),(354,'VXCYDOOTU',1,1,20,3,203,3258,1,237,237,4,'57b068ec4227107e817f7c5e4b554b01','Paybox - Epayment','1.000000','epayment',0,0,'',0,'CX111176995FR','135.00','135.00','112.50','330.00','330.00','277.50','330.00','375.00','450.00','15.00','15.00','15.00','0.000','0.00','0.00','0.00',333,293,'2015-11-29 22:08:25','2015-11-30 13:11:53',1,'2015-11-29 22:08:24','2015-11-30 13:11:53'),(355,'DFSEZPJMP',1,1,18,3,554,3262,1,634,634,5,'cbfa4a7126c1113a9f0a5eed30375977','Paybox - Epayment','1.000000','epayment',0,0,'',0,'775075232810','243.00','243.00','243.00','597.00','597.00','597.00','597.00','810.00','810.00','30.00','30.00','30.00','0.000','0.00','0.00','0.00',334,294,'2015-11-30 14:07:50','2015-12-03 11:10:43',1,'2015-11-30 14:07:49','2015-12-03 11:10:43'),(356,'YNIGMPRXY',1,1,18,3,621,3277,1,709,709,4,'c3bf2c71140fd6aef04fae256501d620','Paybox - Epayment','1.000000','epayment',0,0,'',0,'775097149633','180.00','180.00','180.00','450.00','450.00','450.00','450.00','600.00','600.00','30.00','30.00','30.00','0.000','0.00','0.00','0.00',335,295,'2015-12-02 05:20:51','2015-12-02 11:48:38',1,'2015-12-02 05:20:50','2015-12-02 11:49:46'),(357,'LNJXCVCAM',1,1,18,3,465,3281,1,631,541,4,'b3e7fca667cef1186e01764297982c11','Paybox - Epayment','1.000000','epayment',0,0,'',0,'775119981246','298.50','298.50','248.75','726.50','726.50','610.42','726.50','829.17','995.00','30.00','30.00','30.00','0.000','0.00','0.00','0.00',336,296,'2015-12-02 16:46:20','2015-12-04 12:30:03',1,'2015-12-02 16:46:20','2015-12-04 12:30:03'),(358,'NVIZMXCMN',1,1,18,3,625,3294,1,713,713,7,'cf2c117a586a3bd5ad1014d7c3b4c262','Paybox - Epayment','1.000000','epayment',0,0,'',0,'775120851120','0.00','0.00','0.00','1570.00','1570.00','1570.00','1570.00','1540.00','1540.00','30.00','30.00','30.00','0.000','0.00','0.00','0.00',337,297,'2015-12-04 14:39:25','2015-12-04 15:47:17',0,'2015-12-04 14:39:25','2015-12-11 12:52:32'),(359,'NQGSFXLQK',1,1,18,3,626,3311,1,714,714,4,'9cc0dff72378e68688222d5c076079ad','Paybox - Epayment','1.000000','epayment',0,0,'',0,'775133448008','0.00','0.00','0.00','880.00','880.00','880.00','1705.00','850.00','850.00','30.00','30.00','30.00','0.000','0.00','0.00','0.00',338,298,'2015-12-07 14:08:44','2015-12-07 16:24:55',1,'2015-12-06 15:58:34','2015-12-07 16:24:55'),(360,'JFDNKSHJD',1,1,20,1,630,3335,1,719,719,4,'61da71ee6c3238d4a6c1949fa1336528','Paybox - Epayment','1.000000','epayment',0,0,'',0,'EX003775172FR','0.00','0.00','0.00','410.00','410.00','344.17','410.00','329.17','395.00','15.00','15.00','15.00','0.000','0.00','0.00','0.00',339,299,'2015-12-09 09:19:51','2015-12-09 12:00:28',1,'2015-12-09 09:19:51','2015-12-09 12:00:53'),(361,'KTPINEEPX',1,1,20,3,634,3373,1,723,723,4,'6d1bdcc87e807e1cb4d29cae477968f7','Paybox - Epayment','1.000000','epayment',0,0,'',0,'775192493960','0.00','0.00','0.00','410.00','410.00','344.17','410.00','329.17','395.00','15.00','15.00','15.00','0.000','0.00','0.00','0.00',340,300,'2015-12-13 12:30:10','2015-12-14 14:26:32',1,'2015-12-13 12:30:09','2015-12-14 14:27:00'),(362,'ZPGOIUOER',1,1,20,1,636,3383,1,725,725,5,'366f327641c1d6969e8b061f3efdbede','Paybox - Epayment','1.000000','epayment',0,0,'',0,'775232962972','0.00','0.00','0.00','560.00','560.00','469.17','1160.00','454.17','545.00','15.00','15.00','15.00','0.000','0.00','0.00','0.00',343,302,'2015-12-17 17:07:09','2015-12-22 15:40:42',1,'2015-12-14 23:49:49','2015-12-22 15:40:42'),(363,'WPLJJQZGU',1,1,20,3,638,3385,1,727,727,5,'e515c490fb656749c2a49c0d1577ab77','Paybox - Epayment','1.000000','epayment',0,0,'',0,'775217824615','0.00','0.00','0.00','575.00','575.00','481.67','575.00','466.67','560.00','15.00','15.00','15.00','0.000','0.00','0.00','0.00',341,301,'2015-12-15 19:16:14','2015-12-18 11:02:17',1,'2015-12-15 19:16:13','2015-12-18 11:02:17'),(364,'XLFEQLWXL',1,1,12,1,642,3391,1,731,731,7,'1c8af1a86d9d5e1054ab1bec7f20d9ef','Paybox - Epayment','1.000000','epayment',0,0,'',0,'','0.00','0.00','0.00','415.00','415.00','350.83','415.00','320.83','385.00','30.00','30.00','30.00','0.000','0.00','0.00','0.00',342,0,'2015-12-17 16:37:38','0000-00-00 00:00:00',0,'2015-12-17 16:37:38','2015-12-17 17:54:06'),(365,'LKZQWJFYQ',1,1,18,3,641,3397,1,730,730,4,'e16bf05acf439407c76bb52562c2485b','Paybox - Epayment','1.000000','epayment',0,0,'',0,'775254201862','0.00','0.00','0.00','430.00','430.00','430.00','430.00','400.00','400.00','30.00','30.00','30.00','0.000','0.00','0.00','0.00',344,303,'2015-12-18 16:59:04','2015-12-19 12:25:08',1,'2015-12-18 16:59:03','2015-12-19 12:25:08'),(366,'JTQHUSJOF',1,1,18,3,82,3419,1,95,95,4,'70b1ed2f576aa3dd20291c82f4d298a5','Paybox - Epayment','1.000000','epayment',0,0,'',0,'775256964994','0.00','0.00','0.00','395.00','395.00','395.00','395.00','365.00','365.00','30.00','30.00','30.00','0.000','0.00','0.00','0.00',345,304,'2015-12-21 08:43:24','2015-12-21 13:38:45',1,'2015-12-21 08:43:24','2015-12-21 13:38:45'),(367,'VTCIGBZDH',1,1,18,3,661,3438,1,751,751,4,'c16da384db3b9095c7b45f4e4c2360b4','Paybox - Epayment','1.000000','epayment',0,0,'',0,'775281683845','0.00','0.00','0.00','496.67','496.67','496.67','496.67','466.67','466.67','30.00','30.00','30.00','0.000','0.00','0.00','0.00',346,305,'2015-12-23 06:52:40','2015-12-23 12:28:34',1,'2015-12-23 06:52:39','2015-12-23 12:29:19'),(368,'ERNDTWXRC',1,1,18,3,664,3470,1,754,754,4,'a2a23511c65039c7879015f13e53f6d1','Paybox - Epayment','1.000000','epayment',0,0,'',0,'775295881580','0.00','0.00','0.00','942.50','942.50','942.50','942.50','912.50','912.50','30.00','30.00','30.00','0.000','0.00','0.00','0.00',347,307,'2015-12-27 10:42:42','2015-12-28 14:12:23',1,'2015-12-27 10:42:41','2015-12-28 14:12:43'),(369,'UKPWRTBAP',1,1,20,3,665,3471,1,755,755,4,'b6ba224a26f641bb4ff1c9193c56148f','Paybox - Epayment','1.000000','epayment',0,0,'',0,'775295811653','0.00','0.00','0.00','575.00','575.00','481.67','575.00','466.67','560.00','15.00','15.00','15.00','0.000','0.00','0.00','0.00',348,306,'2015-12-27 14:27:15','2015-12-28 13:39:03',1,'2015-12-27 14:27:15','2015-12-28 13:39:31'),(370,'PACTZTOTQ',1,1,18,3,657,3477,1,747,747,7,'35814280575bd7e0ef6efb10ad3e3f60','Paybox - Epayment','1.000000','epayment',0,0,'',0,'775304489897','0.00','0.00','0.00','350.83','350.83','350.83','350.83','320.83','320.83','30.00','30.00','30.00','0.000','0.00','0.00','0.00',349,309,'2015-12-28 17:09:36','2015-12-29 13:56:58',0,'2015-12-28 17:09:36','2016-01-11 16:12:09'),(371,'EHIMEFLGX',1,1,18,3,342,3480,1,392,392,7,'d5f27b46881882a2c26f0bcc992390c6','Paybox - Epayment','1.000000','epayment',0,0,'',0,'775304332884','0.00','0.00','0.00','560.00','560.00','471.67','560.00','441.67','530.00','30.00','30.00','30.00','0.000','0.00','0.00','0.00',350,308,'2015-12-29 01:11:55','2015-12-29 11:41:03',0,'2015-12-29 01:11:55','2016-01-08 12:59:09'),(372,'IGGSGLQJN',1,1,18,3,398,3548,1,777,458,5,'178832e4aa0948455ae884746a0b8ce1','Paybox - Epayment','1.000000','epayment',0,0,'',0,'775331691543','0.00','0.00','0.00','327.00','327.00','277.50','327.00','247.50','297.00','30.00','30.00','30.00','0.000','0.00','0.00','0.00',351,317,'2016-01-04 00:14:46','2016-01-06 13:22:13',1,'2016-01-04 00:14:45','2016-01-06 13:22:13'),(373,'XBWTOHFWD',1,1,20,3,637,3549,1,778,778,4,'d828cd41653736e62111ff6681b11ecc','Paybox - Epayment','1.000000','epayment',0,0,'',0,'CX111177046FR','0.00','0.00','0.00','252.00','252.00','212.50','252.00','197.50','237.00','15.00','15.00','15.00','0.000','0.00','0.00','0.00',352,319,'2016-01-04 00:24:02','2016-01-04 17:56:59',1,'2016-01-04 00:24:02','2016-01-04 17:56:59'),(374,'JLHOORHUZ',1,1,20,3,674,3554,1,766,765,4,'bf3ad7cc586f5e7402686f87fe534173','Paybox - Epayment','1.000000','epayment',0,0,'',0,'CX111177029FR','0.00','0.00','0.00','612.00','612.00','512.50','612.00','497.50','597.00','15.00','15.00','15.00','0.000','0.00','0.00','0.00',353,314,'2016-01-04 00:37:43','2016-01-04 15:55:37',1,'2016-01-04 00:37:43','2016-01-04 15:55:37'),(375,'GNYTFOPGQ',1,1,18,3,558,3551,1,638,638,4,'312faa75261e1c7b8adedac7052c1472','Paybox - Epayment','1.000000','epayment',0,0,'',0,'775331105444','0.00','0.00','0.00','507.00','507.00','427.50','507.00','397.50','477.00','30.00','30.00','30.00','0.000','0.00','0.00','0.00',354,316,'2016-01-04 01:08:28','2016-01-04 16:57:08',1,'2016-01-04 01:08:28','2016-01-04 16:57:08'),(376,'MUQBLDUMM',1,1,11,3,433,3520,1,503,503,4,'95e305ef96b793a1aacfd48fd0d7d79c','Paybox - Epayment','1.000000','epayment',0,0,'',0,'','0.00','0.00','0.00','477.00','477.00','397.50','477.00','397.50','477.00','0.00','0.00','0.00','20.000','0.00','0.00','0.00',355,321,'2016-01-04 02:56:25','2016-01-04 18:25:53',1,'2016-01-04 02:56:25','2016-01-04 18:25:53'),(377,'FFNBVTSBY',1,1,18,3,662,3563,1,752,752,7,'a227304bc989c171fe4e547c5f6a06d7','Paybox - Epayment','1.000000','epayment',0,0,'',0,'','0.00','0.00','0.00','279.00','279.00','279.00','261.00','249.00','249.00','30.00','30.00','30.00','0.000','0.00','0.00','0.00',362,0,'2016-01-04 13:15:29','0000-00-00 00:00:00',0,'2016-01-04 04:56:40','2016-01-04 13:15:29'),(378,'MAKHWHMBQ',1,1,18,3,662,3564,1,752,752,7,'a227304bc989c171fe4e547c5f6a06d7','Paybox - Epayment','1.000000','epayment',0,0,'',0,'','0.00','0.00','0.00','279.00','279.00','279.00','261.00','249.00','249.00','30.00','30.00','30.00','0.000','0.00','0.00','0.00',363,0,'2016-01-04 13:16:40','0000-00-00 00:00:00',0,'2016-01-04 04:59:12','2016-01-04 13:16:41'),(379,'GUYPUVIGS',1,1,18,3,662,3567,1,752,752,4,'a227304bc989c171fe4e547c5f6a06d7','Paybox - Epayment','1.000000','epayment',0,0,'',0,'775332166214','0.00','0.00','0.00','279.00','279.00','279.00','279.00','249.00','249.00','30.00','30.00','30.00','0.000','0.00','0.00','0.00',356,320,'2016-01-04 06:00:41','2016-01-04 18:24:32',1,'2016-01-04 06:00:40','2016-01-04 18:24:32'),(380,'UIMBZYKWC',1,1,18,3,647,3569,1,736,736,5,'292b2cec8514b6fc947e64a79e665b0d','Paybox - Epayment','1.000000','epayment',0,0,'',0,'775340029649','0.00','0.00','0.00','240.00','240.00','240.00','465.00','210.00','210.00','30.00','30.00','30.00','0.000','0.00','0.00','0.00',360,322,'2016-01-04 11:49:35','2016-01-07 11:12:22',1,'2016-01-04 06:10:32','2016-01-07 11:12:22'),(381,'XEQKQVXMF',1,1,18,3,647,3570,1,736,736,7,'292b2cec8514b6fc947e64a79e665b0d','Paybox - Epayment','1.000000','epayment',0,0,'',0,'','0.00','0.00','0.00','240.00','240.00','240.00','225.00','210.00','210.00','30.00','30.00','30.00','0.000','0.00','0.00','0.00',372,0,'2016-01-05 15:04:33','0000-00-00 00:00:00',0,'2016-01-04 06:14:13','2016-01-05 15:04:33'),(382,'GLEKSTSAV',1,1,18,3,647,3571,1,736,736,7,'292b2cec8514b6fc947e64a79e665b0d','Paybox - Epayment','1.000000','epayment',0,0,'',0,'','0.00','0.00','0.00','240.00','240.00','240.00','225.00','210.00','210.00','30.00','30.00','30.00','0.000','0.00','0.00','0.00',373,0,'2016-01-05 15:05:41','0000-00-00 00:00:00',0,'2016-01-04 06:15:50','2016-01-05 15:05:41'),(383,'ZCDGMHNGS',1,1,18,3,647,3572,1,736,736,7,'292b2cec8514b6fc947e64a79e665b0d','Paybox - Epayment','1.000000','epayment',0,0,'',0,'','0.00','0.00','0.00','240.00','240.00','240.00','225.00','210.00','210.00','30.00','30.00','30.00','0.000','0.00','0.00','0.00',374,0,'2016-01-05 15:06:10','0000-00-00 00:00:00',0,'2016-01-04 06:17:15','2016-01-05 15:06:10'),(384,'SBKBMGQRM',1,1,18,3,647,3574,1,736,736,7,'292b2cec8514b6fc947e64a79e665b0d','Paybox - Epayment','1.000000','epayment',0,0,'',0,'','0.00','0.00','0.00','240.00','240.00','240.00','225.00','210.00','210.00','30.00','30.00','30.00','0.000','0.00','0.00','0.00',375,0,'2016-01-05 15:06:52','0000-00-00 00:00:00',0,'2016-01-04 06:25:07','2016-01-05 15:06:53'),(385,'HPBLXKWNS',1,1,18,3,647,3575,1,736,736,7,'292b2cec8514b6fc947e64a79e665b0d','Paybox - Epayment','1.000000','epayment',0,0,'',0,'','0.00','0.00','0.00','240.00','240.00','240.00','225.00','210.00','210.00','30.00','30.00','30.00','0.000','0.00','0.00','0.00',376,0,'2016-01-05 15:07:35','0000-00-00 00:00:00',0,'2016-01-04 06:35:59','2016-01-05 15:07:35'),(386,'CLWYEKRCU',1,1,18,3,267,3576,1,779,307,5,'0b835a52c05d1ad2e59e2b883c1b144e','Paybox - Epayment','1.000000','epayment',0,0,'',0,'775330691179','0.00','0.00','0.00','558.00','558.00','558.00','558.00','528.00','528.00','30.00','30.00','30.00','0.000','0.00','0.00','0.00',357,315,'2016-01-04 07:48:08','2016-01-06 13:20:38',1,'2016-01-04 07:48:08','2016-01-06 13:20:38'),(387,'NNZZGOUGW',1,1,20,3,79,3577,1,105,90,4,'4996e5bea13d5a6ea2f33ff050950e7c','Paybox - Epayment','1.000000','epayment',0,0,'',0,'CX111177015FR','0.00','0.00','0.00','240.00','240.00','202.50','240.00','187.50','225.00','15.00','15.00','15.00','0.000','0.00','0.00','0.00',358,313,'2016-01-04 07:55:35','2016-01-04 15:49:26',1,'2016-01-04 07:55:34','2016-01-04 15:49:26'),(388,'OTBCJKLVE',1,1,20,3,690,3583,1,788,788,7,'a96adb4307035debdae81c27ee48ce67','Paybox - Epayment','1.000000','epayment',0,0,'',0,'','0.00','0.00','0.00','612.00','612.00','512.50','612.00','497.50','597.00','15.00','15.00','15.00','0.000','0.00','0.00','0.00',359,0,'2016-01-04 10:19:23','0000-00-00 00:00:00',0,'2016-01-04 10:19:23','2016-01-04 18:42:38'),(389,'OYESPIIUY',1,1,20,1,692,3594,1,790,790,4,'d390d99a4d4db0a1d8ec5e047dea9e55','Paybox - Epayment','1.000000','epayment',0,0,'',0,'9C00229007750','0.00','0.00','0.00','342.00','342.00','287.50','342.00','272.50','327.00','15.00','15.00','15.00','0.000','0.00','0.00','0.00',361,310,'2016-01-04 12:40:34','2016-01-04 15:02:30',1,'2016-01-04 12:40:34','2016-01-04 15:02:30'),(390,'YSMECFEWW',1,1,20,3,676,3565,1,768,768,4,'b99ee133326744872a36b6b7d1ef91eb','Paybox - Epayment','1.000000','epayment',0,0,'',0,'CX111177001FR','0.00','0.00','0.00','651.00','651.00','545.00','651.00','530.00','636.00','15.00','15.00','15.00','0.000','0.00','0.00','0.00',364,311,'2016-01-04 13:19:40','2016-01-04 15:12:10',1,'2016-01-04 13:19:40','2016-01-04 15:12:10'),(391,'ATOWSOCNJ',1,1,20,3,693,3600,1,791,791,4,'279383d82ac0cf8120fcc2785f3099b1','Paybox - Epayment','1.000000','epayment',0,0,'',0,'9C00229007767','0.00','0.00','0.00','444.00','444.00','372.50','444.00','357.50','429.00','15.00','15.00','15.00','0.000','0.00','0.00','0.00',365,312,'2016-01-04 14:15:09','2016-01-04 15:43:01',1,'2016-01-04 14:15:06','2016-01-04 15:43:01'),(392,'KSKAAEHEV',1,1,18,3,694,3605,1,792,792,5,'540868a6f60a9d20b058d6f53054e855','Paybox - Epayment','1.000000','epayment',0,0,'',0,'775340135912','0.00','0.00','0.00','318.00','318.00','318.00','318.00','288.00','288.00','30.00','30.00','30.00','0.000','0.00','0.00','0.00',366,323,'2016-01-04 16:05:02','2016-01-07 11:11:53',1,'2016-01-04 16:05:02','2016-01-07 11:11:54'),(393,'PGXUNGWAN',1,1,20,3,98,3611,1,113,113,4,'97c87470e50b7c937cca73ef4d151c8d','Paybox - Epayment','1.000000','epayment',0,0,'',0,'CX111177032FR','0.00','0.00','0.00','246.00','246.00','207.50','246.00','192.50','231.00','15.00','15.00','15.00','0.000','0.00','0.00','0.00',367,318,'2016-01-04 17:04:57','2016-01-04 17:48:05',1,'2016-01-04 17:04:57','2016-01-04 17:48:06'),(394,'JFPDTWNPX',1,1,18,3,680,3622,1,774,774,4,'2cc85409a1d736389c1fd9dccbb0fa92','Paybox - Epayment','1.000000','epayment',0,0,'',0,'775340494596','0.00','0.00','0.00','477.00','477.00','477.00','924.00','447.00','447.00','30.00','30.00','30.00','0.000','0.00','0.00','0.00',368,325,'2016-01-04 18:28:39','2016-01-05 14:54:43',1,'2016-01-04 18:18:33','2016-01-05 14:54:43'),(395,'CQMDIHESE',1,1,20,1,698,3628,1,796,796,4,'7d3d13b2c91a1be9fc02b89a1380dc13','Paybox - Epayment','1.000000','epayment',0,0,'',0,'9C00229007774','0.00','0.00','0.00','787.00','787.00','658.33','787.00','643.33','772.00','15.00','15.00','15.00','0.000','0.00','0.00','0.00',369,324,'2016-01-04 21:53:44','2016-01-05 13:35:25',1,'2016-01-04 21:53:43','2016-01-05 13:35:25'),(396,'MRKAZGXJM',1,1,20,1,702,3651,1,800,800,4,'5fd5edabf6c69f650bc5c18190d528c0','Paybox - Epayment','1.000000','epayment',0,0,'',0,'9C00229007781','0.00','0.00','0.00','156.00','156.00','132.50','156.00','117.50','141.00','15.00','15.00','15.00','0.000','0.00','0.00','0.00',370,326,'2016-01-05 10:45:43','2016-01-05 15:02:27',1,'2016-01-05 10:45:41','2016-01-05 15:02:54'),(397,'XJJETFHRG',1,1,20,3,704,3659,1,803,803,4,'5aa38702e8b8b4e84c001c946dc1b97c','Paybox - Epayment','1.000000','epayment',0,0,'',0,'CX111177050FR','0.00','0.00','0.00','204.00','204.00','172.50','204.00','157.50','189.00','15.00','15.00','15.00','0.000','0.00','0.00','0.00',371,327,'2016-01-05 14:54:47','2016-01-05 15:19:47',1,'2016-01-05 14:54:47','2016-01-05 15:20:08'),(398,'TGHDKEPVF',1,1,20,3,631,3662,1,720,720,5,'2e5a7e2915e89fb288da179a16a8ad9e','Paybox - Epayment','1.000000','epayment',0,0,'',0,'CX111177063FR','0.00','0.00','0.00','207.00','207.00','175.00','207.00','160.00','192.00','15.00','15.00','15.00','0.000','0.00','0.00','0.00',377,328,'2016-01-05 16:15:19','2016-01-06 13:19:51',1,'2016-01-05 16:15:19','2016-01-06 13:19:51'),(399,'ZHCAOXJBC',1,1,18,3,629,3647,1,718,718,5,'b9957c94d713709921238792192de041','Paybox - Epayment','1.000000','epayment',0,0,'',0,'775341782108','0.00','0.00','0.00','444.00','444.00','444.00','444.00','414.00','414.00','30.00','30.00','30.00','0.000','0.00','0.00','0.00',378,329,'2016-01-05 16:30:46','2016-01-07 11:11:17',1,'2016-01-05 16:30:45','2016-01-07 11:11:17'),(400,'LEYNQSYMK',1,1,18,3,706,3668,1,806,806,4,'086e6f3ce24e976817f6044642958f6c','Paybox - Epayment','1.000000','epayment',0,0,'',0,'775342362373','0.00','0.00','0.00','633.00','633.00','633.00','633.00','603.00','603.00','30.00','30.00','30.00','0.000','0.00','0.00','0.00',379,330,'2016-01-05 16:55:45','2016-01-05 17:41:32',1,'2016-01-05 16:55:44','2016-01-05 17:41:55'),(401,'RQYQKVGDB',1,1,20,1,705,3673,1,805,804,4,'243cd8c1056047e82cdfec2c50eeaf16','Paybox - Epayment','1.000000','epayment',0,0,'',0,'9C00229007798','0.00','0.00','0.00','672.00','672.00','562.50','1392.00','547.50','657.00','15.00','15.00','15.00','0.000','0.00','0.00','0.00',380,331,'2016-01-05 17:48:30','2016-01-05 18:11:11',1,'2016-01-05 17:38:45','2016-01-05 18:11:40'),(402,'SZQJHAEKL',1,1,18,3,707,3686,1,808,807,7,'087d7cc98f44f1b5a15b9c5d62bd7ba0','Paybox - Epayment','1.000000','epayment',0,0,'',0,'','0.00','0.00','0.00','540.00','540.00','540.00','540.00','510.00','510.00','30.00','30.00','30.00','0.000','0.00','0.00','0.00',381,0,'2016-01-05 21:24:48','0000-00-00 00:00:00',0,'2016-01-05 21:24:47','2016-01-06 14:45:11'),(403,'TVECMJGXN',1,1,11,1,708,3684,1,809,809,4,'8be18ca9516bfec59d674967bc7c5fc1','Paybox - Epayment','1.000000','epayment',0,0,'',0,'','0.00','0.00','0.00','318.00','318.00','265.00','318.00','265.00','318.00','0.00','0.00','0.00','20.000','0.00','0.00','0.00',382,332,'2016-01-05 22:15:50','2016-01-06 11:33:02',1,'2016-01-05 22:15:50','2016-01-06 11:33:02'),(404,'THEGAXIRI',1,1,20,3,703,3598,1,801,801,4,'35f35ffc7e0a36f604fe405bf43609a0','Paybox - Epayment','1.000000','epayment',0,0,'',0,'CX111177077FR','0.00','0.00','0.00','912.00','912.00','762.50','912.00','747.50','897.00','15.00','15.00','15.00','0.000','0.00','0.00','0.00',383,333,'2016-01-05 23:38:09','2016-01-06 11:47:58',1,'2016-01-05 23:38:09','2016-01-06 11:48:23'),(405,'EIYVVRLCI',1,1,20,3,710,3693,1,811,811,4,'80f5a6b4d5e6f95f549469c0d0323926','Paybox - Epayment','1.000000','epayment',0,0,'',0,'775350486371','0.00','0.00','0.00','240.00','240.00','202.50','240.00','187.50','225.00','15.00','15.00','15.00','0.000','0.00','0.00','0.00',384,335,'2016-01-06 09:05:10','2016-01-06 12:32:10',1,'2016-01-06 09:05:08','2016-01-06 12:32:43'),(406,'JAVLLOJUS',1,1,20,1,711,3694,1,812,812,19,'4cbb9da74eeef627d5b240b168a87601','Paybox - Epayment','1.000000','epayment',0,0,'',0,'775350468590','0.00','0.00','0.00','903.00','903.00','755.00','903.00','740.00','888.00','15.00','15.00','15.00','0.000','0.00','0.00','0.00',385,334,'2016-01-06 10:05:11','2016-01-06 12:14:02',1,'2016-01-06 10:05:11','2016-01-12 12:29:32'),(407,'CSWXRUYZU',1,1,18,3,713,3700,1,814,814,4,'6cabbf65a12ff3ea22d6c920b2f4f381','Paybox - Epayment','1.000000','epayment',0,0,'',0,'775350513048','0.00','0.00','0.00','405.00','405.00','405.00','405.00','375.00','375.00','30.00','30.00','30.00','0.000','0.00','0.00','0.00',386,336,'2016-01-06 11:40:02','2016-01-06 13:01:43',1,'2016-01-06 11:40:02','2016-01-06 13:02:11'),(408,'TKPWXYKPO',1,1,18,3,632,3705,1,771,721,4,'9b7430fc8d40fd2fe2322d4c67c2d823','Paybox - Epayment','1.000000','epayment',0,0,'',0,'775350767764','0.00','0.00','0.00','807.00','807.00','677.50','807.00','647.50','777.00','30.00','30.00','30.00','0.000','0.00','0.00','0.00',387,337,'2016-01-06 13:46:34','2016-01-06 14:33:29',1,'2016-01-06 13:46:34','2016-01-06 14:33:51'),(409,'DPNOZQQDX',1,1,20,3,714,3710,1,815,815,4,'188e8b60e8dab2e721e82aadf824f873','Paybox - Epayment','1.000000','epayment',0,0,'',0,'CX111177085FR','0.00','0.00','0.00','312.00','312.00','262.50','312.00','247.50','297.00','15.00','15.00','15.00','0.000','0.00','0.00','0.00',388,338,'2016-01-06 15:16:55','2016-01-06 15:36:46',1,'2016-01-06 15:16:54','2016-01-06 15:36:46'),(410,'TGMDCOXCX',1,1,20,3,715,3709,1,816,816,4,'83d5ea7168c3650115cfd611f359fbe9','Paybox - Epayment','1.000000','epayment',0,0,'',0,'CX111177094FR','0.00','0.00','0.00','552.00','552.00','462.50','552.00','447.50','537.00','15.00','15.00','15.00','0.000','0.00','0.00','0.00',389,339,'2016-01-06 15:21:20','2016-01-06 15:50:12',1,'2016-01-06 15:21:20','2016-01-06 15:50:12'),(411,'BVHPLOWVL',1,1,18,3,718,3735,1,819,819,4,'eb8b2fc4c40ceccb658b380b94059129','Paybox - Epayment','1.000000','epayment',0,0,'',0,'775360635664','0.00','0.00','0.00','627.00','627.00','527.50','627.00','497.50','597.00','30.00','30.00','30.00','0.000','0.00','0.00','0.00',390,340,'2016-01-07 10:56:54','2016-01-07 11:24:57',1,'2016-01-07 10:56:53','2016-01-07 11:25:25'),(412,'RWXMVJEZL',1,1,20,3,723,3769,1,825,825,4,'ca649c93dab1e27e4b53a2ebf613ac6b','Paybox - Epayment','1.000000','epayment',0,0,'',0,'CX111177103FR','0.00','0.00','0.00','483.00','483.00','405.00','483.00','390.00','468.00','15.00','15.00','15.00','0.000','0.00','0.00','0.00',391,342,'2016-01-08 07:37:45','2016-01-08 12:36:34',1,'2016-01-08 07:37:44','2016-01-08 12:36:57'),(413,'QAICHDFCR',1,1,11,3,725,3775,1,827,827,7,'90ac036e726b90f5f63d6cccbb488c4f','Paybox - Epayment','1.000000','epayment',0,0,'',0,'','0.00','0.00','0.00','477.00','477.00','397.50','477.00','397.50','477.00','0.00','0.00','0.00','20.000','0.00','0.00','0.00',392,343,'2016-01-08 09:19:42','2016-01-08 12:58:18',0,'2016-01-08 09:19:42','2016-01-12 16:00:21'),(414,'HQZWNRCGD',1,1,20,1,671,3778,1,762,762,4,'5f20fc33e3dc8cc46af033395b7d2243','Paybox - Epayment','1.000000','epayment',0,0,'',0,'9C00229007804','0.00','0.00','0.00','342.00','342.00','287.50','342.00','272.50','327.00','15.00','15.00','15.00','0.000','0.00','0.00','0.00',393,341,'2016-01-08 10:02:25','2016-01-08 12:35:35',1,'2016-01-08 10:02:25','2016-01-08 12:36:13'),(415,'TFGMIQVNT',1,1,18,3,398,3789,1,777,458,5,'178832e4aa0948455ae884746a0b8ce1','Paybox - Epayment','1.000000','epayment',0,0,'',0,'775380469522','0.00','0.00','0.00','327.00','327.00','277.50','327.00','247.50','297.00','30.00','30.00','30.00','0.000','0.00','0.00','0.00',394,344,'2016-01-08 22:34:53','2016-01-13 15:01:35',1,'2016-01-08 22:34:53','2016-01-13 15:01:35'),(416,'WGRXMHHLG',1,1,20,3,104,3806,1,120,120,4,'c614379931fed8f42bded5557b33221f','Paybox - Epayment','1.000000','epayment',0,0,'',0,'CX111177125FR','0.00','0.00','0.00','333.00','333.00','280.00','333.00','265.00','318.00','15.00','15.00','15.00','0.000','0.00','0.00','0.00',395,347,'2016-01-09 21:59:08','2016-01-11 14:04:12',1,'2016-01-09 21:59:07','2016-01-11 14:04:12'),(417,'JQOOSSSNY',1,1,20,3,733,3816,1,836,836,7,'d19db95c131b9feeb01784b4c881ad11','Paybox - Epayment','1.000000','epayment',0,0,'',0,'','0.00','0.00','0.00','492.00','492.00','412.50','492.00','397.50','477.00','15.00','15.00','15.00','0.000','0.00','0.00','0.00',396,0,'2016-01-10 11:53:43','0000-00-00 00:00:00',0,'2016-01-10 11:53:42','2016-01-10 15:17:45'),(418,'SCGJNEYAQ',1,1,11,1,734,3820,1,838,838,4,'cee69a24409a79d97ef10377e463d0f1','Paybox - Epayment','1.000000','epayment',0,0,'',0,'','0.00','0.00','0.00','297.00','297.00','247.50','297.00','247.50','297.00','0.00','0.00','0.00','20.000','0.00','0.00','0.00',397,345,'2016-01-10 16:35:26','2016-01-11 13:01:18',1,'2016-01-10 16:35:26','2016-01-11 13:01:18'),(419,'AMWLCUMZX',1,1,20,3,52,3828,1,58,58,4,'3e5606e3e208bbf1188a12292a48b47e','Paybox - Epayment','1.000000','epayment',0,0,'',0,'CX111177117FR','0.00','0.00','0.00','630.00','630.00','527.50','630.00','512.50','615.00','15.00','15.00','15.00','0.000','0.00','0.00','0.00',398,346,'2016-01-11 01:09:29','2016-01-11 13:56:22',1,'2016-01-11 01:09:28','2016-01-11 13:56:22'),(420,'PAZMEUEJK',1,1,18,3,739,3861,1,844,844,4,'892ee929830242990503b64e1ec1c45e','Paybox - Epayment','1.000000','epayment',0,0,'',0,'775403631920','0.00','0.00','0.00','315.00','315.00','315.00','315.00','285.00','285.00','30.00','30.00','30.00','0.000','0.00','0.00','0.00',399,349,'2016-01-13 00:01:12','2016-01-13 12:54:44',1,'2016-01-13 00:01:12','2016-01-13 13:00:49'),(421,'QGAUDMSAF',1,1,18,3,713,3853,1,814,814,4,'6cabbf65a12ff3ea22d6c920b2f4f381','Paybox - Epayment','1.000000','epayment',0,0,'',0,'775403603562','0.00','0.00','0.00','372.00','372.00','372.00','372.00','342.00','342.00','30.00','30.00','30.00','0.000','0.00','0.00','0.00',400,348,'2016-01-13 09:22:09','2016-01-13 12:34:49',1,'2016-01-13 09:22:08','2016-01-13 12:35:19'),(422,'RCITJMQHT',1,1,18,3,742,3872,1,847,847,2,'93fc888b52203c506040cb47feea9f99','Paybox - Epayment','1.000000','epayment',0,0,'',0,'','0.00','0.00','0.00','695.00','695.00','695.00','695.00','665.00','665.00','30.00','30.00','30.00','0.000','0.00','0.00','0.00',401,0,'2016-01-13 17:15:00','0000-00-00 00:00:00',1,'2016-01-13 17:15:00','2016-01-13 17:15:00'),(423,'OZFPZYQKF',1,1,20,3,743,3876,1,848,848,2,'f44e5d71970637ccae1ca51752872cbf','Paybox - Epayment','1.000000','epayment',0,0,'',0,'','0.00','0.00','0.00','635.00','635.00','531.67','635.00','516.67','620.00','15.00','15.00','15.00','0.000','0.00','0.00','0.00',402,0,'2016-01-13 20:37:22','0000-00-00 00:00:00',1,'2016-01-13 20:37:22','2016-01-13 20:37:22'),(424,'NSLHFWPZP',1,1,20,3,723,3878,1,825,825,27,'ca649c93dab1e27e4b53a2ebf613ac6b','Paybox - Epayment','1.000000','epayment',0,0,'',0,'','0.00','0.00','0.00','333.00','333.00','280.00','333.00','265.00','318.00','15.00','15.00','15.00','0.000','0.00','0.00','0.00',403,0,'2016-01-13 22:49:29','0000-00-00 00:00:00',1,'2016-01-13 22:49:29','2016-01-13 22:49:36');

--
