INSERT INTO `ps_connections_source` VALUES (173608,248546,'http://www.googleadservices.com/pagead/aclk?sa=L&ai=C-io3-TmXVp6zN5OA8AXnroX4DOa86YYHrs2d24ACkJyC-YABCAAQASgCYJuD6YScKaABqt7QzAPIAQGpAhK1Ih2mRbI-qgQnT9CRPn5Zvq4zLDuzBdfGZySgqu_jLE3VFhVHe1fL9M9-9H9chasNiAYBgAe-oa8zkAcDqAemvhvYBwE&ohost=www.google.co.kr&cid','www.lemaire.fr/shop/en/12-shop-man?gclid=CMrCpNPQqMoCFQolvQodJSIJGg','&ved=0ahUKEwiio5TD0KjKAhUnJ6YKHavlD1UQ0QwIHg','2016-01-14 07:03:08'),(173609,248557,'http://blog.naver.com/PostView.nhn?blogId=saint_remez&logNo=220590437721&copen=1&focusingCommentNo=15458157&redirect=Dlog&widgetTypeCall=true&topReferer=http%3A%2F%2Fmy.naver.com%2F%3F20160114150735','www.lemaire.fr/shop/fr/3-shop-femme','','2016-01-14 07:07:56'),(173610,248558,'http://www.lemaire.fr/','www.lemaire.fr/shop/en/3-shop-woman','','2016-01-14 07:08:16'),(173611,248559,'http://www.lemaire.fr/en/?gclid=Cj0KEQiAiNi0BRDaobaq3dKJhrwBEiQAyVThzZtpCB8y3fb3LjP10DLBiM9zRsvaM5IT1lUjhuaXBtIaAsKQ8P8HAQ','www.lemaire.fr/shop/en/authentification?back=my-account','','2016-01-14 07:10:28'),(173612,248559,'http://www.lemaire.fr/en/?gclid=Cj0KEQiAiNi0BRDaobaq3dKJhrwBEiQAyVThzZtpCB8y3fb3LjP10DLBiM9zRsvaM5IT1lUjhuaXBtIaAsKQ8P8HAQ','www.lemaire.fr/shop/en/authentification?back=my-account','','2016-01-14 07:10:47'),(173613,248559,'http://www.lemaire.fr/en/?gclid=Cj0KEQiAiNi0BRDaobaq3dKJhrwBEiQAyVThzZtpCB8y3fb3LjP10DLBiM9zRsvaM5IT1lUjhuaXBtIaAsKQ8P8HAQ','www.lemaire.fr/shop/en/authentification?back=my-account','','2016-01-14 07:11:08'),(173614,248559,'http://www.lemaire.fr/en/?gclid=Cj0KEQiAiNi0BRDaobaq3dKJhrwBEiQAyVThzZtpCB8y3fb3LjP10DLBiM9zRsvaM5IT1lUjhuaXBtIaAsKQ8P8HAQ','www.lemaire.fr/shop/en/authentification?back=my-account','','2016-01-14 07:11:09'),(173615,248562,'http://www.lemaire.fr/en/collections-en/men/fall-winter-2016-men-en/','www.lemaire.fr/shop/en/12-shop-man','','2016-01-14 07:16:18'),(173616,248563,'http://www.lemaire.fr/','www.lemaire.fr/shop/en/3-shop-woman','','2016-01-14 07:17:18'),(173617,248564,'https://www.google.com/','www.lemaire.fr/shop/en/13-bag','','2016-01-14 07:19:03'),(173618,248565,'https://www.google.co.kr/','www.lemaire.fr/shop/fr/3-shop-femme','','2016-01-14 07:19:08'),(173619,248566,'http://www.lemaire.fr/collections-fr/hommes/automne-hiver-2016-hommes-fr/','www.lemaire.fr/shop/fr/12-shop-homme','','2016-01-14 07:19:21'),(173620,248565,'https://www.google.co.kr/','www.lemaire.fr/shop/fr/3-shop-femme','','2016-01-14 07:19:49'),(173621,248569,'http://www.lemaire.fr/','www.lemaire.fr/shop/fr/12-shop-homme','','2016-01-14 07:23:55'),(173622,248570,'http://www.lemaire.fr/en/collections-en/women/fall-winter-2016-women-en/','www.lemaire.fr/shop/en/12-shop-man','','2016-01-14 07:24:06'),(173623,248566,'http://www.lemaire.fr/collections-fr/hommes/automne-hiver-2016-hommes-fr/','www.lemaire.fr/shop/fr/12-shop-homme','','2016-01-14 07:24:57'),(173624,248571,'http://www.lemaire.fr/','www.lemaire.fr/shop/en/12-shop-man','','2016-01-14 07:27:37'),(173625,248572,'http://www.lemaire.fr/','www.lemaire.fr/shop/fr/12-shop-homme','','2016-01-14 07:32:35'),(173626,248574,'http://www.lemaire.fr/','www.lemaire.fr/shop/fr/3-shop-femme','','2016-01-14 07:38:26'),(173627,248575,'http://www.lemaire.fr/','www.lemaire.fr/shop/fr/12-shop-homme','','2016-01-14 07:42:45'),(173628,248575,'http://www.lemaire.fr/','www.lemaire.fr/shop/fr/12-shop-homme','','2016-01-14 07:44:43'),(173629,248577,'http://www.lemaire.fr/la-marque/','www.lemaire.fr/shop/fr/3-shop-femme','','2016-01-14 07:45:09'),(173630,248575,'http://www.lemaire.fr/','www.lemaire.fr/shop/fr/12-shop-homme','','2016-01-14 07:45:21'),(173631,248578,'http://www.lemaire.fr/','www.lemaire.fr/shop/fr/3-shop-femme','','2016-01-14 07:50:07'),(173632,248578,'http://www.lemaire.fr/boutiques/','www.lemaire.fr/shop/fr/3-shop-femme','','2016-01-14 07:51:33'),(173633,248578,'http://www.lemaire.fr/la-marque/','www.lemaire.fr/shop/fr/authentification?back=my-account','','2016-01-14 07:53:08'),(173634,248580,'http://www.lemaire.fr/','www.lemaire.fr/shop/en/12-shop-man','','2016-01-14 07:53:10'),(173635,248581,'http://www.lemaire.fr/','www.lemaire.fr/shop/fr/3-shop-femme','','2016-01-14 07:55:51'),(173636,248582,'https://www.google.co.kr/','www.lemaire.fr/shop/en/3-shop-woman?gclid=CNi02-fcqMoCFQFvvAod6YYOEA','','2016-01-14 07:57:33'),(173637,248582,'https://www.google.co.kr/','www.lemaire.fr/shop/en/3-shop-woman?gclid=CNi02-fcqMoCFQFvvAod6YYOEA','','2016-01-14 07:58:54'),(173638,248582,'http://www.lemaire.fr/','www.lemaire.fr/shop/fr/3-shop-femme','','2016-01-14 08:00:42'),(173639,248585,'http://www.lemaire.fr/','www.lemaire.fr/shop/fr/3-shop-femme','','2016-01-14 08:06:48'),(173640,248586,'http://www.lemaire.fr/en/stores/','www.lemaire.fr/shop/en/12-shop-man','','2016-01-14 08:07:24'),(173641,248587,'http://www.lemaire.fr/','www.lemaire.fr/shop/fr/3-shop-femme','','2016-01-14 08:07:39'),(173642,248591,'http://www.lemaire.fr/','www.lemaire.fr/shop/fr/3-shop-femme','','2016-01-14 08:18:43'),(173643,248592,'http://www.lemaire.fr/','www.lemaire.fr/shop/en/3-shop-woman','','2016-01-14 08:22:07'),(173644,248593,'http://www.lemaire.fr/en/','www.lemaire.fr/shop/en/3-shop-woman','','2016-01-14 08:23:34'),(173645,248594,'http://www.lemaire.fr/en/stores/','www.lemaire.fr/shop/en/3-shop-woman','','2016-01-14 08:24:17'),(173646,248598,'http://www.lemaire.fr/','www.lemaire.fr/shop/fr/3-shop-femme','','2016-01-14 08:30:08'),(173647,248599,'http://www.lemaire.fr/','www.lemaire.fr/shop/fr/3-shop-femme','','2016-01-14 08:30:09'),(173648,248600,'http://www.lemaire.fr/collections-fr/femmes/printemps-ete-2016-femme-fr/','www.lemaire.fr/shop/fr/3-shop-femme','','2016-01-14 08:30:44'),(173649,248604,'http://www.lemaire.fr/','www.lemaire.fr/shop/fr/3-shop-femme','','2016-01-14 08:34:57'),(173650,248604,'http://www.lemaire.fr/','www.lemaire.fr/shop/fr/12-shop-homme','','2016-01-14 08:36:26'),(173651,248608,'http://www.lemaire.fr/collections-fr/hommes/automne-hiver-2016-hommes-fr/','www.lemaire.fr/shop/en/12-shop-man','','2016-01-14 08:37:10'),(173652,248609,'http://www.lemaire.fr/','www.lemaire.fr/shop/fr/12-shop-homme','','2016-01-14 08:40:17'),(173653,248611,'http://www.lemaire.fr/','www.lemaire.fr/shop/fr/3-shop-femme','','2016-01-14 08:42:26'),(173654,248612,'http://www.lemaire.fr/en/shop/en/contactez-nous','www.lemaire.fr/shop/en/authentification?back=my-account','','2016-01-14 08:44:32'),(173655,248613,'http://www.lemaire.fr/collections-fr/hommes/automne-hiver-2016-hommes-fr/','www.lemaire.fr/shop/fr/12-shop-homme','','2016-01-14 08:45:56'),(173656,248623,'http://www.lemaire.fr/','www.lemaire.fr/shop/fr/3-shop-femme','','2016-01-14 08:55:37'),(173657,248624,'http://www.lemaire.fr/','www.lemaire.fr/shop/en/12-shop-man','','2016-01-14 08:55:43'),(173658,248625,'http://www.lemaire.fr/?gclid=Cj0KEQiAiNi0BRDaobaq3dKJhrwBEiQAyVThzUR3gVC6eWO-QOTHxVWGUFSnb-PvkFKUBJuhFcBUe0waAs4s8P8HAQ','www.lemaire.fr/shop/en/3-shop-woman','','2016-01-14 08:58:13'),(173659,248627,'http://www.lemaire.fr/','www.lemaire.fr/shop/fr/3-shop-femme','','2016-01-14 09:01:10'),(173660,248628,'http://www.lemaire.fr/','www.lemaire.fr/shop/fr/3-shop-femme','','2016-01-14 09:03:19'),(173661,248629,'http://www.lemaire.fr/en/','www.lemaire.fr/shop/en/12-shop-man','','2016-01-14 09:04:51'),(173662,248630,'http://search.yahoo.co.jp/search?p=lemaire+bag&x=wrt&aq=-1&oq=&lq=&clone=&ei=UTF-8&fr=applep2','www.lemaire.fr/shop/en/13-bag','','2016-01-14 09:05:01'),(173663,248633,'http://www.lemaire.fr/collections-fr/femmes/automne-hiver-2016-femmes-fr/','www.lemaire.fr/shop/fr/3-shop-femme','','2016-01-14 09:15:08'),(173664,248634,'http://www.lemaire.fr/','www.lemaire.fr/shop/fr/3-shop-femme','','2016-01-14 09:23:48'),(173665,248635,'http://www.lemaire.fr/','www.lemaire.fr/shop/fr/12-shop-homme','','2016-01-14 09:26:54'),(173666,248637,'http://www.lemaire.fr/','www.lemaire.fr/shop/fr/3-shop-femme','','2016-01-14 09:33:04'),(173667,248639,'http://www.lemaire.fr/','www.lemaire.fr/shop/en/3-shop-woman','','2016-01-14 09:36:12'),(173668,248640,'http://www.lemaire.fr/','www.lemaire.fr/shop/fr/authentification?back=my-account','','2016-01-14 09:36:50'),(173669,248641,'http://www.lemaire.fr/','www.lemaire.fr/shop/fr/authentification?back=my-account','','2016-01-14 09:36:50'),(173670,248642,'http://www.lemaire.fr/','www.lemaire.fr/shop/fr/3-shop-femme','','2016-01-14 09:38:25'),(173671,248644,'http://www.lemaire.fr/en/','www.lemaire.fr/shop/en/3-shop-woman','','2016-01-14 09:39:27'),(173672,248645,'https://www.google.co.kr/','www.lemaire.fr/shop/en/3-shop-woman','','2016-01-14 09:41:25'),(173673,248646,'http://www.lemaire.fr/','www.lemaire.fr/shop/fr/3-shop-femme','','2016-01-14 09:41:44'),(173674,248398,'http://www.lemaire.fr/','www.lemaire.fr/shop/fr/3-shop-femme','','2016-01-14 09:42:02'),(173675,248647,'http://www.lemaire.fr/','www.lemaire.fr/shop/fr/3-shop-femme','','2016-01-14 09:44:33'),(173676,248648,'http://www.lemaire.fr/','www.lemaire.fr/shop/fr/12-shop-homme','','2016-01-14 09:45:20'),(173677,248647,'http://www.lemaire.fr/','www.lemaire.fr/shop/fr/3-shop-femme','','2016-01-14 09:45:32'),(173678,248649,'http://www.lemaire.fr/','www.lemaire.fr/shop/en/12-shop-man','','2016-01-14 09:46:07'),(173679,248651,'http://www.lemaire.fr/en/','www.lemaire.fr/shop/en/12-shop-man','','2016-01-14 09:52:35'),(173680,248652,'http://www.lemaire.fr/','www.lemaire.fr/shop/fr/3-shop-femme','','2016-01-14 09:55:05'),(173681,248653,'http://www.lemaire.fr/','www.lemaire.fr/shop/fr/3-shop-femme','','2016-01-14 09:56:16'),(173682,248654,'http://www.lemaire.fr/en/','www.lemaire.fr/shop/en/3-shop-woman','','2016-01-14 09:56:52'),(173683,248655,'http://www.lemaire.fr/','www.lemaire.fr/shop/en/3-shop-woman','','2016-01-14 09:57:30'),(173684,248460,'http://www.lemaire.fr/','www.lemaire.fr/shop/fr/3-shop-femme','','2016-01-14 09:58:22'),(173685,248656,'http://www.lemaire.fr/','www.lemaire.fr/shop/en/12-shop-man','','2016-01-14 10:01:40'),(173686,248658,'http://www.lemaire.fr/','www.lemaire.fr/shop/fr/3-shop-femme','','2016-01-14 10:03:50'),(173687,248662,'http://www.lemaire.fr/','www.lemaire.fr/shop/fr/12-shop-homme','','2016-01-14 10:11:18'),(173688,248664,'https://www.google.fr/','www.lemaire.fr/shop/fr/26-manteaux-blousons','','2016-01-14 10:12:44'),(173689,248665,'http://www.lemaire.fr/','www.lemaire.fr/shop/fr/3-shop-femme','','2016-01-14 10:13:35'),(173690,248666,'http://www.lemaire.fr/en/','www.lemaire.fr/shop/en/12-shop-man','','2016-01-14 10:13:51'),(173691,248671,'http://www.lemaire.fr/','www.lemaire.fr/shop/fr/content/1-livraison','','2016-01-14 10:18:07'),(173692,248520,'http://www.lemaire.fr/','www.lemaire.fr/shop/fr/12-shop-homme','','2016-01-14 10:23:39'),(173693,248675,'http://www.lemaire.fr/','www.lemaire.fr/shop/en/authentification?back=my-account','','2016-01-14 10:24:05'),(173694,248676,'http://www.lemaire.fr/','www.lemaire.fr/shop/en/12-shop-man','','2016-01-14 10:24:09'),(173695,248520,'http://www.lemaire.fr/','www.lemaire.fr/shop/fr/12-shop-homme','','2016-01-14 10:25:19'),(173696,248679,'https://www.google.fr/','www.lemaire.fr/shop/fr/26-manteaux-blousons','','2016-01-14 10:27:12'),(173697,248678,'http://www.lemaire.fr/','www.lemaire.fr/shop/fr/3-shop-femme','','2016-01-14 10:27:13'),(173698,248680,'http://www.lemaire.fr/','www.lemaire.fr/shop/en/commande-rapide','','2016-01-14 10:29:26'),(173699,248679,'https://www.google.fr/','www.lemaire.fr/shop/fr/26-manteaux-blousons','','2016-01-14 10:29:59'),(173700,248674,'http://www.lemaire.fr/','www.lemaire.fr/shop/fr/3-shop-femme','','2016-01-14 10:30:02'),(173701,248674,'http://www.lemaire.fr/','www.lemaire.fr/shop/fr/3-shop-femme','','2016-01-14 10:30:03'),(173702,248681,'http://www.lemaire.fr/','www.lemaire.fr/shop/fr/3-shop-femme','','2016-01-14 10:30:18');

--
-- Table structure for table `ps_contact`
--

CREATE TABLE `ps_contact` (
  `id_contact` int(10) unsigned NOT NULL AUTO_INCREMENT,
  `email` varchar(128) NOT NULL,
  `customer_service` tinyint(1) NOT NULL DEFAULT '0',
  `position` tinyint(2) unsigned NOT NULL DEFAULT '0',
  PRIMARY KEY (`id_contact`)
) ENGINE=InnoDB AUTO_INCREMENT=3 DEFAULT CHARSET=utf8;

--
-- Dumping data for table `ps_contact`
--

INSERT INTO `ps_contact` VALUES (1,'rodriguez.nicola@gmail.com',1,0),(2,'rodriguez.nicola@gmail.com',1,0);

--
-- Table structure for table `ps_contact_lang`
--

CREATE TABLE `ps_contact_lang` (
  `id_contact` int(10) unsigned NOT NULL,
  `id_lang` int(10) unsigned NOT NULL,
  `name` varchar(32) NOT NULL,
  `description` text,
  PRIMARY KEY (`id_contact`,`id_lang`)
) ENGINE=InnoDB DEFAULT CHARSET=utf8;

--
-- Dumping data for table `ps_contact_lang`
--

INSERT INTO `ps_contact_lang` VALUES (1,1,'Webmaster','Si un problème technique survient sur le site'),(1,2,'Webmaster','Si un problème technique survient sur le site'),(1,3,'Webmaster','Si un problème technique survient sur le site'),(1,4,'Webmaster','Si un problème technique survient sur le site'),(1,5,'Webmaster','Si un problème technique survient sur le site'),(2,1,'Service client','Pour toute question ou réclamation sur une commande'),(2,2,'Service client','Pour toute question ou réclamation sur une commande'),(2,3,'Service client','Pour toute question ou réclamation sur une commande'),(2,4,'Service client','Pour toute question ou réclamation sur une commande'),(2,5,'Service client','Pour toute question ou réclamation sur une commande');

--
-- Table structure for table `ps_contact_shop`
--

CREATE TABLE `ps_contact_shop` (
  `id_contact` int(11) unsigned NOT NULL,
  `id_shop` int(11) unsigned NOT NULL,
  PRIMARY KEY (`id_contact`,`id_shop`),
  KEY `id_shop` (`id_shop`)
) ENGINE=InnoDB DEFAULT CHARSET=utf8;

--
-- Dumping data for table `ps_contact_shop`
--

INSERT INTO `ps_contact_shop` VALUES (1,1),(2,1);

--
-- Table structure for table `ps_country`
--

CREATE TABLE `ps_country` (
  `id_country` int(10) unsigned NOT NULL AUTO_INCREMENT,
  `id_zone` int(10) unsigned NOT NULL,
  `id_currency` int(10) unsigned NOT NULL DEFAULT '0',
  `iso_code` varchar(3) NOT NULL,
  `call_prefix` int(10) NOT NULL DEFAULT '0',
  `active` tinyint(1) unsigned NOT NULL DEFAULT '0',
  `contains_states` tinyint(1) NOT NULL DEFAULT '0',
  `need_identification_number` tinyint(1) NOT NULL DEFAULT '0',
  `need_zip_code` tinyint(1) NOT NULL DEFAULT '1',
  `zip_code_format` varchar(12) NOT NULL DEFAULT '',
  `display_tax_label` tinyint(1) NOT NULL,
  PRIMARY KEY (`id_country`),
  KEY `country_iso_code` (`iso_code`),
  KEY `country_` (`id_zone`)
) ENGINE=InnoDB AUTO_INCREMENT=245 DEFAULT CHARSET=utf8;

--
-- Dumping data for table `ps_country`
--

INSERT INTO `ps_country` VALUES (1,1,0,'DE',49,1,0,0,1,'NNNNN',1),(2,1,0,'AT',43,1,0,0,1,'NNNN',1),(3,1,0,'BE',32,1,0,0,1,'NNNN',1),(4,2,0,'CA',1,1,1,0,1,'LNL NLN',0),(5,3,0,'CN',86,1,0,0,1,'NNNNNN',1),(6,1,0,'ES',34,1,0,1,1,'NNNNN',1),(7,1,0,'FI',358,1,0,0,1,'NNNNN',1),(8,1,0,'FR',33,1,0,0,1,'NNNNN',1),(9,1,0,'GR',30,1,0,0,1,'NNNNN',1),(10,1,0,'IT',39,1,1,0,1,'NNNNN',1),(11,3,0,'JP',81,1,1,0,1,'NNN-NNNN',1),(12,1,0,'LU',352,1,0,0,1,'NNNN',1),(13,1,0,'NL',31,1,0,0,1,'NNNN LL',1),(14,1,0,'PL',48,1,0,0,1,'NN-NNN',1),(15,1,0,'PT',351,1,0,0,1,'NNNN-NNN',1),(16,1,0,'CZ',420,1,0,0,1,'NNN NN',1),(17,1,0,'GB',44,1,0,0,1,'',1),(18,1,0,'SE',46,1,0,0,1,'NNN NN',1),(19,7,0,'CH',41,1,0,0,1,'NNNN',1),(20,1,0,'DK',45,1,0,0,1,'NNNN',1),(21,2,0,'US',1,1,1,0,1,'NNNNN',0),(22,3,0,'HK',852,1,0,0,0,'',1),(23,7,0,'NO',47,1,0,0,1,'NNNN',1),(24,5,0,'AU',61,1,0,0,1,'NNNN',1),(25,3,0,'SG',65,1,0,0,1,'NNNNNN',1),(26,1,0,'IE',353,1,0,0,0,'',1),(27,5,0,'NZ',64,1,0,0,1,'NNNN',1),(28,3,0,'KR',82,1,0,0,1,'NNN-NNN',1),(29,3,0,'IL',972,1,0,0,1,'NNNNNNN',1),(30,4,0,'ZA',27,1,0,0,1,'NNNN',1),(31,4,0,'NG',234,1,0,0,1,'',1),(32,4,0,'CI',225,1,0,0,1,'',1),(33,4,0,'TG',228,1,0,0,1,'',1),(34,6,0,'BO',591,1,0,0,1,'',1),(35,4,0,'MU',230,1,0,0,1,'',1),(36,1,0,'RO',40,1,0,0,1,'NNNNNN',1),(37,1,0,'SK',421,1,0,0,1,'NNN NN',1),(38,4,0,'DZ',213,1,0,0,1,'NNNNN',1),(39,2,0,'AS',0,1,0,0,1,'',1),(40,7,0,'AD',376,1,0,0,1,'CNNN',1),(41,4,0,'AO',244,1,0,0,0,'',1),(42,8,0,'AI',0,1,0,0,1,'',1),(43,2,0,'AG',0,1,0,0,1,'',1),(44,6,0,'AR',54,1,1,0,1,'LNNNN',1),(45,3,0,'AM',374,1,0,0,1,'NNNN',1),(46,8,0,'AW',297,1,0,0,1,'',1),(47,3,0,'AZ',994,1,0,0,1,'CNNNN',1),(48,2,0,'BS',0,1,0,0,1,'',1),(49,3,0,'BH',973,1,0,0,1,'',1),(50,3,0,'BD',880,1,0,0,1,'NNNN',1),(51,2,0,'BB',0,1,0,0,1,'CNNNNN',1),(52,7,0,'BY',0,1,0,0,1,'NNNNNN',1),(53,8,0,'BZ',501,1,0,0,0,'',1),(54,4,0,'BJ',229,1,0,0,0,'',1),(55,2,0,'BM',0,1,0,0,1,'',1),(56,3,0,'BT',975,1,0,0,1,'',1),(57,4,0,'BW',267,1,0,0,1,'',1),(58,6,0,'BR',55,1,0,0,1,'NNNNN-NNN',1),(59,3,0,'BN',673,1,0,0,1,'LLNNNN',1),(60,4,0,'BF',226,1,0,0,1,'',1),(61,3,0,'MM',95,1,0,0,1,'',1),(62,4,0,'BI',257,1,0,0,1,'',1),(63,3,0,'KH',855,1,0,0,1,'NNNNN',1),(64,4,0,'CM',237,1,0,0,1,'',1),(65,4,0,'CV',238,1,0,0,1,'NNNN',1),(66,4,0,'CF',236,1,0,0,1,'',1),(67,4,0,'TD',235,1,0,0,1,'',1),(68,6,0,'CL',56,1,0,0,1,'NNN-NNNN',1),(69,6,0,'CO',57,1,0,0,1,'NNNNNN',1),(70,4,0,'KM',269,1,0,0,1,'',1),(71,4,0,'CD',242,1,0,0,1,'',1),(72,4,0,'CG',243,1,0,0,1,'',1),(73,8,0,'CR',506,1,0,0,1,'NNNNN',1),(74,7,0,'HR',385,1,0,0,1,'NNNNN',1),(75,8,0,'CU',53,1,0,0,1,'',1),(76,1,0,'CY',357,1,0,0,1,'NNNN',1),(77,4,0,'DJ',253,1,0,0,1,'',1),(78,8,0,'DM',0,1,0,0,1,'',1),(79,8,0,'DO',0,1,0,0,1,'',1),(80,3,0,'TL',670,1,0,0,1,'',1),(81,6,0,'EC',593,1,0,0,1,'CNNNNNN',1),(82,4,0,'EG',20,1,0,0,0,'',1),(83,8,0,'SV',503,1,0,0,1,'',1),(84,4,0,'GQ',240,1,0,0,1,'',1),(85,4,0,'ER',291,1,0,0,1,'',1),(86,1,0,'EE',372,1,0,0,1,'NNNNN',1),(87,4,0,'ET',251,1,0,0,1,'',1),(88,8,0,'FK',0,1,0,0,1,'LLLL NLL',1),(89,7,0,'FO',298,1,0,0,1,'',1),(90,5,0,'FJ',679,1,0,0,1,'',1),(91,4,0,'GA',241,1,0,0,1,'',1),(92,4,0,'GM',220,1,0,0,1,'',1),(93,3,0,'GE',995,1,0,0,1,'NNNN',1),(94,4,0,'GH',233,1,0,0,1,'',1),(95,8,0,'GD',0,1,0,0,1,'',1),(96,7,0,'GL',299,1,0,0,1,'',1),(97,7,0,'GI',350,1,0,0,1,'',1),(98,8,0,'GP',590,1,0,0,1,'',1),(99,5,0,'GU',0,1,0,0,1,'',1),(100,8,0,'GT',502,1,0,0,1,'',1),(101,7,0,'GG',0,1,0,0,1,'LLN NLL',1),(102,4,0,'GN',224,1,0,0,1,'',1),(103,4,0,'GW',245,1,0,0,1,'',1),(104,6,0,'GY',592,1,0,0,1,'',1),(105,8,0,'HT',509,1,0,0,1,'',1),(106,5,0,'HM',0,1,0,0,1,'',1),(107,7,0,'VA',379,1,0,0,1,'NNNNN',1),(108,8,0,'HN',504,1,0,0,1,'',1),(109,7,0,'IS',354,1,0,0,1,'NNN',1),(110,3,0,'IN',91,1,0,0,1,'NNN NNN',1),(111,3,0,'ID',62,1,1,0,1,'NNNNN',1),(112,3,0,'IR',98,1,0,0,1,'NNNNN-NNNNN',1),(113,3,0,'IQ',964,1,0,0,1,'NNNNN',1),(114,7,0,'IM',0,1,0,0,1,'CN NLL',1),(115,8,0,'JM',0,1,0,0,1,'',1),(116,7,0,'JE',0,1,0,0,1,'CN NLL',1),(117,3,0,'JO',962,1,0,0,1,'',1),(118,3,0,'KZ',7,1,0,0,1,'NNNNNN',1),(119,4,0,'KE',254,1,0,0,1,'',1),(120,5,0,'KI',686,1,0,0,1,'',1),(121,3,0,'KP',850,1,0,0,1,'',1),(122,3,0,'KW',965,1,0,0,1,'',1),(123,3,0,'KG',996,1,0,0,1,'',1),(124,3,0,'LA',856,1,0,0,1,'',1),(125,1,0,'LV',371,1,0,0,1,'C-NNNN',1),(126,3,0,'LB',961,1,0,0,1,'',1),(127,4,0,'LS',266,1,0,0,1,'',1),(128,4,0,'LR',231,1,0,0,1,'',1),(129,4,0,'LY',218,1,0,0,1,'',1),(130,1,0,'LI',423,1,0,0,1,'NNNN',1),(131,1,0,'LT',370,1,0,0,1,'NNNNN',1),(132,3,0,'MO',853,1,0,0,0,'',1),(133,7,0,'MK',389,1,0,0,1,'',1),(134,4,0,'MG',261,1,0,0,1,'',1),(135,4,0,'MW',265,1,0,0,1,'',1),(136,3,0,'MY',60,1,0,0,1,'NNNNN',1),(137,3,0,'MV',960,1,0,0,1,'',1),(138,4,0,'ML',223,1,0,0,1,'',1),(139,1,0,'MT',356,1,0,0,1,'LLL NNNN',1),(140,5,0,'MH',692,1,0,0,1,'',1),(141,8,0,'MQ',596,1,0,0,1,'',1),(142,4,0,'MR',222,1,0,0,1,'',1),(143,1,0,'HU',36,1,0,0,1,'NNNN',1),(144,4,0,'YT',262,1,0,0,1,'',1),(145,2,0,'MX',52,1,1,1,1,'NNNNN',1),(146,5,0,'FM',691,1,0,0,1,'',1),(147,7,0,'MD',373,1,0,0,1,'C-NNNN',1),(148,7,0,'MC',377,1,0,0,1,'980NN',1),(149,3,0,'MN',976,1,0,0,1,'',1),(150,7,0,'ME',382,1,0,0,1,'NNNNN',1),(151,8,0,'MS',0,1,0,0,1,'',1),(152,4,0,'MA',212,1,0,0,1,'NNNNN',1),(153,4,0,'MZ',258,1,0,0,1,'',1),(154,4,0,'NA',264,1,0,0,1,'',1),(155,5,0,'NR',674,1,0,0,1,'',1),(156,3,0,'NP',977,1,0,0,1,'',1),(157,8,0,'AN',599,1,0,0,1,'',1),(158,5,0,'NC',687,1,0,0,1,'',1),(159,8,0,'NI',505,1,0,0,1,'NNNNNN',1),(160,4,0,'NE',227,1,0,0,1,'',1),(161,5,0,'NU',683,1,0,0,1,'',1),(162,5,0,'NF',0,1,0,0,1,'',1),(163,5,0,'MP',0,1,0,0,1,'',1),(164,3,0,'OM',968,1,0,0,1,'',1),(165,3,0,'PK',92,1,0,0,1,'',1),(166,5,0,'PW',680,1,0,0,1,'',1),(167,3,0,'PS',0,1,0,0,1,'',1),(168,8,0,'PA',507,1,0,0,1,'NNNNNN',1),(169,5,0,'PG',675,1,0,0,1,'',1),(170,6,0,'PY',595,1,0,0,1,'',1),(171,6,0,'PE',51,1,0,0,1,'',1),(172,3,0,'PH',63,1,0,0,1,'NNNN',1),(173,5,0,'PN',0,1,0,0,1,'LLLL NLL',1),(174,8,0,'PR',0,1,0,0,1,'NNNNN',1),(175,3,0,'QA',974,1,0,0,1,'',1),(176,4,0,'RE',262,1,0,0,1,'',1),(177,7,0,'RU',7,1,0,0,1,'NNNNNN',1),(178,4,0,'RW',250,1,0,0,1,'',1),(179,8,0,'BL',0,1,0,0,1,'',1),(180,8,0,'KN',0,1,0,0,1,'',1),(181,8,0,'LC',0,1,0,0,1,'',1),(182,8,0,'MF',0,1,0,0,1,'',1),(183,8,0,'PM',508,1,0,0,1,'',1),(184,8,0,'VC',0,1,0,0,1,'',1),(185,5,0,'WS',685,1,0,0,1,'',1),(186,7,0,'SM',378,1,0,0,1,'NNNNN',1),(187,4,0,'ST',239,1,0,0,1,'',1),(188,3,0,'SA',966,1,0,0,1,'',1),(189,4,0,'SN',221,1,0,0,1,'',1),(190,7,0,'RS',381,1,0,0,1,'NNNNN',1),(191,4,0,'SC',248,1,0,0,1,'',1),(192,4,0,'SL',232,1,0,0,1,'',1),(193,1,0,'SI',386,1,0,0,1,'C-NNNN',1),(194,5,0,'SB',677,1,0,0,1,'',1),(195,4,0,'SO',252,1,0,0,1,'',1),(196,8,0,'GS',0,1,0,0,1,'LLLL NLL',1),(197,3,0,'LK',94,1,0,0,1,'NNNNN',1),(198,4,0,'SD',249,1,0,0,1,'',1),(199,8,0,'SR',597,1,0,0,1,'',1),(200,7,0,'SJ',0,1,0,0,1,'',1),(201,4,0,'SZ',268,1,0,0,1,'',1),(202,3,0,'SY',963,1,0,0,1,'',1),(203,3,0,'TW',886,1,0,0,1,'NNNNN',1),(204,3,0,'TJ',992,1,0,0,1,'',1),(205,4,0,'TZ',255,1,0,0,1,'',1),(206,3,0,'TH',66,1,0,0,1,'NNNNN',1),(207,5,0,'TK',690,1,0,0,1,'',1),(208,5,0,'TO',676,1,0,0,1,'',1),(209,6,0,'TT',0,1,0,0,1,'',1),(210,4,0,'TN',216,1,0,0,1,'',1),(211,7,0,'TR',90,0,0,0,1,'NNNNN',1),(212,3,0,'TM',993,1,0,0,1,'',1),(213,8,0,'TC',0,1,0,0,1,'LLLL NLL',1),(214,5,0,'TV',688,1,0,0,1,'',1),(215,4,0,'UG',256,1,0,0,1,'',1),(216,1,0,'UA',380,1,0,0,1,'NNNNN',1),(217,3,0,'AE',971,1,0,0,1,'',1),(218,6,0,'UY',598,1,0,0,1,'',1),(219,3,0,'UZ',998,1,0,0,1,'',1),(220,5,0,'VU',678,1,0,0,1,'',1),(221,6,0,'VE',58,1,0,0,1,'',1),(222,3,0,'VN',84,1,0,0,1,'NNNNNN',1),(223,2,0,'VG',0,1,0,0,1,'CNNNN',1),(224,2,0,'VI',0,1,0,0,1,'',1),(225,5,0,'WF',681,1,0,0,1,'',1),(226,4,0,'EH',0,1,0,0,1,'',1),(227,3,0,'YE',967,1,0,0,1,'',1),(228,4,0,'ZM',260,1,0,0,1,'',1),(229,4,0,'ZW',263,1,0,0,1,'',1),(230,7,0,'AL',355,1,0,0,1,'NNNN',1),(231,3,0,'AF',93,1,0,0,0,'',1),(232,5,0,'AQ',0,1,0,0,1,'',1),(233,1,0,'BA',387,1,0,0,1,'',1),(234,5,0,'BV',0,1,0,0,1,'',1),(235,5,0,'IO',0,1,0,0,1,'LLLL NLL',1),(236,1,0,'BG',359,1,0,0,1,'NNNN',1),(237,8,0,'KY',0,1,0,0,1,'',1),(238,3,0,'CX',0,1,0,0,1,'',1),(239,3,0,'CC',0,1,0,0,1,'',1),(240,5,0,'CK',682,1,0,0,1,'',1),(241,6,0,'GF',594,1,0,0,1,'',1),(242,5,0,'PF',689,1,0,0,1,'',1),(243,5,0,'TF',0,1,0,0,1,'',1),(244,7,0,'AX',0,1,0,0,1,'NNNNN',1);

--
-- Table structure for table `ps_country_lang`
--

CREATE TABLE `ps_country_lang` (
  `id_country` int(10) unsigned NOT NULL,
  `id_lang` int(10) unsigned NOT NULL,
  `name` varchar(64) NOT NULL,
  PRIMARY KEY (`id_country`,`id_lang`)
) ENGINE=InnoDB DEFAULT CHARSET=utf8;

--
-- Dumping data for table `ps_country_lang`
--

INSERT INTO `ps_country_lang` VALUES (1,1,'Allemagne'),(1,2,'Allemagne'),(1,3,'Germany'),(1,4,'Allemagne'),(1,5,'Allemagne'),(2,1,'Autriche'),(2,2,'Autriche'),(2,3,'Austria'),(2,4,'Autriche'),(2,5,'Autriche'),(3,1,'Belgique'),(3,2,'Belgique'),(3,3,'Belgium'),(3,4,'Belgique'),(3,5,'Belgique'),(4,1,'Canada'),(4,2,'Canada'),(4,3,'Canada'),(4,4,'Canada'),(4,5,'Canada'),(5,1,'Chine'),(5,2,'Chine'),(5,3,'China'),(5,4,'Chine'),(5,5,'Chine'),(6,1,'Espagne'),(6,2,'Espagne'),(6,3,'Spain'),(6,4,'Espagne'),(6,5,'Espagne'),(7,1,'Finlande'),(7,2,'Finlande'),(7,3,'Finland'),(7,4,'Finlande'),(7,5,'Finlande'),(8,1,'France'),(8,2,'France'),(8,3,'France'),(8,4,'France'),(8,5,'France'),(9,1,'Grèce'),(9,2,'Grèce'),(9,3,'Greece'),(9,4,'Grèce'),(9,5,'Grèce'),(10,1,'Italie'),(10,2,'Italie'),(10,3,'Italy'),(10,4,'Italie'),(10,5,'Italie'),(11,1,'Japon'),(11,2,'Japon'),(11,3,'Japan'),(11,4,'Japon'),(11,5,'Japon'),(12,1,'Luxembourg'),(12,2,'Luxembourg'),(12,3,'Luxembourg'),(12,4,'Luxembourg'),(12,5,'Luxembourg'),(13,1,'Pays-bas'),(13,2,'Pays-bas'),(13,3,'Netherlands'),(13,4,'Pays-bas'),(13,5,'Pays-bas'),(14,1,'Pologne'),(14,2,'Pologne'),(14,3,'Poland'),(14,4,'Pologne'),(14,5,'Pologne'),(15,1,'Portugal'),(15,2,'Portugal'),(15,3,'Portugal'),(15,4,'Portugal'),(15,5,'Portugal'),(16,1,'République Tchèque'),(16,2,'République Tchèque'),(16,3,'Czech Republic'),(16,4,'République Tchèque'),(16,5,'République Tchèque'),(17,1,'Royaume-Uni'),(17,2,'Royaume-Uni'),(17,3,'United Kingdom'),(17,4,'Royaume-Uni'),(17,5,'Royaume-Uni'),(18,1,'Suède'),(18,2,'Suède'),(18,3,'Sweden'),(18,4,'Suède'),(18,5,'Suède'),(19,1,'Suisse'),(19,2,'Suisse'),(19,3,'Switzerland'),(19,4,'Suisse'),(19,5,'Suisse'),(20,1,'Danemark'),(20,2,'Danemark'),(20,3,'Denmark'),(20,4,'Danemark'),(20,5,'Danemark'),(21,1,'États-Unis'),(21,2,'États-Unis'),(21,3,'United States'),(21,4,'États-Unis'),(21,5,'États-Unis'),(22,1,'Hong-Kong'),(22,2,'Hong-Kong'),(22,3,'Hong Kong'),(22,4,'Hong-Kong'),(22,5,'Hong-Kong'),(23,1,'Norvège'),(23,2,'Norvège'),(23,3,'Norway'),(23,4,'Norvège'),(23,5,'Norvège'),(24,1,'Australie'),(24,2,'Australie'),(24,3,'Australia'),(24,4,'Australie'),(24,5,'Australie'),(25,1,'Singapour'),(25,2,'Singapour'),(25,3,'Singapore'),(25,4,'Singapour'),(25,5,'Singapour'),(26,1,'Irlande'),(26,2,'Irlande'),(26,3,'Ireland'),(26,4,'Irlande'),(26,5,'Irlande'),(27,1,'Nouvelle-Zélande'),(27,2,'Nouvelle-Zélande'),(27,3,'New Zealand'),(27,4,'Nouvelle-Zélande'),(27,5,'Nouvelle-Zélande'),(28,1,'Corée du Sud'),(28,2,'Corée du Sud'),(28,3,'Republic of Korea'),(28,4,'Corée du Sud'),(28,5,'Corée du Sud'),(29,1,'Israël'),(29,2,'Israël'),(29,3,'Israel'),(29,4,'Israël'),(29,5,'Israël'),(30,1,'Afrique du Sud'),(30,2,'Afrique du Sud'),(30,3,'South Africa'),(30,4,'Afrique du Sud'),(30,5,'Afrique du Sud'),(31,1,'Nigeria'),(31,2,'Nigeria'),(31,3,'Nigeria'),(31,4,'Nigeria'),(31,5,'Nigeria'),(32,1,'Côte d\'Ivoire'),(32,2,'Côte d\'Ivoire'),(32,3,'Cote d\'Ivoire'),(32,4,'Côte d\'Ivoire'),(32,5,'Côte d\'Ivoire'),(33,1,'Togo'),(33,2,'Togo'),(33,3,'Togo'),(33,4,'Togo'),(33,5,'Togo'),(34,1,'Bolivie'),(34,2,'Bolivie'),(34,3,'Bolivia'),(34,4,'Bolivie'),(34,5,'Bolivie'),(35,1,'Ile Maurice'),(35,2,'Ile Maurice'),(35,3,'Mauritius'),(35,4,'Ile Maurice'),(35,5,'Ile Maurice'),(36,1,'Roumanie'),(36,2,'Roumanie'),(36,3,'Romania'),(36,4,'Roumanie'),(36,5,'Roumanie'),(37,1,'Slovaquie'),(37,2,'Slovaquie'),(37,3,'Slovakia'),(37,4,'Slovaquie'),(37,5,'Slovaquie'),(38,1,'Algérie'),(38,2,'Algérie'),(38,3,'Algeria'),(38,4,'Algérie'),(38,5,'Algérie'),(39,1,'Samoa Américaines'),(39,2,'Samoa Américaines'),(39,3,'American Samoa'),(39,4,'Samoa Américaines'),(39,5,'Samoa Américaines'),(40,1,'Andorre'),(40,2,'Andorre'),(40,3,'Andorra'),(40,4,'Andorre'),(40,5,'Andorre'),(41,1,'Angola'),(41,2,'Angola'),(41,3,'Angola'),(41,4,'Angola'),(41,5,'Angola'),(42,1,'Anguilla'),(42,2,'Anguilla'),(42,3,'Anguilla'),(42,4,'Anguilla'),(42,5,'Anguilla'),(43,1,'Antigua et Barbuda'),(43,2,'Antigua et Barbuda'),(43,3,'Antigua and Barbuda'),(43,4,'Antigua et Barbuda'),(43,5,'Antigua et Barbuda'),(44,1,'Argentine'),(44,2,'Argentine'),(44,3,'Argentina'),(44,4,'Argentine'),(44,5,'Argentine'),(45,1,'Arménie'),(45,2,'Arménie'),(45,3,'Armenia'),(45,4,'Arménie'),(45,5,'Arménie'),(46,1,'Aruba'),(46,2,'Aruba'),(46,3,'Aruba'),(46,4,'Aruba'),(46,5,'Aruba'),(47,1,'Azerbaïdjan'),(47,2,'Azerbaïdjan'),(47,3,'Azerbaijan'),(47,4,'Azerbaïdjan'),(47,5,'Azerbaïdjan'),(48,1,'Bahamas'),(48,2,'Bahamas'),(48,3,'Bahamas'),(48,4,'Bahamas'),(48,5,'Bahamas'),(49,1,'Bahreïn'),(49,2,'Bahreïn'),(49,3,'Bahrain'),(49,4,'Bahreïn'),(49,5,'Bahreïn'),(50,1,'Bangladesh'),(50,2,'Bangladesh'),(50,3,'Bangladesh'),(50,4,'Bangladesh'),(50,5,'Bangladesh'),(51,1,'Barbade'),(51,2,'Barbade'),(51,3,'Barbados'),(51,4,'Barbade'),(51,5,'Barbade'),(52,1,'Bélarus'),(52,2,'Bélarus'),(52,3,'Belarus'),(52,4,'Bélarus'),(52,5,'Bélarus'),(53,1,'Belize'),(53,2,'Belize'),(53,3,'Belize'),(53,4,'Belize'),(53,5,'Belize'),(54,1,'Bénin'),(54,2,'Bénin'),(54,3,'Benin'),(54,4,'Bénin'),(54,5,'Bénin'),(55,1,'Bermudes'),(55,2,'Bermudes'),(55,3,'Bermuda'),(55,4,'Bermudes'),(55,5,'Bermudes'),(56,1,'Bhoutan'),(56,2,'Bhoutan'),(56,3,'Bhutan'),(56,4,'Bhoutan'),(56,5,'Bhoutan'),(57,1,'Botswana'),(57,2,'Botswana'),(57,3,'Botswana'),(57,4,'Botswana'),(57,5,'Botswana'),(58,1,'Brésil'),(58,2,'Brésil'),(58,3,'Brazil'),(58,4,'Brésil'),(58,5,'Brésil'),(59,1,'Brunéi Darussalam'),(59,2,'Brunéi Darussalam'),(59,3,'Brunei Darussalam'),(59,4,'Brunéi Darussalam'),(59,5,'Brunéi Darussalam'),(60,1,'Burkina Faso'),(60,2,'Burkina Faso'),(60,3,'Burkina Faso'),(60,4,'Burkina Faso'),(60,5,'Burkina Faso'),(61,1,'Burma (Myanmar)'),(61,2,'Burma (Myanmar)'),(61,3,'Myanmar'),(61,4,'Burma (Myanmar)'),(61,5,'Burma (Myanmar)'),(62,1,'Burundi'),(62,2,'Burundi'),(62,3,'Burundi'),(62,4,'Burundi'),(62,5,'Burundi'),(63,1,'Cambodge'),(63,2,'Cambodge'),(63,3,'Cambodia'),(63,4,'Cambodge'),(63,5,'Cambodge'),(64,1,'Cameroun'),(64,2,'Cameroun'),(64,3,'Cameroon'),(64,4,'Cameroun'),(64,5,'Cameroun'),(65,1,'Cap-Vert'),(65,2,'Cap-Vert'),(65,3,'Cape Verde'),(65,4,'Cap-Vert'),(65,5,'Cap-Vert'),(66,1,'Centrafricaine, République'),(66,2,'Centrafricaine, République'),(66,3,'Central African'),(66,4,'Centrafricaine, République'),(66,5,'Centrafricaine, République'),(67,1,'Tchad'),(67,2,'Tchad'),(67,3,'Chad'),(67,4,'Tchad'),(67,5,'Tchad'),(68,1,'Chili'),(68,2,'Chili'),(68,3,'Chile'),(68,4,'Chili'),(68,5,'Chili'),(69,1,'Colombie'),(69,2,'Colombie'),(69,3,'Colombia'),(69,4,'Colombie'),(69,5,'Colombie'),(70,1,'Comores'),(70,2,'Comores'),(70,3,'Comoros'),(70,4,'Comores'),(70,5,'Comores'),(71,1,'Congo, Rép. Dém.'),(71,2,'Congo, Rép. Dém.'),(71,3,'The Democratic Republic Of The Congo'),(71,4,'Congo, Rép. Dém.'),(71,5,'Congo, Rép. Dém.'),(72,1,'Congo, Rép.'),(72,2,'Congo, Rép.'),(72,3,'Republic of the Congo'),(72,4,'Congo, Rép.'),(72,5,'Congo, Rép.'),(73,1,'Costa Rica'),(73,2,'Costa Rica'),(73,3,'Costa Rica'),(73,4,'Costa Rica'),(73,5,'Costa Rica'),(74,1,'Croatie'),(74,2,'Croatie'),(74,3,'Croatia'),(74,4,'Croatie'),(74,5,'Croatie'),(75,1,'Cuba'),(75,2,'Cuba'),(75,3,'Cuba'),(75,4,'Cuba'),(75,5,'Cuba'),(76,1,'Chypre'),(76,2,'Chypre'),(76,3,'Cyprus'),(76,4,'Chypre'),(76,5,'Chypre'),(77,1,'Djibouti'),(77,2,'Djibouti'),(77,3,'Djibouti'),(77,4,'Djibouti'),(77,5,'Djibouti'),(78,1,'Dominica'),(78,2,'Dominica'),(78,3,'Dominica'),(78,4,'Dominica'),(78,5,'Dominica'),(79,1,'République Dominicaine'),(79,2,'République Dominicaine'),(79,3,'Dominican Republic'),(79,4,'République Dominicaine'),(79,5,'République Dominicaine'),(80,1,'Timor oriental'),(80,2,'Timor oriental'),(80,3,'Timor-Leste'),(80,4,'Timor oriental'),(80,5,'Timor oriental'),(81,1,'Équateur'),(81,2,'Équateur'),(81,3,'Ecuador'),(81,4,'Équateur'),(81,5,'Équateur'),(82,1,'Égypte'),(82,2,'Égypte'),(82,3,'Egypt'),(82,4,'Égypte'),(82,5,'Égypte'),(83,1,'El Salvador'),(83,2,'El Salvador'),(83,3,'El Salvador'),(83,4,'El Salvador'),(83,5,'El Salvador'),(84,1,'Guinée Équatoriale'),(84,2,'Guinée Équatoriale'),(84,3,'Equatorial Guinea'),(84,4,'Guinée Équatoriale'),(84,5,'Guinée Équatoriale'),(85,1,'Érythrée'),(85,2,'Érythrée'),(85,3,'Eritrea'),(85,4,'Érythrée'),(85,5,'Érythrée'),(86,1,'Estonie'),(86,2,'Estonie'),(86,3,'Estonia'),(86,4,'Estonie'),(86,5,'Estonie'),(87,1,'Éthiopie'),(87,2,'Éthiopie'),(87,3,'Ethiopia'),(87,4,'Éthiopie'),(87,5,'Éthiopie'),(88,1,'Falkland, Îles'),(88,2,'Falkland, Îles'),(88,3,'Falkland Islands'),(88,4,'Falkland, Îles'),(88,5,'Falkland, Îles'),(89,1,'Féroé, Îles'),(89,2,'Féroé, Îles'),(89,3,'Faroe Islands'),(89,4,'Féroé, Îles'),(89,5,'Féroé, Îles'),(90,1,'Fidji'),(90,2,'Fidji'),(90,3,'Fiji'),(90,4,'Fidji'),(90,5,'Fidji'),(91,1,'Gabon'),(91,2,'Gabon'),(91,3,'Gabon'),(91,4,'Gabon'),(91,5,'Gabon'),(92,1,'Gambie'),(92,2,'Gambie'),(92,3,'Gambia'),(92,4,'Gambie'),(92,5,'Gambie'),(93,1,'Géorgie'),(93,2,'Géorgie'),(93,3,'Georgia'),(93,4,'Géorgie'),(93,5,'Géorgie'),(94,1,'Ghana'),(94,2,'Ghana'),(94,3,'Ghana'),(94,4,'Ghana'),(94,5,'Ghana'),(95,1,'Grenade'),(95,2,'Grenade'),(95,3,'Grenada'),(95,4,'Grenade'),(95,5,'Grenade'),(96,1,'Groenland'),(96,2,'Groenland'),(96,3,'Greenland'),(96,4,'Groenland'),(96,5,'Groenland'),(97,1,'Gibraltar'),(97,2,'Gibraltar'),(97,3,'Gibraltar'),(97,4,'Gibraltar'),(97,5,'Gibraltar'),(98,1,'Guadeloupe'),(98,2,'Guadeloupe'),(98,3,'Guadeloupe'),(98,4,'Guadeloupe'),(98,5,'Guadeloupe'),(99,1,'Guam'),(99,2,'Guam'),(99,3,'Guam'),(99,4,'Guam'),(99,5,'Guam'),(100,1,'Guatemala'),(100,2,'Guatemala'),(100,3,'Guatemala'),(100,4,'Guatemala'),(100,5,'Guatemala'),(101,1,'Guernesey'),(101,2,'Guernesey'),(101,3,'Guernesey'),(101,4,'Guernesey'),(101,5,'Guernesey'),(102,1,'Guinée'),(102,2,'Guinée'),(102,3,'Guinea'),(102,4,'Guinée'),(102,5,'Guinée'),(103,1,'Guinée-Bissau'),(103,2,'Guinée-Bissau'),(103,3,'Guinea-Bissau'),(103,4,'Guinée-Bissau'),(103,5,'Guinée-Bissau'),(104,1,'Guyana'),(104,2,'Guyana'),(104,3,'Guyana'),(104,4,'Guyana'),(104,5,'Guyana'),(105,1,'Haîti'),(105,2,'Haîti'),(105,3,'Haiti'),(105,4,'Haîti'),(105,5,'Haîti'),(106,1,'Heard, Île et Mcdonald, Îles'),(106,2,'Heard, Île et Mcdonald, Îles'),(106,3,'Heard Island and McDonald Islands'),(106,4,'Heard, Île et Mcdonald, Îles'),(106,5,'Heard, Île et Mcdonald, Îles'),(107,1,'Saint-Siege (État de la Cité du Vatican)'),(107,2,'Saint-Siege (État de la Cité du Vatican)'),(107,3,'Vatican City State'),(107,4,'Saint-Siege (État de la Cité du Vatican)'),(107,5,'Saint-Siege (État de la Cité du Vatican)'),(108,1,'Honduras'),(108,2,'Honduras'),(108,3,'Honduras'),(108,4,'Honduras'),(108,5,'Honduras'),(109,1,'Islande'),(109,2,'Islande'),(109,3,'Iceland'),(109,4,'Islande'),(109,5,'Islande'),(110,1,'Inde'),(110,2,'Inde'),(110,3,'India'),(110,4,'Inde'),(110,5,'Inde'),(111,1,'Indonésie'),(111,2,'Indonésie'),(111,3,'Indonesia'),(111,4,'Indonésie'),(111,5,'Indonésie'),(112,1,'Iran'),(112,2,'Iran'),(112,3,'Islamic Republic of Iran'),(112,4,'Iran'),(112,5,'Iran'),(113,1,'Iraq'),(113,2,'Iraq'),(113,3,'Iraq'),(113,4,'Iraq'),(113,5,'Iraq'),(114,1,'Man, Île de'),(114,2,'Man, Île de'),(114,3,'Isle of Man'),(114,4,'Man, Île de'),(114,5,'Man, Île de'),(115,1,'Jamaique'),(115,2,'Jamaique'),(115,3,'Jamaica'),(115,4,'Jamaique'),(115,5,'Jamaique'),(116,1,'Jersey'),(116,2,'Jersey'),(116,3,'Jersey'),(116,4,'Jersey'),(116,5,'Jersey'),(117,1,'Jordanie'),(117,2,'Jordanie'),(117,3,'Jordan'),(117,4,'Jordanie'),(117,5,'Jordanie'),(118,1,'Kazakhstan'),(118,2,'Kazakhstan'),(118,3,'Kazakhstan'),(118,4,'Kazakhstan'),(118,5,'Kazakhstan'),(119,1,'Kenya'),(119,2,'Kenya'),(119,3,'Kenya'),(119,4,'Kenya'),(119,5,'Kenya'),(120,1,'Kiribati'),(120,2,'Kiribati'),(120,3,'Kiribati'),(120,4,'Kiribati'),(120,5,'Kiribati'),(121,1,'Corée, Rép. Populaire Dém. de'),(121,2,'Corée, Rép. Populaire Dém. de'),(121,3,'Democratic People\'s Republic of Korea'),(121,4,'Corée, Rép. Populaire Dém. de'),(121,5,'Corée, Rép. Populaire Dém. de'),(122,1,'Koweït'),(122,2,'Koweït'),(122,3,'Kuwait'),(122,4,'Koweït'),(122,5,'Koweït'),(123,1,'Kirghizistan'),(123,2,'Kirghizistan'),(123,3,'Kyrgyzstan'),(123,4,'Kirghizistan'),(123,5,'Kirghizistan'),(124,1,'Laos'),(124,2,'Laos'),(124,3,'Lao People\'s Democratic Republic'),(124,4,'Laos'),(124,5,'Laos'),(125,1,'Lettonie'),(125,2,'Lettonie'),(125,3,'Latvia'),(125,4,'Lettonie'),(125,5,'Lettonie'),(126,1,'Liban'),(126,2,'Liban'),(126,3,'Lebanon'),(126,4,'Liban'),(126,5,'Liban'),(127,1,'Lesotho'),(127,2,'Lesotho'),(127,3,'Lesotho'),(127,4,'Lesotho'),(127,5,'Lesotho'),(128,1,'Libéria'),(128,2,'Libéria'),(128,3,'Liberia'),(128,4,'Libéria'),(128,5,'Libéria'),(129,1,'Libyenne, Jamahiriya Arabe'),(129,2,'Libyenne, Jamahiriya Arabe'),(129,3,'Libyan Arab Jamahiriya'),(129,4,'Libyenne, Jamahiriya Arabe'),(129,5,'Libyenne, Jamahiriya Arabe'),(130,1,'Liechtenstein'),(130,2,'Liechtenstein'),(130,3,'Liechtenstein'),(130,4,'Liechtenstein'),(130,5,'Liechtenstein'),(131,1,'Lituanie'),(131,2,'Lituanie'),(131,3,'Lithuania'),(131,4,'Lituanie'),(131,5,'Lituanie'),(132,1,'Macao'),(132,2,'Macao'),(132,3,'Macao'),(132,4,'Macao'),(132,5,'Macao'),(133,1,'Macédoine'),(133,2,'Macédoine'),(133,3,'The Former Yugoslav Republic of Macedonia'),(133,4,'Macédoine'),(133,5,'Macédoine'),(134,1,'Madagascar'),(134,2,'Madagascar'),(134,3,'Madagascar'),(134,4,'Madagascar'),(134,5,'Madagascar'),(135,1,'Malawi'),(135,2,'Malawi'),(135,3,'Malawi'),(135,4,'Malawi'),(135,5,'Malawi'),(136,1,'Malaisie'),(136,2,'Malaisie'),(136,3,'Malaysia'),(136,4,'Malaisie'),(136,5,'Malaisie'),(137,1,'Maldives'),(137,2,'Maldives'),(137,3,'Maldives'),(137,4,'Maldives'),(137,5,'Maldives'),(138,1,'Mali'),(138,2,'Mali'),(138,3,'Mali'),(138,4,'Mali'),(138,5,'Mali'),(139,1,'Malte'),(139,2,'Malte'),(139,3,'Malta'),(139,4,'Malte'),(139,5,'Malte'),(140,1,'Marshall, Îles'),(140,2,'Marshall, Îles'),(140,3,'Marshall Islands'),(140,4,'Marshall, Îles'),(140,5,'Marshall, Îles'),(141,1,'Martinique'),(141,2,'Martinique'),(141,3,'Martinique'),(141,4,'Martinique'),(141,5,'Martinique'),(142,1,'Mauritanie'),(142,2,'Mauritanie'),(142,3,'Mauritania'),(142,4,'Mauritanie'),(142,5,'Mauritanie'),(143,1,'Hongrie'),(143,2,'Hongrie'),(143,3,'Hungary'),(143,4,'Hongrie'),(143,5,'Hongrie'),(144,1,'Mayotte'),(144,2,'Mayotte'),(144,3,'Mayotte'),(144,4,'Mayotte'),(144,5,'Mayotte'),(145,1,'Mexique'),(145,2,'Mexique'),(145,3,'Mexico'),(145,4,'Mexique'),(145,5,'Mexique'),(146,1,'Micronésie'),(146,2,'Micronésie'),(146,3,'Federated States of Micronesia'),(146,4,'Micronésie'),(146,5,'Micronésie'),(147,1,'Moldova'),(147,2,'Moldova'),(147,3,'Republic of Moldova'),(147,4,'Moldova'),(147,5,'Moldova'),(148,1,'Monaco'),(148,2,'Monaco'),(148,3,'Monaco'),(148,4,'Monaco'),(148,5,'Monaco'),(149,1,'Mongolie'),(149,2,'Mongolie'),(149,3,'Mongolia'),(149,4,'Mongolie'),(149,5,'Mongolie'),(150,1,'Monténégro'),(150,2,'Monténégro'),(150,3,'Montenegro'),(150,4,'Monténégro'),(150,5,'Monténégro'),(151,1,'Montserrat'),(151,2,'Montserrat'),(151,3,'Montserrat'),(151,4,'Montserrat'),(151,5,'Montserrat'),(152,1,'Maroc'),(152,2,'Maroc'),(152,3,'Morocco'),(152,4,'Maroc'),(152,5,'Maroc'),(153,1,'Mozambique'),(153,2,'Mozambique'),(153,3,'Mozambique'),(153,4,'Mozambique'),(153,5,'Mozambique'),(154,1,'Namibie'),(154,2,'Namibie'),(154,3,'Namibia'),(154,4,'Namibie'),(154,5,'Namibie'),(155,1,'Nauru'),(155,2,'Nauru'),(155,3,'Nauru'),(155,4,'Nauru'),(155,5,'Nauru'),(156,1,'Népal'),(156,2,'Népal'),(156,3,'Nepal'),(156,4,'Népal'),(156,5,'Népal'),(157,1,'Antilles Néerlandaises'),(157,2,'Antilles Néerlandaises'),(157,3,'Netherlands Antilles'),(157,4,'Antilles Néerlandaises'),(157,5,'Antilles Néerlandaises'),(158,1,'Nouvelle-Calédonie'),(158,2,'Nouvelle-Calédonie'),(158,3,'New Caledonia'),(158,4,'Nouvelle-Calédonie'),(158,5,'Nouvelle-Calédonie'),(159,1,'Nicaragua'),(159,2,'Nicaragua'),(159,3,'Nicaragua'),(159,4,'Nicaragua'),(159,5,'Nicaragua'),(160,1,'Niger'),(160,2,'Niger'),(160,3,'Niger'),(160,4,'Niger'),(160,5,'Niger'),(161,1,'Niué'),(161,2,'Niué'),(161,3,'Niue'),(161,4,'Niué'),(161,5,'Niué'),(162,1,'Norfolk, Île'),(162,2,'Norfolk, Île'),(162,3,'Norfolk Island'),(162,4,'Norfolk, Île'),(162,5,'Norfolk, Île'),(163,1,'Mariannes du Nord, Îles'),(163,2,'Mariannes du Nord, Îles'),(163,3,'Northern Mariana Islands'),(163,4,'Mariannes du Nord, Îles'),(163,5,'Mariannes du Nord, Îles'),(164,1,'Oman'),(164,2,'Oman'),(164,3,'Oman'),(164,4,'Oman'),(164,5,'Oman'),(165,1,'Pakistan'),(165,2,'Pakistan'),(165,3,'Pakistan'),(165,4,'Pakistan'),(165,5,'Pakistan'),(166,1,'Palaos'),(166,2,'Palaos'),(166,3,'Palau'),(166,4,'Palaos'),(166,5,'Palaos'),(167,1,'Palestinien Occupé, Territoire'),(167,2,'Palestinien Occupé, Territoire'),(167,3,'Occupied Palestinian Territory'),(167,4,'Palestinien Occupé, Territoire'),(167,5,'Palestinien Occupé, Territoire'),(168,1,'Panama'),(168,2,'Panama'),(168,3,'Panama'),(168,4,'Panama'),(168,5,'Panama'),(169,1,'Papouasie-Nouvelle-Guinée'),(169,2,'Papouasie-Nouvelle-Guinée'),(169,3,'Papua New Guinea'),(169,4,'Papouasie-Nouvelle-Guinée'),(169,5,'Papouasie-Nouvelle-Guinée'),(170,1,'Paraguay'),(170,2,'Paraguay'),(170,3,'Paraguay'),(170,4,'Paraguay'),(170,5,'Paraguay'),(171,1,'Pérou'),(171,2,'Pérou'),(171,3,'Peru'),(171,4,'Pérou'),(171,5,'Pérou'),(172,1,'Philippines'),(172,2,'Philippines'),(172,3,'Philippines'),(172,4,'Philippines'),(172,5,'Philippines'),(173,1,'Pitcairn'),(173,2,'Pitcairn'),(173,3,'Pitcairn'),(173,4,'Pitcairn'),(173,5,'Pitcairn'),(174,1,'Porto Rico'),(174,2,'Porto Rico'),(174,3,'Puerto Rico'),(174,4,'Porto Rico'),(174,5,'Porto Rico'),(175,1,'Qatar'),(175,2,'Qatar'),(175,3,'Qatar'),(175,4,'Qatar'),(175,5,'Qatar'),(176,1,'Réunion, Île de la'),(176,2,'Réunion, Île de la'),(176,3,'Reunion'),(176,4,'Réunion, Île de la'),(176,5,'Réunion, Île de la'),(177,1,'Russie, Fédération de'),(177,2,'Russie, Fédération de'),(177,3,'Russian Federation'),(177,4,'Russie, Fédération de'),(177,5,'Russie, Fédération de'),(178,1,'Rwanda'),(178,2,'Rwanda'),(178,3,'Rwanda'),(178,4,'Rwanda'),(178,5,'Rwanda'),(179,1,'Saint-Barthélemy'),(179,2,'Saint-Barthélemy'),(179,3,'Saint-Barthelemy'),(179,4,'Saint-Barthélemy'),(179,5,'Saint-Barthélemy'),(180,1,'Saint-Kitts-et-Nevis'),(180,2,'Saint-Kitts-et-Nevis'),(180,3,'Saint Kitts and Nevis'),(180,4,'Saint-Kitts-et-Nevis'),(180,5,'Saint-Kitts-et-Nevis'),(181,1,'Sainte-Lucie'),(181,2,'Sainte-Lucie'),(181,3,'Saint Lucia'),(181,4,'Sainte-Lucie'),(181,5,'Sainte-Lucie'),(182,1,'Saint-Martin'),(182,2,'Saint-Martin'),(182,3,'Saint-Martin'),(182,4,'Saint-Martin'),(182,5,'Saint-Martin'),(183,1,'Saint-Pierre-et-Miquelon'),(183,2,'Saint-Pierre-et-Miquelon'),(183,3,'Saint-Pierre and Miquelon'),(183,4,'Saint-Pierre-et-Miquelon'),(183,5,'Saint-Pierre-et-Miquelon'),(184,1,'Saint-Vincent-et-Les Grenadines'),(184,2,'Saint-Vincent-et-Les Grenadines'),(184,3,'Saint Vincent and the Grenadines'),(184,4,'Saint-Vincent-et-Les Grenadines'),(184,5,'Saint-Vincent-et-Les Grenadines'),(185,1,'Samoa'),(185,2,'Samoa'),(185,3,'Samoa'),(185,4,'Samoa'),(185,5,'Samoa'),(186,1,'Saint-Marin'),(186,2,'Saint-Marin'),(186,3,'San Marino'),(186,4,'Saint-Marin'),(186,5,'Saint-Marin'),(187,1,'Sao Tomé-et-Principe'),(187,2,'Sao Tomé-et-Principe'),(187,3,'Sao Tome and Principe'),(187,4,'Sao Tomé-et-Principe'),(187,5,'Sao Tomé-et-Principe'),(188,1,'Arabie Saoudite'),(188,2,'Arabie Saoudite'),(188,3,'Saudi Arabia'),(188,4,'Arabie Saoudite'),(188,5,'Arabie Saoudite'),(189,1,'Sénégal'),(189,2,'Sénégal'),(189,3,'Senegal'),(189,4,'Sénégal'),(189,5,'Sénégal'),(190,1,'Serbie'),(190,2,'Serbie'),(190,3,'Serbia'),(190,4,'Serbie'),(190,5,'Serbie'),(191,1,'Seychelles'),(191,2,'Seychelles'),(191,3,'Seychelles'),(191,4,'Seychelles'),(191,5,'Seychelles'),(192,1,'Sierra Leone'),(192,2,'Sierra Leone'),(192,3,'Sierra Leone'),(192,4,'Sierra Leone'),(192,5,'Sierra Leone'),(193,1,'Slovénie'),(193,2,'Slovénie'),(193,3,'Slovenia'),(193,4,'Slovénie'),(193,5,'Slovénie'),(194,1,'Salomon, Îles'),(194,2,'Salomon, Îles'),(194,3,'Solomon Islands'),(194,4,'Salomon, Îles'),(194,5,'Salomon, Îles'),(195,1,'Somalie'),(195,2,'Somalie'),(195,3,'Somalia'),(195,4,'Somalie'),(195,5,'Somalie'),(196,1,'Géorgie du Sud et les Îles Sandwich du Sud'),(196,2,'Géorgie du Sud et les Îles Sandwich du Sud'),(196,3,'South Georgia and the South Sandwich Islands'),(196,4,'Géorgie du Sud et les Îles Sandwich du Sud'),(196,5,'Géorgie du Sud et les Îles Sandwich du Sud'),(197,1,'Sri Lanka'),(197,2,'Sri Lanka'),(197,3,'Sri Lanka'),(197,4,'Sri Lanka'),(197,5,'Sri Lanka'),(198,1,'Soudan'),(198,2,'Soudan'),(198,3,'Sudan'),(198,4,'Soudan'),(198,5,'Soudan'),(199,1,'Suriname'),(199,2,'Suriname'),(199,3,'Suriname'),(199,4,'Suriname'),(199,5,'Suriname'),(200,1,'Svalbard et Île Jan Mayen'),(200,2,'Svalbard et Île Jan Mayen'),(200,3,'Svalbard and Jan Mayen'),(200,4,'Svalbard et Île Jan Mayen'),(200,5,'Svalbard et Île Jan Mayen'),(201,1,'Swaziland'),(201,2,'Swaziland'),(201,3,'Swaziland'),(201,4,'Swaziland'),(201,5,'Swaziland'),(202,1,'Syrienne'),(202,2,'Syrienne'),(202,3,'Syrian Arab Republic'),(202,4,'Syrienne'),(202,5,'Syrienne'),(203,1,'Taïwan'),(203,2,'Taïwan'),(203,3,'Taiwan'),(203,4,'Taïwan'),(203,5,'Taïwan'),(204,1,'Tadjikistan'),(204,2,'Tadjikistan'),(204,3,'Tajikistan'),(204,4,'Tadjikistan'),(204,5,'Tadjikistan'),(205,1,'Tanzanie'),(205,2,'Tanzanie'),(205,3,'United Republic Of Tanzania'),(205,4,'Tanzanie'),(205,5,'Tanzanie'),(206,1,'Thaïlande'),(206,2,'Thaïlande'),(206,3,'Thailand'),(206,4,'Thaïlande'),(206,5,'Thaïlande'),(207,1,'Tokelau'),(207,2,'Tokelau'),(207,3,'Tokelau'),(207,4,'Tokelau'),(207,5,'Tokelau'),(208,1,'Tonga'),(208,2,'Tonga'),(208,3,'Tonga'),(208,4,'Tonga'),(208,5,'Tonga'),(209,1,'Trinité-et-Tobago'),(209,2,'Trinité-et-Tobago'),(209,3,'Trinidad and Tobago'),(209,4,'Trinité-et-Tobago'),(209,5,'Trinité-et-Tobago'),(210,1,'Tunisie'),(210,2,'Tunisie'),(210,3,'Tunisia'),(210,4,'Tunisie'),(210,5,'Tunisie'),(211,1,'Turquie'),(211,2,'Turquie'),(211,3,'Turkey'),(211,4,'Turquie'),(211,5,'Turquie'),(212,1,'Turkménistan'),(212,2,'Turkménistan'),(212,3,'Turkmenistan'),(212,4,'Turkménistan'),(212,5,'Turkménistan'),(213,1,'Turks et Caiques, Îles'),(213,2,'Turks et Caiques, Îles'),(213,3,'Turks and Caicos Islands'),(213,4,'Turks et Caiques, Îles'),(213,5,'Turks et Caiques, Îles'),(214,1,'Tuvalu'),(214,2,'Tuvalu'),(214,3,'Tuvalu'),(214,4,'Tuvalu'),(214,5,'Tuvalu'),(215,1,'Ouganda'),(215,2,'Ouganda'),(215,3,'Uganda'),(215,4,'Ouganda'),(215,5,'Ouganda'),(216,1,'Ukraine'),(216,2,'Ukraine'),(216,3,'Ukraine'),(216,4,'Ukraine'),(216,5,'Ukraine'),(217,1,'Émirats Arabes Unis'),(217,2,'Émirats Arabes Unis'),(217,3,'United Arab Emirates'),(217,4,'Émirats Arabes Unis'),(217,5,'Émirats Arabes Unis'),(218,1,'Uruguay'),(218,2,'Uruguay'),(218,3,'Uruguay'),(218,4,'Uruguay'),(218,5,'Uruguay'),(219,1,'Ouzbékistan'),(219,2,'Ouzbékistan'),(219,3,'Uzbekistan'),(219,4,'Ouzbékistan'),(219,5,'Ouzbékistan'),(220,1,'Vanuatu'),(220,2,'Vanuatu'),(220,3,'Vanuatu'),(220,4,'Vanuatu'),(220,5,'Vanuatu'),(221,1,'Venezuela'),(221,2,'Venezuela'),(221,3,'Venezuela'),(221,4,'Venezuela'),(221,5,'Venezuela'),(222,1,'Vietnam'),(222,2,'Vietnam'),(222,3,'Vietnam'),(222,4,'Vietnam'),(222,5,'Vietnam'),(223,1,'Îles Vierges Britanniques'),(223,2,'Îles Vierges Britanniques'),(223,3,'British Virgin Islands'),(223,4,'Îles Vierges Britanniques'),(223,5,'Îles Vierges Britanniques'),(224,1,'Îles Vierges des États-Unis'),(224,2,'Îles Vierges des États-Unis'),(224,3,'U.S. Virgin Islands'),(224,4,'Îles Vierges des États-Unis'),(224,5,'Îles Vierges des États-Unis'),(225,1,'Wallis et Futuna'),(225,2,'Wallis et Futuna'),(225,3,'Wallis and Futuna'),(225,4,'Wallis et Futuna'),(225,5,'Wallis et Futuna'),(226,1,'Sahara Occidental'),(226,2,'Sahara Occidental'),(226,3,'Western Sahara'),(226,4,'Sahara Occidental'),(226,5,'Sahara Occidental'),(227,1,'Yémen'),(227,2,'Yémen'),(227,3,'Yemen'),(227,4,'Yémen'),(227,5,'Yémen'),(228,1,'Zambie'),(228,2,'Zambie'),(228,3,'Zambia'),(228,4,'Zambie'),(228,5,'Zambie'),(229,1,'Zimbabwe'),(229,2,'Zimbabwe'),(229,3,'Zimbabwe'),(229,4,'Zimbabwe'),(229,5,'Zimbabwe'),(230,1,'Albanie'),(230,2,'Albanie'),(230,3,'Albania'),(230,4,'Albanie'),(230,5,'Albanie'),(231,1,'Afghanistan'),(231,2,'Afghanistan'),(231,3,'Afghanistan'),(231,4,'Afghanistan'),(231,5,'Afghanistan'),(232,1,'Antarctique'),(232,2,'Antarctique'),(232,3,'Antarctica'),(232,4,'Antarctique'),(232,5,'Antarctique'),(233,1,'Bosnie-Herzégovine'),(233,2,'Bosnie-Herzégovine'),(233,3,'Bosnia and Herzegovina'),(233,4,'Bosnie-Herzégovine'),(233,5,'Bosnie-Herzégovine'),(234,1,'Bouvet, Île'),(234,2,'Bouvet, Île'),(234,3,'Bouvet Island'),(234,4,'Bouvet, Île'),(234,5,'Bouvet, Île'),(235,1,'Océan Indien, Territoire Britannique de L\''),(235,2,'Océan Indien, Territoire Britannique de L\''),(235,3,'British Indian Ocean Territory'),(235,4,'Océan Indien, Territoire Britannique de L\''),(235,5,'Océan Indien, Territoire Britannique de L\''),(236,1,'Bulgarie'),(236,2,'Bulgarie'),(236,3,'Bulgaria'),(236,4,'Bulgarie'),(236,5,'Bulgarie'),(237,1,'Caïmans, Îles'),(237,2,'Caïmans, Îles'),(237,3,'Cayman Islands'),(237,4,'Caïmans, Îles'),(237,5,'Caïmans, Îles'),(238,1,'Christmas, Île'),(238,2,'Christmas, Île'),(238,3,'Christmas Island'),(238,4,'Christmas, Île'),(238,5,'Christmas, Île'),(239,1,'Cocos (Keeling), Îles'),(239,2,'Cocos (Keeling), Îles'),(239,3,'Cocos (Keeling) Islands'),(239,4,'Cocos (Keeling), Îles'),(239,5,'Cocos (Keeling), Îles'),(240,1,'Cook, Îles'),(240,2,'Cook, Îles'),(240,3,'Cook Islands'),(240,4,'Cook, Îles'),(240,5,'Cook, Îles'),(241,1,'Guyane Française'),(241,2,'Guyane Française'),(241,3,'French Guiana'),(241,4,'Guyane Française'),(241,5,'Guyane Française'),(242,1,'Polynésie Française'),(242,2,'Polynésie Française'),(242,3,'French Polynesia'),(242,4,'Polynésie Française'),(242,5,'Polynésie Française'),(243,1,'Terres Australes Françaises'),(243,2,'Terres Australes Françaises'),(243,3,'French Southern Territories'),(243,4,'Terres Australes Françaises'),(243,5,'Terres Australes Françaises'),(244,1,'Åland, Îles'),(244,2,'Åland, Îles'),(244,3,'Åland, Îles'),(244,4,'Åland, Îles'),(244,5,'Åland, Îles');

--
-- Table structure for table `ps_country_shop`
--

CREATE TABLE `ps_country_shop` (
  `id_country` int(11) unsigned NOT NULL,
  `id_shop` int(11) unsigned NOT NULL,
  PRIMARY KEY (`id_country`,`id_shop`),
  KEY `id_shop` (`id_shop`)
) ENGINE=InnoDB DEFAULT CHARSET=utf8;

--
-- Dumping data for table `ps_country_shop`
--

INSERT INTO `ps_country_shop` VALUES (1,1),(2,1),(3,1),(4,1),(5,1),(6,1),(7,1),(8,1),(9,1),(10,1),(11,1),(12,1),(13,1),(14,1),(15,1),(16,1),(17,1),(18,1),(19,1),(20,1),(21,1),(22,1),(23,1),(24,1),(25,1),(26,1),(27,1),(28,1),(29,1),(30,1),(31,1),(32,1),(33,1),(34,1),(35,1),(36,1),(37,1),(38,1),(39,1),(40,1),(41,1),(42,1),(43,1),(44,1),(45,1),(46,1),(47,1),(48,1),(49,1),(50,1),(51,1),(52,1),(53,1),(54,1),(55,1),(56,1),(57,1),(58,1),(59,1),(60,1),(61,1),(62,1),(63,1),(64,1),(65,1),(66,1),(67,1),(68,1),(69,1),(70,1),(71,1),(72,1),(73,1),(74,1),(75,1),(76,1),(77,1),(78,1),(79,1),(80,1),(81,1),(82,1),(83,1),(84,1),(85,1),(86,1),(87,1),(88,1),(89,1),(90,1),(91,1),(92,1),(93,1),(94,1),(95,1),(96,1),(97,1),(98,1),(99,1),(100,1),(101,1),(102,1),(103,1),(104,1),(105,1),(106,1),(107,1),(108,1),(109,1),(110,1),(111,1),(112,1),(113,1),(114,1),(115,1),(116,1),(117,1),(118,1),(119,1),(120,1),(121,1),(122,1),(123,1),(124,1),(125,1),(126,1),(127,1),(128,1),(129,1),(130,1),(131,1),(132,1),(133,1),(134,1),(135,1),(136,1),(137,1),(138,1),(139,1),(140,1),(141,1),(142,1),(143,1),(144,1),(145,1),(146,1),(147,1),(148,1),(149,1),(150,1),(151,1),(152,1),(153,1),(154,1),(155,1),(156,1),(157,1),(158,1),(159,1),(160,1),(161,1),(162,1),(163,1),(164,1),(165,1),(166,1),(167,1),(168,1),(169,1),(170,1),(171,1),(172,1),(173,1),(174,1),(175,1),(176,1),(177,1),(178,1),(179,1),(180,1),(181,1),(182,1),(183,1),(184,1),(185,1),(186,1),(187,1),(188,1),(189,1),(190,1),(191,1),(192,1),(193,1),(194,1),(195,1),(196,1),(197,1),(198,1),(199,1),(200,1),(201,1),(202,1),(203,1),(204,1),(205,1),(206,1),(207,1),(208,1),(209,1),(210,1),(211,1),(212,1),(213,1),(214,1),(215,1),(216,1),(217,1),(218,1),(219,1),(220,1),(221,1),(222,1),(223,1),(224,1),(225,1),(226,1),(227,1),(228,1),(229,1),(230,1),(231,1),(232,1),(233,1),(234,1),(235,1),(236,1),(237,1),(238,1),(239,1),(240,1),(241,1),(242,1),(243,1),(244,1);

--
-- Table structure for table `ps_cronjobs`
--

CREATE TABLE `ps_cronjobs` (
  `id_cronjob` int(10) NOT NULL AUTO_INCREMENT,
  `id_module` int(10) DEFAULT NULL,
  `description` text,
  `task` text,
  `hour` int(11) DEFAULT '-1',
  `day` int(11) DEFAULT '-1',
  `month` int(11) DEFAULT '-1',
  `day_of_week` int(11) DEFAULT '-1',
  `updated_at` datetime DEFAULT NULL,
  `one_shot` tinyint(1) NOT NULL DEFAULT '0',
  `active` tinyint(1) DEFAULT '0',
  `id_shop` int(11) DEFAULT '0',
  `id_shop_group` int(11) DEFAULT '0',
  PRIMARY KEY (`id_cronjob`),
  KEY `id_module` (`id_module`)
) ENGINE=InnoDB DEFAULT CHARSET=utf8;

--
-- Dumping data for table `ps_cronjobs`
--


--
-- Table structure for table `ps_currency`
--

CREATE TABLE `ps_currency` (
  `id_currency` int(10) unsigned NOT NULL AUTO_INCREMENT,
  `name` varchar(32) NOT NULL,
  `iso_code` varchar(3) NOT NULL DEFAULT '0',
  `iso_code_num` varchar(3) NOT NULL DEFAULT '0',
  `sign` varchar(8) NOT NULL,
  `blank` tinyint(1) unsigned NOT NULL DEFAULT '0',
  `format` tinyint(1) unsigned NOT NULL DEFAULT '0',
  `decimals` tinyint(1) unsigned NOT NULL DEFAULT '1',
  `conversion_rate` decimal(13,6) NOT NULL,
  `deleted` tinyint(1) unsigned NOT NULL DEFAULT '0',
  `active` tinyint(1) unsigned NOT NULL DEFAULT '1',
  PRIMARY KEY (`id_currency`)
) ENGINE=InnoDB AUTO_INCREMENT=5 DEFAULT CHARSET=utf8;

--
-- Dumping data for table `ps_currency`
--

INSERT INTO `ps_currency` VALUES (1,'Euro','EUR','978','€',1,2,1,'1.000000',0,1),(2,'Pound','GBP','826','£',1,1,1,'0.778800',0,0),(3,'Peso Argentino','ARS','32','ARS',1,2,1,'10.275000',0,0),(4,'Dollar','USD','840','$',0,1,1,'1.213800',0,1);

--
-- Table structure for table `ps_currency_shop`
--

CREATE TABLE `ps_currency_shop` (
  `id_currency` int(11) unsigned NOT NULL,
  `id_shop` int(11) unsigned NOT NULL,
  `conversion_rate` decimal(13,6) NOT NULL,
  PRIMARY KEY (`id_currency`,`id_shop`),
  KEY `id_shop` (`id_shop`)
) ENGINE=InnoDB DEFAULT CHARSET=utf8;

--
-- Dumping data for table `ps_currency_shop`
--

INSERT INTO `ps_currency_shop` VALUES (1,1,'1.000000'),(2,1,'0.778800'),(3,1,'10.275000'),(4,1,'1.213800');

--
-- Table structure for table `ps_customer_group`
--

CREATE TABLE `ps_customer_group` (
  `id_customer` int(10) unsigned NOT NULL,
  `id_group` int(10) unsigned NOT NULL,
  PRIMARY KEY (`id_customer`,`id_group`),
  KEY `customer_login` (`id_group`),
  KEY `id_customer` (`id_customer`)
) ENGINE=InnoDB DEFAULT CHARSET=utf8;

--
-- Dumping data for table `ps_customer_group`
--

INSERT INTO `ps_customer_group` VALUES (3,2),(5,2),(18,2),(31,2),(38,2),(42,2),(43,2),(55,2),(62,2),(73,2),(77,2),(84,2),(85,2),(86,2),(87,2),(89,2),(91,2),(95,2),(97,2),(99,2),(103,2),(107,2),(108,2),(111,2),(113,2),(114,2),(120,2),(123,2),(131,2),(133,2),(139,2),(140,2),(142,2),(144,2),(145,2),(146,2),(148,2),(152,2),(154,2),(155,2),(157,2),(158,2),(163,2),(166,2),(170,2),(173,2),(174,2),(178,2),(179,2),(180,2),(181,2),(183,2),(188,2),(190,2),(192,2),(195,2),(199,2),(200,2),(201,2),(202,2),(204,2),(205,2),(206,2),(207,2),(208,2),(209,2),(215,2),(218,2),(219,2),(220,2),(221,2),(222,2),(225,2),(228,2),(230,2),(232,2),(233,2),(235,2),(241,2),(242,2),(244,2),(245,2),(247,2),(249,2),(250,2),(252,2),(254,2),(256,2),(257,2),(259,2),(260,2),(263,2),(268,2),(269,2),(270,2),(272,2),(282,2),(284,2),(285,2),(286,2),(287,2),(288,2),(290,2),(291,2),(292,2),(293,2),(297,2),(301,2),(302,2),(303,2),(304,2),(307,2),(314,2),(315,2),(316,2),(317,2),(318,2),(319,2),(322,2),(323,2),(326,2),(328,2),(331,2),(333,2),(337,2),(339,2),(348,2),(352,2),(353,2),(355,2),(356,2),(361,2),(365,2),(367,2),(369,2),(371,2),(372,2),(373,2),(375,2),(377,2),(379,2),(380,2),(382,2),(384,2),(385,2),(387,2),(389,2),(393,2),(394,2),(395,2),(396,2),(397,2),(401,2),(403,2),(404,2),(406,2),(408,2),(409,2),(411,2),(412,2),(414,2),(415,2),(416,2),(419,2),(420,2),(421,2),(422,2),(425,2),(426,2),(427,2),(430,2),(434,2),(436,2),(438,2),(440,2),(447,2),(448,2),(449,2),(453,2),(462,2),(463,2),(464,2),(468,2),(469,2),(470,2),(471,2),(472,2),(475,2),(478,2),(480,2),(483,2),(485,2),(486,2),(494,2),(495,2),(496,2),(499,2),(503,2),(506,2),(507,2),(508,2),(513,2),(515,2),(517,2),(518,2),(520,2),(522,2),(523,2),(524,2),(525,2),(529,2),(531,2),(536,2),(537,2),(538,2),(539,2),(541,2),(544,2),(545,2),(547,2),(548,2),(549,2),(550,2),(551,2),(561,2),(571,2),(572,2),(576,2),(578,2),(581,2),(584,2),(586,2),(589,2),(599,2),(602,2),(603,2),(604,2),(606,2),(609,2),(612,2),(613,2),(614,2),(615,2),(616,2),(617,2),(618,2),(621,2),(623,2),(628,2),(634,2),(638,2),(640,2),(642,2),(645,2),(646,2),(648,2),(649,2),(650,2),(652,2),(653,2),(655,2),(658,2),(659,2),(660,2),(661,2),(664,2),(666,2),(668,2),(669,2),(670,2),(683,2),(685,2),(686,2),(687,2),(688,2),(691,2),(692,2),(697,2),(700,2),(701,2),(702,2),(704,2),(706,2),(710,2),(712,2),(715,2),(719,2),(720,2),(721,2),(725,2),(728,2),(729,2),(730,2),(740,2),(741,2),(743,2),(744,2),(745,2),(1,3),(2,3),(4,3),(17,3),(22,3),(23,3),(24,3),(25,3),(26,3),(27,3),(28,3),(29,3),(30,3),(32,3),(33,3),(34,3),(35,3),(36,3),(37,3),(39,3),(40,3),(41,3),(44,3),(45,3),(46,3),(47,3),(49,3),(50,3),(51,3),(52,3),(53,3),(54,3),(56,3),(57,3),(58,3),(59,3),(60,3),(61,3),(63,3),(64,3),(65,3),(66,3),(67,3),(68,3),(69,3),(70,3),(71,3),(72,3),(74,3),(75,3),(76,3),(78,3),(79,3),(80,3),(81,3),(82,3),(83,3),(88,3),(90,3),(92,3),(93,3),(94,3),(96,3),(98,3),(100,3),(101,3),(102,3),(104,3),(105,3),(106,3),(109,3),(110,3),(112,3),(115,3),(116,3),(117,3),(118,3),(119,3),(121,3),(122,3),(124,3),(125,3),(126,3),(127,3),(128,3),(129,3),(130,3),(132,3),(134,3),(135,3),(136,3),(137,3),(138,3),(141,3),(143,3),(147,3),(149,3),(150,3),(151,3),(153,3),(156,3),(159,3),(160,3),(161,3),(162,3),(164,3),(165,3),(167,3),(168,3),(169,3),(171,3),(172,3),(175,3),(176,3),(177,3),(182,3),(184,3),(185,3),(186,3),(187,3),(189,3),(191,3),(193,3),(194,3),(196,3),(197,3),(198,3),(203,3),(210,3),(211,3),(212,3),(213,3),(214,3),(216,3),(217,3),(223,3),(224,3),(226,3),(227,3),(229,3),(231,3),(234,3),(236,3),(237,3),(238,3),(239,3),(240,3),(243,3),(246,3),(248,3),(251,3),(253,3),(255,3),(258,3),(261,3),(262,3),(264,3),(265,3),(266,3),(267,3),(271,3),(273,3),(274,3),(275,3),(276,3),(277,3),(278,3),(279,3),(280,3),(281,3),(283,3),(289,3),(294,3),(295,3),(296,3),(298,3),(299,3),(300,3),(305,3),(306,3),(308,3),(309,3),(310,3),(311,3),(312,3),(313,3),(320,3),(321,3),(324,3),(325,3),(327,3),(329,3),(330,3),(332,3),(334,3),(335,3),(336,3),(338,3),(340,3),(341,3),(342,3),(343,3),(344,3),(345,3),(346,3),(347,3),(349,3),(350,3),(351,3),(354,3),(357,3),(358,3),(359,3),(360,3),(362,3),(363,3),(364,3),(366,3),(368,3),(370,3),(374,3),(376,3),(378,3),(381,3),(383,3),(386,3),(388,3),(390,3),(391,3),(392,3),(398,3),(399,3),(400,3),(402,3),(405,3),(407,3),(410,3),(413,3),(417,3),(418,3),(423,3),(424,3),(428,3),(429,3),(431,3),(432,3),(433,3),(435,3),(437,3),(439,3),(441,3),(442,3),(443,3),(444,3),(445,3),(446,3),(450,3),(451,3),(452,3),(454,3),(455,3),(456,3),(457,3),(458,3),(459,3),(460,3),(461,3),(465,3),(466,3),(467,3),(473,3),(474,3),(476,3),(477,3),(479,3),(481,3),(482,3),(484,3),(487,3),(488,3),(489,3),(490,3),(491,3),(492,3),(493,3),(497,3),(498,3),(500,3),(501,3),(502,3),(504,3),(505,3),(509,3),(510,3),(511,3),(512,3),(514,3),(516,3),(519,3),(521,3),(526,3),(527,3),(528,3),(530,3),(532,3),(533,3),(534,3),(535,3),(540,3),(542,3),(543,3),(546,3),(552,3),(553,3),(554,3),(555,3),(556,3),(557,3),(558,3),(559,3),(560,3),(562,3),(563,3),(564,3),(565,3),(566,3),(567,3),(568,3),(569,3),(570,3),(573,3),(574,3),(575,3),(577,3),(579,3),(580,3),(582,3),(583,3),(585,3),(587,3),(588,3),(590,3),(591,3),(592,3),(593,3),(594,3),(595,3),(596,3),(597,3),(598,3),(600,3),(601,3),(605,3),(607,3),(608,3),(610,3),(611,3),(619,3),(620,3),(622,3),(624,3),(625,3),(626,3),(627,3),(629,3),(630,3),(631,3),(632,3),(633,3),(635,3),(636,3),(637,3),(639,3),(641,3),(643,3),(644,3),(647,3),(651,3),(654,3),(656,3),(657,3),(662,3),(663,3),(665,3),(667,3),(671,3),(672,3),(673,3),(674,3),(675,3),(676,3),(677,3),(678,3),(679,3),(680,3),(681,3),(682,3),(684,3),(689,3),(690,3),(693,3),(694,3),(695,3),(696,3),(698,3),(699,3),(703,3),(705,3),(707,3),(708,3),(709,3),(711,3),(713,3),(714,3),(716,3),(717,3),(718,3),(722,3),(723,3),(724,3),(726,3),(727,3),(731,3),(732,3),(733,3),(734,3),(735,3),(736,3),(737,3),(738,3),(739,3),(742,3);

--
-- Table structure for table `ps_customer_message`
--

CREATE TABLE `ps_customer_message` (
  `id_customer_message` int(10) unsigned NOT NULL AUTO_INCREMENT,
  `id_customer_thread` int(11) DEFAULT NULL,
  `id_employee` int(10) unsigned DEFAULT NULL,
  `message` text NOT NULL,
  `file_name` varchar(18) DEFAULT NULL,
  `ip_address` varchar(16) DEFAULT NULL,
  `user_agent` varchar(128) DEFAULT NULL,
  `date_add` datetime NOT NULL,
  `date_upd` datetime NOT NULL,
  `private` tinyint(4) NOT NULL DEFAULT '0',
  `read` tinyint(1) NOT NULL DEFAULT '0',
  PRIMARY KEY (`id_customer_message`),
  KEY `id_customer_thread` (`id_customer_thread`),
  KEY `id_employee` (`id_employee`)
) ENGINE=InnoDB AUTO_INCREMENT=65 DEFAULT CHARSET=utf8;

--
-- Dumping data for table `ps_customer_message`
--

INSERT INTO `ps_customer_message` VALUES (1,1,0,'Commande test Florence','','','','2015-01-27 14:17:06','2015-01-27 14:17:06',0,0),(2,2,0,'horaires d\'ouverture pour la livraison : entre 10h et midi.','','','','2015-02-04 15:41:48','2015-02-04 15:41:48',0,0),(3,3,0,'Bonjour,\nElle devrait être livrée à la boutique le 5, est ce confirmé ?\nmerci','','-725176180','','2015-03-03 19:34:50','2015-03-03 19:34:50',0,0),(4,4,0,'i\'d prefer this shirt in Size 44. however, if this is the only size leMaire is carrying then that\'s fine. thanks!','','1756742266','','2015-03-27 12:08:14','2015-03-27 12:08:14',0,0),(5,5,0,'Dear All,\n\nThe Ordered Articel is indicated as not available, even though the payment was charched to my credit card account. I would like you to clearify the Situation.\n\nIts is also possible to answer in French.\n\nThank you very much and happy Easter\n\nChrsitoph meyer','','','','2015-04-02 20:00:28','2015-04-02 20:00:28',0,0),(6,5,6,'Dear Christoph,\r\n\r\nThank you for your message. \r\nWe well registered your order and we will ship when receiving the stock of this item. \r\n\r\nThe online shop says \'not available\' because you ordered the last ones we have in stock, the ones we will receive are booked for you. \r\n\r\nPlease feel free to come back to us for any further information. \r\n\r\nRegards,\r\n\r\ncustomerservice@lemaire.fr','','1841216222','','2015-04-03 10:42:26','2015-04-03 10:42:26',0,1),(7,6,0,'will the pilot pants be shipped SEPARATELY? ','','','','2015-04-07 00:07:15','2015-04-07 00:07:15',0,0),(8,6,6,'Dear Jeffrey, \r\n\r\nThank you for your purchase. \r\nWe will ship all the items of your order together. \r\nShoes should arrive in stock soon. \r\n\r\nWe\'ll keep you posted. \r\n\r\nRegards,\r\n\r\ncustomerservice@lemaire.fr','','1841216222','','2015-04-07 09:57:45','2015-04-07 09:57:45',0,1),(9,7,0,'Bonjour, comme il s agit d un cadeau j aimerais savoir si vous faites ees emballages particuliers. Cordialement.','','','','2015-04-07 20:16:45','2015-04-07 20:16:45',0,0),(10,7,6,'Chère Cliente,\r\n\r\nMerci pour votre achat. \r\nLa commande sera emballé dans du papier de soie, le tout dans une belle enveloppe (type enveloppe cadeau) signée du logo Lemaire. \r\nIl faudra juste vérifier d\'enlever l\'enveloppe avec la facture si c\'est un cadeau. \r\n\r\nN\'hésitez pas à revenir vers nous pour toute information complémentaire. \r\n\r\nBien cordialement,\r\n\r\ncustomerservice@lemaire.fr','','1841216222','','2015-04-08 10:31:59','2015-04-08 10:31:59',0,0),(11,8,0,'I can not track the item with the tracking number you providein http://www.colissimo.fr/portail_colissimo/suivre.do?language=en_en, it says error when i put the number.\nPlease advise me how i should do it. \nThanks','','2060577732','','2015-04-08 15:54:13','2015-04-08 15:54:13',0,0),(12,8,0,'Yes, I know my tracking number is 1151 6000 3775 09,\nbut I can not find any information with that number in the website of colissimo.\nas colissimo\'s website suggest, their tracking number should contain 1 letter or more, but the tracking number you provided only contains digits...','','2060577732','','2015-04-09 02:42:44','2015-04-09 02:42:44',0,0),(13,9,0,'contact me when the item arrives in baku','','','','2015-04-17 19:04:39','2015-04-17 19:04:39',0,0),(14,10,0,'Could you send me the FedEx tracking number for my package?\nthank you \nAdam szymczyk','','-1190091653','','2015-04-23 13:53:34','2015-04-23 13:53:34',0,0),(15,11,0,'TEST AMEX LE GRAND ORCHESTRE','','','','2015-05-21 15:43:15','2015-05-21 15:43:15',0,0),(16,12,0,'c/o DIESEL SPA','','','','2015-06-10 17:55:09','2015-06-10 17:55:09',0,0),(17,13,0,'SS!%SALES\n','','','','2015-06-18 15:18:33','2015-06-18 15:18:33',0,0),(18,14,0,'Bonjour,\n\nJe souhaiterais vous retourner le produit pour un REMBOURSEMENT.\n\nMeRCI DE BIEN VOULOIR M\'indiquer la PROCÉDURE a suivre.','','1384097104','','2015-06-19 10:43:59','2015-06-19 10:43:59',0,0),(19,15,0,'Dear Sir, Madam,\n\n\nToday I received the Derbies - Taille 42, I love the design from the shoes and the packaging. But I’m really disappointed about the quality from the shoes...\n\n- the laces are much to short\n- you can see the glue from the heel and on that same shoe they used leather from the neck from the cow, so they leather is wrinkled\n- the nose from the shoe was probably misaligned and they correct it but you can still see the stamp from the old position and THE GLUe\n\nQuestion is, what are the possibilities or do you have another pair(size 42)?(with normal length laces)\n\n\nLooking forward to your reply.\n\n\nKind regards,\nArend Stemerding\n\nI send this text also via mail with photos.','','-1561089339','','2015-06-22 23:11:10','2015-06-22 23:11:10',0,0),(20,14,0,'Bonjour,\n\nJe vous ai retourné le produit samedi dernier.\n\nPourriez-vous me confirmer l\'avoir recu ?','','1384097104','','2015-07-02 10:16:27','2015-07-02 10:16:27',0,0),(21,14,8,'Bonjour Vincent,\r\n\r\nNon nous n\'avons rien reçu pour le moment.\r\nL\'avez-vous envoyé par FEDEX?\r\n\r\n','','1380119434','','2015-07-03 11:22:33','2015-07-03 11:22:33',0,1),(22,16,0,'Please buzz a neighbour and leave inside hallway if i am not in when delivered.','','','','2015-07-03 22:30:50','2015-07-03 22:30:50',0,0),(23,14,0,'Bonjour,\n\nJe vous ai retourné le colis par colissimo.\n\nvous devriez l\'avoir REÇU la semaine DERNIÈRE.\n\nSouhaitez-vous que je vous donne la date exacte ?\n\nCordialement,','','1384097104','','2015-07-06 10:33:57','2015-07-06 10:33:57',0,0),(24,14,8,'Cher client,\r\n\r\nOui s\'il vous plait et pourriez-vous m\'indiquer le numéro de suivi?\r\n\r\nMerci\r\n\r\nCordialement,\r\nLe service client','','1380119434','','2015-07-07 17:09:25','2015-07-07 17:09:25',0,1),(25,14,0,'Bonjour,\n\nLe numéro de suivi est le suivant : 8J00304588457\n\nAprès vérification, il semblerait que l\'adresse indiquée soit incomplète.\n\nle colis est en attente a l\'agence de paris.\n\nVotre adresse est-elle bien la suivante : JINGHILEMAIRE, 28, rue de poitou - 75003 PARIS ? ','','1384097104','','2015-07-09 09:33:57','2015-07-09 09:33:57',0,0),(26,14,8,'Bonjour,\r\n\r\nOui c\'est  bien la bonne adresse, je vais vérifier de mon côté car je ne comprends pas pourquoi la poste ne nous l\'a pas livré.\r\n \r\n\r\nCordialement,\r\nLe service client','','1380119434','','2015-07-09 11:54:51','2015-07-09 11:54:51',0,1),(27,14,8,'Cher client,\r\n\r\nJ\'ai eu le service client au téléphone et normalement le colis sera représenté dans 72 heures.\r\nJe vous tiens au courant.\r\n\r\nCordialement,\r\nLe service client','','1380119434','','2015-07-09 17:18:56','2015-07-09 17:18:56',0,1),(28,17,0,'do you offer free shipping for my first order? :-)','','','','2015-07-10 11:47:51','2015-07-10 11:47:51',0,0),(29,18,0,'please take the alleyway on the right as the flat is on the back of the building. ','','','','2015-07-16 10:17:27','2015-07-16 10:17:27',0,0),(30,19,0,'I will be in Paris 2   3 october, do you think my order will be there by than? if not i would like to change the delivery.','','','','2015-09-15 16:18:02','2015-09-15 16:18:02',0,0),(31,20,0,'Hi, is it possible to cancel the sleeveless dress (W153DR05LF045-795-36) in this order? thank you.','','','','2015-09-19 03:30:22','2015-09-19 03:30:22',0,0),(32,20,0,'also is it possible to combine my 2 orders KQZPGTSPR and ZFPLEVZKQ into 1 package? thank you.','','','','2015-09-19 03:39:51','2015-09-19 03:39:51',0,0),(33,21,0,'IF NOT AT HOME, PLS LEAVE PARCEL WITH MY NEIGHBOURS!\n/\nWenn nicht zu hause, Bitte Paket bei den Nachbarn abgeben!','','','','2015-09-20 15:12:30','2015-09-20 15:12:30',0,0),(34,21,0,'Dear lemaire Team,\n\nwhile being online there did a Feilure came up with my Order!\nI Never Ordered 3 Scarfs!\n- I ordered just 1 Scarf! -\nPlease get in Contact with me immediatley.\nFurthermore Please Confirm the Order of Just 1 Scarf and Not 3!\nThank you very much!\n\nYours sincerely,\n\nManuel Vogel','','1531125410','','2015-09-20 15:26:02','2015-09-20 15:26:02',0,0),(35,22,0,'Thank you and God bless :) Very beautiful and elegant clothing \n\nPeace,\nMustafa ','','','','2015-09-25 13:30:04','2015-09-25 13:30:04',0,0),(36,23,0,'pouvez vous m indiquer la longueur de la jupe au 0687087747 ','','','','2015-09-26 20:02:50','2015-09-26 20:02:50',0,0),(37,24,0,'I need the \'Certificate of Origin’ for each product to get FTA tax rate. \nPlease, Send me the invoice marked with its origin. then proof will be easier.\nThank you.\n \nregards,\nJeonghyun Sun','','-1218386750','','2015-10-06 01:14:02','2015-10-06 01:14:02',0,0),(38,25,0,'I\'m not available at monday in the morning','','','','2015-10-07 07:51:38','2015-10-07 07:51:38',0,0),(39,26,0,'Is it possible to send this order with order Nr. ORRJBVMRK PLACES ON 15.10.15 in one package with one shipping costs?\nI must placed two order because the maxium amount was exceedded. Plaese ask your customerservice. i have written two email because i have trouble with my order.','','','','2015-10-15 16:27:56','2015-10-15 16:27:56',0,0),(40,27,0,'Please send this order in one packagE with order Pholskgzv placed on 16.10.15 and Refund the shipping CoSt 30€. THat have worked last time. Thanks.','','','','2015-10-16 23:10:52','2015-10-16 23:10:52',0,0),(41,28,0,'I have received my order yesterday, but you sent me the sleeveless dress in midniGht blue wOOl instead of the wool blend. Can you change for me please? ','','1384441321','','2015-10-21 15:25:59','2015-10-21 15:25:59',0,0),(42,28,8,'Hello Anting,\r\n\r\nWe do apologize for the inconvenience, unfortunately the dress is not available in 36 but in 38 in wool blend.\r\nLet me know if:\r\n-you prefer to keep the dress in midnight blue and a refund between the two prices\r\nOr\r\n-A return label and the dress in wool blend in 38\r\nOr\r\nJust the return label for the dress and a refund.\r\n\r\nSorry for the mistake,\r\n\r\nBest regards\r\n','','1380119434','','2015-10-21 16:22:11','2015-10-21 16:22:11',0,1),(43,28,0,'I am really really disappointed because I have been looking forward to this dress for so long, and i made an effort to order early as well, which was more than a month ago, because i don\'t want my size to run out. is there no way you could find stock anywhere else?','','41864447','','2015-10-21 20:53:11','2015-10-21 20:53:11',0,0),(44,29,0,'can you let me know the approximate delivery time to Usa thanks','','','','2015-10-25 22:41:59','2015-10-25 22:41:59',0,0),(45,28,0,'Could you please send me a label, i would like to return both the dress and the trousers. Thank you.','','','','2015-10-26 08:48:03','2015-10-26 08:48:03',0,0),(46,29,8,'Hi Elyse,\r\n\r\nI think you made an error on the address,you wrote France and I can\'t see the city.Could you send it again to make sure we post your package to the right address.\r\nSincerely,','','1380119434','','2015-10-26 13:13:58','2015-10-26 13:13:58',0,1),(47,30,0,'Its ok to leave delivery front door.','','','','2015-11-04 09:56:44','2015-11-04 09:56:44',0,0),(48,31,0,'Please send this order with the order nr UxvgmdWgr placeD on 27.11.15 and refund the delivery cost as the Last time. Thanks for your support! Best,Jana','','','','2015-11-27 23:52:51','2015-11-27 23:52:51',0,0),(49,32,0,'Send it with my other order and refund the shipping coSts. ThAnk.','','','','2015-12-02 16:46:20','2015-12-02 16:46:20',0,0),(50,32,8,'ok I will refund you 30 euros and I will send you the jacket with your other order on friday.\r\n\r\nBest regards','','1380119434','','2015-12-02 17:02:36','2015-12-02 17:02:36',0,1),(51,33,0,'Remettre au gardien au niveau de la sortie de secours','','','','2015-12-17 16:37:38','2015-12-17 16:37:38',0,0),(52,33,8,'Bonsoir Karine,\r\n\r\nNous avons une erreur de stock sur ce panytalon,malheureusement il n\'est plus disponible.Nous vous remboursons aujourd\'hui.\r\nNous recevrons la semaine prochaine le même modèle mais en kaki.\r\nVeuillez nous excuser,\r\n\r\nCordialement,\r\nLe service client','','1380119434','','2015-12-17 17:49:10','2015-12-17 17:49:10',0,1),(53,34,0,'Please add \"ITV Studios Germany GmbH\" to the delivery address','','','','2016-01-04 07:55:35','2016-01-04 07:55:35',0,0),(54,35,0,'Merci de ne pas mettre la facture en papier dans le colis. Je sOuhaiTe la recevoIr par email.','','','','2016-01-05 17:38:45','2016-01-05 17:38:45',0,0),(55,36,0,'Could You please let me know TrAcking number for my order ? ','','2001067398','','2016-01-06 13:42:20','2016-01-06 13:42:20',0,0),(56,36,8,'Youtr tracking number is 775350513048\r\n\r\nbest regards','','1380119434','','2016-01-06 15:06:27','2016-01-06 15:06:27',0,1),(57,36,0,'I know this item include a tax. it means i pay for v.a.t only (except duty)?\n','','-1345196284','','2016-01-07 03:13:39','2016-01-07 03:13:39',0,0),(58,36,0,'does the marking of the origin of the goods (EU) show on the invoice that you sent to fedex with my order\n?','','-1345196284','','2016-01-07 03:46:54','2016-01-07 03:46:54',0,0),(59,36,0,'this product HIGH NECK RIB SWEATER LAINE EXTRA FINE FILÉE EN ITALIE OLIVE is  not on sale anymore? TT.. ','','-1345196284','','2016-01-07 11:30:45','2016-01-07 11:30:45',0,0),(60,36,8,'The price include the VAT and concerning the duty taxes it\'s possible you can be charge.\r\nYes the origin show on the invoice.\r\nThe rib sweater is unfortunately sold out.\r\n\r\nBest regards,','','1380119434','','2016-01-07 12:09:09','2016-01-07 12:09:09',0,1),(61,37,0,'Hello,\ni´m going for Paris next week (12. january) and would pick up the dress at the boutique in the aftrenoon.\nmerci and best regards\ntatiana\nwhatsapp 004915251313011','','','','2016-01-08 09:19:42','2016-01-08 09:19:42',0,0),(62,38,0,'Hi could you please send a lookbook photo to me when you ship my order (1pcs or anything else) if it is available. ','','-1345196284','','2016-01-13 10:25:11','2016-01-13 10:25:11',0,0),(63,38,0,'could you please send me a invoice that show the origin and signed to my e-mail? (thgml_67@naver.com) ','','-1345196284','','2016-01-14 03:14:42','2016-01-14 03:14:42',0,0),(64,39,0,' \nHello there,\n\nI am an international customer who purchased the below item via www.lemaire.fr (reference:W153SK08LF001-999-38)\nAs you may know Korea government has signed FTA with the E.U. and this allows me to get tax refund from Korea custom service if I submit the commercial invoice with below statement and signature on your end.\n\nStatement with 4 required fields:\nThe exporter of the products covered by this document (1) (Customs authorization Number) declares that, except where otherwise clearly indicated, \nthese products are of (2) (Country of origin) preferential origin. \n​\n(3) (Date and place) \n(4) (Official signature)  \n\nI am attaching the commercial invoice, would you be able to add the statement to the attached invoice after fill out 4 required files in the bracket HIGHLIGHTED in blue for my tax refund? \n\nYou can simply print our the attachment and write down the statement including 4 required fields Or you can reissue the commercial invoice including 4 required FIELDS or you can simply share Customs authorization Number with me.\n\nLooking forward to hearing from you very soon.\nThank you for your help in advance\n\nBest,​\nJung-Mi Yoon','','2035202298','','2016-01-14 09:36:21','2016-01-14 09:36:21',0,0);

--
-- Table structure for table `ps_customer_message_sync_imap`
--

CREATE TABLE `ps_customer_message_sync_imap` (
  `md5_header` varbinary(32) NOT NULL,
  KEY `md5_header_index` (`md5_header`(4))
) ENGINE=InnoDB DEFAULT CHARSET=utf8;

--
-- Dumping data for table `ps_customer_message_sync_imap`
--


--
-- Table structure for table `ps_customization`
--

CREATE TABLE `ps_customization` (
  `id_customization` int(10) unsigned NOT NULL AUTO_INCREMENT,
  `id_product_attribute` int(10) unsigned NOT NULL DEFAULT '0',
  `id_address_delivery` int(10) unsigned NOT NULL DEFAULT '0',
  `id_cart` int(10) unsigned NOT NULL,
  `id_product` int(10) NOT NULL,
  `quantity` int(10) NOT NULL,
  `quantity_refunded` int(11) NOT NULL DEFAULT '0',
  `quantity_returned` int(11) NOT NULL DEFAULT '0',
  `in_cart` tinyint(1) unsigned NOT NULL DEFAULT '0',
  PRIMARY KEY (`id_customization`,`id_cart`,`id_product`,`id_address_delivery`),
  KEY `id_product_attribute` (`id_product_attribute`)
) ENGINE=InnoDB DEFAULT CHARSET=utf8;

--
-- Dumping data for table `ps_customization`
--


--
-- Table structure for table `ps_customization_field`
--

CREATE TABLE `ps_customization_field` (
  `id_customization_field` int(10) unsigned NOT NULL AUTO_INCREMENT,
  `id_product` int(10) unsigned NOT NULL,
  `type` tinyint(1) NOT NULL,
  `required` tinyint(1) NOT NULL,
  PRIMARY KEY (`id_customization_field`),
  KEY `id_product` (`id_product`)
) ENGINE=InnoDB DEFAULT CHARSET=utf8;

--
-- Dumping data for table `ps_customization_field`
--


--
-- Table structure for table `ps_customization_field_lang`
--

CREATE TABLE `ps_customization_field_lang` (
  `id_customization_field` int(10) unsigned NOT NULL,
  `id_lang` int(10) unsigned NOT NULL,
  `name` varchar(255) NOT NULL,
  PRIMARY KEY (`id_customization_field`,`id_lang`)
) ENGINE=InnoDB DEFAULT CHARSET=utf8;

--
-- Dumping data for table `ps_customization_field_lang`
--


--
-- Table structure for table `ps_customized_data`
--

CREATE TABLE `ps_customized_data` (
  `id_customization` int(10) unsigned NOT NULL,
  `type` tinyint(1) NOT NULL,
  `index` int(3) NOT NULL,
  `value` varchar(255) NOT NULL,
  PRIMARY KEY (`id_customization`,`type`,`index`)
) ENGINE=InnoDB DEFAULT CHARSET=utf8;

--
-- Dumping data for table `ps_customized_data`
--


--
-- Table structure for table `ps_date_range`
--

CREATE TABLE `ps_date_range` (
  `id_date_range` int(10) unsigned NOT NULL AUTO_INCREMENT,
  `time_start` datetime NOT NULL,
  `time_end` datetime NOT NULL,
  PRIMARY KEY (`id_date_range`)
) ENGINE=InnoDB DEFAULT CHARSET=utf8;

--
-- Dumping data for table `ps_date_range`
--


--
-- Table structure for table `ps_delivery`
--

CREATE TABLE `ps_delivery` (
  `id_delivery` int(10) unsigned NOT NULL AUTO_INCREMENT,
  `id_shop` int(10) unsigned DEFAULT NULL,
  `id_shop_group` int(10) unsigned DEFAULT NULL,
  `id_carrier` int(10) unsigned NOT NULL,
  `id_range_price` int(10) unsigned DEFAULT NULL,
  `id_range_weight` int(10) unsigned DEFAULT NULL,
  `id_zone` int(10) unsigned NOT NULL,
  `price` decimal(20,6) NOT NULL,
  PRIMARY KEY (`id_delivery`),
  KEY `id_zone` (`id_zone`),
  KEY `id_carrier` (`id_carrier`,`id_zone`),
  KEY `id_range_price` (`id_range_price`),
  KEY `id_range_weight` (`id_range_weight`)
) ENGINE=InnoDB AUTO_INCREMENT=171 DEFAULT CHARSET=utf8;

--
-- Dumping data for table `ps_delivery`
--

INSERT INTO `ps_delivery` VALUES (1,NULL,NULL,2,0,1,1,'5.000000'),(2,NULL,NULL,2,0,1,2,'5.000000'),(3,NULL,NULL,2,1,0,1,'5.000000'),(4,NULL,NULL,2,1,0,2,'5.000000'),(13,NULL,NULL,8,NULL,4,4,'0.000000'),(14,NULL,NULL,8,NULL,4,3,'0.000000'),(15,NULL,NULL,8,NULL,4,8,'0.000000'),(16,NULL,NULL,8,NULL,4,1,'0.000000'),(17,NULL,NULL,8,NULL,4,7,'0.000000'),(18,NULL,NULL,8,NULL,4,2,'0.000000'),(19,NULL,NULL,8,NULL,4,5,'0.000000'),(20,NULL,NULL,8,NULL,4,6,'0.000000'),(29,NULL,NULL,9,NULL,5,4,'15.000000'),(30,NULL,NULL,9,NULL,5,3,'15.000000'),(31,NULL,NULL,9,NULL,5,8,'15.000000'),(32,NULL,NULL,9,NULL,5,1,'15.000000'),(33,NULL,NULL,9,NULL,5,7,'15.000000'),(34,NULL,NULL,9,NULL,5,2,'15.000000'),(35,NULL,NULL,9,NULL,5,5,'15.000000'),(36,NULL,NULL,9,NULL,5,6,'15.000000'),(45,NULL,NULL,10,NULL,6,4,'30.000000'),(46,NULL,NULL,10,NULL,6,3,'30.000000'),(47,NULL,NULL,10,NULL,6,8,'30.000000'),(48,NULL,NULL,10,NULL,6,1,'30.000000'),(49,NULL,NULL,10,NULL,6,7,'30.000000'),(50,NULL,NULL,10,NULL,6,2,'30.000000'),(51,NULL,NULL,10,NULL,6,5,'30.000000'),(52,NULL,NULL,10,NULL,6,6,'30.000000'),(61,NULL,NULL,12,NULL,7,4,'30.000000'),(62,NULL,NULL,12,NULL,7,3,'30.000000'),(63,NULL,NULL,12,NULL,7,8,'30.000000'),(64,NULL,NULL,12,NULL,7,1,'30.000000'),(65,NULL,NULL,12,NULL,7,7,'30.000000'),(66,NULL,NULL,12,NULL,7,2,'30.000000'),(67,NULL,NULL,12,NULL,7,5,'30.000000'),(68,NULL,NULL,12,NULL,7,6,'30.000000'),(77,NULL,NULL,13,NULL,8,4,'15.000000'),(78,NULL,NULL,13,NULL,8,3,'15.000000'),(79,NULL,NULL,13,NULL,8,8,'15.000000'),(80,NULL,NULL,13,NULL,8,1,'15.000000'),(81,NULL,NULL,13,NULL,8,7,'15.000000'),(82,NULL,NULL,13,NULL,8,2,'15.000000'),(83,NULL,NULL,13,NULL,8,5,'15.000000'),(84,NULL,NULL,13,NULL,8,6,'15.000000'),(93,NULL,NULL,14,NULL,9,4,'30.000000'),(94,NULL,NULL,14,NULL,9,3,'30.000000'),(95,NULL,NULL,14,NULL,9,8,'30.000000'),(96,NULL,NULL,14,NULL,9,1,'30.000000'),(97,NULL,NULL,14,NULL,9,7,'30.000000'),(98,NULL,NULL,14,NULL,9,2,'30.000000'),(99,NULL,NULL,14,NULL,9,5,'30.000000'),(100,NULL,NULL,14,NULL,9,6,'30.000000'),(109,NULL,NULL,15,NULL,10,4,'15.000000'),(110,NULL,NULL,15,NULL,10,3,'15.000000'),(111,NULL,NULL,15,NULL,10,8,'15.000000'),(112,NULL,NULL,15,NULL,10,1,'15.000000'),(113,NULL,NULL,15,NULL,10,7,'15.000000'),(114,NULL,NULL,15,NULL,10,2,'15.000000'),(115,NULL,NULL,15,NULL,10,5,'15.000000'),(116,NULL,NULL,15,NULL,10,6,'15.000000'),(125,NULL,NULL,16,NULL,11,4,'30.000000'),(126,NULL,NULL,16,NULL,11,3,'30.000000'),(127,NULL,NULL,16,NULL,11,8,'30.000000'),(128,NULL,NULL,16,NULL,11,1,'30.000000'),(129,NULL,NULL,16,NULL,11,7,'30.000000'),(130,NULL,NULL,16,NULL,11,2,'30.000000'),(131,NULL,NULL,16,NULL,11,5,'30.000000'),(132,NULL,NULL,16,NULL,11,6,'30.000000'),(141,NULL,NULL,17,NULL,12,4,'30.000000'),(142,NULL,NULL,17,NULL,12,3,'30.000000'),(143,NULL,NULL,17,NULL,12,8,'30.000000'),(144,NULL,NULL,17,NULL,12,1,'30.000000'),(145,NULL,NULL,17,NULL,12,7,'30.000000'),(146,NULL,NULL,17,NULL,12,2,'30.000000'),(147,NULL,NULL,17,NULL,12,5,'30.000000'),(148,NULL,NULL,17,NULL,12,6,'30.000000'),(157,NULL,NULL,18,NULL,13,4,'30.000000'),(158,NULL,NULL,18,NULL,13,3,'30.000000'),(159,NULL,NULL,18,NULL,13,8,'30.000000'),(160,NULL,NULL,18,NULL,13,1,'30.000000'),(161,NULL,NULL,18,NULL,13,7,'30.000000'),(162,NULL,NULL,18,NULL,13,2,'30.000000'),(163,NULL,NULL,18,NULL,13,5,'30.000000'),(164,NULL,NULL,18,NULL,13,6,'30.000000'),(166,NULL,NULL,19,NULL,14,1,'15.000000'),(169,NULL,NULL,20,NULL,15,1,'15.000000'),(170,NULL,NULL,20,NULL,15,7,'15.000000');

--
-- Table structure for table `ps_employee_shop`
--

CREATE TABLE `ps_employee_shop` (
  `id_employee` int(11) unsigned NOT NULL,
  `id_shop` int(11) unsigned NOT NULL,
  PRIMARY KEY (`id_employee`,`id_shop`),
  KEY `id_shop` (`id_shop`)
) ENGINE=InnoDB DEFAULT CHARSET=utf8;

--
-- Dumping data for table `ps_employee_shop`
--

INSERT INTO `ps_employee_shop` VALUES (1,1),(2,1),(4,1),(6,1),(7,1),(8,1),(9,1),(10,1),(11,1),(12,1);

--
-- Table structure for table `ps_feature`
--

CREATE TABLE `ps_feature` (
  `id_feature` int(10) unsigned NOT NULL AUTO_INCREMENT,
  `position` int(10) unsigned NOT NULL DEFAULT '0',
  PRIMARY KEY (`id_feature`)
) ENGINE=InnoDB AUTO_INCREMENT=36 DEFAULT CHARSET=utf8;

--
-- Dumping data for table `ps_feature`
--

INSERT INTO `ps_feature` VALUES (19,0),(21,2),(23,1),(24,3),(25,4),(26,5),(27,6),(28,7),(29,8),(30,9),(31,10),(32,11),(33,12),(34,13),(35,14);

--
-- Table structure for table `ps_feature_lang`
--

CREATE TABLE `ps_feature_lang` (
  `id_feature` int(10) unsigned NOT NULL,
  `id_lang` int(10) unsigned NOT NULL,
  `name` varchar(128) DEFAULT NULL,
  PRIMARY KEY (`id_feature`,`id_lang`),
  KEY `id_lang` (`id_lang`,`name`)
) ENGINE=InnoDB DEFAULT CHARSET=utf8;

--
-- Dumping data for table `ps_feature_lang`
--

INSERT INTO `ps_feature_lang` VALUES (34,1,'Composition'),(24,1,'Couleur'),(32,1,'Date Pre-Commande'),(21,1,'Entretien'),(25,1,'Famille'),(33,1,'Genre'),(35,1,'Made in'),(19,1,'Matiere'),(23,1,'Matierepays'),(29,1,'Modèle'),(31,1,'Pre-Commande'),(27,1,'Rayon'),(28,1,'Saison'),(26,1,'Sous Famille'),(30,1,'Thème'),(34,3,'Composition'),(24,3,'Couleur'),(32,3,'Date Pre-Commande'),(21,3,'Entretien'),(25,3,'Famille'),(33,3,'Genre'),(35,3,'Made in'),(19,3,'Matiere'),(23,3,'Matierepays'),(29,3,'Modèle'),(31,3,'Pre-Commande'),(27,3,'Rayon'),(28,3,'Saison'),(26,3,'Sous Famille'),(30,3,'Thème');

--
-- Table structure for table `ps_feature_product`
--

CREATE TABLE `ps_feature_product` (
  `id_feature` int(10) unsigned NOT NULL,
  `id_product` int(10) unsigned NOT NULL,
  `id_feature_value` int(10) unsigned NOT NULL,
  PRIMARY KEY (`id_feature`,`id_product`),
  KEY `id_feature_value` (`id_feature_value`),
  KEY `id_product` (`id_product`)
) ENGINE=InnoDB DEFAULT CHARSET=utf8;

--
-- Dumping data for table `ps_feature_product`
--

INSERT INTO `ps_feature_product` VALUES (19,3,514),(19,28,514),(19,29,514),(19,30,514),(19,88,514),(19,118,514),(19,119,514),(19,120,514),(19,161,514),(19,171,514),(19,172,514),(19,186,514),(19,196,514),(21,3,516),(21,6,516),(21,8,516),(21,12,516),(21,13,516),(21,16,516),(21,17,516),(21,18,516),(21,20,516),(21,21,516),(21,23,516),(21,24,516),(21,25,516),(21,26,516),(21,28,516),(21,29,516),(21,30,516),(21,32,516),(21,33,516),(21,36,516),(21,37,516),(21,39,516),(21,40,516),(21,41,516),(21,42,516),(21,44,516),(21,47,516),(21,50,516),(21,51,516),(21,52,516),(21,53,516),(21,54,516),(21,55,516),(21,56,516),(21,57,516),(21,58,516),(21,59,516),(21,60,516),(21,61,516),(21,64,516),(21,65,516),(21,67,516),(21,71,516),(21,72,516),(21,75,516),(21,76,516),(21,78,516),(21,80,516),(21,82,516),(21,83,516),(21,85,516),(21,86,516),(21,87,516),(21,88,516),(21,91,516),(21,92,516),(21,93,516),(21,94,516),(21,96,516),(21,97,516),(21,98,516),(21,100,516),(21,101,516),(21,102,516),(21,103,516),(21,105,516),(21,106,516),(21,107,516),(21,108,516),(21,110,516),(21,113,516),(21,116,516),(21,117,516),(21,118,516),(21,119,516),(21,120,516),(21,121,516),(21,122,516),(21,123,516),(21,126,516),(21,128,516),(21,129,516),(21,130,516),(21,131,516),(21,132,516),(21,135,516),(21,136,516),(21,138,516),(21,139,516),(21,141,516),(21,142,516),(21,143,516),(21,144,516),(21,145,516),(21,146,516),(21,152,516),(21,159,516),(21,160,516),(21,161,516),(21,164,516),(21,165,516),(21,166,516),(21,167,516),(21,168,516),(21,169,516),(21,171,516),(21,172,516),(21,176,516),(21,178,516),(21,179,516),(21,182,516),(21,184,516),(21,185,516),(21,186,516),(21,191,516),(21,194,516),(21,196,516),(21,197,516),(21,202,516),(21,204,516),(21,205,516),(21,206,516),(21,207,516),(21,208,516),(21,211,516),(21,213,516),(21,214,516),(21,216,516),(21,218,516),(21,219,516),(21,220,516),(21,228,516),(21,229,516),(21,237,516),(21,682,516),(21,716,516),(21,750,516),(21,818,516),(21,819,516),(21,820,516),(21,823,516),(21,824,516),(21,825,516),(21,826,516),(21,827,516),(21,828,516),(21,829,516),(21,830,516),(21,831,516),(21,832,516),(21,833,516),(21,834,516),(21,835,516),(21,836,516),(21,839,516),(21,840,516),(21,841,516),(21,842,516),(21,843,516),(21,844,516),(21,845,516),(21,846,516),(21,851,516),(21,852,516),(21,854,516),(21,860,516),(21,861,516),(21,862,516),(21,864,516),(21,870,516),(21,871,516),(21,875,516),(21,876,516),(21,877,516),(21,878,516),(21,879,516),(21,880,516),(21,882,516),(21,883,516),(21,885,516),(21,887,516),(21,889,516),(21,890,516),(21,891,516),(21,892,516),(21,893,516),(21,894,516),(21,895,516),(21,896,516),(21,897,516),(21,901,516),(21,902,516),(21,904,516),(21,923,516),(21,927,516),(21,928,516),(21,930,516),(21,933,516),(21,934,516),(21,940,516),(21,943,516),(21,944,516),(21,950,516),(21,952,516),(21,955,516),(21,956,516),(21,963,516),(21,967,516),(21,968,516),(21,969,516),(21,970,516),(21,971,516),(21,972,516),(21,974,516),(21,978,516),(21,982,516),(21,983,516),(21,987,516),(21,988,516),(21,989,516),(21,990,516),(21,991,516),(21,992,516),(21,994,516),(21,995,516),(21,996,516),(21,997,516),(21,999,516),(21,1002,516),(21,1003,516),(21,1007,516),(21,1008,516),(21,1010,516),(21,1015,516),(21,1016,516),(21,1017,516),(21,1018,516),(21,1021,516),(21,1023,516),(21,1029,516),(21,1030,516),(21,1031,516),(21,1032,516),(21,1033,516),(21,1035,516),(21,1036,516),(21,1044,516),(21,1046,516),(21,1047,516),(21,1048,516),(21,1051,516),(21,1057,516),(21,1058,516),(21,1068,516),(21,1070,516),(21,1074,516),(21,1077,516),(21,1079,516),(21,1083,516),(21,1090,516),(21,1093,516),(21,1094,516),(21,1095,516),(21,1096,516),(21,1097,516),(21,1098,516),(21,1099,516),(21,1100,516),(21,1101,516),(21,1102,516),(21,1103,516),(21,1104,516),(21,1106,516),(21,1108,516),(21,1109,516),(21,1110,516),(21,1111,516),(21,1112,516),(21,1113,516),(21,1114,516),(21,1115,516),(21,1116,516),(21,1117,516),(21,1118,516),(21,1119,516),(21,1120,516),(21,1121,516),(21,1122,516),(21,1123,516),(21,1124,516),(21,1125,516),(21,1126,516),(21,1131,516),(19,6,521),(19,47,524),(19,64,524),(19,71,524),(19,72,524),(19,113,524),(19,750,524),(19,897,524),(19,1003,524),(19,1098,524),(19,1108,524),(19,1111,524),(19,1118,524),(19,1121,524),(19,1122,524),(19,1131,524),(19,8,527),(19,12,531),(19,25,531),(19,61,531),(19,67,531),(19,107,531),(19,108,531),(19,13,533),(19,44,533),(19,117,533),(19,141,533),(19,167,533),(19,75,536),(19,76,536),(19,82,536),(19,83,536),(19,85,536),(19,98,536),(19,211,536),(19,236,536),(19,901,536),(19,904,536),(19,923,536),(19,950,536),(19,999,536),(19,1079,536),(19,1112,536),(19,1113,536),(19,1125,536),(19,1126,536),(19,16,539),(19,58,539),(19,78,539),(19,96,539),(19,97,539),(19,160,539),(19,176,539),(19,204,539),(19,205,539),(19,214,539),(19,218,539),(19,17,541),(19,26,541),(19,80,541),(19,87,541),(19,18,543),(19,23,543),(19,24,543),(19,92,543),(19,116,543),(19,56,546),(19,57,546),(19,106,546),(19,121,546),(19,122,546),(19,178,546),(19,179,546),(19,191,546),(19,197,546),(19,206,546),(19,207,546),(19,216,546),(19,219,546),(19,220,546),(19,928,546),(19,20,548),(19,21,548),(19,65,548),(19,101,548),(19,102,548),(19,103,548),(19,208,548),(19,32,556),(19,33,556),(19,36,558),(19,37,558),(19,39,558),(19,40,558),(19,41,558),(19,42,558),(19,152,560),(19,168,560),(19,169,560),(19,184,560),(19,59,562),(19,60,562),(19,165,562),(19,166,562),(19,182,562),(19,50,568),(19,51,568),(19,52,568),(19,53,571),(19,54,571),(19,55,571),(19,86,574),(19,91,574),(19,100,574),(19,105,574),(19,194,574),(19,202,574),(19,213,574),(19,228,574),(19,229,574),(19,93,576),(19,94,576),(19,110,576),(19,123,585),(19,237,585),(19,126,588),(19,146,590),(19,816,590),(19,1138,590),(19,128,592),(19,129,592),(19,130,592),(19,131,592),(19,132,592),(19,135,594),(19,136,594),(19,138,594),(19,139,594),(19,142,594),(19,143,596),(19,144,598),(19,145,598),(19,159,607),(19,185,607),(19,164,609),(19,860,609),(19,861,609),(19,862,609),(19,864,609),(19,875,609),(19,1051,609),(23,3,656),(23,28,656),(23,29,656),(23,30,656),(23,88,656),(23,118,656),(23,119,656),(23,120,656),(23,161,656),(23,171,656),(23,172,656),(23,186,656),(23,196,656),(23,6,657),(23,47,658),(23,64,658),(23,71,658),(23,72,658),(23,113,658),(23,897,658),(23,1003,658),(23,1098,658),(23,1108,658),(23,1111,658),(23,1118,658),(23,1121,658),(23,1122,658),(23,1131,658),(23,8,659),(23,12,660),(23,25,660),(23,61,660),(23,67,660),(23,107,660),(23,108,660),(23,13,661),(23,44,661),(23,141,661),(23,167,661),(23,75,662),(23,76,662),(23,82,662),(23,83,662),(23,85,662),(23,98,662),(23,211,662),(23,236,662),(23,901,662),(23,904,662),(23,923,662),(23,950,662),(23,999,662),(23,1079,662),(23,1112,662),(23,1113,662),(23,1125,662),(23,1126,662),(23,16,663),(23,58,663),(23,78,663),(23,96,663),(23,97,663),(23,160,663),(23,176,663),(23,204,663),(23,205,663),(23,214,663),(23,218,663),(23,17,664),(23,26,664),(23,80,664),(23,87,664),(23,18,665),(23,92,665),(23,56,666),(23,57,666),(23,106,666),(23,178,666),(23,179,666),(23,191,666),(23,197,666),(23,206,666),(23,207,666),(23,216,666),(23,219,666),(23,220,666),(23,928,666),(23,20,667),(23,21,667),(23,65,667),(23,101,667),(23,102,667),(23,103,667),(23,208,667),(23,23,669),(23,24,669),(23,116,669),(23,32,670),(23,33,670),(23,36,671),(23,37,671),(23,39,671),(23,40,671),(23,41,671),(23,42,671),(23,152,672),(23,168,672),(23,169,672),(23,184,672),(23,59,673),(23,60,673),(23,165,673),(23,166,673),(23,182,673),(23,50,675),(23,51,675),(23,52,675),(23,53,676),(23,54,676),(23,55,676),(23,86,677),(23,91,677),(23,100,677),(23,105,677),(23,194,677),(23,202,677),(23,213,677),(23,228,677),(23,229,677),(23,93,678),(23,94,678),(23,110,678),(23,117,680),(23,121,681),(23,122,681),(23,123,682),(23,126,683),(23,146,684),(23,816,684),(23,1138,684),(23,128,685),(23,129,685),(23,130,685),(23,131,685),(23,132,685),(23,135,686),(23,136,686),(23,138,686),(23,139,686),(23,142,686),(23,143,687),(23,144,688),(23,145,688),(23,159,691),(23,185,691),(23,164,692),(23,237,694),(24,20,695),(24,32,695),(24,47,695),(24,59,695),(24,64,695),(24,65,695),(24,71,695),(24,75,695),(24,78,695),(24,82,695),(24,93,695),(24,97,695),(24,98,695),(24,101,695),(24,107,695),(24,118,695),(24,144,695),(24,145,695),(24,211,695),(24,236,695),(24,950,695),(24,1112,695),(24,1113,695),(24,1114,695),(24,1115,695),(24,1123,695),(24,1125,695),(24,1126,695),(24,3,696),(24,28,696),(24,88,696),(24,119,696),(24,171,696),(24,29,697),(24,102,697),(24,1032,697),(24,30,698),(24,161,698),(24,172,698),(24,186,698),(24,196,698),(24,1008,698),(24,6,699),(24,139,699),(24,166,699),(24,202,699),(24,213,699),(24,229,699),(24,839,699),(24,870,699),(24,877,699),(24,891,699),(24,930,699),(24,943,699),(24,969,699),(24,1017,699),(24,1106,699),(24,8,700),(24,56,700),(24,121,700),(24,178,700),(24,191,700),(24,206,700),(24,219,700),(24,220,700),(24,928,700),(24,1131,700),(24,57,701),(24,106,701),(24,122,701),(24,179,701),(24,197,701),(24,207,701),(24,216,701),(24,12,702),(24,16,702),(24,17,702),(24,25,702),(24,26,702),(24,37,702),(24,41,702),(24,44,702),(24,51,702),(24,58,702),(24,60,702),(24,61,702),(24,67,702),(24,80,702),(24,86,702),(24,87,702),(24,91,702),(24,96,702),(24,100,702),(24,105,702),(24,108,702),(24,117,702),(24,135,702),(24,136,702),(24,138,702),(24,141,702),(24,142,702),(24,143,702),(24,159,702),(24,160,702),(24,165,702),(24,167,702),(24,176,702),(24,182,702),(24,185,702),(24,194,702),(24,204,702),(24,214,702),(24,218,702),(24,228,702),(24,825,702),(24,883,702),(24,889,702),(24,893,702),(24,901,702),(24,904,702),(24,933,702),(24,968,702),(24,972,702),(24,983,702),(24,988,702),(24,990,702),(24,1007,702),(24,1018,702),(24,1070,702),(24,1074,702),(24,1079,702),(24,1083,702),(24,1090,702),(24,1097,702),(24,1140,702),(24,13,703),(24,33,704),(24,53,704),(24,55,704),(24,76,704),(24,83,704),(24,85,704),(24,113,704),(24,120,704),(24,126,704),(24,129,704),(24,131,704),(24,146,704),(24,152,704),(24,169,704),(24,184,704),(24,816,704),(24,824,704),(24,826,704),(24,829,704),(24,830,704),(24,835,704),(24,836,704),(24,840,704),(24,842,704),(24,843,704),(24,844,704),(24,845,704),(24,851,704),(24,862,704),(24,871,704),(24,875,704),(24,878,704),(24,892,704),(24,895,704),(24,896,704),(24,897,704),(24,923,704),(24,940,704),(24,944,704),(24,963,704),(24,970,704),(24,974,704),(24,989,704),(24,992,704),(24,995,704),(24,999,704),(24,1002,704),(24,1003,704),(24,1010,704),(24,1015,704),(24,1021,704),(24,1033,704),(24,1035,704),(24,1044,704),(24,1051,704),(24,1057,704),(24,1068,704),(24,1093,704),(24,1104,704),(24,1143,704),(24,18,705),(24,24,705),(24,36,705),(24,39,705),(24,40,705),(24,42,705),(24,54,705),(24,116,705),(24,994,705),(24,21,706),(24,103,706),(24,23,708),(24,92,708),(24,128,710),(24,130,710),(24,132,710),(24,164,710),(24,1030,710),(24,50,711),(24,52,711),(24,72,712),(24,94,713),(24,237,713),(24,110,714),(24,123,716),(24,168,719),(24,205,720),(24,879,720),(24,1047,720),(24,208,721),(21,236,723),(24,716,724),(24,750,724),(19,818,727),(19,819,727),(19,820,727),(19,835,727),(19,842,727),(19,870,727),(19,871,727),(19,876,727),(19,877,727),(19,878,727),(19,940,727),(19,943,727),(19,944,727),(19,963,727),(19,992,727),(19,1010,727),(19,1021,727),(19,1036,727),(19,1044,727),(19,1093,727),(19,1104,727),(19,1110,727),(19,1119,727),(19,1120,727),(24,823,730),(24,828,730),(24,852,730),(24,854,730),(24,860,730),(24,882,730),(24,885,730),(24,894,730),(24,978,730),(24,982,730),(24,987,730),(24,991,730),(24,996,730),(24,1058,730),(24,1101,730),(24,1102,730),(24,1109,730),(19,716,731),(19,823,731),(19,824,731),(19,828,731),(19,829,731),(19,1023,731),(19,1101,731),(19,1102,731),(24,682,732),(19,825,733),(19,882,733),(19,883,733),(19,889,733),(19,996,733),(19,1058,733),(19,1070,733),(19,1109,733),(19,826,734),(19,846,734),(19,887,734),(24,827,735),(24,861,735),(24,864,735),(19,827,736),(19,896,736),(19,830,737),(19,1002,737),(19,1015,737),(19,1068,737),(19,831,739),(19,890,739),(19,1016,739),(19,1094,739),(19,832,741),(19,833,741),(19,1100,741),(19,834,744),(19,841,744),(19,1096,744),(19,1099,744),(19,836,745),(19,840,745),(19,843,746),(19,844,746),(19,845,746),(19,974,746),(19,1029,746),(19,1030,746),(19,1031,746),(19,1032,746),(19,1033,746),(19,1139,746),(19,1140,746),(19,1142,746),(19,1143,746),(19,852,747),(19,854,747),(19,885,747),(19,894,747),(19,895,747),(19,991,747),(19,879,749),(19,880,749),(19,1046,749),(19,1047,749),(19,1048,749),(24,846,751),(24,887,751),(19,851,752),(19,891,752),(19,892,752),(19,930,752),(19,969,752),(19,970,752),(19,989,752),(19,995,752),(19,1035,752),(19,1057,752),(19,1106,752),(19,682,753),(19,893,753),(19,933,753),(19,972,753),(19,990,753),(19,1074,753),(19,1083,753),(19,1114,753),(19,1123,753),(19,902,756),(19,934,756),(19,1077,756),(24,927,757),(24,971,757),(19,927,758),(24,952,759),(19,952,760),(19,955,763),(19,956,763),(24,956,764),(19,967,766),(19,968,767),(19,971,768),(19,978,769),(19,982,769),(19,983,769),(19,987,769),(19,988,769),(19,997,771),(19,1095,771),(19,1007,773),(19,1018,773),(19,1090,773),(19,1008,775),(19,839,776),(19,1017,776),(24,1029,777),(24,1031,777),(24,1036,779),(19,994,781),(19,1103,781),(19,1116,781),(19,1117,781),(19,1124,781),(23,682,962),(23,716,996),(23,750,1027),(23,1139,1060),(23,1140,1060),(23,882,1061),(23,883,1061),(23,834,1062),(23,841,1062),(23,1096,1062),(23,1099,1062),(24,834,1063),(24,841,1063),(24,1096,1063),(24,1099,1063),(23,843,1064),(23,844,1064),(23,845,1064),(23,974,1064),(23,1029,1064),(23,1030,1064),(23,1031,1064),(23,1032,1064),(23,1033,1064),(23,1142,1064),(23,1143,1064),(23,818,1065),(23,819,1065),(23,820,1065),(24,818,1066),(24,819,1067),(24,820,1068),(23,823,1070),(23,824,1070),(23,828,1070),(23,829,1070),(23,1023,1070),(23,1101,1070),(23,1102,1070),(23,825,1071),(23,889,1071),(23,996,1071),(23,1058,1071),(23,1070,1071),(23,1109,1071),(23,826,1072),(23,846,1072),(23,887,1072),(23,827,1073),(23,896,1073),(23,830,1074),(23,1002,1074),(23,1015,1074),(23,1068,1074),(23,831,1075),(23,890,1075),(23,1016,1075),(23,1094,1075),(24,831,1076),(24,890,1076),(24,1016,1076),(24,1094,1076),(23,832,1077),(23,833,1077),(23,1100,1077),(24,832,1078),(24,1100,1078),(24,833,1079),(23,835,1080),(23,842,1080),(23,940,1080),(23,943,1080),(23,944,1080),(23,963,1080),(23,992,1080),(23,1010,1080),(23,1036,1080),(23,1093,1080),(23,1104,1080),(23,836,1081),(23,840,1081),(23,952,1082),(23,839,1083),(23,1017,1083),(23,851,1084),(23,891,1084),(23,892,1084),(23,930,1084),(23,969,1084),(23,970,1084),(23,989,1084),(23,995,1084),(23,1035,1084),(23,1057,1084),(23,1106,1084),(23,997,1085),(23,1095,1085),(23,852,1086),(23,854,1086),(23,885,1086),(23,894,1086),(23,895,1086),(23,991,1086),(23,860,1088),(23,861,1088),(23,862,1088),(23,864,1088),(23,875,1088),(23,1051,1088),(23,870,1089),(23,871,1089),(23,876,1089),(23,877,1089),(23,878,1089),(23,1044,1089),(23,1110,1089),(23,1119,1089),(23,1120,1089),(23,879,1090),(23,880,1090),(23,1046,1090),(23,1047,1090),(23,1048,1090),(24,880,1091),(24,1048,1091),(24,876,1092),(24,1103,1092),(24,1110,1092),(24,1116,1092),(24,1117,1092),(24,1119,1092),(24,1120,1092),(24,1124,1092),(23,978,1093),(23,982,1093),(23,983,1093),(23,987,1093),(23,988,1093),(23,893,1094),(24,1111,1095),(24,1118,1095),(24,1121,1095),(24,1122,1095),(23,902,1096),(23,934,1096),(23,1077,1096),(24,902,1097),(24,934,1097),(24,1077,1097),(23,1008,1098),(24,1138,1099),(24,1139,1099),(24,997,1100),(24,1095,1100),(23,994,1101),(23,1103,1101),(23,1116,1101),(23,1117,1101),(23,1124,1101),(23,927,1102),(23,933,1103),(23,972,1103),(23,990,1103),(23,1074,1103),(23,1083,1103),(23,1114,1103),(23,1123,1103),(23,955,1113),(23,956,1113),(24,955,1114),(24,1023,1116),(19,1115,1117),(23,1115,1118),(23,968,1119),(23,1097,1119),(23,967,1120),(24,967,1121),(23,971,1122),(19,1097,1123),(24,1098,1125),(24,1108,1125),(23,1007,1126),(23,1018,1126),(23,1090,1126),(23,1021,1129),(24,1046,1131),(31,816,1232),(31,818,1232),(31,819,1232),(31,820,1232),(31,823,1232),(31,824,1232),(31,825,1232),(31,826,1232),(31,827,1232),(31,828,1232),(31,829,1232),(31,830,1232),(31,831,1232),(31,832,1232),(31,833,1232),(31,834,1232),(31,835,1232),(31,836,1232),(31,839,1232),(31,840,1232),(31,841,1232),(31,842,1232),(31,843,1232),(31,844,1232),(31,845,1232),(31,846,1232),(31,851,1232),(31,852,1232),(31,854,1232),(31,860,1232),(31,861,1232),(31,862,1232),(31,864,1232),(31,870,1232),(31,871,1232),(31,875,1232),(31,876,1232),(31,877,1232),(31,878,1232),(31,879,1232),(31,880,1232),(31,882,1232),(31,883,1232),(31,885,1232),(31,887,1232),(31,889,1232),(31,890,1232),(31,891,1232),(31,892,1232),(31,893,1232),(31,894,1232),(31,895,1232),(31,896,1232),(31,897,1232),(31,901,1232),(31,902,1232),(31,904,1232),(31,923,1232),(31,927,1232),(31,928,1232),(31,930,1232),(31,933,1232),(31,934,1232),(31,940,1232),(31,943,1232),(31,944,1232),(31,952,1232),(31,955,1232),(31,956,1232),(31,963,1232),(31,967,1232),(31,968,1232),(31,969,1232),(31,970,1232),(31,971,1232),(31,972,1232),(31,974,1232),(31,978,1232),(31,982,1232),(31,983,1232),(31,987,1232),(31,988,1232),(31,989,1232),(31,990,1232),(31,991,1232),(31,992,1232),(31,994,1232),(31,995,1232),(31,996,1232),(31,997,1232),(31,999,1232),(31,1002,1232),(31,1003,1232),(31,1007,1232),(31,1008,1232),(31,1010,1232),(31,1015,1232),(31,1016,1232),(31,1017,1232),(31,1018,1232),(31,1021,1232),(31,1023,1232),(31,1029,1232),(31,1030,1232),(31,1031,1232),(31,1032,1232),(31,1033,1232),(31,1035,1232),(31,1036,1232),(31,1044,1232),(31,1046,1232),(31,1047,1232),(31,1048,1232),(31,1051,1232),(31,1057,1232),(31,1058,1232),(31,1068,1232),(31,1070,1232),(31,1074,1232),(31,1077,1232),(31,1079,1232),(31,1083,1232),(31,1090,1232),(31,1093,1232),(31,1094,1232),(31,1096,1232),(31,1097,1232),(31,1098,1232),(31,1099,1232),(31,1100,1232),(31,1101,1232),(31,1102,1232),(31,1103,1232),(31,1104,1232),(31,1106,1232),(31,1108,1232),(31,1109,1232),(31,1110,1232),(31,1111,1232),(31,1112,1232),(31,1113,1232),(31,1114,1232),(31,1115,1232),(31,1116,1232),(31,1117,1232),(31,1118,1232),(31,1119,1232),(31,1120,1232),(31,1121,1232),(31,1122,1232),(31,1123,1232),(31,1124,1232),(31,1125,1232),(31,1126,1232),(31,1131,1232),(31,1138,1232),(31,1139,1232),(31,1140,1232),(31,1141,1232),(31,1142,1232),(31,1143,1232),(19,1141,1270),(23,1141,1271),(24,1141,1272),(35,1141,1273),(24,1142,1290);

--
-- Table structure for table `ps_feature_shop`
--

CREATE TABLE `ps_feature_shop` (
  `id_feature` int(11) unsigned NOT NULL,
  `id_shop` int(11) unsigned NOT NULL,
  PRIMARY KEY (`id_feature`,`id_shop`),
  KEY `id_shop` (`id_shop`)
) ENGINE=InnoDB DEFAULT CHARSET=utf8;

--
-- Dumping data for table `ps_feature_shop`
--

INSERT INTO `ps_feature_shop` VALUES (19,1),(21,1),(23,1),(24,1),(25,1),(26,1),(27,1),(28,1),(29,1),(30,1),(31,1),(32,1),(33,1),(34,1),(35,1);

--
-- Table structure for table `ps_feature_value`
--

CREATE TABLE `ps_feature_value` (
  `id_feature_value` int(10) unsigned NOT NULL AUTO_INCREMENT,
  `id_feature` int(10) unsigned NOT NULL,
  `custom` tinyint(3) unsigned DEFAULT NULL,
  PRIMARY KEY (`id_feature_value`),
  KEY `feature` (`id_feature`)
) ENGINE=InnoDB AUTO_INCREMENT=1291 DEFAULT CHARSET=utf8;

--
-- Dumping data for table `ps_feature_value`
--

INSERT INTO `ps_feature_value` VALUES (514,19,0),(516,21,0),(521,19,0),(524,19,0),(527,19,0),(531,19,0),(533,19,0),(536,19,0),(539,19,0),(541,19,0),(543,19,0),(546,19,0),(548,19,0),(551,19,0),(556,19,0),(558,19,0),(560,19,0),(562,19,0),(564,19,0),(568,19,0),(571,19,0),(574,19,0),(576,19,0),(579,19,0),(585,19,0),(588,19,0),(590,19,0),(592,19,0),(594,19,0),(596,19,0),(598,19,0),(600,19,0),(602,19,0),(607,19,0),(609,19,0),(613,19,0),(656,23,0),(657,23,0),(658,23,0),(659,23,0),(660,23,0),(661,23,0),(662,23,0),(663,23,0),(664,23,0),(665,23,0),(666,23,0),(667,23,0),(668,23,0),(669,23,0),(670,23,0),(671,23,0),(672,23,0),(673,23,0),(674,23,0),(675,23,0),(676,23,0),(677,23,0),(678,23,0),(679,23,0),(680,23,0),(681,23,0),(682,23,0),(683,23,0),(684,23,0),(685,23,0),(686,23,0),(687,23,0),(688,23,0),(689,23,0),(690,23,0),(691,23,0),(692,23,0),(693,23,0),(694,23,0),(695,24,0),(696,24,0),(697,24,0),(698,24,0),(699,24,0),(700,24,0),(701,24,0),(702,24,0),(703,24,0),(704,24,0),(705,24,0),(706,24,0),(707,24,0),(708,24,0),(709,24,0),(710,24,0),(711,24,0),(712,24,0),(713,24,0),(714,24,0),(715,24,0),(716,24,0),(717,24,0),(718,24,0),(719,24,0),(720,24,0),(721,24,0),(722,24,0),(723,21,0),(724,24,0),(725,19,0),(726,24,0),(727,19,0),(728,24,0),(729,24,0),(730,24,0),(731,19,0),(732,24,0),(733,19,0),(734,19,0),(735,24,0),(736,19,0),(737,19,0),(738,24,0),(739,19,0),(740,24,0),(741,19,0),(742,24,0),(743,24,0),(744,19,0),(745,19,0),(746,19,0),(747,19,0),(748,24,0),(749,19,0),(750,24,0),(751,24,0),(752,19,0),(753,19,0),(754,19,0),(755,24,0),(756,19,0),(757,24,0),(758,19,0),(759,24,0),(760,19,0),(761,24,0),(762,24,0),(763,19,0),(764,24,0),(765,24,0),(766,19,0),(767,19,0),(768,19,0),(769,19,0),(770,24,0),(771,19,0),(772,24,0),(773,19,0),(774,24,0),(775,19,0),(776,19,0),(777,24,0),(778,24,0),(779,24,0),(780,24,0),(781,19,0),(962,23,1),(996,23,1),(1027,23,1),(1056,19,0),(1057,19,0),(1060,23,0),(1061,23,0),(1062,23,0),(1063,24,0),(1064,23,0),(1065,23,0),(1066,24,0),(1067,24,0),(1068,24,0),(1069,24,0),(1070,23,0),(1071,23,0),(1072,23,0),(1073,23,0),(1074,23,0),(1075,23,0),(1076,24,0),(1077,23,0),(1078,24,0),(1079,24,0),(1080,23,0),(1081,23,0),(1082,23,0),(1083,23,0),(1084,23,0),(1085,23,0),(1086,23,0),(1087,23,0),(1088,23,0),(1089,23,0),(1090,23,0),(1091,24,0),(1092,24,0),(1093,23,0),(1094,23,0),(1095,24,0),(1096,23,0),(1097,24,0),(1098,23,0),(1099,24,0),(1100,24,0),(1101,23,0),(1102,23,0),(1103,23,0),(1104,19,0),(1105,23,0),(1106,19,0),(1107,23,0),(1108,23,0),(1109,24,0),(1110,23,0),(1111,24,0),(1112,24,0),(1113,23,0),(1114,24,0),(1115,24,0),(1116,24,0),(1117,19,0),(1118,23,0),(1119,23,0),(1120,23,0),(1121,24,0),(1122,23,0),(1123,19,0),(1124,23,0),(1125,24,0),(1126,23,0),(1127,19,0),(1128,23,0),(1129,23,0),(1130,24,0),(1131,24,0),(1132,24,0),(1133,19,0),(1134,23,0),(1144,24,0),(1145,24,0),(1146,19,0),(1147,23,0),(1148,19,0),(1149,23,0),(1150,24,0),(1151,24,0),(1152,19,0),(1153,23,0),(1154,19,0),(1155,23,0),(1156,19,0),(1157,23,0),(1158,19,0),(1159,23,0),(1160,19,0),(1161,23,0),(1162,19,0),(1163,23,0),(1164,19,0),(1165,23,0),(1166,19,0),(1167,23,0),(1168,24,0),(1169,23,0),(1170,19,0),(1171,23,0),(1172,19,0),(1173,23,0),(1174,19,0),(1175,23,0),(1176,19,0),(1177,23,0),(1178,19,0),(1179,23,0),(1180,19,0),(1181,23,0),(1182,23,0),(1183,23,0),(1184,19,0),(1185,23,0),(1186,24,0),(1187,23,0),(1188,24,0),(1189,19,0),(1190,23,0),(1191,19,0),(1192,19,0),(1193,23,0),(1194,19,0),(1195,23,0),(1196,19,0),(1197,23,0),(1198,19,0),(1199,23,0),(1200,19,0),(1201,23,0),(1202,19,0),(1203,23,0),(1204,24,0),(1205,24,0),(1206,24,0),(1207,19,0),(1208,23,0),(1209,24,0),(1210,24,0),(1211,24,0),(1212,24,0),(1213,19,0),(1214,23,0),(1215,19,0),(1216,23,0),(1217,24,0),(1218,24,0),(1219,24,0),(1220,19,0),(1221,23,0),(1222,24,0),(1223,24,0),(1224,19,0),(1225,23,0),(1226,24,0),(1227,24,0),(1228,19,0),(1229,23,0),(1230,19,0),(1231,23,0),(1232,31,0),(1233,31,0),(1234,24,0),(1270,19,1),(1271,23,1),(1272,24,1),(1273,35,1),(1281,24,1),(1290,24,1);

--
-- Table structure for table `ps_feature_value_lang`
--

CREATE TABLE `ps_feature_value_lang` (
  `id_feature_value` int(10) unsigned NOT NULL,
  `id_lang` int(10) unsigned NOT NULL,
  `value` varchar(255) DEFAULT NULL,
  PRIMARY KEY (`id_feature_value`,`id_lang`)
) ENGINE=InnoDB DEFAULT CHARSET=utf8;

--
-- Dumping data for table `ps_feature_value_lang`
--

INSERT INTO `ps_feature_value_lang` VALUES (514,1,'Popeline de coton compacte'),(514,3,'compact cotton poplin'),(516,1,'Lavage à la main à l\'eau froide ou nettoyage à sec'),(516,3,'Hand wash cold or dry clean'),(521,1,'Coton et lin déperlant'),(521,3,'water-repellent cotton-linen'),(524,1,'Denim de coton'),(524,3,'Cotton denim'),(527,1,'Chanmbray de coton'),(527,3,'Cotton chambray'),(531,1,'Double crêpe de coton et viscose'),(531,3,'viscose-cotton double crepe'),(533,1,'Gabardine de laine'),(533,3,'wool gabardine'),(536,1,'Popeline de coton'),(536,3,'cotton poplin'),(539,1,'Popeline de coton légère'),(539,3,'featherweight cotton poplin'),(541,1,'Coton à carreaux'),(541,3,'checked cotton'),(543,1,'Seersucker de coton'),(543,3,'cotton seersucker'),(546,1,'Chambray de coton'),(546,3,'cotton chambray'),(548,1,'Popeline de coton lavée'),(548,3,'washed cotton poplin'),(551,1,'Imprimé marbré'),(551,3,'marble print'),(556,1,'Popeline plissée'),(556,3,'pleated poplin'),(558,1,'Cuir de chèvre'),(558,3,'goatskin leather'),(560,1,'Laine froide'),(560,3,'Cool wool'),(562,1,'twill de lin et coton'),(562,3,'cotton-linen twill'),(564,1,'laine de cachemire'),(564,3,'cashmere wool'),(568,1,'laine extrafine'),(568,3,'extrafine wool'),(571,1,'laine vierge crêpée'),(571,3,'extrafine crepe wool'),(574,1,'mousseline de coton'),(574,3,'cotton muslin'),(576,1,'gabardine de lin et coton lavée'),(576,3,'washed cotton-linen gabardine'),(579,1,'twill de coton'),(579,3,'broken twill'),(585,1,'jersey de coton mercerisé'),(585,3,'cotton mercerized jersey'),(588,1,'jersey de coton interlock'),(588,3,'cotton interlock jersey'),(590,1,'cuir végétal de vachette'),(590,3,'vegetal tanned leather'),(592,1,'toile de coton'),(592,3,'coton canvas'),(594,1,'twill de lin et coton déperlant'),(594,3,'water-repellent cotton-linen'),(596,1,'cuir de vachette'),(596,3,'calfskin leather'),(598,1,'canvas de coton'),(598,3,'cotton canvas'),(600,1,'double coton'),(600,3,'double cotton'),(602,1,'popeline de coton imprimée'),(602,3,'printed cotton poplin'),(607,1,'chambray de lin et coton'),(607,3,'linen-cotton chambray'),(609,1,'cachemire'),(609,3,'cashmere'),(613,1,'popepline de coton imprimée'),(613,3,'printed cotton poplin'),(656,1,'Popeline de coton compacte tissée en Italie'),(656,3,'Compact cotton poplin woven in Italy'),(657,1,'Coton et lin déperlant tissé en Italie'),(657,3,'Water-repellent cotton-linen woven in Italy'),(658,1,'Denim de coton tissé au Japon'),(658,3,'Cotton denim woven in Japan'),(659,1,'Chanmbray de coton tissé au Japon'),(659,3,'Cotton chambray woven in Japan'),(660,1,'Double crêpe de coton et viscose tissé en Italie'),(660,3,'viscose-cotton double crepe woven in Italy'),(661,1,'Gabardine de laine tissée au Japon'),(661,3,'Wool gabardine woven in Japan'),(662,1,'Popeline de coton tissée en Italie'),(662,3,'Cotton poplin woven in Italy'),(663,1,'Popeline de coton légère tissée en Italie'),(663,3,'Popeline de coton légère tissée en italie'),(664,1,'Coton à carreaux tissé en Italie'),(664,3,'Checked cotton woven in Italy'),(665,1,'Seersucker de coton tissée en Italie'),(665,3,'Cotton seersucker woven in Italy'),(666,1,'Chambray de coton tissé au Japon'),(666,3,'Cotton chambray woven in Japan'),(667,1,'Popeline de coton lavée tissée au Portugal'),(667,3,'Washed cotton poplin woven in PORTUGAL'),(668,1,'Imprimé marbré imprimé en Italie'),(668,3,'Marble print printed in Italy'),(669,1,'Seersucker de coton tissé en Italie'),(669,3,'Cotton seersucker woven in Italy'),(670,1,'Popeline plissée en Italie'),(670,3,'Pleated poplin pleated in Italy'),(671,1,'Cuir de chèvre'),(671,3,'Goatskin leather'),(672,1,'Laine froide tissée au Japon'),(672,3,'Cool wool woven in Japan'),(673,1,'Twill de lin et coton tissé en Italie'),(673,3,'Cotton-linen twill woven in Italy'),(674,1,'Laine de cachemire tricoté en Italie'),(674,3,'Cashmere wool knitted in Italy'),(675,1,'Laine extrafine tricoté en Italie'),(675,3,'Cashmere wool knitted in Italy'),(676,1,'Laine vierge crêpée tricoté en Italie'),(676,3,'Extrafine crepe wool knitted in Italy'),(677,1,'Mousseline de coton tissée en Italie'),(677,3,'Cotton muslin woven in Italy'),(678,1,'Gabardine de lin et coton lavée tissée en Italie'),(678,3,'Washed cotton-linen gabardine woven in Italy'),(679,1,'Twill de coton tissé en Italie'),(679,3,'Broken twill woven in Italy'),(680,1,'Gabardine de laine tissée en Italie'),(680,3,'Wool gabardine woven in Japan'),(681,1,'Chambray de coton tissée au Japon'),(681,3,'Cotton chambray woven in Japan'),(682,1,'Jersey de coton mercerisé tricoté au Portugal'),(682,3,'Cotton mercerized jersey knitted in Portugal'),(683,1,'Jersey de coton interlock tricoté au Portugal'),(683,3,'Cotton interlock jersey knitted in Portugal'),(684,1,'Cuir végétal de vachette'),(684,3,'Vegetal tanned leather'),(685,1,'Toile de coton'),(685,3,'Coton canvas'),(686,1,'Twill de lin et coton déperlant tissé en Italie'),(686,3,'Water-repellent cotton-linen woven in Italy'),(687,1,'Cuir de vachette'),(687,3,'Calfskin leather'),(688,1,'Canvas de coton'),(688,3,'Cotton canvas'),(689,1,'Double coton tissé en Italie'),(689,3,'Double cotton woven in Italy'),(690,1,'Popeline de coton imprimée en Italie'),(690,3,'Compact cotton poplin woven in Italy'),(691,1,'Chambray de lin et coton tissé au Japon'),(691,3,'Linen-cotton chambray woven in Japan'),(692,1,'Cachemire tricoté en Italie'),(692,3,'Cashmere knitted in Italy'),(693,1,'Popepline de coton imprimée en Italie'),(693,3,'Printed cotton poplin printed in Italy'),(694,1,'Jersey de coton mercerisé tricoté en Italie'),(694,3,'Cotton mercerized jersey knitted in Italy'),(695,1,'Craie'),(695,3,'Chalk'),(696,1,'Beige'),(696,3,'Beige'),(697,1,'Rouge'),(697,3,'Red'),(698,1,'Carbone'),(698,3,'Carbon'),(699,1,'Lichen'),(699,3,'Lichen'),(700,1,'Indigo'),(700,3,'Indigo'),(701,1,'Indigo délavé'),(701,3,'Light Indigo'),(702,1,'Bleu de minuit'),(702,3,'midnight blue'),(703,1,'Poussière'),(703,3,'Dust'),(704,1,'Noir'),(704,3,'Black'),(705,1,'Gris olive'),(705,3,'Olive grey'),(706,1,'Bleu paon'),(706,3,'Paon Blue'),(707,1,'Ivoire/bleu'),(707,3,'Ivory/blue'),(708,1,'Grenat'),(708,3,'Garnet'),(709,1,'Céladon'),(709,3,'Celadon'),(710,1,'Marine'),(710,3,'navy'),(711,1,'Vert kaki'),(711,3,'Kaki green'),(712,1,'Bleu très délavé'),(712,3,'Super stone wash'),(713,1,'Sauge'),(713,3,'Sage'),(714,1,'Bleu de Chine'),(714,3,'Chinese blue'),(715,1,'Bleu délavé'),(715,3,'Stone wash'),(716,1,'Blanc'),(716,3,'White'),(717,1,'bleu de minuit/ivoire'),(717,3,'midnight/ivory'),(718,1,'Ivoire/sauge'),(718,3,'Ivory/sage'),(719,1,'Grège'),(719,3,'Grege'),(720,1,'Gris clair'),(720,3,'Light grey'),(721,1,'Bleu de cobalt'),(721,3,'Cobalt blue'),(722,1,'Thym'),(722,3,'Thym'),(723,1,'Hand wash cold or dry clean'),(723,3,'Hand wash cold or dry clean'),(724,1,'NOIR'),(724,3,'BLACK'),(725,1,'cuir à tannage végétal'),(725,3,'cuir à tannage végétal'),(726,1,'KHAKI SPRING'),(726,3,'KHAKI SPRING'),(727,1,'laine de yak'),(727,3,'yak wool'),(728,1,'LAKE'),(728,3,'LAKE'),(729,1,'ICE BLUE'),(729,3,'ICE BLUE'),(730,1,'OLIVE'),(730,3,'OLIVE'),(731,1,'gabardine de coton compacte'),(731,3,'compact cotton gabardine'),(732,1,'MIDNIGHT BLUE'),(732,3,'MIDNIGHT BLUE'),(733,1,'flanelle de laine lourde'),(733,3,'heavy wool flannel'),(734,1,'melton de laine léger'),(734,3,'heavy wool flannel'),(735,1,'ONYX'),(735,3,'ONYX'),(736,1,'cotton wool gabardine'),(736,3,'gabardine de coton'),(737,1,'covert de laine et coton'),(737,3,'wool cotton covert'),(738,1,'SLATE'),(738,3,'SLATE'),(739,1,'Laine'),(739,3,'thornproof wool'),(740,1,'FAWN'),(740,3,'FAWN'),(741,1,'bachette de coton déperlante'),(741,3,'water-repellent cotton bachette'),(742,1,'DARK NAVY'),(742,3,'DARK NAVY'),(743,1,'OWL'),(743,3,'OWL'),(744,1,'tweed à chevrons'),(744,3,'herringbone tweed'),(745,1,'tweed de laine d\'agneau tricotée'),(745,3,'tweed de laine d\'agneau tricotée'),(746,1,'Cuir'),(746,3,'leather'),(747,1,'gabardine de coton et laine'),(747,3,'cotton wool gabardine'),(748,1,'OYSTER'),(748,3,'OYSTER'),(749,1,'Shetland'),(749,3,'shetland wool'),(750,1,'SMOULDER'),(750,3,'SMOULDER'),(751,1,'CAFE AU LAIT'),(751,3,'CAFE AU LAIT'),(752,1,'flanelle de laine'),(752,3,'Wool flannel'),(753,1,'crêpe de laine'),(753,3,'wool crepe'),(754,1,'Matiere'),(754,3,'Matiere'),(755,1,'BUTTER'),(755,3,'BUTTER'),(756,1,'oxford de coton'),(756,3,'cotton oxford'),(757,1,'ANTHRACITE'),(757,3,'ANTHRACITE'),(758,1,'flanelle de coton et laine'),(758,3,'flanelle de coton et laine'),(759,1,'GRAPHITE'),(759,3,'GRAPHITE'),(760,1,'melton de laine d\'agneau'),(760,3,'lambswool melton'),(761,1,'DARK BROWN'),(761,3,'DARK BROWN'),(762,1,'MAPPLE'),(762,3,'MAPPLE'),(763,1,'bois'),(763,3,'Wood'),(764,1,'PADAUK'),(764,3,'PADAUK'),(765,1,'MULTICOLOR'),(765,3,'MULTICOLOR'),(766,1,'Laine mélangée'),(766,3,'Wool blend'),(767,1,'laine extensible'),(767,3,'stretch wool'),(768,1,'double crêpe de viscose et laine'),(768,3,'double crêpe de viscose et laine'),(769,1,'laine extra fine'),(769,3,'extrafine wool'),(770,1,'DUNE'),(770,3,'DUNE'),(771,1,'panama de laine vierge'),(771,3,'virgin wool panama'),(772,1,'SQUIRREL'),(772,3,'SQUIRREL'),(773,1,'melton de laine'),(773,3,'wool melton'),(774,1,'CARBON'),(774,3,'CARBON'),(775,1,'coton enduit'),(775,3,'coated cotton'),(776,1,'alpaga-mohair'),(776,3,'alpaca-mohair'),(777,1,'TAUPE'),(777,3,'TAUPE'),(778,1,'NAVY'),(778,3,'NAVY'),(779,1,'BROWN'),(779,3,'BROWN'),(780,1,'OLIVE GREY'),(780,3,'OLIVE GREY'),(781,1,'twill de soie'),(781,3,'silk twill'),(962,1,'crêpe de laine tissé au japon'),(962,3,'crêpe de laine tissé au japon'),(996,1,'gabardine de coton compacte tissée en italie'),(996,3,'gabardine de coton compacte tissée en italie'),(1027,1,'denim de coton tissé au japon'),(1027,3,'denim de coton tissé au japon'),(1060,1,'cuir à tannage végétal'),(1060,3,'vegetal tanned leather'),(1061,1,'flanelle de laine lourde tissée en italie'),(1061,3,'heavy wool flannel woven in Peru'),(1062,1,'tweed à chevrons tissé en Irlande'),(1062,3,'herringbone tweed woven in Ireland'),(1063,1,'gris hibou'),(1063,3,'owl grey'),(1064,1,'cuir'),(1064,3,'leather'),(1065,1,'laine de yak'),(1065,3,'yak wool spun in Italy'),(1066,1,'kaki'),(1066,3,'khaki'),(1067,1,'lac'),(1067,3,'lake'),(1068,1,'glace'),(1068,3,'glace'),(1069,1,'châtaigne'),(1069,3,'châtaigne'),(1070,1,'gabardine de coton compacte tissée en italie'),(1070,3,'Compact cotton gabardine woven in Italy'),(1071,1,'flanelle de laine lourde tissée au pérou'),(1071,3,'heavy wool flannel woven in Peru'),(1072,1,'melton de laine léger tissé au pérou'),(1072,3,'lightweight wool melton woven in Peru'),(1073,1,'gabardine de coton tissée en italie'),(1073,3,'cotton gabardine woven in Italy'),(1074,1,'covert de laine et coton tissé en italie'),(1074,3,'wool cotton covert woven in italy'),(1075,1,'laine tissée au Royaume-Uni'),(1075,3,'thornproof wool woven in UK'),(1076,1,'ardoise'),(1076,3,'ardoise'),(1077,1,'bachette de coton déperlante tissée au Royaume-Uni'),(1077,3,'water-repellent cotton bachette woven in UK'),(1078,1,'fauve'),(1078,3,'fawn'),(1079,1,'marine foncé'),(1079,3,'dark navy'),(1080,1,'laine de yak tissée en italie'),(1080,3,'yak wool woven in Italy'),(1081,1,'tweed the laine d\'agneau tissé au Royaume-Uni'),(1081,3,'lambswool knit tweed woven in UK'),(1082,1,'melton de laine d\'agneau tissé au Royaume-Uni'),(1082,3,'lambswool melton woven in UK'),(1083,1,'Alpaga-mohair tissé en allemagne'),(1083,3,'alpaca-mohair woven in Germany'),(1084,1,'flanelle de laine tissée en italie'),(1084,3,'flanelle de laine tissée en italie'),(1085,1,'panama de laine vierge tissé en italie'),(1085,3,'virgin wool panama woven in Italy'),(1086,1,'gabardine de coton et laine tissée en italie'),(1086,3,'cotton wool gabardine woven in Italy'),(1087,1,'tweed the laine d\'agneau tricotée tissé au Royaume-Uni'),(1087,3,'lambswool knit tweed woven in UK'),(1088,1,'laine de cachemire filée en italie'),(1088,3,'cashmere wool spun in italy'),(1089,1,'laine de yak filée en italie'),(1089,3,'laine de yak filée en italie'),(1090,1,'laine de shetland filée en italie'),(1090,3,'shetland wool spun in italy'),(1091,1,'gris foncé'),(1091,3,'dark grey'),(1092,1,'crème'),(1092,3,'cream'),(1093,1,'laine extra fine filée en italie'),(1093,3,'laine extra fine filée en italie'),(1094,1,'crêpe de laine tissée au japon'),(1094,3,'wool crepe woven in Japan'),(1095,1,'ivoire'),(1095,3,'ivory'),(1096,1,'oxford de coton tissé en italie'),(1096,3,'cotton oxford woven in italy'),(1097,1,'beurre frais'),(1097,3,'butter'),(1098,1,'coton enduit tissé en italie'),(1098,3,'coated cotton woven in Italy'),(1099,1,'marron'),(1099,3,'brown'),(1100,1,'sable'),(1100,3,'sand'),(1101,1,'twill de soie tissé en italie'),(1101,3,'silk twill woven in Italy'),(1102,1,'flanelle de coton et laine tissée en italie'),(1102,3,'cotton-wool flannel woven in Italy'),(1103,1,'crêpe de laine tissé au japon'),(1103,3,'wool crepe woven in Japan'),(1104,1,'jersey de coton'),(1104,3,'jersey de coton'),(1105,1,'jersey de coton tissé en italie'),(1105,3,'cotton jersey spun in italy'),(1106,1,'tweed de twill de laine d\'agneau'),(1106,3,'lambswool twill tweed'),(1107,1,'tweed de twill de laine d\'agneau tissée au Royaume-Uni'),(1107,3,'lambswool twill tweed woven in UK'),(1108,1,'shetland tissé en italie'),(1108,3,'shetland tissé en italie'),(1109,1,'lait d\'avoine'),(1109,3,'oatmilk'),(1110,1,'laine extra fine tissée en italie'),(1110,3,'extrafine wool spun in italy'),(1111,1,'rose poussière'),(1111,3,'rose poussière'),(1112,1,'marron foncé'),(1112,3,'dark brown'),(1113,1,'bois'),(1113,3,'bois'),(1114,1,'érable'),(1114,3,'érable'),(1115,1,'or'),(1115,3,'or'),(1116,1,'mastic'),(1116,3,'mastic'),(1117,1,'tweed à diagonales de laine vierge'),(1117,3,'virgin wool diagonal tweed'),(1118,1,'tweed à diagonales de laine vierge tissé en italie'),(1118,3,'tweed à diagonales de laine vierge tissé en italie'),(1119,1,'laine exensible tissée en italie'),(1119,3,'stretch wool woven in Italy'),(1120,1,'Laine mélangée tissé en italie'),(1120,3,'Laine mélangée tissé en italie'),(1121,1,'Chiné'),(1121,3,'Chiné'),(1122,1,'double crêpe de viscose et laine tissé en italie'),(1122,3,'double crêpe de viscose et laine tissé en italie'),(1123,1,'laine exensible'),(1123,3,'stretch wool'),(1124,1,'laine extensible tissée en italie'),(1124,3,'stretch wool woven in Italy'),(1125,1,'rouge brique'),(1125,3,'brick red'),(1126,1,'melton de laine tissé au Royaume-Uni'),(1126,3,'wool melton woven in UK'),(1127,1,'tweed de laine d\'agneau'),(1127,3,'lambswool knit tweed'),(1128,1,'tweed de laine d\'agneau tissé au royame uni'),(1128,3,'lambswool knit tweed woven in UK'),(1129,1,'laine de yak tissé en italie'),(1129,3,'yak wool woven in Italy'),(1130,1,'rose thé'),(1130,3,'tea rose'),(1131,1,'écarlate'),(1131,3,'scarlet'),(1132,1,'gingembre'),(1132,3,'gingembre'),(1133,1,'melton léger de laine'),(1133,3,'lightweight wool melton'),(1134,1,'melton léger de laine tissé au pérou'),(1134,3,'lightweight wool melton woven in peru'),(1144,1,'noisette'),(1144,3,'hazelnut'),(1145,1,'hazelnut'),(1145,3,'hazelnut'),(1146,1,'leather'),(1146,3,'leather'),(1147,1,'leather'),(1147,3,'leather'),(1148,1,'yak wool'),(1148,3,'yak wool'),(1149,1,'yak wool'),(1149,3,'yak wool'),(1150,1,'khaki'),(1150,3,'khaki'),(1151,1,'chestnut'),(1151,3,'chestnut'),(1152,1,'Compact cotton gabardine'),(1152,3,'Compact cotton gabardine'),(1153,1,'Compact cotton gabardine woven in Italy'),(1153,3,'Compact cotton gabardine woven in Italy'),(1154,1,'heavy wool flannel'),(1154,3,'heavy wool flannel'),(1155,1,'heavy wool flannel woven in Peru'),(1155,3,'heavy wool flannel woven in Peru'),(1156,1,'lightweight wool melton'),(1156,3,'lightweight wool melton'),(1157,1,'lightweight wool melton woven in Peru'),(1157,3,'lightweight wool melton woven in Peru'),(1158,1,'cotton gabardine'),(1158,3,'cotton gabardine'),(1159,1,'cotton gabardine woven in Italy'),(1159,3,'cotton gabardine woven in Italy'),(1160,1,'wool cotton covert'),(1160,3,'wool cotton covert'),(1161,1,'wool cotton covert woven in italy'),(1161,3,'wool cotton covert woven in italy'),(1162,1,'thornproof wool'),(1162,3,'thornproof wool'),(1163,1,'thornproof wool woven in UK'),(1163,3,'thornproof wool woven in UK'),(1164,1,'water-repellent cotton bachette'),(1164,3,'water-repellent cotton bachette'),(1165,1,'water-repellent cotton bachette woven in UK'),(1165,3,'water-repellent cotton bachette woven in UK'),(1166,1,'herringbone tweed'),(1166,3,'herringbone tweed'),(1167,1,'herringbone tweed woven in Ireland'),(1167,3,'herringbone tweed woven in Ireland'),(1168,1,'owl grey'),(1168,3,'owl grey'),(1169,1,'yak wool woven in Italy'),(1169,3,'yak wool woven in Italy'),(1170,1,'lambswool knit tweed'),(1170,3,'lambswool knit tweed'),(1171,1,'lambswool knit tweed woven in UK'),(1171,3,'lambswool knit tweed woven in UK'),(1172,1,'lambswool melton'),(1172,3,'lambswool melton'),(1173,1,'lambswool melton woven in UK'),(1173,3,'lambswool melton woven in UK'),(1174,1,'alpaca-mohair'),(1174,3,'alpaca-mohair'),(1175,1,'alpaca-mohair woven in Germany'),(1175,3,'alpaca-mohair woven in Germany'),(1176,1,'wool flannel'),(1176,3,'wool flannel'),(1177,1,'wool flannel woven in Italy'),(1177,3,'wool flannel woven in Italy'),(1178,1,'virgin wool panama'),(1178,3,'virgin wool panama'),(1179,1,'virgin wool panama woven in Italy'),(1179,3,'virgin wool panama woven in Italy'),(1180,1,'cotton wool gabardine'),(1180,3,'cotton wool gabardine'),(1181,1,'cotton wool gabardine woven in Italy'),(1181,3,'cotton wool gabardine woven in Italy'),(1182,1,'cashmere wool spun in Italy'),(1182,3,'cashmere wool spun in Italy'),(1183,1,'yak wool spun in Italy'),(1183,3,'yak wool spun in Italy'),(1184,1,'shetland wool'),(1184,3,'shetland wool'),(1185,1,'shetland wool spun in Italy'),(1185,3,'shetland wool spun in Italy'),(1186,1,'dark grey'),(1186,3,'dark grey'),(1187,1,'extrafine wool spun in Italy'),(1187,3,'extrafine wool spun in Italy'),(1188,1,'cream'),(1188,3,'cream'),(1189,1,'wool crepe'),(1189,3,'wool crepe'),(1190,1,'wool crepe woven in Japan'),(1190,3,'wool crepe woven in Japan'),(1191,1,'cotton denim'),(1191,3,'cotton denim'),(1192,1,'cotton oxford'),(1192,3,'cotton oxford'),(1193,1,'cotton oxford woven in Italy'),(1193,3,'cotton oxford woven in Italy'),(1194,1,'silk twill'),(1194,3,'silk twill'),(1195,1,'silk twill woven in Italy'),(1195,3,'silk twill woven in Italy'),(1196,1,'cotton-wool flannel'),(1196,3,'cotton-wool flannel'),(1197,1,'cotton-wool flannel woven in Italy'),(1197,3,'cotton-wool flannel woven in Italy'),(1198,1,'lightweight cotton'),(1198,3,'lightweight cotton'),(1199,1,'lightweight cotton woven in Japan'),(1199,3,'lightweight cotton woven in Japan'),(1200,1,'cotton jersey'),(1200,3,'cotton jersey'),(1201,1,'cotton jersey spun in italy'),(1201,3,'cotton jersey spun in italy'),(1202,1,'stretch wool'),(1202,3,'stretch wool'),(1203,1,'stretch wool woven in Italy'),(1203,3,'stretch wool woven in Italy'),(1204,1,'brick red'),(1204,3,'brick red'),(1205,1,'ginger'),(1205,3,'ginger'),(1206,1,'ivory'),(1206,3,'ivory'),(1207,1,'virgin wool diagonal tweed'),(1207,3,'virgin wool diagonal tweed'),(1208,1,'virgin wool diagonal tweed woven in Italy'),(1208,3,'virgin wool diagonal tweed woven in Italy'),(1209,1,'panna'),(1209,3,'panna'),(1210,1,'oatmilk'),(1210,3,'oatmilk'),(1211,1,'gris'),(1211,3,'grey'),(1212,1,'grey'),(1212,3,'grey'),(1213,1,'wool melton'),(1213,3,'wool melton'),(1214,1,'wool melton woven in UK'),(1214,3,'wool melton woven in UK'),(1215,1,'coated cotton'),(1215,3,'coated cotton'),(1216,1,'coated cotton woven in italy'),(1216,3,'coated cotton woven in italy'),(1217,1,'tea rose'),(1217,3,'tea rose'),(1218,1,'scarlet'),(1218,3,'scarlet'),(1219,1,'sand'),(1219,3,'sand'),(1220,1,'lambswool twill tweed'),(1220,3,'lambswool twill tweed'),(1221,1,'lambswool twill tweed woven in UK'),(1221,3,'lambswool twill tweed woven in UK'),(1222,1,'natural slate'),(1222,3,'natural slate'),(1223,1,'dusty pink'),(1223,3,'dusty pink'),(1224,1,'wood'),(1224,3,'wood'),(1225,1,'wood'),(1225,3,'wood'),(1226,1,'maple'),(1226,3,'maple'),(1227,1,'gold'),(1227,3,'gold'),(1228,1,'Blended wool'),(1228,3,'Blended wool'),(1229,1,'Blended wool woven in italy'),(1229,3,'Blended wool woven in italy'),(1230,1,'viscose-wool double crepe'),(1230,3,'viscose-wool double crepe'),(1231,1,'viscose-wool double crepe woven in italy'),(1231,3,'viscose-wool double crepe woven in italy'),(1232,1,'NON'),(1232,3,'NON'),(1233,1,'OUI'),(1233,3,'OUI'),(1234,1,'Black'),(1234,3,'Black'),(1270,1,'Laiton'),(1270,3,'Brass'),(1271,1,'Laiton'),(1271,3,'Brass'),(1272,1,'Doré'),(1272,3,'Gold'),(1273,1,'United States'),(1273,3,'United States'),(1281,1,'Cognac'),(1281,3,'Cognac'),(1290,1,'Cognac'),(1290,3,'Cognac');

--
-- Table structure for table `ps_fm_carrier_method_to_barcode`
--

CREATE TABLE `ps_fm_carrier_method_to_barcode` (
  `id_carrier_barcode` int(10) unsigned NOT NULL AUTO_INCREMENT,
  `id_carrier` int(10) unsigned NOT NULL,
  `barcode` varchar(255) NOT NULL,
  `options` longtext,
  `date_creation` datetime NOT NULL,
  PRIMARY KEY (`id_carrier_barcode`),
  UNIQUE KEY `id_carrier` (`id_carrier`,`barcode`)
) ENGINE=InnoDB AUTO_INCREMENT=2 DEFAULT CHARSET=utf8;

--
-- Dumping data for table `ps_fm_carrier_method_to_barcode`
--

INSERT INTO `ps_fm_carrier_method_to_barcode` VALUES (1,0,'FP','','2015-10-09 18:23:22');

--
-- Table structure for table `ps_fm_client`
--

CREATE TABLE `ps_fm_client` (
  `id_customer` int(10) unsigned NOT NULL,
  `client` int(10) NOT NULL,
  `date_creation` datetime NOT NULL,
  PRIMARY KEY (`id_customer`),
  KEY `client` (`client`),
  KEY `date_creation` (`date_creation`)
) ENGINE=InnoDB DEFAULT CHARSET=utf8;

--
-- Dumping data for table `ps_fm_client`
--

INSERT INTO `ps_fm_client` VALUES (45,4240,'2015-11-06 11:32:02'),(52,4586,'2016-01-11 01:16:03'),(79,4456,'2015-10-17 15:44:37'),(82,4539,'2015-12-21 08:48:01'),(98,4560,'2016-01-04 17:16:04'),(104,4583,'2016-01-09 22:00:00'),(138,4495,'2015-11-27 22:16:01'),(194,4470,'2015-11-04 02:00:02'),(203,4498,'2015-11-29 22:16:01'),(226,4454,'2015-10-17 10:36:12'),(267,4554,'2016-01-04 07:48:12'),(342,4545,'2015-12-29 01:16:02'),(398,4549,'2016-01-04 00:16:02'),(431,4457,'2015-10-17 22:14:54'),(433,2194,'2016-01-04 03:00:01'),(451,4487,'2015-11-19 01:00:48'),(465,4453,'2015-10-15 16:18:01'),(481,4445,'2015-10-09 19:37:21'),(491,4471,'2015-11-04 10:00:01'),(516,4450,'2015-10-12 14:45:12'),(533,4451,'2015-10-12 15:14:08'),(535,4452,'2015-10-12 16:19:01'),(539,4446,'2015-10-10 13:30:22'),(554,4458,'2015-10-18 12:45:04'),(558,4552,'2016-01-04 01:16:01'),(559,4459,'2015-10-21 00:06:37'),(564,4460,'2015-10-22 22:30:48'),(565,4461,'2015-10-23 07:02:11'),(566,4462,'2015-10-23 07:36:04'),(570,4464,'2015-10-25 09:33:09'),(571,4465,'2015-10-25 22:42:10'),(575,4466,'2015-10-28 06:54:11'),(579,4468,'2015-11-01 10:42:01'),(583,4469,'2015-11-03 17:16:05'),(586,4474,'2015-11-06 03:32:02'),(588,4479,'2015-11-10 13:49:37'),(589,4475,'2015-11-08 22:31:59'),(591,4478,'2015-11-10 09:32:01'),(596,4480,'2015-11-11 21:32:01'),(597,4481,'2015-11-12 12:50:45'),(602,4486,'2015-11-18 09:16:01'),(604,4489,'2015-11-21 06:48:03'),(605,4491,'2015-11-21 23:31:59'),(613,4446,'2015-11-27 18:31:59'),(614,4494,'2015-11-27 19:00:27'),(619,3976,'2015-11-28 08:48:01'),(621,4501,'2015-12-02 05:32:03'),(625,4504,'2015-12-04 14:48:00'),(626,4507,'2015-12-07 14:16:01'),(629,4565,'2016-01-05 16:32:00'),(630,4509,'2015-12-09 09:32:01'),(631,4564,'2016-01-05 16:16:06'),(632,4573,'2016-01-06 13:48:02'),(634,4511,'2015-12-13 12:32:01'),(636,4522,'2015-12-17 17:16:00'),(637,4550,'2016-01-04 00:32:02'),(638,4519,'2015-12-15 19:16:15'),(641,4537,'2015-12-18 16:59:59'),(642,4521,'2015-12-17 16:48:00'),(647,4556,'2016-01-04 11:49:40'),(657,4544,'2015-12-28 17:16:00'),(661,4540,'2015-12-23 07:00:01'),(662,4553,'2016-01-04 06:00:43'),(664,4542,'2015-12-27 10:48:01'),(665,4543,'2015-12-27 14:32:01'),(671,4580,'2016-01-08 10:02:32'),(674,4551,'2016-01-04 00:48:02'),(676,4558,'2016-01-04 13:32:01'),(680,4561,'2016-01-04 18:32:01'),(690,4555,'2016-01-04 10:32:01'),(692,4557,'2016-01-04 12:48:00'),(693,2763,'2016-01-04 14:16:03'),(694,4559,'2016-01-04 16:16:00'),(698,2903,'2016-01-04 22:00:01'),(702,4562,'2016-01-05 10:48:01'),(703,4569,'2016-01-05 23:47:59'),(704,4563,'2016-01-05 15:00:01'),(705,4567,'2016-01-05 17:48:32'),(706,4566,'2016-01-05 17:00:01'),(707,4568,'2016-01-05 21:32:00'),(708,3240,'2016-01-05 22:15:59'),(710,4570,'2016-01-06 09:16:01'),(711,4571,'2016-01-06 10:16:02'),(713,4572,'2016-01-06 11:48:01'),(714,4574,'2016-01-06 15:16:57'),(715,4575,'2016-01-06 15:32:00'),(718,4576,'2016-01-07 11:00:01'),(723,4578,'2016-01-08 07:48:04'),(725,4579,'2016-01-08 09:32:01'),(733,4584,'2016-01-10 12:00:02'),(734,4585,'2016-01-10 16:48:00'),(739,4588,'2016-01-13 00:01:17'),(742,4589,'2016-01-13 17:16:01'),(743,4590,'2016-01-13 20:48:00');

--
-- Table structure for table `ps_fm_country_to_price`
--

CREATE TABLE `ps_fm_country_to_price` (
  `id_rule` int(10) unsigned NOT NULL AUTO_INCREMENT,
  `id_site` int(10) unsigned NOT NULL,
  `country_iso_code` varchar(3) DEFAULT NULL COMMENT 'country code',
  `special_price` varchar(255) DEFAULT NULL COMMENT 'Fastmag mag',
  `active` tinyint(1) unsigned NOT NULL DEFAULT '0' COMMENT 'boolean, if 0, rule not considered, else considered',
  `date_creation` datetime NOT NULL,
  PRIMARY KEY (`id_rule`)
) ENGINE=InnoDB AUTO_INCREMENT=1082 DEFAULT CHARSET=utf8;

--
-- Dumping data for table `ps_fm_country_to_price`
--

INSERT INTO `ps_fm_country_to_price` VALUES (866,1,'CA','WEB_HORS_EUROPE',1,'2015-10-09 17:49:04'),(867,1,'CN','WEB_HORS_EUROPE',1,'2015-10-09 17:49:04'),(868,1,'JP','WEB_HORS_EUROPE',1,'2015-10-09 17:49:04'),(869,1,'CH','WEB_HORS_EUROPE',1,'2015-10-09 17:49:04'),(870,1,'US','WEB_HORS_EUROPE',1,'2015-10-09 17:49:04'),(871,1,'HK','WEB_HORS_EUROPE',1,'2015-10-09 17:49:04'),(872,1,'NO','WEB_HORS_EUROPE',1,'2015-10-09 17:49:04'),(873,1,'AU','WEB_HORS_EUROPE',1,'2015-10-09 17:49:04'),(874,1,'SG','WEB_HORS_EUROPE',1,'2015-10-09 17:49:04'),(875,1,'NZ','WEB_HORS_EUROPE',1,'2015-10-09 17:49:04'),(876,1,'KR','WEB_HORS_EUROPE',1,'2015-10-09 17:49:04'),(877,1,'IL','WEB_HORS_EUROPE',1,'2015-10-09 17:49:04'),(878,1,'ZA','WEB_HORS_EUROPE',1,'2015-10-09 17:49:04'),(879,1,'NG','WEB_HORS_EUROPE',1,'2015-10-09 17:49:04'),(880,1,'CI','WEB_HORS_EUROPE',1,'2015-10-09 17:49:04'),(881,1,'TG','WEB_HORS_EUROPE',1,'2015-10-09 17:49:04'),(882,1,'BO','WEB_HORS_EUROPE',1,'2015-10-09 17:49:04'),(883,1,'MU','WEB_HORS_EUROPE',1,'2015-10-09 17:49:04'),(884,1,'DZ','WEB_HORS_EUROPE',1,'2015-10-09 17:49:04'),(885,1,'AS','WEB_HORS_EUROPE',1,'2015-10-09 17:49:04'),(886,1,'AD','WEB_HORS_EUROPE',1,'2015-10-09 17:49:04'),(887,1,'AO','WEB_HORS_EUROPE',1,'2015-10-09 17:49:04'),(888,1,'AI','WEB_HORS_EUROPE',1,'2015-10-09 17:49:04'),(889,1,'AG','WEB_HORS_EUROPE',1,'2015-10-09 17:49:04'),(890,1,'AR','WEB_HORS_EUROPE',1,'2015-10-09 17:49:04'),(891,1,'AM','WEB_HORS_EUROPE',1,'2015-10-09 17:49:04'),(892,1,'AW','WEB_HORS_EUROPE',1,'2015-10-09 17:49:04'),(893,1,'AZ','WEB_HORS_EUROPE',1,'2015-10-09 17:49:04'),(894,1,'BS','WEB_HORS_EUROPE',1,'2015-10-09 17:49:04'),(895,1,'BH','WEB_HORS_EUROPE',1,'2015-10-09 17:49:04'),(896,1,'BD','WEB_HORS_EUROPE',1,'2015-10-09 17:49:04'),(897,1,'BB','WEB_HORS_EUROPE',1,'2015-10-09 17:49:04'),(898,1,'BY','WEB_HORS_EUROPE',1,'2015-10-09 17:49:04'),(899,1,'BZ','WEB_HORS_EUROPE',1,'2015-10-09 17:49:04'),(900,1,'BJ','WEB_HORS_EUROPE',1,'2015-10-09 17:49:04'),(901,1,'BM','WEB_HORS_EUROPE',1,'2015-10-09 17:49:04'),(902,1,'BT','WEB_HORS_EUROPE',1,'2015-10-09 17:49:04'),(903,1,'BW','WEB_HORS_EUROPE',1,'2015-10-09 17:49:04'),(904,1,'BR','WEB_HORS_EUROPE',1,'2015-10-09 17:49:04'),(905,1,'BN','WEB_HORS_EUROPE',1,'2015-10-09 17:49:04'),(906,1,'BF','WEB_HORS_EUROPE',1,'2015-10-09 17:49:04'),(907,1,'MM','WEB_HORS_EUROPE',1,'2015-10-09 17:49:04'),(908,1,'BI','WEB_HORS_EUROPE',1,'2015-10-09 17:49:04'),(909,1,'KH','WEB_HORS_EUROPE',1,'2015-10-09 17:49:04'),(910,1,'CM','WEB_HORS_EUROPE',1,'2015-10-09 17:49:04'),(911,1,'CV','WEB_HORS_EUROPE',1,'2015-10-09 17:49:04'),(912,1,'CF','WEB_HORS_EUROPE',1,'2015-10-09 17:49:04'),(913,1,'TD','WEB_HORS_EUROPE',1,'2015-10-09 17:49:04'),(914,1,'CL','WEB_HORS_EUROPE',1,'2015-10-09 17:49:04'),(915,1,'CO','WEB_HORS_EUROPE',1,'2015-10-09 17:49:04'),(916,1,'KM','WEB_HORS_EUROPE',1,'2015-10-09 17:49:04'),(917,1,'CD','WEB_HORS_EUROPE',1,'2015-10-09 17:49:04'),(918,1,'CG','WEB_HORS_EUROPE',1,'2015-10-09 17:49:04'),(919,1,'CR','WEB_HORS_EUROPE',1,'2015-10-09 17:49:04'),(920,1,'HR','WEB_HORS_EUROPE',1,'2015-10-09 17:49:04'),(921,1,'CU','WEB_HORS_EUROPE',1,'2015-10-09 17:49:04'),(922,1,'DJ','WEB_HORS_EUROPE',1,'2015-10-09 17:49:04'),(923,1,'DM','WEB_HORS_EUROPE',1,'2015-10-09 17:49:04'),(924,1,'DO','WEB_HORS_EUROPE',1,'2015-10-09 17:49:04'),(925,1,'TL','WEB_HORS_EUROPE',1,'2015-10-09 17:49:04'),(926,1,'EC','WEB_HORS_EUROPE',1,'2015-10-09 17:49:04'),(927,1,'EG','WEB_HORS_EUROPE',1,'2015-10-09 17:49:04'),(928,1,'SV','WEB_HORS_EUROPE',1,'2015-10-09 17:49:04'),(929,1,'GQ','WEB_HORS_EUROPE',1,'2015-10-09 17:49:04'),(930,1,'ER','WEB_HORS_EUROPE',1,'2015-10-09 17:49:04'),(931,1,'ET','WEB_HORS_EUROPE',1,'2015-10-09 17:49:04'),(932,1,'FK','WEB_HORS_EUROPE',1,'2015-10-09 17:49:04'),(933,1,'FO','WEB_HORS_EUROPE',1,'2015-10-09 17:49:04'),(934,1,'FJ','WEB_HORS_EUROPE',1,'2015-10-09 17:49:04'),(935,1,'GA','WEB_HORS_EUROPE',1,'2015-10-09 17:49:04'),(936,1,'GM','WEB_HORS_EUROPE',1,'2015-10-09 17:49:04'),(937,1,'GE','WEB_HORS_EUROPE',1,'2015-10-09 17:49:04'),(938,1,'GH','WEB_HORS_EUROPE',1,'2015-10-09 17:49:04'),(939,1,'GD','WEB_HORS_EUROPE',1,'2015-10-09 17:49:04'),(940,1,'GL','WEB_HORS_EUROPE',1,'2015-10-09 17:49:04'),(941,1,'GI','WEB_HORS_EUROPE',1,'2015-10-09 17:49:04'),(942,1,'GP','WEB_HORS_EUROPE',1,'2015-10-09 17:49:05'),(943,1,'GU','WEB_HORS_EUROPE',1,'2015-10-09 17:49:05'),(944,1,'GT','WEB_HORS_EUROPE',1,'2015-10-09 17:49:05'),(945,1,'GG','WEB_HORS_EUROPE',1,'2015-10-09 17:49:05'),(946,1,'GN','WEB_HORS_EUROPE',1,'2015-10-09 17:49:05'),(947,1,'GW','WEB_HORS_EUROPE',1,'2015-10-09 17:49:05'),(948,1,'GY','WEB_HORS_EUROPE',1,'2015-10-09 17:49:05'),(949,1,'HT','WEB_HORS_EUROPE',1,'2015-10-09 17:49:05'),(950,1,'HM','WEB_HORS_EUROPE',1,'2015-10-09 17:49:05'),(951,1,'VA','WEB_HORS_EUROPE',1,'2015-10-09 17:49:05'),(952,1,'HN','WEB_HORS_EUROPE',1,'2015-10-09 17:49:05'),(953,1,'IS','WEB_HORS_EUROPE',1,'2015-10-09 17:49:05'),(954,1,'IN','WEB_HORS_EUROPE',1,'2015-10-09 17:49:05'),(955,1,'ID','WEB_HORS_EUROPE',1,'2015-10-09 17:49:05'),(956,1,'IR','WEB_HORS_EUROPE',1,'2015-10-09 17:49:05'),(957,1,'IQ','WEB_HORS_EUROPE',1,'2015-10-09 17:49:05'),(958,1,'IM','WEB_HORS_EUROPE',1,'2015-10-09 17:49:05'),(959,1,'JM','WEB_HORS_EUROPE',1,'2015-10-09 17:49:05'),(960,1,'JE','WEB_HORS_EUROPE',1,'2015-10-09 17:49:05'),(961,1,'JO','WEB_HORS_EUROPE',1,'2015-10-09 17:49:05'),(962,1,'KZ','WEB_HORS_EUROPE',1,'2015-10-09 17:49:05'),(963,1,'KE','WEB_HORS_EUROPE',1,'2015-10-09 17:49:05'),(964,1,'KI','WEB_HORS_EUROPE',1,'2015-10-09 17:49:05'),(965,1,'KP','WEB_HORS_EUROPE',1,'2015-10-09 17:49:05'),(966,1,'KW','WEB_HORS_EUROPE',1,'2015-10-09 17:49:05'),(967,1,'KG','WEB_HORS_EUROPE',1,'2015-10-09 17:49:05'),(968,1,'LA','WEB_HORS_EUROPE',1,'2015-10-09 17:49:05'),(969,1,'LB','WEB_HORS_EUROPE',1,'2015-10-09 17:49:05'),(970,1,'LS','WEB_HORS_EUROPE',1,'2015-10-09 17:49:05'),(971,1,'LR','WEB_HORS_EUROPE',1,'2015-10-09 17:49:05'),(972,1,'LY','WEB_HORS_EUROPE',1,'2015-10-09 17:49:05'),(973,1,'LI','WEB_HORS_EUROPE',1,'2015-10-09 17:49:05'),(974,1,'MO','WEB_HORS_EUROPE',1,'2015-10-09 17:49:05'),(975,1,'MK','WEB_HORS_EUROPE',1,'2015-10-09 17:49:05'),(976,1,'MG','WEB_HORS_EUROPE',1,'2015-10-09 17:49:05'),(977,1,'MW','WEB_HORS_EUROPE',1,'2015-10-09 17:49:05'),(978,1,'MY','WEB_HORS_EUROPE',1,'2015-10-09 17:49:05'),(979,1,'MV','WEB_HORS_EUROPE',1,'2015-10-09 17:49:05'),(980,1,'ML','WEB_HORS_EUROPE',1,'2015-10-09 17:49:05'),(981,1,'MH','WEB_HORS_EUROPE',1,'2015-10-09 17:49:05'),(982,1,'MQ','WEB_HORS_EUROPE',1,'2015-10-09 17:49:05'),(983,1,'MR','WEB_HORS_EUROPE',1,'2015-10-09 17:49:05'),(984,1,'YT','WEB_HORS_EUROPE',1,'2015-10-09 17:49:05'),(985,1,'MX','WEB_HORS_EUROPE',1,'2015-10-09 17:49:05'),(986,1,'FM','WEB_HORS_EUROPE',1,'2015-10-09 17:49:05'),(987,1,'MD','WEB_HORS_EUROPE',1,'2015-10-09 17:49:05'),(988,1,'MC','WEB_HORS_EUROPE',1,'2015-10-09 17:49:05'),(989,1,'MN','WEB_HORS_EUROPE',1,'2015-10-09 17:49:05'),(990,1,'ME','WEB_HORS_EUROPE',1,'2015-10-09 17:49:05'),(991,1,'MS','WEB_HORS_EUROPE',1,'2015-10-09 17:49:05'),(992,1,'MA','WEB_HORS_EUROPE',1,'2015-10-09 17:49:05'),(993,1,'MZ','WEB_HORS_EUROPE',1,'2015-10-09 17:49:05'),(994,1,'NA','WEB_HORS_EUROPE',1,'2015-10-09 17:49:05'),(995,1,'NR','WEB_HORS_EUROPE',1,'2015-10-09 17:49:05'),(996,1,'NP','WEB_HORS_EUROPE',1,'2015-10-09 17:49:05'),(997,1,'AN','WEB_HORS_EUROPE',1,'2015-10-09 17:49:05'),(998,1,'NC','WEB_HORS_EUROPE',1,'2015-10-09 17:49:05'),(999,1,'NI','WEB_HORS_EUROPE',1,'2015-10-09 17:49:05'),(1000,1,'NE','WEB_HORS_EUROPE',1,'2015-10-09 17:49:05'),(1001,1,'NU','WEB_HORS_EUROPE',1,'2015-10-09 17:49:05'),(1002,1,'NF','WEB_HORS_EUROPE',1,'2015-10-09 17:49:05'),(1003,1,'MP','WEB_HORS_EUROPE',1,'2015-10-09 17:49:05'),(1004,1,'OM','WEB_HORS_EUROPE',1,'2015-10-09 17:49:05'),(1005,1,'PK','WEB_HORS_EUROPE',1,'2015-10-09 17:49:05'),(1006,1,'PW','WEB_HORS_EUROPE',1,'2015-10-09 17:49:05'),(1007,1,'PS','WEB_HORS_EUROPE',1,'2015-10-09 17:49:05'),(1008,1,'PA','WEB_HORS_EUROPE',1,'2015-10-09 17:49:05'),(1009,1,'PG','WEB_HORS_EUROPE',1,'2015-10-09 17:49:05'),(1010,1,'PY','WEB_HORS_EUROPE',1,'2015-10-09 17:49:05'),(1011,1,'PE','WEB_HORS_EUROPE',1,'2015-10-09 17:49:05'),(1012,1,'PH','WEB_HORS_EUROPE',1,'2015-10-09 17:49:05'),(1013,1,'PN','WEB_HORS_EUROPE',1,'2015-10-09 17:49:05'),(1014,1,'PR','WEB_HORS_EUROPE',1,'2015-10-09 17:49:05'),(1015,1,'QA','WEB_HORS_EUROPE',1,'2015-10-09 17:49:05'),(1016,1,'RE','WEB_HORS_EUROPE',1,'2015-10-09 17:49:05'),(1017,1,'RU','WEB_HORS_EUROPE',1,'2015-10-09 17:49:05'),(1018,1,'RW','WEB_HORS_EUROPE',1,'2015-10-09 17:49:05'),(1019,1,'BL','WEB_HORS_EUROPE',1,'2015-10-09 17:49:05'),(1020,1,'KN','WEB_HORS_EUROPE',1,'2015-10-09 17:49:05'),(1021,1,'LC','WEB_HORS_EUROPE',1,'2015-10-09 17:49:05'),(1022,1,'MF','WEB_HORS_EUROPE',1,'2015-10-09 17:49:05'),(1023,1,'PM','WEB_HORS_EUROPE',1,'2015-10-09 17:49:05'),(1024,1,'VC','WEB_HORS_EUROPE',1,'2015-10-09 17:49:05'),(1025,1,'WS','WEB_HORS_EUROPE',1,'2015-10-09 17:49:05'),(1026,1,'SM','WEB_HORS_EUROPE',1,'2015-10-09 17:49:05'),(1027,1,'ST','WEB_HORS_EUROPE',1,'2015-10-09 17:49:05'),(1028,1,'SA','WEB_HORS_EUROPE',1,'2015-10-09 17:49:05'),(1029,1,'SN','WEB_HORS_EUROPE',1,'2015-10-09 17:49:05'),(1030,1,'RS','WEB_HORS_EUROPE',1,'2015-10-09 17:49:05'),(1031,1,'SC','WEB_HORS_EUROPE',1,'2015-10-09 17:49:05'),(1032,1,'SL','WEB_HORS_EUROPE',1,'2015-10-09 17:49:05'),(1033,1,'SB','WEB_HORS_EUROPE',1,'2015-10-09 17:49:05'),(1034,1,'SO','WEB_HORS_EUROPE',1,'2015-10-09 17:49:05'),(1035,1,'GS','WEB_HORS_EUROPE',1,'2015-10-09 17:49:05'),(1036,1,'LK','WEB_HORS_EUROPE',1,'2015-10-09 17:49:05'),(1037,1,'SD','WEB_HORS_EUROPE',1,'2015-10-09 17:49:05'),(1038,1,'SR','WEB_HORS_EUROPE',1,'2015-10-09 17:49:05'),(1039,1,'SJ','WEB_HORS_EUROPE',1,'2015-10-09 17:49:05'),(1040,1,'SZ','WEB_HORS_EUROPE',1,'2015-10-09 17:49:05'),(1041,1,'SY','WEB_HORS_EUROPE',1,'2015-10-09 17:49:05'),(1042,1,'TW','WEB_HORS_EUROPE',1,'2015-10-09 17:49:05'),(1043,1,'TJ','WEB_HORS_EUROPE',1,'2015-10-09 17:49:05'),(1044,1,'TZ','WEB_HORS_EUROPE',1,'2015-10-09 17:49:05'),(1045,1,'TH','WEB_HORS_EUROPE',1,'2015-10-09 17:49:05'),(1046,1,'TK','WEB_HORS_EUROPE',1,'2015-10-09 17:49:05'),(1047,1,'TO','WEB_HORS_EUROPE',1,'2015-10-09 17:49:05'),(1048,1,'TT','WEB_HORS_EUROPE',1,'2015-10-09 17:49:05'),(1049,1,'TN','WEB_HORS_EUROPE',1,'2015-10-09 17:49:05'),(1050,1,'TM','WEB_HORS_EUROPE',1,'2015-10-09 17:49:05'),(1051,1,'TC','WEB_HORS_EUROPE',1,'2015-10-09 17:49:05'),(1052,1,'TV','WEB_HORS_EUROPE',1,'2015-10-09 17:49:05'),(1053,1,'UG','WEB_HORS_EUROPE',1,'2015-10-09 17:49:05'),(1054,1,'UA','WEB_HORS_EUROPE',1,'2015-10-09 17:49:05'),(1055,1,'AE','WEB_HORS_EUROPE',1,'2015-10-09 17:49:05'),(1056,1,'UY','WEB_HORS_EUROPE',1,'2015-10-09 17:49:05'),(1057,1,'UZ','WEB_HORS_EUROPE',1,'2015-10-09 17:49:05'),(1058,1,'VU','WEB_HORS_EUROPE',1,'2015-10-09 17:49:05'),(1059,1,'VE','WEB_HORS_EUROPE',1,'2015-10-09 17:49:05'),(1060,1,'VN','WEB_HORS_EUROPE',1,'2015-10-09 17:49:05'),(1061,1,'VG','WEB_HORS_EUROPE',1,'2015-10-09 17:49:05'),(1062,1,'VI','WEB_HORS_EUROPE',1,'2015-10-09 17:49:05'),(1063,1,'WF','WEB_HORS_EUROPE',1,'2015-10-09 17:49:05'),(1064,1,'EH','WEB_HORS_EUROPE',1,'2015-10-09 17:49:05'),(1065,1,'YE','WEB_HORS_EUROPE',1,'2015-10-09 17:49:05'),(1066,1,'ZM','WEB_HORS_EUROPE',1,'2015-10-09 17:49:05'),(1067,1,'ZW','WEB_HORS_EUROPE',1,'2015-10-09 17:49:05'),(1068,1,'AL','WEB_HORS_EUROPE',1,'2015-10-09 17:49:05'),(1069,1,'AF','WEB_HORS_EUROPE',1,'2015-10-09 17:49:05'),(1070,1,'AQ','WEB_HORS_EUROPE',1,'2015-10-09 17:49:05'),(1071,1,'BA','WEB_HORS_EUROPE',1,'2015-10-09 17:49:05'),(1072,1,'BV','WEB_HORS_EUROPE',1,'2015-10-09 17:49:05'),(1073,1,'IO','WEB_HORS_EUROPE',1,'2015-10-09 17:49:05'),(1074,1,'KY','WEB_HORS_EUROPE',1,'2015-10-09 17:49:05'),(1075,1,'CX','WEB_HORS_EUROPE',1,'2015-10-09 17:49:05'),(1076,1,'CC','WEB_HORS_EUROPE',1,'2015-10-09 17:49:05'),(1077,1,'CK','WEB_HORS_EUROPE',1,'2015-10-09 17:49:05'),(1078,1,'GF','WEB_HORS_EUROPE',1,'2015-10-09 17:49:05'),(1079,1,'PF','WEB_HORS_EUROPE',1,'2015-10-09 17:49:05'),(1080,1,'TF','WEB_HORS_EUROPE',1,'2015-10-09 17:49:05'),(1081,1,'AX','WEB_HORS_EUROPE',1,'2015-10-09 17:49:05');

--
-- Table structure for table `ps_fm_image_sync`
--

CREATE TABLE `ps_fm_image_sync` (
  `id_image_sync` int(10) unsigned NOT NULL AUTO_INCREMENT,
  `filename` varchar(255) NOT NULL,
  `file_date` datetime DEFAULT NULL,
  `file_size` int(10) unsigned DEFAULT NULL,
  `file_width` mediumint(5) unsigned DEFAULT NULL,
  `file_height` mediumint(5) unsigned DEFAULT NULL,
  `date_synchro` datetime NOT NULL,
  `date_process` datetime NOT NULL,
  PRIMARY KEY (`id_image_sync`),
  KEY `filename` (`filename`)
) ENGINE=InnoDB DEFAULT CHARSET=utf8;

--
-- Dumping data for table `ps_fm_image_sync`
--


--
-- Table structure for table `ps_fm_job_queue`
--

CREATE TABLE `ps_fm_job_queue` (
  `id_job` int(10) unsigned NOT NULL AUTO_INCREMENT,
  `identifiant` varchar(32) DEFAULT NULL,
  `job` varchar(20) DEFAULT NULL,
  `datas` longtext,
  `date_creation` datetime NOT NULL,
  `date_traitement` datetime DEFAULT NULL,
  PRIMARY KEY (`id_job`),
  KEY `job` (`job`),
  KEY `date_traitement` (`date_traitement`)
) ENGINE=InnoDB AUTO_INCREMENT=1081 DEFAULT CHARSET=utf8;

--
-- Dumping data for table `ps_fm_job_queue`
--

INSERT INTO `ps_fm_job_queue` VALUES (410,'388','OrderStatus','{\"orderStatus\":{\"id\":2,\"module_name\":\"\",\"shipped\":\"0\",\"delivery\":\"0\",\"paid\":\"1\",\"deleted\":\"0\",\"name\":\"Paiement accept\\u00e9\"},\"cart\":{\"id_shop\":\"1\",\"id_address_delivery\":\"788\",\"id_address_invoice\":\"788\",\"id_currency\":\"1\",\"id_lang\":\"3\",\"id_carrier\":\"20\",\"id_customer\":\"690\",\"secure_key\":\"a96adb4307035debdae81c27ee48ce67\",\"products\":{\"1036\":{\"total_wt\":597,\"total\":497.5,\"quantity\":1,\"id_product_attribute\":\"573\"}}}}','2016-01-04 10:19:24',NULL),(1054,'422','OrderStatus','{\"orderStatus\":{\"id\":2,\"module_name\":\"\",\"shipped\":\"0\",\"delivery\":\"0\",\"paid\":\"1\",\"deleted\":\"0\",\"name\":\"Paiement accept\\u00e9\"},\"cart\":{\"id_shop\":\"1\",\"id_address_delivery\":\"847\",\"id_address_invoice\":\"847\",\"id_currency\":\"1\",\"id_lang\":\"3\",\"id_carrier\":\"20\",\"id_customer\":\"742\",\"secure_key\":\"93fc888b52203c506040cb47feea9f99\",\"products\":{\"1143\":{\"total_wt\":665,\"total\":665,\"quantity\":1,\"id_product_attribute\":\"897\"}}}}','2016-01-13 17:15:00',NULL),(1064,'423','OrderStatus','{\"orderStatus\":{\"id\":2,\"module_name\":\"\",\"shipped\":\"0\",\"delivery\":\"0\",\"paid\":\"1\",\"deleted\":\"0\",\"name\":\"Paiement accept\\u00e9\"},\"cart\":{\"id_shop\":\"1\",\"id_address_delivery\":\"848\",\"id_address_invoice\":\"848\",\"id_currency\":\"1\",\"id_lang\":\"3\",\"id_carrier\":\"20\",\"id_customer\":\"743\",\"secure_key\":\"f44e5d71970637ccae1ca51752872cbf\",\"products\":{\"1143\":{\"total_wt\":620,\"total\":516.67,\"quantity\":1,\"id_product_attribute\":\"897\"}}}}','2016-01-13 20:37:22',NULL),(1079,'713','CustomerUpdate','[]','2016-01-14 09:42:06','2016-01-14 09:48:03'),(1080,'713','CustomerUpdate','[]','2016-01-14 09:42:06','2016-01-14 09:48:03');

--
-- Table structure for table `ps_fm_orders`
--

CREATE TABLE `ps_fm_orders` (
  `id_order` int(10) unsigned NOT NULL,
  `vente` int(10) NOT NULL,
  `nature` varchar(30) NOT NULL,
  `etat` varchar(255) NOT NULL,
  `edi` longtext NOT NULL,
  `retour` longtext NOT NULL,
  `date_post` datetime NOT NULL,
  `date_retour` datetime NOT NULL,
  PRIMARY KEY (`id_order`,`vente`,`nature`,`date_post`),
  KEY `etat` (`etat`)
) ENGINE=InnoDB DEFAULT CHARSET=utf8;

--
-- Dumping data for table `ps_fm_orders`
--

INSERT INTO `ps_fm_orders` VALUES (300,4519,'TRANS','OK','ENTETE|POITOU|WEB|1|TRANS|VPC-WEB||OUI|\r\nLIGNE|W 152 SK06 LF010|38|965 SLATE|SHORT HIGH WAISTED SKIRT - Taille : 38|550.00|1||0.00|\r\n\r\n','a:2:{i:0;a:5:{s:6:\"status\";s:2:\"OK\";s:2:\"id\";s:4:\"4519\";s:9:\"post_data\";s:135:\"ENTETE|POITOU|WEB|1|TRANS|VPC-WEB||OUI|\r\nLIGNE|W 152 SK06 LF010|38|965 SLATE|SHORT HIGH WAISTED SKIRT - Taille : 38|550.00|1||0.00|\r\n\r\n\";s:7:\"request\";s:248:\"compte=HOMEMADE&motpasse=h12589&magasin=WEB&enseigne=JINGHI&data=ENTETE%7CPOITOU%7CWEB%7C1%7CTRANS%7CVPC-WEB%7C%7COUI%7C%0D%0ALIGNE%7CW+152+SK06+LF010%7C38%7C965+SLATE%7CSHORT+HIGH+WAISTED+SKIRT+-+Taille+%3A+38%7C550.00%7C1%7C%7C0.00%7C%0D%0A%0D%0A\";s:5:\"error\";s:0:\"\";}i:1;a:5:{s:6:\"status\";s:2:\"OK\";s:2:\"id\";s:4:\"4520\";s:9:\"post_data\";s:257:\"ENTETE|WEB|580.00|2|VENTE|VPC-WEB|4450|MY ADDRESS||||||||||HT||Presta : 300|\r\nLIGNE|W 152 SK06 LF010|38|965 SLATE|SHORT HIGH WAISTED SKIRT - Taille : 38|550.00|1|0.00|550.00|||\r\nLIGNE|FP|||Livraison|30.00|1|0.00|30.00|||\r\nREGLEMENT|460|580.00|||OMDHJKYHB|\r\n\";s:7:\"request\";s:438:\"compte=HOMEMADE&motpasse=h12589&magasin=WEB&enseigne=JINGHI&data=ENTETE%7CWEB%7C580.00%7C2%7CVENTE%7CVPC-WEB%7C4450%7CMY+ADDRESS%7C%7C%7C%7C%7C%7C%7C%7C%7C%7CHT%7C%7CPresta+%3A+300%7C%0D%0ALIGNE%7CW+152+SK06+LF010%7C38%7C965+SLATE%7CSHORT+HIGH+WAISTED+SKIRT+-+Taille+%3A+38%7C550.00%7C1%7C0.00%7C550.00%7C%7C%7C%0D%0ALIGNE%7CFP%7C%7C%7CLivraison%7C30.00%7C1%7C0.00%7C30.00%7C%7C%7C%0D%0AREGLEMENT%7C460%7C580.00%7C%7C%7COMDHJKYHB%7C%0D%0A\";s:5:\"error\";s:0:\"\";}}','2015-10-12 14:45:11','2015-10-12 14:45:17'),(300,4520,'VENTE','OK','ENTETE|WEB|580.00|2|VENTE|VPC-WEB|4450|MY ADDRESS||||||||||HT||Presta : 300|\r\nLIGNE|W 152 SK06 LF010|38|965 SLATE|SHORT HIGH WAISTED SKIRT - Taille : 38|550.00|1|0.00|550.00|||\r\nLIGNE|FP|||Livraison|30.00|1|0.00|30.00|||\r\nREGLEMENT|460|580.00|||OMDHJKYHB|\r\n','a:2:{i:0;a:5:{s:6:\"status\";s:2:\"OK\";s:2:\"id\";s:4:\"4519\";s:9:\"post_data\";s:135:\"ENTETE|POITOU|WEB|1|TRANS|VPC-WEB||OUI|\r\nLIGNE|W 152 SK06 LF010|38|965 SLATE|SHORT HIGH WAISTED SKIRT - Taille : 38|550.00|1||0.00|\r\n\r\n\";s:7:\"request\";s:248:\"compte=HOMEMADE&motpasse=h12589&magasin=WEB&enseigne=JINGHI&data=ENTETE%7CPOITOU%7CWEB%7C1%7CTRANS%7CVPC-WEB%7C%7COUI%7C%0D%0ALIGNE%7CW+152+SK06+LF010%7C38%7C965+SLATE%7CSHORT+HIGH+WAISTED+SKIRT+-+Taille+%3A+38%7C550.00%7C1%7C%7C0.00%7C%0D%0A%0D%0A\";s:5:\"error\";s:0:\"\";}i:1;a:5:{s:6:\"status\";s:2:\"OK\";s:2:\"id\";s:4:\"4520\";s:9:\"post_data\";s:257:\"ENTETE|WEB|580.00|2|VENTE|VPC-WEB|4450|MY ADDRESS||||||||||HT||Presta : 300|\r\nLIGNE|W 152 SK06 LF010|38|965 SLATE|SHORT HIGH WAISTED SKIRT - Taille : 38|550.00|1|0.00|550.00|||\r\nLIGNE|FP|||Livraison|30.00|1|0.00|30.00|||\r\nREGLEMENT|460|580.00|||OMDHJKYHB|\r\n\";s:7:\"request\";s:438:\"compte=HOMEMADE&motpasse=h12589&magasin=WEB&enseigne=JINGHI&data=ENTETE%7CWEB%7C580.00%7C2%7CVENTE%7CVPC-WEB%7C4450%7CMY+ADDRESS%7C%7C%7C%7C%7C%7C%7C%7C%7C%7CHT%7C%7CPresta+%3A+300%7C%0D%0ALIGNE%7CW+152+SK06+LF010%7C38%7C965+SLATE%7CSHORT+HIGH+WAISTED+SKIRT+-+Taille+%3A+38%7C550.00%7C1%7C0.00%7C550.00%7C%7C%7C%0D%0ALIGNE%7CFP%7C%7C%7CLivraison%7C30.00%7C1%7C0.00%7C30.00%7C%7C%7C%0D%0AREGLEMENT%7C460%7C580.00%7C%7C%7COMDHJKYHB%7C%0D%0A\";s:5:\"error\";s:0:\"\";}}','2015-10-12 14:45:11','2015-10-12 14:45:18'),(311,4495,'TRANS','OK','ENTETE|POITOU|WEB|1|TRANS|VPC-WEB||OUI|\r\nLIGNE|W 152 KN06 LK004|  S|999 BLACK|RIB SWEATER - Taille : S|530.00|1||0.00|\r\n\r\n','a:2:{i:0;a:5:{s:6:\"status\";s:2:\"OK\";s:2:\"id\";s:4:\"4495\";s:9:\"post_data\";s:122:\"ENTETE|POITOU|WEB|1|TRANS|VPC-WEB||OUI|\r\nLIGNE|W 152 KN06 LK004|  S|999 BLACK|RIB SWEATER - Taille : S|530.00|1||0.00|\r\n\r\n\";s:7:\"request\";s:235:\"compte=HOMEMADE&motpasse=h12589&magasin=WEB&enseigne=JINGHI&data=ENTETE%7CPOITOU%7CWEB%7C1%7CTRANS%7CVPC-WEB%7C%7COUI%7C%0D%0ALIGNE%7CW+152+KN06+LK004%7C++S%7C999+BLACK%7CRIB+SWEATER+-+Taille+%3A+S%7C530.00%7C1%7C%7C0.00%7C%0D%0A%0D%0A\";s:5:\"error\";s:0:\"\";}i:1;a:5:{s:6:\"status\";s:2:\"OK\";s:2:\"id\";s:4:\"4496\";s:9:\"post_data\";s:242:\"ENTETE|WEB|545.00|2|VENTE|VPC-WEB|4445|MY ADDRESS||||||||||||Presta : 311|\r\nLIGNE|W 152 KN06 LK004|  S|999 BLACK|RIB SWEATER - Taille : S|530.00|1|0.00|530.00|||\r\nLIGNE|FP|||Livraison|15.00|1|0.00|15.00|||\r\nREGLEMENT|460|545.00|||CYVOBYKLN|\r\n\";s:7:\"request\";s:423:\"compte=HOMEMADE&motpasse=h12589&magasin=WEB&enseigne=JINGHI&data=ENTETE%7CWEB%7C545.00%7C2%7CVENTE%7CVPC-WEB%7C4445%7CMY+ADDRESS%7C%7C%7C%7C%7C%7C%7C%7C%7C%7C%7C%7CPresta+%3A+311%7C%0D%0ALIGNE%7CW+152+KN06+LK004%7C++S%7C999+BLACK%7CRIB+SWEATER+-+Taille+%3A+S%7C530.00%7C1%7C0.00%7C530.00%7C%7C%7C%0D%0ALIGNE%7CFP%7C%7C%7CLivraison%7C15.00%7C1%7C0.00%7C15.00%7C%7C%7C%0D%0AREGLEMENT%7C460%7C545.00%7C%7C%7CCYVOBYKLN%7C%0D%0A\";s:5:\"error\";s:0:\"\";}}','2015-10-09 19:37:20','2015-10-09 19:37:24'),(311,4496,'VENTE','OK','ENTETE|WEB|545.00|2|VENTE|VPC-WEB|4445|MY ADDRESS||||||||||||Presta : 311|\r\nLIGNE|W 152 KN06 LK004|  S|999 BLACK|RIB SWEATER - Taille : S|530.00|1|0.00|530.00|||\r\nLIGNE|FP|||Livraison|15.00|1|0.00|15.00|||\r\nREGLEMENT|460|545.00|||CYVOBYKLN|\r\n','a:2:{i:0;a:5:{s:6:\"status\";s:2:\"OK\";s:2:\"id\";s:4:\"4495\";s:9:\"post_data\";s:122:\"ENTETE|POITOU|WEB|1|TRANS|VPC-WEB||OUI|\r\nLIGNE|W 152 KN06 LK004|  S|999 BLACK|RIB SWEATER - Taille : S|530.00|1||0.00|\r\n\r\n\";s:7:\"request\";s:235:\"compte=HOMEMADE&motpasse=h12589&magasin=WEB&enseigne=JINGHI&data=ENTETE%7CPOITOU%7CWEB%7C1%7CTRANS%7CVPC-WEB%7C%7COUI%7C%0D%0ALIGNE%7CW+152+KN06+LK004%7C++S%7C999+BLACK%7CRIB+SWEATER+-+Taille+%3A+S%7C530.00%7C1%7C%7C0.00%7C%0D%0A%0D%0A\";s:5:\"error\";s:0:\"\";}i:1;a:5:{s:6:\"status\";s:2:\"OK\";s:2:\"id\";s:4:\"4496\";s:9:\"post_data\";s:242:\"ENTETE|WEB|545.00|2|VENTE|VPC-WEB|4445|MY ADDRESS||||||||||||Presta : 311|\r\nLIGNE|W 152 KN06 LK004|  S|999 BLACK|RIB SWEATER - Taille : S|530.00|1|0.00|530.00|||\r\nLIGNE|FP|||Livraison|15.00|1|0.00|15.00|||\r\nREGLEMENT|460|545.00|||CYVOBYKLN|\r\n\";s:7:\"request\";s:423:\"compte=HOMEMADE&motpasse=h12589&magasin=WEB&enseigne=JINGHI&data=ENTETE%7CWEB%7C545.00%7C2%7CVENTE%7CVPC-WEB%7C4445%7CMY+ADDRESS%7C%7C%7C%7C%7C%7C%7C%7C%7C%7C%7C%7CPresta+%3A+311%7C%0D%0ALIGNE%7CW+152+KN06+LK004%7C++S%7C999+BLACK%7CRIB+SWEATER+-+Taille+%3A+S%7C530.00%7C1%7C0.00%7C530.00%7C%7C%7C%0D%0ALIGNE%7CFP%7C%7C%7CLivraison%7C15.00%7C1%7C0.00%7C15.00%7C%7C%7C%0D%0AREGLEMENT%7C460%7C545.00%7C%7C%7CCYVOBYKLN%7C%0D%0A\";s:5:\"error\";s:0:\"\";}}','2015-10-09 19:37:20','2015-10-09 19:37:24'),(312,4502,'TRANS','OK','ENTETE|POITOU|WEB|1|TRANS|VPC-WEB||OUI|\r\nLIGNE|W 152 SH28 LF009|40|795 MIDNIGHT BLUE|BAT-SLEEVE SHIRT - Taille : 40|740.00|1||0.00|\r\n\r\n','a:2:{i:0;a:5:{s:6:\"status\";s:2:\"OK\";s:2:\"id\";s:4:\"4502\";s:9:\"post_data\";s:135:\"ENTETE|POITOU|WEB|1|TRANS|VPC-WEB||OUI|\r\nLIGNE|W 152 SH28 LF009|40|795 MIDNIGHT BLUE|BAT-SLEEVE SHIRT - Taille : 40|740.00|1||0.00|\r\n\r\n\";s:7:\"request\";s:248:\"compte=HOMEMADE&motpasse=h12589&magasin=WEB&enseigne=JINGHI&data=ENTETE%7CPOITOU%7CWEB%7C1%7CTRANS%7CVPC-WEB%7C%7COUI%7C%0D%0ALIGNE%7CW+152+SH28+LF009%7C40%7C795+MIDNIGHT+BLUE%7CBAT-SLEEVE+SHIRT+-+Taille+%3A+40%7C740.00%7C1%7C%7C0.00%7C%0D%0A%0D%0A\";s:5:\"error\";s:0:\"\";}i:1;a:5:{s:6:\"status\";s:2:\"OK\";s:2:\"id\";s:4:\"4503\";s:9:\"post_data\";s:257:\"ENTETE|WEB|770.00|2|VENTE|VPC-WEB|4446|MY ADDRESS||||||||||HT||Presta : 312|\r\nLIGNE|W 152 SH28 LF009|40|795 MIDNIGHT BLUE|BAT-SLEEVE SHIRT - Taille : 40|740.00|1|0.00|740.00|||\r\nLIGNE|FP|||Livraison|30.00|1|0.00|30.00|||\r\nREGLEMENT|460|770.00|||XNJQIKCNN|\r\n\";s:7:\"request\";s:438:\"compte=HOMEMADE&motpasse=h12589&magasin=WEB&enseigne=JINGHI&data=ENTETE%7CWEB%7C770.00%7C2%7CVENTE%7CVPC-WEB%7C4446%7CMY+ADDRESS%7C%7C%7C%7C%7C%7C%7C%7C%7C%7CHT%7C%7CPresta+%3A+312%7C%0D%0ALIGNE%7CW+152+SH28+LF009%7C40%7C795+MIDNIGHT+BLUE%7CBAT-SLEEVE+SHIRT+-+Taille+%3A+40%7C740.00%7C1%7C0.00%7C740.00%7C%7C%7C%0D%0ALIGNE%7CFP%7C%7C%7CLivraison%7C30.00%7C1%7C0.00%7C30.00%7C%7C%7C%0D%0AREGLEMENT%7C460%7C770.00%7C%7C%7CXNJQIKCNN%7C%0D%0A\";s:5:\"error\";s:0:\"\";}}','2015-10-10 13:30:19','2015-10-10 13:30:24'),(312,4503,'VENTE','OK','ENTETE|WEB|770.00|2|VENTE|VPC-WEB|4446|MY ADDRESS||||||||||HT||Presta : 312|\r\nLIGNE|W 152 SH28 LF009|40|795 MIDNIGHT BLUE|BAT-SLEEVE SHIRT - Taille : 40|740.00|1|0.00|740.00|||\r\nLIGNE|FP|||Livraison|30.00|1|0.00|30.00|||\r\nREGLEMENT|460|770.00|||XNJQIKCNN|\r\n','a:2:{i:0;a:5:{s:6:\"status\";s:2:\"OK\";s:2:\"id\";s:4:\"4502\";s:9:\"post_data\";s:135:\"ENTETE|POITOU|WEB|1|TRANS|VPC-WEB||OUI|\r\nLIGNE|W 152 SH28 LF009|40|795 MIDNIGHT BLUE|BAT-SLEEVE SHIRT - Taille : 40|740.00|1||0.00|\r\n\r\n\";s:7:\"request\";s:248:\"compte=HOMEMADE&motpasse=h12589&magasin=WEB&enseigne=JINGHI&data=ENTETE%7CPOITOU%7CWEB%7C1%7CTRANS%7CVPC-WEB%7C%7COUI%7C%0D%0ALIGNE%7CW+152+SH28+LF009%7C40%7C795+MIDNIGHT+BLUE%7CBAT-SLEEVE+SHIRT+-+Taille+%3A+40%7C740.00%7C1%7C%7C0.00%7C%0D%0A%0D%0A\";s:5:\"error\";s:0:\"\";}i:1;a:5:{s:6:\"status\";s:2:\"OK\";s:2:\"id\";s:4:\"4503\";s:9:\"post_data\";s:257:\"ENTETE|WEB|770.00|2|VENTE|VPC-WEB|4446|MY ADDRESS||||||||||HT||Presta : 312|\r\nLIGNE|W 152 SH28 LF009|40|795 MIDNIGHT BLUE|BAT-SLEEVE SHIRT - Taille : 40|740.00|1|0.00|740.00|||\r\nLIGNE|FP|||Livraison|30.00|1|0.00|30.00|||\r\nREGLEMENT|460|770.00|||XNJQIKCNN|\r\n\";s:7:\"request\";s:438:\"compte=HOMEMADE&motpasse=h12589&magasin=WEB&enseigne=JINGHI&data=ENTETE%7CWEB%7C770.00%7C2%7CVENTE%7CVPC-WEB%7C4446%7CMY+ADDRESS%7C%7C%7C%7C%7C%7C%7C%7C%7C%7CHT%7C%7CPresta+%3A+312%7C%0D%0ALIGNE%7CW+152+SH28+LF009%7C40%7C795+MIDNIGHT+BLUE%7CBAT-SLEEVE+SHIRT+-+Taille+%3A+40%7C740.00%7C1%7C0.00%7C740.00%7C%7C%7C%0D%0ALIGNE%7CFP%7C%7C%7CLivraison%7C30.00%7C1%7C0.00%7C30.00%7C%7C%7C%0D%0AREGLEMENT%7C460%7C770.00%7C%7C%7CXNJQIKCNN%7C%0D%0A\";s:5:\"error\";s:0:\"\";}}','2015-10-10 13:30:19','2015-10-10 13:30:24'),(313,4521,'TRANS','OK','ENTETE|POITOU|WEB|1|TRANS|VPC-WEB||OUI|\r\nLIGNE|M 152 CO07 LF043|44|999 BLACK|MAXI COAT - Taille : 44|995.00|1||0.00|\r\n\r\n','a:2:{i:0;a:5:{s:6:\"status\";s:2:\"OK\";s:2:\"id\";s:4:\"4521\";s:9:\"post_data\";s:120:\"ENTETE|POITOU|WEB|1|TRANS|VPC-WEB||OUI|\r\nLIGNE|M 152 CO07 LF043|44|999 BLACK|MAXI COAT - Taille : 44|995.00|1||0.00|\r\n\r\n\";s:7:\"request\";s:233:\"compte=HOMEMADE&motpasse=h12589&magasin=WEB&enseigne=JINGHI&data=ENTETE%7CPOITOU%7CWEB%7C1%7CTRANS%7CVPC-WEB%7C%7COUI%7C%0D%0ALIGNE%7CM+152+CO07+LF043%7C44%7C999+BLACK%7CMAXI+COAT+-+Taille+%3A+44%7C995.00%7C1%7C%7C0.00%7C%0D%0A%0D%0A\";s:5:\"error\";s:0:\"\";}i:1;a:5:{s:6:\"status\";s:2:\"OK\";s:2:\"id\";s:4:\"4522\";s:9:\"post_data\";s:242:\"ENTETE|WEB|1025.00|2|VENTE|VPC-WEB|4451|MY ADDRESS||||||||||||Presta : 313|\r\nLIGNE|M 152 CO07 LF043|44|999 BLACK|MAXI COAT - Taille : 44|995.00|1|0.00|995.00|||\r\nLIGNE|FP|||Livraison|30.00|1|0.00|30.00|||\r\nREGLEMENT|460|1025.00|||IEHJWLVIG|\r\n\";s:7:\"request\";s:423:\"compte=HOMEMADE&motpasse=h12589&magasin=WEB&enseigne=JINGHI&data=ENTETE%7CWEB%7C1025.00%7C2%7CVENTE%7CVPC-WEB%7C4451%7CMY+ADDRESS%7C%7C%7C%7C%7C%7C%7C%7C%7C%7C%7C%7CPresta+%3A+313%7C%0D%0ALIGNE%7CM+152+CO07+LF043%7C44%7C999+BLACK%7CMAXI+COAT+-+Taille+%3A+44%7C995.00%7C1%7C0.00%7C995.00%7C%7C%7C%0D%0ALIGNE%7CFP%7C%7C%7CLivraison%7C30.00%7C1%7C0.00%7C30.00%7C%7C%7C%0D%0AREGLEMENT%7C460%7C1025.00%7C%7C%7CIEHJWLVIG%7C%0D%0A\";s:5:\"error\";s:0:\"\";}}','2015-10-12 15:14:07','2015-10-12 15:14:11'),(313,4522,'VENTE','OK','ENTETE|WEB|1025.00|2|VENTE|VPC-WEB|4451|MY ADDRESS||||||||||||Presta : 313|\r\nLIGNE|M 152 CO07 LF043|44|999 BLACK|MAXI COAT - Taille : 44|995.00|1|0.00|995.00|||\r\nLIGNE|FP|||Livraison|30.00|1|0.00|30.00|||\r\nREGLEMENT|460|1025.00|||IEHJWLVIG|\r\n','a:2:{i:0;a:5:{s:6:\"status\";s:2:\"OK\";s:2:\"id\";s:4:\"4521\";s:9:\"post_data\";s:120:\"ENTETE|POITOU|WEB|1|TRANS|VPC-WEB||OUI|\r\nLIGNE|M 152 CO07 LF043|44|999 BLACK|MAXI COAT - Taille : 44|995.00|1||0.00|\r\n\r\n\";s:7:\"request\";s:233:\"compte=HOMEMADE&motpasse=h12589&magasin=WEB&enseigne=JINGHI&data=ENTETE%7CPOITOU%7CWEB%7C1%7CTRANS%7CVPC-WEB%7C%7COUI%7C%0D%0ALIGNE%7CM+152+CO07+LF043%7C44%7C999+BLACK%7CMAXI+COAT+-+Taille+%3A+44%7C995.00%7C1%7C%7C0.00%7C%0D%0A%0D%0A\";s:5:\"error\";s:0:\"\";}i:1;a:5:{s:6:\"status\";s:2:\"OK\";s:2:\"id\";s:4:\"4522\";s:9:\"post_data\";s:242:\"ENTETE|WEB|1025.00|2|VENTE|VPC-WEB|4451|MY ADDRESS||||||||||||Presta : 313|\r\nLIGNE|M 152 CO07 LF043|44|999 BLACK|MAXI COAT - Taille : 44|995.00|1|0.00|995.00|||\r\nLIGNE|FP|||Livraison|30.00|1|0.00|30.00|||\r\nREGLEMENT|460|1025.00|||IEHJWLVIG|\r\n\";s:7:\"request\";s:423:\"compte=HOMEMADE&motpasse=h12589&magasin=WEB&enseigne=JINGHI&data=ENTETE%7CWEB%7C1025.00%7C2%7CVENTE%7CVPC-WEB%7C4451%7CMY+ADDRESS%7C%7C%7C%7C%7C%7C%7C%7C%7C%7C%7C%7CPresta+%3A+313%7C%0D%0ALIGNE%7CM+152+CO07+LF043%7C44%7C999+BLACK%7CMAXI+COAT+-+Taille+%3A+44%7C995.00%7C1%7C0.00%7C995.00%7C%7C%7C%0D%0ALIGNE%7CFP%7C%7C%7CLivraison%7C30.00%7C1%7C0.00%7C30.00%7C%7C%7C%0D%0AREGLEMENT%7C460%7C1025.00%7C%7C%7CIEHJWLVIG%7C%0D%0A\";s:5:\"error\";s:0:\"\";}}','2015-10-12 15:14:07','2015-10-12 15:14:11'),(314,4525,'TRANS','OK','ENTETE|POITOU|WEB|1|TRANS|VPC-WEB||OUI|\r\nLIGNE|M 152 CO05 LF015|46|999 BLACK|KAFTAN - Taille : 46|1295.00|1||0.00|\r\n\r\n','a:2:{i:0;a:5:{s:6:\"status\";s:2:\"OK\";s:2:\"id\";s:4:\"4525\";s:9:\"post_data\";s:118:\"ENTETE|POITOU|WEB|1|TRANS|VPC-WEB||OUI|\r\nLIGNE|M 152 CO05 LF015|46|999 BLACK|KAFTAN - Taille : 46|1295.00|1||0.00|\r\n\r\n\";s:7:\"request\";s:231:\"compte=HOMEMADE&motpasse=h12589&magasin=WEB&enseigne=JINGHI&data=ENTETE%7CPOITOU%7CWEB%7C1%7CTRANS%7CVPC-WEB%7C%7COUI%7C%0D%0ALIGNE%7CM+152+CO05+LF015%7C46%7C999+BLACK%7CKAFTAN+-+Taille+%3A+46%7C1295.00%7C1%7C%7C0.00%7C%0D%0A%0D%0A\";s:5:\"error\";s:0:\"\";}i:1;a:5:{s:6:\"status\";s:2:\"OK\";s:2:\"id\";s:4:\"4526\";s:9:\"post_data\";s:241:\"ENTETE|WEB|1310.00|2|VENTE|VPC-WEB|4452|MY ADDRESS||||||||||||Presta : 314|\r\nLIGNE|M 152 CO05 LF015|46|999 BLACK|KAFTAN - Taille : 46|1295.00|1|0.00|1295.00|||\r\nLIGNE|FP|||Livraison|15.00|1|0.00|15.00|||\r\nREGLEMENT|460|1310.00|||JXUWUMWZT|\r\n\";s:7:\"request\";s:422:\"compte=HOMEMADE&motpasse=h12589&magasin=WEB&enseigne=JINGHI&data=ENTETE%7CWEB%7C1310.00%7C2%7CVENTE%7CVPC-WEB%7C4452%7CMY+ADDRESS%7C%7C%7C%7C%7C%7C%7C%7C%7C%7C%7C%7CPresta+%3A+314%7C%0D%0ALIGNE%7CM+152+CO05+LF015%7C46%7C999+BLACK%7CKAFTAN+-+Taille+%3A+46%7C1295.00%7C1%7C0.00%7C1295.00%7C%7C%7C%0D%0ALIGNE%7CFP%7C%7C%7CLivraison%7C15.00%7C1%7C0.00%7C15.00%7C%7C%7C%0D%0AREGLEMENT%7C460%7C1310.00%7C%7C%7CJXUWUMWZT%7C%0D%0A\";s:5:\"error\";s:0:\"\";}}','2015-10-12 16:19:00','2015-10-12 16:19:03'),(314,4526,'VENTE','OK','ENTETE|WEB|1310.00|2|VENTE|VPC-WEB|4452|MY ADDRESS||||||||||||Presta : 314|\r\nLIGNE|M 152 CO05 LF015|46|999 BLACK|KAFTAN - Taille : 46|1295.00|1|0.00|1295.00|||\r\nLIGNE|FP|||Livraison|15.00|1|0.00|15.00|||\r\nREGLEMENT|460|1310.00|||JXUWUMWZT|\r\n','a:2:{i:0;a:5:{s:6:\"status\";s:2:\"OK\";s:2:\"id\";s:4:\"4525\";s:9:\"post_data\";s:118:\"ENTETE|POITOU|WEB|1|TRANS|VPC-WEB||OUI|\r\nLIGNE|M 152 CO05 LF015|46|999 BLACK|KAFTAN - Taille : 46|1295.00|1||0.00|\r\n\r\n\";s:7:\"request\";s:231:\"compte=HOMEMADE&motpasse=h12589&magasin=WEB&enseigne=JINGHI&data=ENTETE%7CPOITOU%7CWEB%7C1%7CTRANS%7CVPC-WEB%7C%7COUI%7C%0D%0ALIGNE%7CM+152+CO05+LF015%7C46%7C999+BLACK%7CKAFTAN+-+Taille+%3A+46%7C1295.00%7C1%7C%7C0.00%7C%0D%0A%0D%0A\";s:5:\"error\";s:0:\"\";}i:1;a:5:{s:6:\"status\";s:2:\"OK\";s:2:\"id\";s:4:\"4526\";s:9:\"post_data\";s:241:\"ENTETE|WEB|1310.00|2|VENTE|VPC-WEB|4452|MY ADDRESS||||||||||||Presta : 314|\r\nLIGNE|M 152 CO05 LF015|46|999 BLACK|KAFTAN - Taille : 46|1295.00|1|0.00|1295.00|||\r\nLIGNE|FP|||Livraison|15.00|1|0.00|15.00|||\r\nREGLEMENT|460|1310.00|||JXUWUMWZT|\r\n\";s:7:\"request\";s:422:\"compte=HOMEMADE&motpasse=h12589&magasin=WEB&enseigne=JINGHI&data=ENTETE%7CWEB%7C1310.00%7C2%7CVENTE%7CVPC-WEB%7C4452%7CMY+ADDRESS%7C%7C%7C%7C%7C%7C%7C%7C%7C%7C%7C%7CPresta+%3A+314%7C%0D%0ALIGNE%7CM+152+CO05+LF015%7C46%7C999+BLACK%7CKAFTAN+-+Taille+%3A+46%7C1295.00%7C1%7C0.00%7C1295.00%7C%7C%7C%0D%0ALIGNE%7CFP%7C%7C%7CLivraison%7C15.00%7C1%7C0.00%7C15.00%7C%7C%7C%0D%0AREGLEMENT%7C460%7C1310.00%7C%7C%7CJXUWUMWZT%7C%0D%0A\";s:5:\"error\";s:0:\"\";}}','2015-10-12 16:19:00','2015-10-12 16:19:03'),(315,4542,'TRANS','OK','ENTETE|POITOU|WEB|3|TRANS|VPC-WEB||OUI|\r\nLIGNE|W 152 KN06 LK004|   XS|999 BLACK|RIB SWEATER - Taille : XS|530.00|1||0.00|\r\n\r\n','a:4:{i:0;a:5:{s:6:\"status\";s:2:\"OK\";s:2:\"id\";s:4:\"4542\";s:9:\"post_data\";s:125:\"ENTETE|POITOU|WEB|3|TRANS|VPC-WEB||OUI|\r\nLIGNE|W 152 KN06 LK004|   XS|999 BLACK|RIB SWEATER - Taille : XS|530.00|1||0.00|\r\n\r\n\";s:7:\"request\";s:238:\"compte=HOMEMADE&motpasse=h12589&magasin=WEB&enseigne=JINGHI&data=ENTETE%7CPOITOU%7CWEB%7C3%7CTRANS%7CVPC-WEB%7C%7COUI%7C%0D%0ALIGNE%7CW+152+KN06+LK004%7C+++XS%7C999+BLACK%7CRIB+SWEATER+-+Taille+%3A+XS%7C530.00%7C1%7C%7C0.00%7C%0D%0A%0D%0A\";s:5:\"error\";s:0:\"\";}i:1;a:5:{s:6:\"status\";s:2:\"OK\";s:2:\"id\";s:4:\"4543\";s:9:\"post_data\";s:135:\"ENTETE|POITOU|WEB|3|TRANS|VPC-WEB||OUI|\r\nLIGNE|W 153 DR05 LF045|36|795 MIDNIGHT BLUE|SLEEVELESS DRESS - Taille : 36|790.00|1||0.00|\r\n\r\n\";s:7:\"request\";s:248:\"compte=HOMEMADE&motpasse=h12589&magasin=WEB&enseigne=JINGHI&data=ENTETE%7CPOITOU%7CWEB%7C3%7CTRANS%7CVPC-WEB%7C%7COUI%7C%0D%0ALIGNE%7CW+153+DR05+LF045%7C36%7C795+MIDNIGHT+BLUE%7CSLEEVELESS+DRESS+-+Taille+%3A+36%7C790.00%7C1%7C%7C0.00%7C%0D%0A%0D%0A\";s:5:\"error\";s:0:\"\";}i:2;a:5:{s:6:\"status\";s:2:\"OK\";s:2:\"id\";s:4:\"4544\";s:9:\"post_data\";s:134:\"ENTETE|POITOU|WEB|3|TRANS|VPC-WEB||OUI|\r\nLIGNE|W 152 SK05 LF015|36|999 BLACK|LONG HIGH WAISTED SKIRT - Taille : 36|695.00|1||0.00|\r\n\r\n\";s:7:\"request\";s:247:\"compte=HOMEMADE&motpasse=h12589&magasin=WEB&enseigne=JINGHI&data=ENTETE%7CPOITOU%7CWEB%7C3%7CTRANS%7CVPC-WEB%7C%7COUI%7C%0D%0ALIGNE%7CW+152+SK05+LF015%7C36%7C999+BLACK%7CLONG+HIGH+WAISTED+SKIRT+-+Taille+%3A+36%7C695.00%7C1%7C%7C0.00%7C%0D%0A%0D%0A\";s:5:\"error\";s:0:\"\";}i:3;a:5:{s:6:\"status\";s:2:\"OK\";s:2:\"id\";s:4:\"4545\";s:9:\"post_data\";s:446:\"ENTETE|WEB|2045.00|4|VENTE|VPC-WEB|4453|MY ADDRESS||||||||||||Presta : 315|\r\nLIGNE|W 152 SK05 LF015|36|999 BLACK|LONG HIGH WAISTED SKIRT - Taille : 36|695.00|1|0.00|695.00|||\r\nLIGNE|W 153 DR05 LF045|36|795 MIDNIGHT BLUE|SLEEVELESS DRESS - Taille : 36|790.00|1|0.00|790.00|||\r\nLIGNE|W 152 KN06 LK004|   XS|999 BLACK|RIB SWEATER - Taille : XS|530.00|1|0.00|530.00|||\r\nLIGNE|FP|||Livraison|30.00|1|0.00|30.00|||\r\nREGLEMENT|460|2045.00|||ORRJBVMRK|\r\n\";s:7:\"request\";s:683:\"compte=HOMEMADE&motpasse=h12589&magasin=WEB&enseigne=JINGHI&data=ENTETE%7CWEB%7C2045.00%7C4%7CVENTE%7CVPC-WEB%7C4453%7CMY+ADDRESS%7C%7C%7C%7C%7C%7C%7C%7C%7C%7C%7C%7CPresta+%3A+315%7C%0D%0ALIGNE%7CW+152+SK05+LF015%7C36%7C999+BLACK%7CLONG+HIGH+WAISTED+SKIRT+-+Taille+%3A+36%7C695.00%7C1%7C0.00%7C695.00%7C%7C%7C%0D%0ALIGNE%7CW+153+DR05+LF045%7C36%7C795+MIDNIGHT+BLUE%7CSLEEVELESS+DRESS+-+Taille+%3A+36%7C790.00%7C1%7C0.00%7C790.00%7C%7C%7C%0D%0ALIGNE%7CW+152+KN06+LK004%7C+++XS%7C999+BLACK%7CRIB+SWEATER+-+Taille+%3A+XS%7C530.00%7C1%7C0.00%7C530.00%7C%7C%7C%0D%0ALIGNE%7CFP%7C%7C%7CLivraison%7C30.00%7C1%7C0.00%7C30.00%7C%7C%7C%0D%0AREGLEMENT%7C460%7C2045.00%7C%7C%7CORRJBVMRK%7C%0D%0A\";s:5:\"error\";s:0:\"\";}}','2015-10-15 16:18:00','2015-10-15 16:18:14'),(315,4543,'TRANS','OK','ENTETE|POITOU|WEB|3|TRANS|VPC-WEB||OUI|\r\nLIGNE|W 153 DR05 LF045|36|795 MIDNIGHT BLUE|SLEEVELESS DRESS - Taille : 36|790.00|1||0.00|\r\n\r\n','a:4:{i:0;a:5:{s:6:\"status\";s:2:\"OK\";s:2:\"id\";s:4:\"4542\";s:9:\"post_data\";s:125:\"ENTETE|POITOU|WEB|3|TRANS|VPC-WEB||OUI|\r\nLIGNE|W 152 KN06 LK004|   XS|999 BLACK|RIB SWEATER - Taille : XS|530.00|1||0.00|\r\n\r\n\";s:7:\"request\";s:238:\"compte=HOMEMADE&motpasse=h12589&magasin=WEB&enseigne=JINGHI&data=ENTETE%7CPOITOU%7CWEB%7C3%7CTRANS%7CVPC-WEB%7C%7COUI%7C%0D%0ALIGNE%7CW+152+KN06+LK004%7C+++XS%7C999+BLACK%7CRIB+SWEATER+-+Taille+%3A+XS%7C530.00%7C1%7C%7C0.00%7C%0D%0A%0D%0A\";s:5:\"error\";s:0:\"\";}i:1;a:5:{s:6:\"status\";s:2:\"OK\";s:2:\"id\";s:4:\"4543\";s:9:\"post_data\";s:135:\"ENTETE|POITOU|WEB|3|TRANS|VPC-WEB||OUI|\r\nLIGNE|W 153 DR05 LF045|36|795 MIDNIGHT BLUE|SLEEVELESS DRESS - Taille : 36|790.00|1||0.00|\r\n\r\n\";s:7:\"request\";s:248:\"compte=HOMEMADE&motpasse=h12589&magasin=WEB&enseigne=JINGHI&data=ENTETE%7CPOITOU%7CWEB%7C3%7CTRANS%7CVPC-WEB%7C%7COUI%7C%0D%0ALIGNE%7CW+153+DR05+LF045%7C36%7C795+MIDNIGHT+BLUE%7CSLEEVELESS+DRESS+-+Taille+%3A+36%7C790.00%7C1%7C%7C0.00%7C%0D%0A%0D%0A\";s:5:\"error\";s:0:\"\";}i:2;a:5:{s:6:\"status\";s:2:\"OK\";s:2:\"id\";s:4:\"4544\";s:9:\"post_data\";s:134:\"ENTETE|POITOU|WEB|3|TRANS|VPC-WEB||OUI|\r\nLIGNE|W 152 SK05 LF015|36|999 BLACK|LONG HIGH WAISTED SKIRT - Taille : 36|695.00|1||0.00|\r\n\r\n\";s:7:\"request\";s:247:\"compte=HOMEMADE&motpasse=h12589&magasin=WEB&enseigne=JINGHI&data=ENTETE%7CPOITOU%7CWEB%7C3%7CTRANS%7CVPC-WEB%7C%7COUI%7C%0D%0ALIGNE%7CW+152+SK05+LF015%7C36%7C999+BLACK%7CLONG+HIGH+WAISTED+SKIRT+-+Taille+%3A+36%7C695.00%7C1%7C%7C0.00%7C%0D%0A%0D%0A\";s:5:\"error\";s:0:\"\";}i:3;a:5:{s:6:\"status\";s:2:\"OK\";s:2:\"id\";s:4:\"4545\";s:9:\"post_data\";s:446:\"ENTETE|WEB|2045.00|4|VENTE|VPC-WEB|4453|MY ADDRESS||||||||||||Presta : 315|\r\nLIGNE|W 152 SK05 LF015|36|999 BLACK|LONG HIGH WAISTED SKIRT - Taille : 36|695.00|1|0.00|695.00|||\r\nLIGNE|W 153 DR05 LF045|36|795 MIDNIGHT BLUE|SLEEVELESS DRESS - Taille : 36|790.00|1|0.00|790.00|||\r\nLIGNE|W 152 KN06 LK004|   XS|999 BLACK|RIB SWEATER - Taille : XS|530.00|1|0.00|530.00|||\r\nLIGNE|FP|||Livraison|30.00|1|0.00|30.00|||\r\nREGLEMENT|460|2045.00|||ORRJBVMRK|\r\n\";s:7:\"request\";s:683:\"compte=HOMEMADE&motpasse=h12589&magasin=WEB&enseigne=JINGHI&data=ENTETE%7CWEB%7C2045.00%7C4%7CVENTE%7CVPC-WEB%7C4453%7CMY+ADDRESS%7C%7C%7C%7C%7C%7C%7C%7C%7C%7C%7C%7CPresta+%3A+315%7C%0D%0ALIGNE%7CW+152+SK05+LF015%7C36%7C999+BLACK%7CLONG+HIGH+WAISTED+SKIRT+-+Taille+%3A+36%7C695.00%7C1%7C0.00%7C695.00%7C%7C%7C%0D%0ALIGNE%7CW+153+DR05+LF045%7C36%7C795+MIDNIGHT+BLUE%7CSLEEVELESS+DRESS+-+Taille+%3A+36%7C790.00%7C1%7C0.00%7C790.00%7C%7C%7C%0D%0ALIGNE%7CW+152+KN06+LK004%7C+++XS%7C999+BLACK%7CRIB+SWEATER+-+Taille+%3A+XS%7C530.00%7C1%7C0.00%7C530.00%7C%7C%7C%0D%0ALIGNE%7CFP%7C%7C%7CLivraison%7C30.00%7C1%7C0.00%7C30.00%7C%7C%7C%0D%0AREGLEMENT%7C460%7C2045.00%7C%7C%7CORRJBVMRK%7C%0D%0A\";s:5:\"error\";s:0:\"\";}}','2015-10-15 16:18:00','2015-10-15 16:18:14'),(315,4544,'TRANS','OK','ENTETE|POITOU|WEB|3|TRANS|VPC-WEB||OUI|\r\nLIGNE|W 152 SK05 LF015|36|999 BLACK|LONG HIGH WAISTED SKIRT - Taille : 36|695.00|1||0.00|\r\n\r\n','a:4:{i:0;a:5:{s:6:\"status\";s:2:\"OK\";s:2:\"id\";s:4:\"4542\";s:9:\"post_data\";s:125:\"ENTETE|POITOU|WEB|3|TRANS|VPC-WEB||OUI|\r\nLIGNE|W 152 KN06 LK004|   XS|999 BLACK|RIB SWEATER - Taille : XS|530.00|1||0.00|\r\n\r\n\";s:7:\"request\";s:238:\"compte=HOMEMADE&motpasse=h12589&magasin=WEB&enseigne=JINGHI&data=ENTETE%7CPOITOU%7CWEB%7C3%7CTRANS%7CVPC-WEB%7C%7COUI%7C%0D%0ALIGNE%7CW+152+KN06+LK004%7C+++XS%7C999+BLACK%7CRIB+SWEATER+-+Taille+%3A+XS%7C530.00%7C1%7C%7C0.00%7C%0D%0A%0D%0A\";s:5:\"error\";s:0:\"\";}i:1;a:5:{s:6:\"status\";s:2:\"OK\";s:2:\"id\";s:4:\"4543\";s:9:\"post_data\";s:135:\"ENTETE|POITOU|WEB|3|TRANS|VPC-WEB||OUI|\r\nLIGNE|W 153 DR05 LF045|36|795 MIDNIGHT BLUE|SLEEVELESS DRESS - Taille : 36|790.00|1||0.00|\r\n\r\n\";s:7:\"request\";s:248:\"compte=HOMEMADE&motpasse=h12589&magasin=WEB&enseigne=JINGHI&data=ENTETE%7CPOITOU%7CWEB%7C3%7CTRANS%7CVPC-WEB%7C%7COUI%7C%0D%0ALIGNE%7CW+153+DR05+LF045%7C36%7C795+MIDNIGHT+BLUE%7CSLEEVELESS+DRESS+-+Taille+%3A+36%7C790.00%7C1%7C%7C0.00%7C%0D%0A%0D%0A\";s:5:\"error\";s:0:\"\";}i:2;a:5:{s:6:\"status\";s:2:\"OK\";s:2:\"id\";s:4:\"4544\";s:9:\"post_data\";s:134:\"ENTETE|POITOU|WEB|3|TRANS|VPC-WEB||OUI|\r\nLIGNE|W 152 SK05 LF015|36|999 BLACK|LONG HIGH WAISTED SKIRT - Taille : 36|695.00|1||0.00|\r\n\r\n\";s:7:\"request\";s:247:\"compte=HOMEMADE&motpasse=h12589&magasin=WEB&enseigne=JINGHI&data=ENTETE%7CPOITOU%7CWEB%7C3%7CTRANS%7CVPC-WEB%7C%7COUI%7C%0D%0ALIGNE%7CW+152+SK05+LF015%7C36%7C999+BLACK%7CLONG+HIGH+WAISTED+SKIRT+-+Taille+%3A+36%7C695.00%7C1%7C%7C0.00%7C%0D%0A%0D%0A\";s:5:\"error\";s:0:\"\";}i:3;a:5:{s:6:\"status\";s:2:\"OK\";s:2:\"id\";s:4:\"4545\";s:9:\"post_data\";s:446:\"ENTETE|WEB|2045.00|4|VENTE|VPC-WEB|4453|MY ADDRESS||||||||||||Presta : 315|\r\nLIGNE|W 152 SK05 LF015|36|999 BLACK|LONG HIGH WAISTED SKIRT - Taille : 36|695.00|1|0.00|695.00|||\r\nLIGNE|W 153 DR05 LF045|36|795 MIDNIGHT BLUE|SLEEVELESS DRESS - Taille : 36|790.00|1|0.00|790.00|||\r\nLIGNE|W 152 KN06 LK004|   XS|999 BLACK|RIB SWEATER - Taille : XS|530.00|1|0.00|530.00|||\r\nLIGNE|FP|||Livraison|30.00|1|0.00|30.00|||\r\nREGLEMENT|460|2045.00|||ORRJBVMRK|\r\n\";s:7:\"request\";s:683:\"compte=HOMEMADE&motpasse=h12589&magasin=WEB&enseigne=JINGHI&data=ENTETE%7CWEB%7C2045.00%7C4%7CVENTE%7CVPC-WEB%7C4453%7CMY+ADDRESS%7C%7C%7C%7C%7C%7C%7C%7C%7C%7C%7C%7CPresta+%3A+315%7C%0D%0ALIGNE%7CW+152+SK05+LF015%7C36%7C999+BLACK%7CLONG+HIGH+WAISTED+SKIRT+-+Taille+%3A+36%7C695.00%7C1%7C0.00%7C695.00%7C%7C%7C%0D%0ALIGNE%7CW+153+DR05+LF045%7C36%7C795+MIDNIGHT+BLUE%7CSLEEVELESS+DRESS+-+Taille+%3A+36%7C790.00%7C1%7C0.00%7C790.00%7C%7C%7C%0D%0ALIGNE%7CW+152+KN06+LK004%7C+++XS%7C999+BLACK%7CRIB+SWEATER+-+Taille+%3A+XS%7C530.00%7C1%7C0.00%7C530.00%7C%7C%7C%0D%0ALIGNE%7CFP%7C%7C%7CLivraison%7C30.00%7C1%7C0.00%7C30.00%7C%7C%7C%0D%0AREGLEMENT%7C460%7C2045.00%7C%7C%7CORRJBVMRK%7C%0D%0A\";s:5:\"error\";s:0:\"\";}}','2015-10-15 16:18:00','2015-10-15 16:18:14'),(315,4545,'VENTE','OK','ENTETE|WEB|2045.00|4|VENTE|VPC-WEB|4453|MY ADDRESS||||||||||||Presta : 315|\r\nLIGNE|W 152 SK05 LF015|36|999 BLACK|LONG HIGH WAISTED SKIRT - Taille : 36|695.00|1|0.00|695.00|||\r\nLIGNE|W 153 DR05 LF045|36|795 MIDNIGHT BLUE|SLEEVELESS DRESS - Taille : 36|790.00|1|0.00|790.00|||\r\nLIGNE|W 152 KN06 LK004|   XS|999 BLACK|RIB SWEATER - Taille : XS|530.00|1|0.00|530.00|||\r\nLIGNE|FP|||Livraison|30.00|1|0.00|30.00|||\r\nREGLEMENT|460|2045.00|||ORRJBVMRK|\r\n','a:4:{i:0;a:5:{s:6:\"status\";s:2:\"OK\";s:2:\"id\";s:4:\"4542\";s:9:\"post_data\";s:125:\"ENTETE|POITOU|WEB|3|TRANS|VPC-WEB||OUI|\r\nLIGNE|W 152 KN06 LK004|   XS|999 BLACK|RIB SWEATER - Taille : XS|530.00|1||0.00|\r\n\r\n\";s:7:\"request\";s:238:\"compte=HOMEMADE&motpasse=h12589&magasin=WEB&enseigne=JINGHI&data=ENTETE%7CPOITOU%7CWEB%7C3%7CTRANS%7CVPC-WEB%7C%7COUI%7C%0D%0ALIGNE%7CW+152+KN06+LK004%7C+++XS%7C999+BLACK%7CRIB+SWEATER+-+Taille+%3A+XS%7C530.00%7C1%7C%7C0.00%7C%0D%0A%0D%0A\";s:5:\"error\";s:0:\"\";}i:1;a:5:{s:6:\"status\";s:2:\"OK\";s:2:\"id\";s:4:\"4543\";s:9:\"post_data\";s:135:\"ENTETE|POITOU|WEB|3|TRANS|VPC-WEB||OUI|\r\nLIGNE|W 153 DR05 LF045|36|795 MIDNIGHT BLUE|SLEEVELESS DRESS - Taille : 36|790.00|1||0.00|\r\n\r\n\";s:7:\"request\";s:248:\"compte=HOMEMADE&motpasse=h12589&magasin=WEB&enseigne=JINGHI&data=ENTETE%7CPOITOU%7CWEB%7C3%7CTRANS%7CVPC-WEB%7C%7COUI%7C%0D%0ALIGNE%7CW+153+DR05+LF045%7C36%7C795+MIDNIGHT+BLUE%7CSLEEVELESS+DRESS+-+Taille+%3A+36%7C790.00%7C1%7C%7C0.00%7C%0D%0A%0D%0A\";s:5:\"error\";s:0:\"\";}i:2;a:5:{s:6:\"status\";s:2:\"OK\";s:2:\"id\";s:4:\"4544\";s:9:\"post_data\";s:134:\"ENTETE|POITOU|WEB|3|TRANS|VPC-WEB||OUI|\r\nLIGNE|W 152 SK05 LF015|36|999 BLACK|LONG HIGH WAISTED SKIRT - Taille : 36|695.00|1||0.00|\r\n\r\n\";s:7:\"request\";s:247:\"compte=HOMEMADE&motpasse=h12589&magasin=WEB&enseigne=JINGHI&data=ENTETE%7CPOITOU%7CWEB%7C3%7CTRANS%7CVPC-WEB%7C%7COUI%7C%0D%0ALIGNE%7CW+152+SK05+LF015%7C36%7C999+BLACK%7CLONG+HIGH+WAISTED+SKIRT+-+Taille+%3A+36%7C695.00%7C1%7C%7C0.00%7C%0D%0A%0D%0A\";s:5:\"error\";s:0:\"\";}i:3;a:5:{s:6:\"status\";s:2:\"OK\";s:2:\"id\";s:4:\"4545\";s:9:\"post_data\";s:446:\"ENTETE|WEB|2045.00|4|VENTE|VPC-WEB|4453|MY ADDRESS||||||||||||Presta : 315|\r\nLIGNE|W 152 SK05 LF015|36|999 BLACK|LONG HIGH WAISTED SKIRT - Taille : 36|695.00|1|0.00|695.00|||\r\nLIGNE|W 153 DR05 LF045|36|795 MIDNIGHT BLUE|SLEEVELESS DRESS - Taille : 36|790.00|1|0.00|790.00|||\r\nLIGNE|W 152 KN06 LK004|   XS|999 BLACK|RIB SWEATER - Taille : XS|530.00|1|0.00|530.00|||\r\nLIGNE|FP|||Livraison|30.00|1|0.00|30.00|||\r\nREGLEMENT|460|2045.00|||ORRJBVMRK|\r\n\";s:7:\"request\";s:683:\"compte=HOMEMADE&motpasse=h12589&magasin=WEB&enseigne=JINGHI&data=ENTETE%7CWEB%7C2045.00%7C4%7CVENTE%7CVPC-WEB%7C4453%7CMY+ADDRESS%7C%7C%7C%7C%7C%7C%7C%7C%7C%7C%7C%7CPresta+%3A+315%7C%0D%0ALIGNE%7CW+152+SK05+LF015%7C36%7C999+BLACK%7CLONG+HIGH+WAISTED+SKIRT+-+Taille+%3A+36%7C695.00%7C1%7C0.00%7C695.00%7C%7C%7C%0D%0ALIGNE%7CW+153+DR05+LF045%7C36%7C795+MIDNIGHT+BLUE%7CSLEEVELESS+DRESS+-+Taille+%3A+36%7C790.00%7C1%7C0.00%7C790.00%7C%7C%7C%0D%0ALIGNE%7CW+152+KN06+LK004%7C+++XS%7C999+BLACK%7CRIB+SWEATER+-+Taille+%3A+XS%7C530.00%7C1%7C0.00%7C530.00%7C%7C%7C%0D%0ALIGNE%7CFP%7C%7C%7CLivraison%7C30.00%7C1%7C0.00%7C30.00%7C%7C%7C%0D%0AREGLEMENT%7C460%7C2045.00%7C%7C%7CORRJBVMRK%7C%0D%0A\";s:5:\"error\";s:0:\"\";}}','2015-10-15 16:18:00','2015-10-15 16:18:14'),(316,4546,'TRANS','OK','ENTETE|POITOU|WEB|2|TRANS|VPC-WEB||OUI|\r\nLIGNE|W 152 KN11 LK004|OS|030 PANNA|KNITTED SCARF - Taille : OS|495.00|1||0.00|\r\n\r\n','a:3:{i:0;a:5:{s:6:\"status\";s:2:\"OK\";s:2:\"id\";s:4:\"4546\";s:9:\"post_data\";s:124:\"ENTETE|POITOU|WEB|2|TRANS|VPC-WEB||OUI|\r\nLIGNE|W 152 KN11 LK004|OS|030 PANNA|KNITTED SCARF - Taille : OS|495.00|1||0.00|\r\n\r\n\";s:7:\"request\";s:237:\"compte=HOMEMADE&motpasse=h12589&magasin=WEB&enseigne=JINGHI&data=ENTETE%7CPOITOU%7CWEB%7C2%7CTRANS%7CVPC-WEB%7C%7COUI%7C%0D%0ALIGNE%7CW+152+KN11+LK004%7COS%7C030+PANNA%7CKNITTED+SCARF+-+Taille+%3A+OS%7C495.00%7C1%7C%7C0.00%7C%0D%0A%0D%0A\";s:5:\"error\";s:0:\"\";}i:1;a:5:{s:6:\"status\";s:2:\"OK\";s:2:\"id\";s:4:\"4547\";s:9:\"post_data\";s:130:\"ENTETE|POITOU|WEB|2|TRANS|VPC-WEB||OUI|\r\nLIGNE|W 152 KN12 LK006|OS|665 OYSTER|MAXI KNITTED SCARF - Taille : OS|545.00|1||0.00|\r\n\r\n\";s:7:\"request\";s:243:\"compte=HOMEMADE&motpasse=h12589&magasin=WEB&enseigne=JINGHI&data=ENTETE%7CPOITOU%7CWEB%7C2%7CTRANS%7CVPC-WEB%7C%7COUI%7C%0D%0ALIGNE%7CW+152+KN12+LK006%7COS%7C665+OYSTER%7CMAXI+KNITTED+SCARF+-+Taille+%3A+OS%7C545.00%7C1%7C%7C0.00%7C%0D%0A%0D%0A\";s:5:\"error\";s:0:\"\";}i:2;a:5:{s:6:\"status\";s:2:\"OK\";s:2:\"id\";s:4:\"4548\";s:9:\"post_data\";s:341:\"ENTETE|WEB|1070.00|3|VENTE|VPC-WEB|4453|MY ADDRESS||||||||||||Presta : 316|\r\nLIGNE|W 152 KN12 LK006|OS|665 OYSTER|MAXI KNITTED SCARF - Taille : OS|545.00|1|0.00|545.00|||\r\nLIGNE|W 152 KN11 LK004|OS|030 PANNA|KNITTED SCARF - Taille : OS|495.00|1|0.00|495.00|||\r\nLIGNE|FP|||Livraison|30.00|1|0.00|30.00|||\r\nREGLEMENT|460|1070.00|||NLBLOXTZW|\r\n\";s:7:\"request\";s:550:\"compte=HOMEMADE&motpasse=h12589&magasin=WEB&enseigne=JINGHI&data=ENTETE%7CWEB%7C1070.00%7C3%7CVENTE%7CVPC-WEB%7C4453%7CMY+ADDRESS%7C%7C%7C%7C%7C%7C%7C%7C%7C%7C%7C%7CPresta+%3A+316%7C%0D%0ALIGNE%7CW+152+KN12+LK006%7COS%7C665+OYSTER%7CMAXI+KNITTED+SCARF+-+Taille+%3A+OS%7C545.00%7C1%7C0.00%7C545.00%7C%7C%7C%0D%0ALIGNE%7CW+152+KN11+LK004%7COS%7C030+PANNA%7CKNITTED+SCARF+-+Taille+%3A+OS%7C495.00%7C1%7C0.00%7C495.00%7C%7C%7C%0D%0ALIGNE%7CFP%7C%7C%7CLivraison%7C30.00%7C1%7C0.00%7C30.00%7C%7C%7C%0D%0AREGLEMENT%7C460%7C1070.00%7C%7C%7CNLBLOXTZW%7C%0D%0A\";s:5:\"error\";s:0:\"\";}}','2015-10-15 16:30:02','2015-10-15 16:30:06'),(316,4547,'TRANS','OK','ENTETE|POITOU|WEB|2|TRANS|VPC-WEB||OUI|\r\nLIGNE|W 152 KN12 LK006|OS|665 OYSTER|MAXI KNITTED SCARF - Taille : OS|545.00|1||0.00|\r\n\r\n','a:3:{i:0;a:5:{s:6:\"status\";s:2:\"OK\";s:2:\"id\";s:4:\"4546\";s:9:\"post_data\";s:124:\"ENTETE|POITOU|WEB|2|TRANS|VPC-WEB||OUI|\r\nLIGNE|W 152 KN11 LK004|OS|030 PANNA|KNITTED SCARF - Taille : OS|495.00|1||0.00|\r\n\r\n\";s:7:\"request\";s:237:\"compte=HOMEMADE&motpasse=h12589&magasin=WEB&enseigne=JINGHI&data=ENTETE%7CPOITOU%7CWEB%7C2%7CTRANS%7CVPC-WEB%7C%7COUI%7C%0D%0ALIGNE%7CW+152+KN11+LK004%7COS%7C030+PANNA%7CKNITTED+SCARF+-+Taille+%3A+OS%7C495.00%7C1%7C%7C0.00%7C%0D%0A%0D%0A\";s:5:\"error\";s:0:\"\";}i:1;a:5:{s:6:\"status\";s:2:\"OK\";s:2:\"id\";s:4:\"4547\";s:9:\"post_data\";s:130:\"ENTETE|POITOU|WEB|2|TRANS|VPC-WEB||OUI|\r\nLIGNE|W 152 KN12 LK006|OS|665 OYSTER|MAXI KNITTED SCARF - Taille : OS|545.00|1||0.00|\r\n\r\n\";s:7:\"request\";s:243:\"compte=HOMEMADE&motpasse=h12589&magasin=WEB&enseigne=JINGHI&data=ENTETE%7CPOITOU%7CWEB%7C2%7CTRANS%7CVPC-WEB%7C%7COUI%7C%0D%0ALIGNE%7CW+152+KN12+LK006%7COS%7C665+OYSTER%7CMAXI+KNITTED+SCARF+-+Taille+%3A+OS%7C545.00%7C1%7C%7C0.00%7C%0D%0A%0D%0A\";s:5:\"error\";s:0:\"\";}i:2;a:5:{s:6:\"status\";s:2:\"OK\";s:2:\"id\";s:4:\"4548\";s:9:\"post_data\";s:341:\"ENTETE|WEB|1070.00|3|VENTE|VPC-WEB|4453|MY ADDRESS||||||||||||Presta : 316|\r\nLIGNE|W 152 KN12 LK006|OS|665 OYSTER|MAXI KNITTED SCARF - Taille : OS|545.00|1|0.00|545.00|||\r\nLIGNE|W 152 KN11 LK004|OS|030 PANNA|KNITTED SCARF - Taille : OS|495.00|1|0.00|495.00|||\r\nLIGNE|FP|||Livraison|30.00|1|0.00|30.00|||\r\nREGLEMENT|460|1070.00|||NLBLOXTZW|\r\n\";s:7:\"request\";s:550:\"compte=HOMEMADE&motpasse=h12589&magasin=WEB&enseigne=JINGHI&data=ENTETE%7CWEB%7C1070.00%7C3%7CVENTE%7CVPC-WEB%7C4453%7CMY+ADDRESS%7C%7C%7C%7C%7C%7C%7C%7C%7C%7C%7C%7CPresta+%3A+316%7C%0D%0ALIGNE%7CW+152+KN12+LK006%7COS%7C665+OYSTER%7CMAXI+KNITTED+SCARF+-+Taille+%3A+OS%7C545.00%7C1%7C0.00%7C545.00%7C%7C%7C%0D%0ALIGNE%7CW+152+KN11+LK004%7COS%7C030+PANNA%7CKNITTED+SCARF+-+Taille+%3A+OS%7C495.00%7C1%7C0.00%7C495.00%7C%7C%7C%0D%0ALIGNE%7CFP%7C%7C%7CLivraison%7C30.00%7C1%7C0.00%7C30.00%7C%7C%7C%0D%0AREGLEMENT%7C460%7C1070.00%7C%7C%7CNLBLOXTZW%7C%0D%0A\";s:5:\"error\";s:0:\"\";}}','2015-10-15 16:30:02','2015-10-15 16:30:06'),(316,4548,'VENTE','OK','ENTETE|WEB|1070.00|3|VENTE|VPC-WEB|4453|MY ADDRESS||||||||||||Presta : 316|\r\nLIGNE|W 152 KN12 LK006|OS|665 OYSTER|MAXI KNITTED SCARF - Taille : OS|545.00|1|0.00|545.00|||\r\nLIGNE|W 152 KN11 LK004|OS|030 PANNA|KNITTED SCARF - Taille : OS|495.00|1|0.00|495.00|||\r\nLIGNE|FP|||Livraison|30.00|1|0.00|30.00|||\r\nREGLEMENT|460|1070.00|||NLBLOXTZW|\r\n','a:3:{i:0;a:5:{s:6:\"status\";s:2:\"OK\";s:2:\"id\";s:4:\"4546\";s:9:\"post_data\";s:124:\"ENTETE|POITOU|WEB|2|TRANS|VPC-WEB||OUI|\r\nLIGNE|W 152 KN11 LK004|OS|030 PANNA|KNITTED SCARF - Taille : OS|495.00|1||0.00|\r\n\r\n\";s:7:\"request\";s:237:\"compte=HOMEMADE&motpasse=h12589&magasin=WEB&enseigne=JINGHI&data=ENTETE%7CPOITOU%7CWEB%7C2%7CTRANS%7CVPC-WEB%7C%7COUI%7C%0D%0ALIGNE%7CW+152+KN11+LK004%7COS%7C030+PANNA%7CKNITTED+SCARF+-+Taille+%3A+OS%7C495.00%7C1%7C%7C0.00%7C%0D%0A%0D%0A\";s:5:\"error\";s:0:\"\";}i:1;a:5:{s:6:\"status\";s:2:\"OK\";s:2:\"id\";s:4:\"4547\";s:9:\"post_data\";s:130:\"ENTETE|POITOU|WEB|2|TRANS|VPC-WEB||OUI|\r\nLIGNE|W 152 KN12 LK006|OS|665 OYSTER|MAXI KNITTED SCARF - Taille : OS|545.00|1||0.00|\r\n\r\n\";s:7:\"request\";s:243:\"compte=HOMEMADE&motpasse=h12589&magasin=WEB&enseigne=JINGHI&data=ENTETE%7CPOITOU%7CWEB%7C2%7CTRANS%7CVPC-WEB%7C%7COUI%7C%0D%0ALIGNE%7CW+152+KN12+LK006%7COS%7C665+OYSTER%7CMAXI+KNITTED+SCARF+-+Taille+%3A+OS%7C545.00%7C1%7C%7C0.00%7C%0D%0A%0D%0A\";s:5:\"error\";s:0:\"\";}i:2;a:5:{s:6:\"status\";s:2:\"OK\";s:2:\"id\";s:4:\"4548\";s:9:\"post_data\";s:341:\"ENTETE|WEB|1070.00|3|VENTE|VPC-WEB|4453|MY ADDRESS||||||||||||Presta : 316|\r\nLIGNE|W 152 KN12 LK006|OS|665 OYSTER|MAXI KNITTED SCARF - Taille : OS|545.00|1|0.00|545.00|||\r\nLIGNE|W 152 KN11 LK004|OS|030 PANNA|KNITTED SCARF - Taille : OS|495.00|1|0.00|495.00|||\r\nLIGNE|FP|||Livraison|30.00|1|0.00|30.00|||\r\nREGLEMENT|460|1070.00|||NLBLOXTZW|\r\n\";s:7:\"request\";s:550:\"compte=HOMEMADE&motpasse=h12589&magasin=WEB&enseigne=JINGHI&data=ENTETE%7CWEB%7C1070.00%7C3%7CVENTE%7CVPC-WEB%7C4453%7CMY+ADDRESS%7C%7C%7C%7C%7C%7C%7C%7C%7C%7C%7C%7CPresta+%3A+316%7C%0D%0ALIGNE%7CW+152+KN12+LK006%7COS%7C665+OYSTER%7CMAXI+KNITTED+SCARF+-+Taille+%3A+OS%7C545.00%7C1%7C0.00%7C545.00%7C%7C%7C%0D%0ALIGNE%7CW+152+KN11+LK004%7COS%7C030+PANNA%7CKNITTED+SCARF+-+Taille+%3A+OS%7C495.00%7C1%7C0.00%7C495.00%7C%7C%7C%0D%0ALIGNE%7CFP%7C%7C%7CLivraison%7C30.00%7C1%7C0.00%7C30.00%7C%7C%7C%0D%0AREGLEMENT%7C460%7C1070.00%7C%7C%7CNLBLOXTZW%7C%0D%0A\";s:5:\"error\";s:0:\"\";}}','2015-10-15 16:30:02','2015-10-15 16:30:06'),(317,4556,'TRANS','OK','ENTETE|POITOU|WEB|2|TRANS|VPC-WEB||OUI|\r\nLIGNE|W 152 KN06 LK004|  S|999 BLACK|RIB SWEATER - Taille : S|530.00|1||0.00|\r\n\r\n','a:3:{i:0;a:5:{s:6:\"status\";s:2:\"OK\";s:2:\"id\";s:4:\"4556\";s:9:\"post_data\";s:122:\"ENTETE|POITOU|WEB|2|TRANS|VPC-WEB||OUI|\r\nLIGNE|W 152 KN06 LK004|  S|999 BLACK|RIB SWEATER - Taille : S|530.00|1||0.00|\r\n\r\n\";s:7:\"request\";s:235:\"compte=HOMEMADE&motpasse=h12589&magasin=WEB&enseigne=JINGHI&data=ENTETE%7CPOITOU%7CWEB%7C2%7CTRANS%7CVPC-WEB%7C%7COUI%7C%0D%0ALIGNE%7CW+152+KN06+LK004%7C++S%7C999+BLACK%7CRIB+SWEATER+-+Taille+%3A+S%7C530.00%7C1%7C%7C0.00%7C%0D%0A%0D%0A\";s:5:\"error\";s:0:\"\";}i:1;a:5:{s:6:\"status\";s:2:\"OK\";s:2:\"id\";s:4:\"4557\";s:9:\"post_data\";s:134:\"ENTETE|POITOU|WEB|2|TRANS|VPC-WEB||OUI|\r\nLIGNE|W 152 SK05 LF015|38|999 BLACK|LONG HIGH WAISTED SKIRT - Taille : 38|695.00|1||0.00|\r\n\r\n\";s:7:\"request\";s:247:\"compte=HOMEMADE&motpasse=h12589&magasin=WEB&enseigne=JINGHI&data=ENTETE%7CPOITOU%7CWEB%7C2%7CTRANS%7CVPC-WEB%7C%7COUI%7C%0D%0ALIGNE%7CW+152+SK05+LF015%7C38%7C999+BLACK%7CLONG+HIGH+WAISTED+SKIRT+-+Taille+%3A+38%7C695.00%7C1%7C%7C0.00%7C%0D%0A%0D%0A\";s:5:\"error\";s:0:\"\";}i:2;a:5:{s:6:\"status\";s:2:\"OK\";s:2:\"id\";s:4:\"4558\";s:9:\"post_data\";s:343:\"ENTETE|WEB|1255.00|3|VENTE|VPC-WEB|4453|MY ADDRESS||||||||||||Presta : 317|\r\nLIGNE|W 152 SK05 LF015|38|999 BLACK|LONG HIGH WAISTED SKIRT - Taille : 38|695.00|1|0.00|695.00|||\r\nLIGNE|W 152 KN06 LK004|  S|999 BLACK|RIB SWEATER - Taille : S|530.00|1|0.00|530.00|||\r\nLIGNE|FP|||Livraison|30.00|1|0.00|30.00|||\r\nREGLEMENT|460|1255.00|||PHOLSKGZV|\r\n\";s:7:\"request\";s:552:\"compte=HOMEMADE&motpasse=h12589&magasin=WEB&enseigne=JINGHI&data=ENTETE%7CWEB%7C1255.00%7C3%7CVENTE%7CVPC-WEB%7C4453%7CMY+ADDRESS%7C%7C%7C%7C%7C%7C%7C%7C%7C%7C%7C%7CPresta+%3A+317%7C%0D%0ALIGNE%7CW+152+SK05+LF015%7C38%7C999+BLACK%7CLONG+HIGH+WAISTED+SKIRT+-+Taille+%3A+38%7C695.00%7C1%7C0.00%7C695.00%7C%7C%7C%0D%0ALIGNE%7CW+152+KN06+LK004%7C++S%7C999+BLACK%7CRIB+SWEATER+-+Taille+%3A+S%7C530.00%7C1%7C0.00%7C530.00%7C%7C%7C%0D%0ALIGNE%7CFP%7C%7C%7CLivraison%7C30.00%7C1%7C0.00%7C30.00%7C%7C%7C%0D%0AREGLEMENT%7C460%7C1255.00%7C%7C%7CPHOLSKGZV%7C%0D%0A\";s:5:\"error\";s:0:\"\";}}','2015-10-16 19:42:14','2015-10-16 19:42:19'),(317,4557,'TRANS','OK','ENTETE|POITOU|WEB|2|TRANS|VPC-WEB||OUI|\r\nLIGNE|W 152 SK05 LF015|38|999 BLACK|LONG HIGH WAISTED SKIRT - Taille : 38|695.00|1||0.00|\r\n\r\n','a:3:{i:0;a:5:{s:6:\"status\";s:2:\"OK\";s:2:\"id\";s:4:\"4556\";s:9:\"post_data\";s:122:\"ENTETE|POITOU|WEB|2|TRANS|VPC-WEB||OUI|\r\nLIGNE|W 152 KN06 LK004|  S|999 BLACK|RIB SWEATER - Taille : S|530.00|1||0.00|\r\n\r\n\";s:7:\"request\";s:235:\"compte=HOMEMADE&motpasse=h12589&magasin=WEB&enseigne=JINGHI&data=ENTETE%7CPOITOU%7CWEB%7C2%7CTRANS%7CVPC-WEB%7C%7COUI%7C%0D%0ALIGNE%7CW+152+KN06+LK004%7C++S%7C999+BLACK%7CRIB+SWEATER+-+Taille+%3A+S%7C530.00%7C1%7C%7C0.00%7C%0D%0A%0D%0A\";s:5:\"error\";s:0:\"\";}i:1;a:5:{s:6:\"status\";s:2:\"OK\";s:2:\"id\";s:4:\"4557\";s:9:\"post_data\";s:134:\"ENTETE|POITOU|WEB|2|TRANS|VPC-WEB||OUI|\r\nLIGNE|W 152 SK05 LF015|38|999 BLACK|LONG HIGH WAISTED SKIRT - Taille : 38|695.00|1||0.00|\r\n\r\n\";s:7:\"request\";s:247:\"compte=HOMEMADE&motpasse=h12589&magasin=WEB&enseigne=JINGHI&data=ENTETE%7CPOITOU%7CWEB%7C2%7CTRANS%7CVPC-WEB%7C%7COUI%7C%0D%0ALIGNE%7CW+152+SK05+LF015%7C38%7C999+BLACK%7CLONG+HIGH+WAISTED+SKIRT+-+Taille+%3A+38%7C695.00%7C1%7C%7C0.00%7C%0D%0A%0D%0A\";s:5:\"error\";s:0:\"\";}i:2;a:5:{s:6:\"status\";s:2:\"OK\";s:2:\"id\";s:4:\"4558\";s:9:\"post_data\";s:343:\"ENTETE|WEB|1255.00|3|VENTE|VPC-WEB|4453|MY ADDRESS||||||||||||Presta : 317|\r\nLIGNE|W 152 SK05 LF015|38|999 BLACK|LONG HIGH WAISTED SKIRT - Taille : 38|695.00|1|0.00|695.00|||\r\nLIGNE|W 152 KN06 LK004|  S|999 BLACK|RIB SWEATER - Taille : S|530.00|1|0.00|530.00|||\r\nLIGNE|FP|||Livraison|30.00|1|0.00|30.00|||\r\nREGLEMENT|460|1255.00|||PHOLSKGZV|\r\n\";s:7:\"request\";s:552:\"compte=HOMEMADE&motpasse=h12589&magasin=WEB&enseigne=JINGHI&data=ENTETE%7CWEB%7C1255.00%7C3%7CVENTE%7CVPC-WEB%7C4453%7CMY+ADDRESS%7C%7C%7C%7C%7C%7C%7C%7C%7C%7C%7C%7CPresta+%3A+317%7C%0D%0ALIGNE%7CW+152+SK05+LF015%7C38%7C999+BLACK%7CLONG+HIGH+WAISTED+SKIRT+-+Taille+%3A+38%7C695.00%7C1%7C0.00%7C695.00%7C%7C%7C%0D%0ALIGNE%7CW+152+KN06+LK004%7C++S%7C999+BLACK%7CRIB+SWEATER+-+Taille+%3A+S%7C530.00%7C1%7C0.00%7C530.00%7C%7C%7C%0D%0ALIGNE%7CFP%7C%7C%7CLivraison%7C30.00%7C1%7C0.00%7C30.00%7C%7C%7C%0D%0AREGLEMENT%7C460%7C1255.00%7C%7C%7CPHOLSKGZV%7C%0D%0A\";s:5:\"error\";s:0:\"\";}}','2015-10-16 19:42:14','2015-10-16 19:42:19'),(317,4558,'VENTE','OK','ENTETE|WEB|1255.00|3|VENTE|VPC-WEB|4453|MY ADDRESS||||||||||||Presta : 317|\r\nLIGNE|W 152 SK05 LF015|38|999 BLACK|LONG HIGH WAISTED SKIRT - Taille : 38|695.00|1|0.00|695.00|||\r\nLIGNE|W 152 KN06 LK004|  S|999 BLACK|RIB SWEATER - Taille : S|530.00|1|0.00|530.00|||\r\nLIGNE|FP|||Livraison|30.00|1|0.00|30.00|||\r\nREGLEMENT|460|1255.00|||PHOLSKGZV|\r\n','a:3:{i:0;a:5:{s:6:\"status\";s:2:\"OK\";s:2:\"id\";s:4:\"4556\";s:9:\"post_data\";s:122:\"ENTETE|POITOU|WEB|2|TRANS|VPC-WEB||OUI|\r\nLIGNE|W 152 KN06 LK004|  S|999 BLACK|RIB SWEATER - Taille : S|530.00|1||0.00|\r\n\r\n\";s:7:\"request\";s:235:\"compte=HOMEMADE&motpasse=h12589&magasin=WEB&enseigne=JINGHI&data=ENTETE%7CPOITOU%7CWEB%7C2%7CTRANS%7CVPC-WEB%7C%7COUI%7C%0D%0ALIGNE%7CW+152+KN06+LK004%7C++S%7C999+BLACK%7CRIB+SWEATER+-+Taille+%3A+S%7C530.00%7C1%7C%7C0.00%7C%0D%0A%0D%0A\";s:5:\"error\";s:0:\"\";}i:1;a:5:{s:6:\"status\";s:2:\"OK\";s:2:\"id\";s:4:\"4557\";s:9:\"post_data\";s:134:\"ENTETE|POITOU|WEB|2|TRANS|VPC-WEB||OUI|\r\nLIGNE|W 152 SK05 LF015|38|999 BLACK|LONG HIGH WAISTED SKIRT - Taille : 38|695.00|1||0.00|\r\n\r\n\";s:7:\"request\";s:247:\"compte=HOMEMADE&motpasse=h12589&magasin=WEB&enseigne=JINGHI&data=ENTETE%7CPOITOU%7CWEB%7C2%7CTRANS%7CVPC-WEB%7C%7COUI%7C%0D%0ALIGNE%7CW+152+SK05+LF015%7C38%7C999+BLACK%7CLONG+HIGH+WAISTED+SKIRT+-+Taille+%3A+38%7C695.00%7C1%7C%7C0.00%7C%0D%0A%0D%0A\";s:5:\"error\";s:0:\"\";}i:2;a:5:{s:6:\"status\";s:2:\"OK\";s:2:\"id\";s:4:\"4558\";s:9:\"post_data\";s:343:\"ENTETE|WEB|1255.00|3|VENTE|VPC-WEB|4453|MY ADDRESS||||||||||||Presta : 317|\r\nLIGNE|W 152 SK05 LF015|38|999 BLACK|LONG HIGH WAISTED SKIRT - Taille : 38|695.00|1|0.00|695.00|||\r\nLIGNE|W 152 KN06 LK004|  S|999 BLACK|RIB SWEATER - Taille : S|530.00|1|0.00|530.00|||\r\nLIGNE|FP|||Livraison|30.00|1|0.00|30.00|||\r\nREGLEMENT|460|1255.00|||PHOLSKGZV|\r\n\";s:7:\"request\";s:552:\"compte=HOMEMADE&motpasse=h12589&magasin=WEB&enseigne=JINGHI&data=ENTETE%7CWEB%7C1255.00%7C3%7CVENTE%7CVPC-WEB%7C4453%7CMY+ADDRESS%7C%7C%7C%7C%7C%7C%7C%7C%7C%7C%7C%7CPresta+%3A+317%7C%0D%0ALIGNE%7CW+152+SK05+LF015%7C38%7C999+BLACK%7CLONG+HIGH+WAISTED+SKIRT+-+Taille+%3A+38%7C695.00%7C1%7C0.00%7C695.00%7C%7C%7C%0D%0ALIGNE%7CW+152+KN06+LK004%7C++S%7C999+BLACK%7CRIB+SWEATER+-+Taille+%3A+S%7C530.00%7C1%7C0.00%7C530.00%7C%7C%7C%0D%0ALIGNE%7CFP%7C%7C%7CLivraison%7C30.00%7C1%7C0.00%7C30.00%7C%7C%7C%0D%0AREGLEMENT%7C460%7C1255.00%7C%7C%7CPHOLSKGZV%7C%0D%0A\";s:5:\"error\";s:0:\"\";}}','2015-10-16 19:42:14','2015-10-16 19:42:19'),(318,4559,'TRANS','OK','ENTETE|POITOU|WEB|2|TRANS|VPC-WEB||OUI|\r\nLIGNE|W 152 KN11 LK004|OS|999 BLACK|KNITTED SCARF - Taille : OS|495.00|1||0.00|\r\n\r\n','a:3:{i:0;a:5:{s:6:\"status\";s:2:\"OK\";s:2:\"id\";s:4:\"4559\";s:9:\"post_data\";s:124:\"ENTETE|POITOU|WEB|2|TRANS|VPC-WEB||OUI|\r\nLIGNE|W 152 KN11 LK004|OS|999 BLACK|KNITTED SCARF - Taille : OS|495.00|1||0.00|\r\n\r\n\";s:7:\"request\";s:237:\"compte=HOMEMADE&motpasse=h12589&magasin=WEB&enseigne=JINGHI&data=ENTETE%7CPOITOU%7CWEB%7C2%7CTRANS%7CVPC-WEB%7C%7COUI%7C%0D%0ALIGNE%7CW+152+KN11+LK004%7COS%7C999+BLACK%7CKNITTED+SCARF+-+Taille+%3A+OS%7C495.00%7C1%7C%7C0.00%7C%0D%0A%0D%0A\";s:5:\"error\";s:0:\"\";}i:1;a:5:{s:6:\"status\";s:2:\"OK\";s:2:\"id\";s:4:\"4560\";s:9:\"post_data\";s:135:\"ENTETE|POITOU|WEB|2|TRANS|VPC-WEB||OUI|\r\nLIGNE|W 152 SK06 LF010|38|965 SLATE|SHORT HIGH WAISTED SKIRT - Taille : 38|515.00|1||0.00|\r\n\r\n\";s:7:\"request\";s:248:\"compte=HOMEMADE&motpasse=h12589&magasin=WEB&enseigne=JINGHI&data=ENTETE%7CPOITOU%7CWEB%7C2%7CTRANS%7CVPC-WEB%7C%7COUI%7C%0D%0ALIGNE%7CW+152+SK06+LF010%7C38%7C965+SLATE%7CSHORT+HIGH+WAISTED+SKIRT+-+Taille+%3A+38%7C515.00%7C1%7C%7C0.00%7C%0D%0A%0D%0A\";s:5:\"error\";s:0:\"\";}i:2;a:5:{s:6:\"status\";s:2:\"OK\";s:2:\"id\";s:4:\"4561\";s:9:\"post_data\";s:346:\"ENTETE|WEB|1040.00|3|VENTE|VPC-WEB|4453|MY ADDRESS||||||||||||Presta : 318|\r\nLIGNE|W 152 SK06 LF010|38|965 SLATE|SHORT HIGH WAISTED SKIRT - Taille : 38|515.00|1|0.00|515.00|||\r\nLIGNE|W 152 KN11 LK004|OS|999 BLACK|KNITTED SCARF - Taille : OS|495.00|1|0.00|495.00|||\r\nLIGNE|FP|||Livraison|30.00|1|0.00|30.00|||\r\nREGLEMENT|460|1040.00|||TEWDTKHIS|\r\n\";s:7:\"request\";s:555:\"compte=HOMEMADE&motpasse=h12589&magasin=WEB&enseigne=JINGHI&data=ENTETE%7CWEB%7C1040.00%7C3%7CVENTE%7CVPC-WEB%7C4453%7CMY+ADDRESS%7C%7C%7C%7C%7C%7C%7C%7C%7C%7C%7C%7CPresta+%3A+318%7C%0D%0ALIGNE%7CW+152+SK06+LF010%7C38%7C965+SLATE%7CSHORT+HIGH+WAISTED+SKIRT+-+Taille+%3A+38%7C515.00%7C1%7C0.00%7C515.00%7C%7C%7C%0D%0ALIGNE%7CW+152+KN11+LK004%7COS%7C999+BLACK%7CKNITTED+SCARF+-+Taille+%3A+OS%7C495.00%7C1%7C0.00%7C495.00%7C%7C%7C%0D%0ALIGNE%7CFP%7C%7C%7CLivraison%7C30.00%7C1%7C0.00%7C30.00%7C%7C%7C%0D%0AREGLEMENT%7C460%7C1040.00%7C%7C%7CTEWDTKHIS%7C%0D%0A\";s:5:\"error\";s:0:\"\";}}','2015-10-16 23:12:12','2015-10-16 23:12:17'),(318,4560,'TRANS','OK','ENTETE|POITOU|WEB|2|TRANS|VPC-WEB||OUI|\r\nLIGNE|W 152 SK06 LF010|38|965 SLATE|SHORT HIGH WAISTED SKIRT - Taille : 38|515.00|1||0.00|\r\n\r\n','a:3:{i:0;a:5:{s:6:\"status\";s:2:\"OK\";s:2:\"id\";s:4:\"4559\";s:9:\"post_data\";s:124:\"ENTETE|POITOU|WEB|2|TRANS|VPC-WEB||OUI|\r\nLIGNE|W 152 KN11 LK004|OS|999 BLACK|KNITTED SCARF - Taille : OS|495.00|1||0.00|\r\n\r\n\";s:7:\"request\";s:237:\"compte=HOMEMADE&motpasse=h12589&magasin=WEB&enseigne=JINGHI&data=ENTETE%7CPOITOU%7CWEB%7C2%7CTRANS%7CVPC-WEB%7C%7COUI%7C%0D%0ALIGNE%7CW+152+KN11+LK004%7COS%7C999+BLACK%7CKNITTED+SCARF+-+Taille+%3A+OS%7C495.00%7C1%7C%7C0.00%7C%0D%0A%0D%0A\";s:5:\"error\";s:0:\"\";}i:1;a:5:{s:6:\"status\";s:2:\"OK\";s:2:\"id\";s:4:\"4560\";s:9:\"post_data\";s:135:\"ENTETE|POITOU|WEB|2|TRANS|VPC-WEB||OUI|\r\nLIGNE|W 152 SK06 LF010|38|965 SLATE|SHORT HIGH WAISTED SKIRT - Taille : 38|515.00|1||0.00|\r\n\r\n\";s:7:\"request\";s:248:\"compte=HOMEMADE&motpasse=h12589&magasin=WEB&enseigne=JINGHI&data=ENTETE%7CPOITOU%7CWEB%7C2%7CTRANS%7CVPC-WEB%7C%7COUI%7C%0D%0ALIGNE%7CW+152+SK06+LF010%7C38%7C965+SLATE%7CSHORT+HIGH+WAISTED+SKIRT+-+Taille+%3A+38%7C515.00%7C1%7C%7C0.00%7C%0D%0A%0D%0A\";s:5:\"error\";s:0:\"\";}i:2;a:5:{s:6:\"status\";s:2:\"OK\";s:2:\"id\";s:4:\"4561\";s:9:\"post_data\";s:346:\"ENTETE|WEB|1040.00|3|VENTE|VPC-WEB|4453|MY ADDRESS||||||||||||Presta : 318|\r\nLIGNE|W 152 SK06 LF010|38|965 SLATE|SHORT HIGH WAISTED SKIRT - Taille : 38|515.00|1|0.00|515.00|||\r\nLIGNE|W 152 KN11 LK004|OS|999 BLACK|KNITTED SCARF - Taille : OS|495.00|1|0.00|495.00|||\r\nLIGNE|FP|||Livraison|30.00|1|0.00|30.00|||\r\nREGLEMENT|460|1040.00|||TEWDTKHIS|\r\n\";s:7:\"request\";s:555:\"compte=HOMEMADE&motpasse=h12589&magasin=WEB&enseigne=JINGHI&data=ENTETE%7CWEB%7C1040.00%7C3%7CVENTE%7CVPC-WEB%7C4453%7CMY+ADDRESS%7C%7C%7C%7C%7C%7C%7C%7C%7C%7C%7C%7CPresta+%3A+318%7C%0D%0ALIGNE%7CW+152+SK06+LF010%7C38%7C965+SLATE%7CSHORT+HIGH+WAISTED+SKIRT+-+Taille+%3A+38%7C515.00%7C1%7C0.00%7C515.00%7C%7C%7C%0D%0ALIGNE%7CW+152+KN11+LK004%7COS%7C999+BLACK%7CKNITTED+SCARF+-+Taille+%3A+OS%7C495.00%7C1%7C0.00%7C495.00%7C%7C%7C%0D%0ALIGNE%7CFP%7C%7C%7CLivraison%7C30.00%7C1%7C0.00%7C30.00%7C%7C%7C%0D%0AREGLEMENT%7C460%7C1040.00%7C%7C%7CTEWDTKHIS%7C%0D%0A\";s:5:\"error\";s:0:\"\";}}','2015-10-16 23:12:12','2015-10-16 23:12:17'),(318,4561,'VENTE','OK','ENTETE|WEB|1040.00|3|VENTE|VPC-WEB|4453|MY ADDRESS||||||||||||Presta : 318|\r\nLIGNE|W 152 SK06 LF010|38|965 SLATE|SHORT HIGH WAISTED SKIRT - Taille : 38|515.00|1|0.00|515.00|||\r\nLIGNE|W 152 KN11 LK004|OS|999 BLACK|KNITTED SCARF - Taille : OS|495.00|1|0.00|495.00|||\r\nLIGNE|FP|||Livraison|30.00|1|0.00|30.00|||\r\nREGLEMENT|460|1040.00|||TEWDTKHIS|\r\n','a:3:{i:0;a:5:{s:6:\"status\";s:2:\"OK\";s:2:\"id\";s:4:\"4559\";s:9:\"post_data\";s:124:\"ENTETE|POITOU|WEB|2|TRANS|VPC-WEB||OUI|\r\nLIGNE|W 152 KN11 LK004|OS|999 BLACK|KNITTED SCARF - Taille : OS|495.00|1||0.00|\r\n\r\n\";s:7:\"request\";s:237:\"compte=HOMEMADE&motpasse=h12589&magasin=WEB&enseigne=JINGHI&data=ENTETE%7CPOITOU%7CWEB%7C2%7CTRANS%7CVPC-WEB%7C%7COUI%7C%0D%0ALIGNE%7CW+152+KN11+LK004%7COS%7C999+BLACK%7CKNITTED+SCARF+-+Taille+%3A+OS%7C495.00%7C1%7C%7C0.00%7C%0D%0A%0D%0A\";s:5:\"error\";s:0:\"\";}i:1;a:5:{s:6:\"status\";s:2:\"OK\";s:2:\"id\";s:4:\"4560\";s:9:\"post_data\";s:135:\"ENTETE|POITOU|WEB|2|TRANS|VPC-WEB||OUI|\r\nLIGNE|W 152 SK06 LF010|38|965 SLATE|SHORT HIGH WAISTED SKIRT - Taille : 38|515.00|1||0.00|\r\n\r\n\";s:7:\"request\";s:248:\"compte=HOMEMADE&motpasse=h12589&magasin=WEB&enseigne=JINGHI&data=ENTETE%7CPOITOU%7CWEB%7C2%7CTRANS%7CVPC-WEB%7C%7COUI%7C%0D%0ALIGNE%7CW+152+SK06+LF010%7C38%7C965+SLATE%7CSHORT+HIGH+WAISTED+SKIRT+-+Taille+%3A+38%7C515.00%7C1%7C%7C0.00%7C%0D%0A%0D%0A\";s:5:\"error\";s:0:\"\";}i:2;a:5:{s:6:\"status\";s:2:\"OK\";s:2:\"id\";s:4:\"4561\";s:9:\"post_data\";s:346:\"ENTETE|WEB|1040.00|3|VENTE|VPC-WEB|4453|MY ADDRESS||||||||||||Presta : 318|\r\nLIGNE|W 152 SK06 LF010|38|965 SLATE|SHORT HIGH WAISTED SKIRT - Taille : 38|515.00|1|0.00|515.00|||\r\nLIGNE|W 152 KN11 LK004|OS|999 BLACK|KNITTED SCARF - Taille : OS|495.00|1|0.00|495.00|||\r\nLIGNE|FP|||Livraison|30.00|1|0.00|30.00|||\r\nREGLEMENT|460|1040.00|||TEWDTKHIS|\r\n\";s:7:\"request\";s:555:\"compte=HOMEMADE&motpasse=h12589&magasin=WEB&enseigne=JINGHI&data=ENTETE%7CWEB%7C1040.00%7C3%7CVENTE%7CVPC-WEB%7C4453%7CMY+ADDRESS%7C%7C%7C%7C%7C%7C%7C%7C%7C%7C%7C%7CPresta+%3A+318%7C%0D%0ALIGNE%7CW+152+SK06+LF010%7C38%7C965+SLATE%7CSHORT+HIGH+WAISTED+SKIRT+-+Taille+%3A+38%7C515.00%7C1%7C0.00%7C515.00%7C%7C%7C%0D%0ALIGNE%7CW+152+KN11+LK004%7COS%7C999+BLACK%7CKNITTED+SCARF+-+Taille+%3A+OS%7C495.00%7C1%7C0.00%7C495.00%7C%7C%7C%0D%0ALIGNE%7CFP%7C%7C%7CLivraison%7C30.00%7C1%7C0.00%7C30.00%7C%7C%7C%0D%0AREGLEMENT%7C460%7C1040.00%7C%7C%7CTEWDTKHIS%7C%0D%0A\";s:5:\"error\";s:0:\"\";}}','2015-10-16 23:12:12','2015-10-16 23:12:17'),(319,4562,'TRANS','OK','ENTETE|POITOU|WEB|1|TRANS|VPC-WEB||OUI|\r\nLIGNE|W 153 KN33 LK002| M|687 OLIVE|KNITTED TUBE SKIRT - Taille : M|440.00|1||0.00|\r\n\r\n','a:2:{i:0;a:5:{s:6:\"status\";s:2:\"OK\";s:2:\"id\";s:4:\"4562\";s:9:\"post_data\";s:128:\"ENTETE|POITOU|WEB|1|TRANS|VPC-WEB||OUI|\r\nLIGNE|W 153 KN33 LK002| M|687 OLIVE|KNITTED TUBE SKIRT - Taille : M|440.00|1||0.00|\r\n\r\n\";s:7:\"request\";s:241:\"compte=HOMEMADE&motpasse=h12589&magasin=WEB&enseigne=JINGHI&data=ENTETE%7CPOITOU%7CWEB%7C1%7CTRANS%7CVPC-WEB%7C%7COUI%7C%0D%0ALIGNE%7CW+153+KN33+LK002%7C+M%7C687+OLIVE%7CKNITTED+TUBE+SKIRT+-+Taille+%3A+M%7C440.00%7C1%7C%7C0.00%7C%0D%0A%0D%0A\";s:5:\"error\";s:0:\"\";}i:1;a:5:{s:6:\"status\";s:2:\"OK\";s:2:\"id\";s:4:\"4563\";s:9:\"post_data\";s:248:\"ENTETE|WEB|455.00|2|VENTE|VPC-WEB|4454|MY ADDRESS||||||||||||Presta : 319|\r\nLIGNE|W 153 KN33 LK002| M|687 OLIVE|KNITTED TUBE SKIRT - Taille : M|440.00|1|0.00|440.00|||\r\nLIGNE|FP|||Livraison|15.00|1|0.00|15.00|||\r\nREGLEMENT|460|455.00|||IBZAPDKES|\r\n\";s:7:\"request\";s:429:\"compte=HOMEMADE&motpasse=h12589&magasin=WEB&enseigne=JINGHI&data=ENTETE%7CWEB%7C455.00%7C2%7CVENTE%7CVPC-WEB%7C4454%7CMY+ADDRESS%7C%7C%7C%7C%7C%7C%7C%7C%7C%7C%7C%7CPresta+%3A+319%7C%0D%0ALIGNE%7CW+153+KN33+LK002%7C+M%7C687+OLIVE%7CKNITTED+TUBE+SKIRT+-+Taille+%3A+M%7C440.00%7C1%7C0.00%7C440.00%7C%7C%7C%0D%0ALIGNE%7CFP%7C%7C%7CLivraison%7C15.00%7C1%7C0.00%7C15.00%7C%7C%7C%0D%0AREGLEMENT%7C460%7C455.00%7C%7C%7CIBZAPDKES%7C%0D%0A\";s:5:\"error\";s:0:\"\";}}','2015-10-17 10:36:11','2015-10-17 10:36:18'),(319,4563,'VENTE','OK','ENTETE|WEB|455.00|2|VENTE|VPC-WEB|4454|MY ADDRESS||||||||||||Presta : 319|\r\nLIGNE|W 153 KN33 LK002| M|687 OLIVE|KNITTED TUBE SKIRT - Taille : M|440.00|1|0.00|440.00|||\r\nLIGNE|FP|||Livraison|15.00|1|0.00|15.00|||\r\nREGLEMENT|460|455.00|||IBZAPDKES|\r\n','a:2:{i:0;a:5:{s:6:\"status\";s:2:\"OK\";s:2:\"id\";s:4:\"4562\";s:9:\"post_data\";s:128:\"ENTETE|POITOU|WEB|1|TRANS|VPC-WEB||OUI|\r\nLIGNE|W 153 KN33 LK002| M|687 OLIVE|KNITTED TUBE SKIRT - Taille : M|440.00|1||0.00|\r\n\r\n\";s:7:\"request\";s:241:\"compte=HOMEMADE&motpasse=h12589&magasin=WEB&enseigne=JINGHI&data=ENTETE%7CPOITOU%7CWEB%7C1%7CTRANS%7CVPC-WEB%7C%7COUI%7C%0D%0ALIGNE%7CW+153+KN33+LK002%7C+M%7C687+OLIVE%7CKNITTED+TUBE+SKIRT+-+Taille+%3A+M%7C440.00%7C1%7C%7C0.00%7C%0D%0A%0D%0A\";s:5:\"error\";s:0:\"\";}i:1;a:5:{s:6:\"status\";s:2:\"OK\";s:2:\"id\";s:4:\"4563\";s:9:\"post_data\";s:248:\"ENTETE|WEB|455.00|2|VENTE|VPC-WEB|4454|MY ADDRESS||||||||||||Presta : 319|\r\nLIGNE|W 153 KN33 LK002| M|687 OLIVE|KNITTED TUBE SKIRT - Taille : M|440.00|1|0.00|440.00|||\r\nLIGNE|FP|||Livraison|15.00|1|0.00|15.00|||\r\nREGLEMENT|460|455.00|||IBZAPDKES|\r\n\";s:7:\"request\";s:429:\"compte=HOMEMADE&motpasse=h12589&magasin=WEB&enseigne=JINGHI&data=ENTETE%7CWEB%7C455.00%7C2%7CVENTE%7CVPC-WEB%7C4454%7CMY+ADDRESS%7C%7C%7C%7C%7C%7C%7C%7C%7C%7C%7C%7CPresta+%3A+319%7C%0D%0ALIGNE%7CW+153+KN33+LK002%7C+M%7C687+OLIVE%7CKNITTED+TUBE+SKIRT+-+Taille+%3A+M%7C440.00%7C1%7C0.00%7C440.00%7C%7C%7C%0D%0ALIGNE%7CFP%7C%7C%7CLivraison%7C15.00%7C1%7C0.00%7C15.00%7C%7C%7C%0D%0AREGLEMENT%7C460%7C455.00%7C%7C%7CIBZAPDKES%7C%0D%0A\";s:5:\"error\";s:0:\"\";}}','2015-10-17 10:36:11','2015-10-17 10:36:18'),(320,4570,'TRANS','OK','ENTETE|POITOU|WEB|1|TRANS|VPC-WEB||OUI|\r\nLIGNE|M 152 PA05 LF014|44|687 OLIVE|ELASTICATED PANTS - Taille : 44|385.00|1||0.00|\r\n\r\n','a:2:{i:0;a:5:{s:6:\"status\";s:2:\"OK\";s:2:\"id\";s:4:\"4570\";s:9:\"post_data\";s:128:\"ENTETE|POITOU|WEB|1|TRANS|VPC-WEB||OUI|\r\nLIGNE|M 152 PA05 LF014|44|687 OLIVE|ELASTICATED PANTS - Taille : 44|385.00|1||0.00|\r\n\r\n\";s:7:\"request\";s:241:\"compte=HOMEMADE&motpasse=h12589&magasin=WEB&enseigne=JINGHI&data=ENTETE%7CPOITOU%7CWEB%7C1%7CTRANS%7CVPC-WEB%7C%7COUI%7C%0D%0ALIGNE%7CM+152+PA05+LF014%7C44%7C687+OLIVE%7CELASTICATED+PANTS+-+Taille+%3A+44%7C385.00%7C1%7C%7C0.00%7C%0D%0A%0D%0A\";s:5:\"error\";s:0:\"\";}i:1;a:5:{s:6:\"status\";s:2:\"OK\";s:2:\"id\";s:4:\"4571\";s:9:\"post_data\";s:242:\"ENTETE|WEB|400.00|2|VENTE|VPC-WEB|4456|WORK||||||||||||Presta : 320|\r\nLIGNE|M 152 PA05 LF014|44|687 OLIVE|ELASTICATED PANTS - Taille : 44|385.00|1|0.00|385.00|||\r\nLIGNE|FP|||Livraison|15.00|1|0.00|15.00|||\r\nREGLEMENT|460|400.00|||SLYWVMVLX|\r\n\";s:7:\"request\";s:423:\"compte=HOMEMADE&motpasse=h12589&magasin=WEB&enseigne=JINGHI&data=ENTETE%7CWEB%7C400.00%7C2%7CVENTE%7CVPC-WEB%7C4456%7CWORK%7C%7C%7C%7C%7C%7C%7C%7C%7C%7C%7C%7CPresta+%3A+320%7C%0D%0ALIGNE%7CM+152+PA05+LF014%7C44%7C687+OLIVE%7CELASTICATED+PANTS+-+Taille+%3A+44%7C385.00%7C1%7C0.00%7C385.00%7C%7C%7C%0D%0ALIGNE%7CFP%7C%7C%7CLivraison%7C15.00%7C1%7C0.00%7C15.00%7C%7C%7C%0D%0AREGLEMENT%7C460%7C400.00%7C%7C%7CSLYWVMVLX%7C%0D%0A\";s:5:\"error\";s:0:\"\";}}','2015-10-17 15:44:34','2015-10-17 15:44:40'),(320,4571,'VENTE','OK','ENTETE|WEB|400.00|2|VENTE|VPC-WEB|4456|WORK||||||||||||Presta : 320|\r\nLIGNE|M 152 PA05 LF014|44|687 OLIVE|ELASTICATED PANTS - Taille : 44|385.00|1|0.00|385.00|||\r\nLIGNE|FP|||Livraison|15.00|1|0.00|15.00|||\r\nREGLEMENT|460|400.00|||SLYWVMVLX|\r\n','a:2:{i:0;a:5:{s:6:\"status\";s:2:\"OK\";s:2:\"id\";s:4:\"4570\";s:9:\"post_data\";s:128:\"ENTETE|POITOU|WEB|1|TRANS|VPC-WEB||OUI|\r\nLIGNE|M 152 PA05 LF014|44|687 OLIVE|ELASTICATED PANTS - Taille : 44|385.00|1||0.00|\r\n\r\n\";s:7:\"request\";s:241:\"compte=HOMEMADE&motpasse=h12589&magasin=WEB&enseigne=JINGHI&data=ENTETE%7CPOITOU%7CWEB%7C1%7CTRANS%7CVPC-WEB%7C%7COUI%7C%0D%0ALIGNE%7CM+152+PA05+LF014%7C44%7C687+OLIVE%7CELASTICATED+PANTS+-+Taille+%3A+44%7C385.00%7C1%7C%7C0.00%7C%0D%0A%0D%0A\";s:5:\"error\";s:0:\"\";}i:1;a:5:{s:6:\"status\";s:2:\"OK\";s:2:\"id\";s:4:\"4571\";s:9:\"post_data\";s:242:\"ENTETE|WEB|400.00|2|VENTE|VPC-WEB|4456|WORK||||||||||||Presta : 320|\r\nLIGNE|M 152 PA05 LF014|44|687 OLIVE|ELASTICATED PANTS - Taille : 44|385.00|1|0.00|385.00|||\r\nLIGNE|FP|||Livraison|15.00|1|0.00|15.00|||\r\nREGLEMENT|460|400.00|||SLYWVMVLX|\r\n\";s:7:\"request\";s:423:\"compte=HOMEMADE&motpasse=h12589&magasin=WEB&enseigne=JINGHI&data=ENTETE%7CWEB%7C400.00%7C2%7CVENTE%7CVPC-WEB%7C4456%7CWORK%7C%7C%7C%7C%7C%7C%7C%7C%7C%7C%7C%7CPresta+%3A+320%7C%0D%0ALIGNE%7CM+152+PA05+LF014%7C44%7C687+OLIVE%7CELASTICATED+PANTS+-+Taille+%3A+44%7C385.00%7C1%7C0.00%7C385.00%7C%7C%7C%0D%0ALIGNE%7CFP%7C%7C%7CLivraison%7C15.00%7C1%7C0.00%7C15.00%7C%7C%7C%0D%0AREGLEMENT%7C460%7C400.00%7C%7C%7CSLYWVMVLX%7C%0D%0A\";s:5:\"error\";s:0:\"\";}}','2015-10-17 15:44:34','2015-10-17 15:44:40'),(321,4577,'TRANS','OK','ENTETE|POITOU|WEB|1|TRANS|VPC-WEB||OUI|\r\nLIGNE|M 152 CO07 LF043|48|999 BLACK|MAXI COAT - Taille : 48|995.00|1||0.00|\r\n\r\n','a:2:{i:0;a:5:{s:6:\"status\";s:2:\"OK\";s:2:\"id\";s:4:\"4577\";s:9:\"post_data\";s:120:\"ENTETE|POITOU|WEB|1|TRANS|VPC-WEB||OUI|\r\nLIGNE|M 152 CO07 LF043|48|999 BLACK|MAXI COAT - Taille : 48|995.00|1||0.00|\r\n\r\n\";s:7:\"request\";s:233:\"compte=HOMEMADE&motpasse=h12589&magasin=WEB&enseigne=JINGHI&data=ENTETE%7CPOITOU%7CWEB%7C1%7CTRANS%7CVPC-WEB%7C%7COUI%7C%0D%0ALIGNE%7CM+152+CO07+LF043%7C48%7C999+BLACK%7CMAXI+COAT+-+Taille+%3A+48%7C995.00%7C1%7C%7C0.00%7C%0D%0A%0D%0A\";s:5:\"error\";s:0:\"\";}i:1;a:5:{s:6:\"status\";s:2:\"OK\";s:2:\"id\";s:4:\"4578\";s:9:\"post_data\";s:242:\"ENTETE|WEB|1010.00|2|VENTE|VPC-WEB|4457|MY ADDRESS||||||||||||Presta : 321|\r\nLIGNE|M 152 CO07 LF043|48|999 BLACK|MAXI COAT - Taille : 48|995.00|1|0.00|995.00|||\r\nLIGNE|FP|||Livraison|15.00|1|0.00|15.00|||\r\nREGLEMENT|460|1010.00|||UTCKODQIK|\r\n\";s:7:\"request\";s:423:\"compte=HOMEMADE&motpasse=h12589&magasin=WEB&enseigne=JINGHI&data=ENTETE%7CWEB%7C1010.00%7C2%7CVENTE%7CVPC-WEB%7C4457%7CMY+ADDRESS%7C%7C%7C%7C%7C%7C%7C%7C%7C%7C%7C%7CPresta+%3A+321%7C%0D%0ALIGNE%7CM+152+CO07+LF043%7C48%7C999+BLACK%7CMAXI+COAT+-+Taille+%3A+48%7C995.00%7C1%7C0.00%7C995.00%7C%7C%7C%0D%0ALIGNE%7CFP%7C%7C%7CLivraison%7C15.00%7C1%7C0.00%7C15.00%7C%7C%7C%0D%0AREGLEMENT%7C460%7C1010.00%7C%7C%7CUTCKODQIK%7C%0D%0A\";s:5:\"error\";s:0:\"\";}}','2015-10-17 22:14:51','2015-10-17 22:14:57'),(321,4578,'VENTE','OK','ENTETE|WEB|1010.00|2|VENTE|VPC-WEB|4457|MY ADDRESS||||||||||||Presta : 321|\r\nLIGNE|M 152 CO07 LF043|48|999 BLACK|MAXI COAT - Taille : 48|995.00|1|0.00|995.00|||\r\nLIGNE|FP|||Livraison|15.00|1|0.00|15.00|||\r\nREGLEMENT|460|1010.00|||UTCKODQIK|\r\n','a:2:{i:0;a:5:{s:6:\"status\";s:2:\"OK\";s:2:\"id\";s:4:\"4577\";s:9:\"post_data\";s:120:\"ENTETE|POITOU|WEB|1|TRANS|VPC-WEB||OUI|\r\nLIGNE|M 152 CO07 LF043|48|999 BLACK|MAXI COAT - Taille : 48|995.00|1||0.00|\r\n\r\n\";s:7:\"request\";s:233:\"compte=HOMEMADE&motpasse=h12589&magasin=WEB&enseigne=JINGHI&data=ENTETE%7CPOITOU%7CWEB%7C1%7CTRANS%7CVPC-WEB%7C%7COUI%7C%0D%0ALIGNE%7CM+152+CO07+LF043%7C48%7C999+BLACK%7CMAXI+COAT+-+Taille+%3A+48%7C995.00%7C1%7C%7C0.00%7C%0D%0A%0D%0A\";s:5:\"error\";s:0:\"\";}i:1;a:5:{s:6:\"status\";s:2:\"OK\";s:2:\"id\";s:4:\"4578\";s:9:\"post_data\";s:242:\"ENTETE|WEB|1010.00|2|VENTE|VPC-WEB|4457|MY ADDRESS||||||||||||Presta : 321|\r\nLIGNE|M 152 CO07 LF043|48|999 BLACK|MAXI COAT - Taille : 48|995.00|1|0.00|995.00|||\r\nLIGNE|FP|||Livraison|15.00|1|0.00|15.00|||\r\nREGLEMENT|460|1010.00|||UTCKODQIK|\r\n\";s:7:\"request\";s:423:\"compte=HOMEMADE&motpasse=h12589&magasin=WEB&enseigne=JINGHI&data=ENTETE%7CWEB%7C1010.00%7C2%7CVENTE%7CVPC-WEB%7C4457%7CMY+ADDRESS%7C%7C%7C%7C%7C%7C%7C%7C%7C%7C%7C%7CPresta+%3A+321%7C%0D%0ALIGNE%7CM+152+CO07+LF043%7C48%7C999+BLACK%7CMAXI+COAT+-+Taille+%3A+48%7C995.00%7C1%7C0.00%7C995.00%7C%7C%7C%0D%0ALIGNE%7CFP%7C%7C%7CLivraison%7C15.00%7C1%7C0.00%7C15.00%7C%7C%7C%0D%0AREGLEMENT%7C460%7C1010.00%7C%7C%7CUTCKODQIK%7C%0D%0A\";s:5:\"error\";s:0:\"\";}}','2015-10-17 22:14:51','2015-10-17 22:14:57'),(322,4579,'TRANS','OK','ENTETE|POITOU|WEB|1|TRANS|VPC-WEB||OUI|\r\nLIGNE|M 152 CO03 LF010|48|965 SLATE|SUIT COAT - Taille : 48|1005.00|1||0.00|\r\n\r\n','a:2:{i:0;a:5:{s:6:\"status\";s:2:\"OK\";s:2:\"id\";s:4:\"4579\";s:9:\"post_data\";s:121:\"ENTETE|POITOU|WEB|1|TRANS|VPC-WEB||OUI|\r\nLIGNE|M 152 CO03 LF010|48|965 SLATE|SUIT COAT - Taille : 48|1005.00|1||0.00|\r\n\r\n\";s:7:\"request\";s:234:\"compte=HOMEMADE&motpasse=h12589&magasin=WEB&enseigne=JINGHI&data=ENTETE%7CPOITOU%7CWEB%7C1%7CTRANS%7CVPC-WEB%7C%7COUI%7C%0D%0ALIGNE%7CM+152+CO03+LF010%7C48%7C965+SLATE%7CSUIT+COAT+-+Taille+%3A+48%7C1005.00%7C1%7C%7C0.00%7C%0D%0A%0D%0A\";s:5:\"error\";s:0:\"\";}i:1;a:5:{s:6:\"status\";s:2:\"OK\";s:2:\"id\";s:4:\"4580\";s:9:\"post_data\";s:246:\"ENTETE|WEB|1035.00|2|VENTE|VPC-WEB|4458|MY ADDRESS||||||||||HT||Presta : 322|\r\nLIGNE|M 152 CO03 LF010|48|965 SLATE|SUIT COAT - Taille : 48|1005.00|1|0.00|1005.00|||\r\nLIGNE|FP|||Livraison|30.00|1|0.00|30.00|||\r\nREGLEMENT|460|1035.00|||EFMGZEWWL|\r\n\";s:7:\"request\";s:427:\"compte=HOMEMADE&motpasse=h12589&magasin=WEB&enseigne=JINGHI&data=ENTETE%7CWEB%7C1035.00%7C2%7CVENTE%7CVPC-WEB%7C4458%7CMY+ADDRESS%7C%7C%7C%7C%7C%7C%7C%7C%7C%7CHT%7C%7CPresta+%3A+322%7C%0D%0ALIGNE%7CM+152+CO03+LF010%7C48%7C965+SLATE%7CSUIT+COAT+-+Taille+%3A+48%7C1005.00%7C1%7C0.00%7C1005.00%7C%7C%7C%0D%0ALIGNE%7CFP%7C%7C%7CLivraison%7C30.00%7C1%7C0.00%7C30.00%7C%7C%7C%0D%0AREGLEMENT%7C460%7C1035.00%7C%7C%7CEFMGZEWWL%7C%0D%0A\";s:5:\"error\";s:0:\"\";}}','2015-10-18 12:45:01','2015-10-18 12:45:07'),(322,4580,'VENTE','OK','ENTETE|WEB|1035.00|2|VENTE|VPC-WEB|4458|MY ADDRESS||||||||||HT||Presta : 322|\r\nLIGNE|M 152 CO03 LF010|48|965 SLATE|SUIT COAT - Taille : 48|1005.00|1|0.00|1005.00|||\r\nLIGNE|FP|||Livraison|30.00|1|0.00|30.00|||\r\nREGLEMENT|460|1035.00|||EFMGZEWWL|\r\n','a:2:{i:0;a:5:{s:6:\"status\";s:2:\"OK\";s:2:\"id\";s:4:\"4579\";s:9:\"post_data\";s:121:\"ENTETE|POITOU|WEB|1|TRANS|VPC-WEB||OUI|\r\nLIGNE|M 152 CO03 LF010|48|965 SLATE|SUIT COAT - Taille : 48|1005.00|1||0.00|\r\n\r\n\";s:7:\"request\";s:234:\"compte=HOMEMADE&motpasse=h12589&magasin=WEB&enseigne=JINGHI&data=ENTETE%7CPOITOU%7CWEB%7C1%7CTRANS%7CVPC-WEB%7C%7COUI%7C%0D%0ALIGNE%7CM+152+CO03+LF010%7C48%7C965+SLATE%7CSUIT+COAT+-+Taille+%3A+48%7C1005.00%7C1%7C%7C0.00%7C%0D%0A%0D%0A\";s:5:\"error\";s:0:\"\";}i:1;a:5:{s:6:\"status\";s:2:\"OK\";s:2:\"id\";s:4:\"4580\";s:9:\"post_data\";s:246:\"ENTETE|WEB|1035.00|2|VENTE|VPC-WEB|4458|MY ADDRESS||||||||||HT||Presta : 322|\r\nLIGNE|M 152 CO03 LF010|48|965 SLATE|SUIT COAT - Taille : 48|1005.00|1|0.00|1005.00|||\r\nLIGNE|FP|||Livraison|30.00|1|0.00|30.00|||\r\nREGLEMENT|460|1035.00|||EFMGZEWWL|\r\n\";s:7:\"request\";s:427:\"compte=HOMEMADE&motpasse=h12589&magasin=WEB&enseigne=JINGHI&data=ENTETE%7CWEB%7C1035.00%7C2%7CVENTE%7CVPC-WEB%7C4458%7CMY+ADDRESS%7C%7C%7C%7C%7C%7C%7C%7C%7C%7CHT%7C%7CPresta+%3A+322%7C%0D%0ALIGNE%7CM+152+CO03+LF010%7C48%7C965+SLATE%7CSUIT+COAT+-+Taille+%3A+48%7C1005.00%7C1%7C0.00%7C1005.00%7C%7C%7C%0D%0ALIGNE%7CFP%7C%7C%7CLivraison%7C30.00%7C1%7C0.00%7C30.00%7C%7C%7C%0D%0AREGLEMENT%7C460%7C1035.00%7C%7C%7CEFMGZEWWL%7C%0D%0A\";s:5:\"error\";s:0:\"\";}}','2015-10-18 12:45:01','2015-10-18 12:45:07'),(323,4606,'TRANS','OK','ENTETE|POITOU|WEB|1|TRANS|VPC-WEB||OUI|\r\nLIGNE|W 153 DR06 LF002|38|682 LICHEN|robe-trench - Taille : 38|795.00|1||0.00|\r\n\r\n','a:2:{i:0;a:5:{s:6:\"status\";s:2:\"OK\";s:2:\"id\";s:4:\"4606\";s:9:\"post_data\";s:123:\"ENTETE|POITOU|WEB|1|TRANS|VPC-WEB||OUI|\r\nLIGNE|W 153 DR06 LF002|38|682 LICHEN|robe-trench - Taille : 38|795.00|1||0.00|\r\n\r\n\";s:7:\"request\";s:236:\"compte=HOMEMADE&motpasse=h12589&magasin=WEB&enseigne=JINGHI&data=ENTETE%7CPOITOU%7CWEB%7C1%7CTRANS%7CVPC-WEB%7C%7COUI%7C%0D%0ALIGNE%7CW+153+DR06+LF002%7C38%7C682+LICHEN%7Crobe-trench+-+Taille+%3A+38%7C795.00%7C1%7C%7C0.00%7C%0D%0A%0D%0A\";s:5:\"error\";s:0:\"\";}i:1;a:5:{s:6:\"status\";s:2:\"OK\";s:2:\"id\";s:4:\"4607\";s:9:\"post_data\";s:244:\"ENTETE|WEB|810.00|2|VENTE|VPC-WEB|4459|MON ADRESSE||||||||||||Presta : 323|\r\nLIGNE|W 153 DR06 LF002|38|682 LICHEN|robe-trench - Taille : 38|795.00|1|0.00|795.00|||\r\nLIGNE|FP|||Livraison|15.00|1|0.00|15.00|||\r\nREGLEMENT|460|810.00|||PHQIWXXYV|\r\n\";s:7:\"request\";s:425:\"compte=HOMEMADE&motpasse=h12589&magasin=WEB&enseigne=JINGHI&data=ENTETE%7CWEB%7C810.00%7C2%7CVENTE%7CVPC-WEB%7C4459%7CMON+ADRESSE%7C%7C%7C%7C%7C%7C%7C%7C%7C%7C%7C%7CPresta+%3A+323%7C%0D%0ALIGNE%7CW+153+DR06+LF002%7C38%7C682+LICHEN%7Crobe-trench+-+Taille+%3A+38%7C795.00%7C1%7C0.00%7C795.00%7C%7C%7C%0D%0ALIGNE%7CFP%7C%7C%7CLivraison%7C15.00%7C1%7C0.00%7C15.00%7C%7C%7C%0D%0AREGLEMENT%7C460%7C810.00%7C%7C%7CPHQIWXXYV%7C%0D%0A\";s:5:\"error\";s:0:\"\";}}','2015-10-21 00:06:35','2015-10-21 00:06:40'),(323,4607,'VENTE','OK','ENTETE|WEB|810.00|2|VENTE|VPC-WEB|4459|MON ADRESSE||||||||||||Presta : 323|\r\nLIGNE|W 153 DR06 LF002|38|682 LICHEN|robe-trench - Taille : 38|795.00|1|0.00|795.00|||\r\nLIGNE|FP|||Livraison|15.00|1|0.00|15.00|||\r\nREGLEMENT|460|810.00|||PHQIWXXYV|\r\n','a:2:{i:0;a:5:{s:6:\"status\";s:2:\"OK\";s:2:\"id\";s:4:\"4606\";s:9:\"post_data\";s:123:\"ENTETE|POITOU|WEB|1|TRANS|VPC-WEB||OUI|\r\nLIGNE|W 153 DR06 LF002|38|682 LICHEN|robe-trench - Taille : 38|795.00|1||0.00|\r\n\r\n\";s:7:\"request\";s:236:\"compte=HOMEMADE&motpasse=h12589&magasin=WEB&enseigne=JINGHI&data=ENTETE%7CPOITOU%7CWEB%7C1%7CTRANS%7CVPC-WEB%7C%7COUI%7C%0D%0ALIGNE%7CW+153+DR06+LF002%7C38%7C682+LICHEN%7Crobe-trench+-+Taille+%3A+38%7C795.00%7C1%7C%7C0.00%7C%0D%0A%0D%0A\";s:5:\"error\";s:0:\"\";}i:1;a:5:{s:6:\"status\";s:2:\"OK\";s:2:\"id\";s:4:\"4607\";s:9:\"post_data\";s:244:\"ENTETE|WEB|810.00|2|VENTE|VPC-WEB|4459|MON ADRESSE||||||||||||Presta : 323|\r\nLIGNE|W 153 DR06 LF002|38|682 LICHEN|robe-trench - Taille : 38|795.00|1|0.00|795.00|||\r\nLIGNE|FP|||Livraison|15.00|1|0.00|15.00|||\r\nREGLEMENT|460|810.00|||PHQIWXXYV|\r\n\";s:7:\"request\";s:425:\"compte=HOMEMADE&motpasse=h12589&magasin=WEB&enseigne=JINGHI&data=ENTETE%7CWEB%7C810.00%7C2%7CVENTE%7CVPC-WEB%7C4459%7CMON+ADRESSE%7C%7C%7C%7C%7C%7C%7C%7C%7C%7C%7C%7CPresta+%3A+323%7C%0D%0ALIGNE%7CW+153+DR06+LF002%7C38%7C682+LICHEN%7Crobe-trench+-+Taille+%3A+38%7C795.00%7C1%7C0.00%7C795.00%7C%7C%7C%0D%0ALIGNE%7CFP%7C%7C%7CLivraison%7C15.00%7C1%7C0.00%7C15.00%7C%7C%7C%0D%0AREGLEMENT%7C460%7C810.00%7C%7C%7CPHQIWXXYV%7C%0D%0A\";s:5:\"error\";s:0:\"\";}}','2015-10-21 00:06:35','2015-10-21 00:06:40'),(324,4621,'TRANS','OK','ENTETE|POITOU|WEB|1|TRANS|VPC-WEB||OUI|\r\nLIGNE|W 152 PA19 LD001|42|761 INDIGO|denim - Taille : 42|450.00|1||0.00|\r\n\r\n','a:2:{i:0;a:5:{s:6:\"status\";s:2:\"OK\";s:2:\"id\";s:4:\"4621\";s:9:\"post_data\";s:117:\"ENTETE|POITOU|WEB|1|TRANS|VPC-WEB||OUI|\r\nLIGNE|W 152 PA19 LD001|42|761 INDIGO|denim - Taille : 42|450.00|1||0.00|\r\n\r\n\";s:7:\"request\";s:230:\"compte=HOMEMADE&motpasse=h12589&magasin=WEB&enseigne=JINGHI&data=ENTETE%7CPOITOU%7CWEB%7C1%7CTRANS%7CVPC-WEB%7C%7COUI%7C%0D%0ALIGNE%7CW+152+PA19+LD001%7C42%7C761+INDIGO%7Cdenim+-+Taille+%3A+42%7C450.00%7C1%7C%7C0.00%7C%0D%0A%0D%0A\";s:5:\"error\";s:0:\"\";}i:1;a:5:{s:6:\"status\";s:2:\"OK\";s:2:\"id\";s:4:\"4622\";s:9:\"post_data\";s:238:\"ENTETE|WEB|465.00|2|VENTE|VPC-WEB|4460|MON ADRESSE||||||||||||Presta : 324|\r\nLIGNE|W 152 PA19 LD001|42|761 INDIGO|denim - Taille : 42|450.00|1|0.00|450.00|||\r\nLIGNE|FP|||Livraison|15.00|1|0.00|15.00|||\r\nREGLEMENT|460|465.00|||NMQOZNMEG|\r\n\";s:7:\"request\";s:419:\"compte=HOMEMADE&motpasse=h12589&magasin=WEB&enseigne=JINGHI&data=ENTETE%7CWEB%7C465.00%7C2%7CVENTE%7CVPC-WEB%7C4460%7CMON+ADRESSE%7C%7C%7C%7C%7C%7C%7C%7C%7C%7C%7C%7CPresta+%3A+324%7C%0D%0ALIGNE%7CW+152+PA19+LD001%7C42%7C761+INDIGO%7Cdenim+-+Taille+%3A+42%7C450.00%7C1%7C0.00%7C450.00%7C%7C%7C%0D%0ALIGNE%7CFP%7C%7C%7CLivraison%7C15.00%7C1%7C0.00%7C15.00%7C%7C%7C%0D%0AREGLEMENT%7C460%7C465.00%7C%7C%7CNMQOZNMEG%7C%0D%0A\";s:5:\"error\";s:0:\"\";}}','2015-10-22 22:30:44','2015-10-22 22:30:54'),(324,4622,'VENTE','OK','ENTETE|WEB|465.00|2|VENTE|VPC-WEB|4460|MON ADRESSE||||||||||||Presta : 324|\r\nLIGNE|W 152 PA19 LD001|42|761 INDIGO|denim - Taille : 42|450.00|1|0.00|450.00|||\r\nLIGNE|FP|||Livraison|15.00|1|0.00|15.00|||\r\nREGLEMENT|460|465.00|||NMQOZNMEG|\r\n','a:2:{i:0;a:5:{s:6:\"status\";s:2:\"OK\";s:2:\"id\";s:4:\"4621\";s:9:\"post_data\";s:117:\"ENTETE|POITOU|WEB|1|TRANS|VPC-WEB||OUI|\r\nLIGNE|W 152 PA19 LD001|42|761 INDIGO|denim - Taille : 42|450.00|1||0.00|\r\n\r\n\";s:7:\"request\";s:230:\"compte=HOMEMADE&motpasse=h12589&magasin=WEB&enseigne=JINGHI&data=ENTETE%7CPOITOU%7CWEB%7C1%7CTRANS%7CVPC-WEB%7C%7COUI%7C%0D%0ALIGNE%7CW+152+PA19+LD001%7C42%7C761+INDIGO%7Cdenim+-+Taille+%3A+42%7C450.00%7C1%7C%7C0.00%7C%0D%0A%0D%0A\";s:5:\"error\";s:0:\"\";}i:1;a:5:{s:6:\"status\";s:2:\"OK\";s:2:\"id\";s:4:\"4622\";s:9:\"post_data\";s:238:\"ENTETE|WEB|465.00|2|VENTE|VPC-WEB|4460|MON ADRESSE||||||||||||Presta : 324|\r\nLIGNE|W 152 PA19 LD001|42|761 INDIGO|denim - Taille : 42|450.00|1|0.00|450.00|||\r\nLIGNE|FP|||Livraison|15.00|1|0.00|15.00|||\r\nREGLEMENT|460|465.00|||NMQOZNMEG|\r\n\";s:7:\"request\";s:419:\"compte=HOMEMADE&motpasse=h12589&magasin=WEB&enseigne=JINGHI&data=ENTETE%7CWEB%7C465.00%7C2%7CVENTE%7CVPC-WEB%7C4460%7CMON+ADRESSE%7C%7C%7C%7C%7C%7C%7C%7C%7C%7C%7C%7CPresta+%3A+324%7C%0D%0ALIGNE%7CW+152+PA19+LD001%7C42%7C761+INDIGO%7Cdenim+-+Taille+%3A+42%7C450.00%7C1%7C0.00%7C450.00%7C%7C%7C%0D%0ALIGNE%7CFP%7C%7C%7CLivraison%7C15.00%7C1%7C0.00%7C15.00%7C%7C%7C%0D%0AREGLEMENT%7C460%7C465.00%7C%7C%7CNMQOZNMEG%7C%0D%0A\";s:5:\"error\";s:0:\"\";}}','2015-10-22 22:30:44','2015-10-22 22:30:54'),(325,4623,'TRANS','OK','ENTETE|POITOU|WEB|1|TRANS|VPC-WEB||OUI|\r\nLIGNE|W 153 DR06 LF016|34|966 ANTHRACITE|TRENCH DRESS - Taille : 34|1065.00|1||0.00|\r\n\r\n','a:2:{i:0;a:5:{s:6:\"status\";s:2:\"OK\";s:2:\"id\";s:4:\"4623\";s:9:\"post_data\";s:129:\"ENTETE|POITOU|WEB|1|TRANS|VPC-WEB||OUI|\r\nLIGNE|W 153 DR06 LF016|34|966 ANTHRACITE|TRENCH DRESS - Taille : 34|1065.00|1||0.00|\r\n\r\n\";s:7:\"request\";s:242:\"compte=HOMEMADE&motpasse=h12589&magasin=WEB&enseigne=JINGHI&data=ENTETE%7CPOITOU%7CWEB%7C1%7CTRANS%7CVPC-WEB%7C%7COUI%7C%0D%0ALIGNE%7CW+153+DR06+LF016%7C34%7C966+ANTHRACITE%7CTRENCH+DRESS+-+Taille+%3A+34%7C1065.00%7C1%7C%7C0.00%7C%0D%0A%0D%0A\";s:5:\"error\";s:0:\"\";}i:1;a:5:{s:6:\"status\";s:2:\"OK\";s:2:\"id\";s:4:\"4624\";s:9:\"post_data\";s:254:\"ENTETE|WEB|1095.00|2|VENTE|VPC-WEB|4461|MY ADDRESS||||||||||HT||Presta : 325|\r\nLIGNE|W 153 DR06 LF016|34|966 ANTHRACITE|TRENCH DRESS - Taille : 34|1065.00|1|0.00|1065.00|||\r\nLIGNE|FP|||Livraison|30.00|1|0.00|30.00|||\r\nREGLEMENT|460|1095.00|||MQRBRLCBL|\r\n\";s:7:\"request\";s:435:\"compte=HOMEMADE&motpasse=h12589&magasin=WEB&enseigne=JINGHI&data=ENTETE%7CWEB%7C1095.00%7C2%7CVENTE%7CVPC-WEB%7C4461%7CMY+ADDRESS%7C%7C%7C%7C%7C%7C%7C%7C%7C%7CHT%7C%7CPresta+%3A+325%7C%0D%0ALIGNE%7CW+153+DR06+LF016%7C34%7C966+ANTHRACITE%7CTRENCH+DRESS+-+Taille+%3A+34%7C1065.00%7C1%7C0.00%7C1065.00%7C%7C%7C%0D%0ALIGNE%7CFP%7C%7C%7CLivraison%7C30.00%7C1%7C0.00%7C30.00%7C%7C%7C%0D%0AREGLEMENT%7C460%7C1095.00%7C%7C%7CMQRBRLCBL%7C%0D%0A\";s:5:\"error\";s:0:\"\";}}','2015-10-23 07:02:05','2015-10-23 07:02:41'),(325,4624,'VENTE','OK','ENTETE|WEB|1095.00|2|VENTE|VPC-WEB|4461|MY ADDRESS||||||||||HT||Presta : 325|\r\nLIGNE|W 153 DR06 LF016|34|966 ANTHRACITE|TRENCH DRESS - Taille : 34|1065.00|1|0.00|1065.00|||\r\nLIGNE|FP|||Livraison|30.00|1|0.00|30.00|||\r\nREGLEMENT|460|1095.00|||MQRBRLCBL|\r\n','a:2:{i:0;a:5:{s:6:\"status\";s:2:\"OK\";s:2:\"id\";s:4:\"4623\";s:9:\"post_data\";s:129:\"ENTETE|POITOU|WEB|1|TRANS|VPC-WEB||OUI|\r\nLIGNE|W 153 DR06 LF016|34|966 ANTHRACITE|TRENCH DRESS - Taille : 34|1065.00|1||0.00|\r\n\r\n\";s:7:\"request\";s:242:\"compte=HOMEMADE&motpasse=h12589&magasin=WEB&enseigne=JINGHI&data=ENTETE%7CPOITOU%7CWEB%7C1%7CTRANS%7CVPC-WEB%7C%7COUI%7C%0D%0ALIGNE%7CW+153+DR06+LF016%7C34%7C966+ANTHRACITE%7CTRENCH+DRESS+-+Taille+%3A+34%7C1065.00%7C1%7C%7C0.00%7C%0D%0A%0D%0A\";s:5:\"error\";s:0:\"\";}i:1;a:5:{s:6:\"status\";s:2:\"OK\";s:2:\"id\";s:4:\"4624\";s:9:\"post_data\";s:254:\"ENTETE|WEB|1095.00|2|VENTE|VPC-WEB|4461|MY ADDRESS||||||||||HT||Presta : 325|\r\nLIGNE|W 153 DR06 LF016|34|966 ANTHRACITE|TRENCH DRESS - Taille : 34|1065.00|1|0.00|1065.00|||\r\nLIGNE|FP|||Livraison|30.00|1|0.00|30.00|||\r\nREGLEMENT|460|1095.00|||MQRBRLCBL|\r\n\";s:7:\"request\";s:435:\"compte=HOMEMADE&motpasse=h12589&magasin=WEB&enseigne=JINGHI&data=ENTETE%7CWEB%7C1095.00%7C2%7CVENTE%7CVPC-WEB%7C4461%7CMY+ADDRESS%7C%7C%7C%7C%7C%7C%7C%7C%7C%7CHT%7C%7CPresta+%3A+325%7C%0D%0ALIGNE%7CW+153+DR06+LF016%7C34%7C966+ANTHRACITE%7CTRENCH+DRESS+-+Taille+%3A+34%7C1065.00%7C1%7C0.00%7C1065.00%7C%7C%7C%0D%0ALIGNE%7CFP%7C%7C%7CLivraison%7C30.00%7C1%7C0.00%7C30.00%7C%7C%7C%0D%0AREGLEMENT%7C460%7C1095.00%7C%7C%7CMQRBRLCBL%7C%0D%0A\";s:5:\"error\";s:0:\"\";}}','2015-10-23 07:02:05','2015-10-23 07:02:41'),(326,4659,'VENTE','OK','ENTETE|WEB|600.00|2|VENTE|VPC-WEB|4462|MON ADRESSE||||||||||HT||Presta : 326|\r\nLIGNE|W 152 KN06 LK004|   XS|999 BLACK|pull ','a:1:{i:0;a:5:{s:6:\"status\";s:2:\"OK\";s:2:\"id\";s:4:\"4659\";s:9:\"post_data\";s:249:\"ENTETE|WEB|600.00|2|VENTE|VPC-WEB|4462|MON ADRESSE||||||||||HT||Presta : 326|\r\nLIGNE|W 152 KN06 LK004|   XS|999 BLACK|pull ','2015-10-27 17:37:10','2015-10-27 17:37:11'),(327,4641,'TRANS','OK','ENTETE|POITOU|WEB|1|TRANS|VPC-WEB||OUI|\r\nLIGNE|W 152 KN11 LK004|OS|690 LICHEN|','a:2:{i:0;a:5:{s:6:\"status\";s:2:\"OK\";s:2:\"id\";s:4:\"4641\";s:9:\"post_data\";s:128:\"ENTETE|POITOU|WEB|1|TRANS|VPC-WEB||OUI|\r\nLIGNE|W 152 KN11 LK004|OS|690 LICHEN|','2015-10-25 09:33:09','2015-10-25 09:33:12'),(327,4642,'VENTE','OK','ENTETE|WEB|510.00|2|VENTE|VPC-WEB|4464|MON ADRESSE||||||||||||Presta : 327|\r\nLIGNE|W 152 KN11 LK004|OS|690 LICHEN|','a:2:{i:0;a:5:{s:6:\"status\";s:2:\"OK\";s:2:\"id\";s:4:\"4641\";s:9:\"post_data\";s:128:\"ENTETE|POITOU|WEB|1|TRANS|VPC-WEB||OUI|\r\nLIGNE|W 152 KN11 LK004|OS|690 LICHEN|','2015-10-25 09:33:09','2015-10-25 09:33:12'),(328,4643,'TRANS','OK','ENTETE|POITOU|WEB|1|TRANS|VPC-WEB||OUI|\r\nLIGNE|W 153 PA25 LF015|42|999 BLACK|ELASTICATED PANTS 3/4 - Taille : 42|385.00|1||0.00|\r\n\r\n','a:2:{i:0;a:5:{s:6:\"status\";s:2:\"OK\";s:2:\"id\";s:4:\"4643\";s:9:\"post_data\";s:132:\"ENTETE|POITOU|WEB|1|TRANS|VPC-WEB||OUI|\r\nLIGNE|W 153 PA25 LF015|42|999 BLACK|ELASTICATED PANTS 3/4 - Taille : 42|385.00|1||0.00|\r\n\r\n\";s:7:\"request\";s:247:\"compte=HOMEMADE&motpasse=h12589&magasin=WEB&enseigne=JINGHI&data=ENTETE%7CPOITOU%7CWEB%7C1%7CTRANS%7CVPC-WEB%7C%7COUI%7C%0D%0ALIGNE%7CW+153+PA25+LF015%7C42%7C999+BLACK%7CELASTICATED+PANTS+3%2F4+-+Taille+%3A+42%7C385.00%7C1%7C%7C0.00%7C%0D%0A%0D%0A\";s:5:\"error\";s:0:\"\";}i:1;a:5:{s:6:\"status\";s:2:\"OK\";s:2:\"id\";s:4:\"4644\";s:9:\"post_data\";s:252:\"ENTETE|WEB|400.00|2|VENTE|VPC-WEB|4465|MY ADDRESS||||||||||||Presta : 328|\r\nLIGNE|W 153 PA25 LF015|42|999 BLACK|ELASTICATED PANTS 3/4 - Taille : 42|385.00|1|0.00|385.00|||\r\nLIGNE|FP|||Livraison|15.00|1|0.00|15.00|||\r\nREGLEMENT|460|400.00|||DMGFDXXVW|\r\n\";s:7:\"request\";s:435:\"compte=HOMEMADE&motpasse=h12589&magasin=WEB&enseigne=JINGHI&data=ENTETE%7CWEB%7C400.00%7C2%7CVENTE%7CVPC-WEB%7C4465%7CMY+ADDRESS%7C%7C%7C%7C%7C%7C%7C%7C%7C%7C%7C%7CPresta+%3A+328%7C%0D%0ALIGNE%7CW+153+PA25+LF015%7C42%7C999+BLACK%7CELASTICATED+PANTS+3%2F4+-+Taille+%3A+42%7C385.00%7C1%7C0.00%7C385.00%7C%7C%7C%0D%0ALIGNE%7CFP%7C%7C%7CLivraison%7C15.00%7C1%7C0.00%7C15.00%7C%7C%7C%0D%0AREGLEMENT%7C460%7C400.00%7C%7C%7CDMGFDXXVW%7C%0D%0A\";s:5:\"error\";s:0:\"\";}}','2015-10-25 22:42:09','2015-10-25 22:42:12'),(328,4644,'VENTE','OK','ENTETE|WEB|400.00|2|VENTE|VPC-WEB|4465|MY ADDRESS||||||||||||Presta : 328|\r\nLIGNE|W 153 PA25 LF015|42|999 BLACK|ELASTICATED PANTS 3/4 - Taille : 42|385.00|1|0.00|385.00|||\r\nLIGNE|FP|||Livraison|15.00|1|0.00|15.00|||\r\nREGLEMENT|460|400.00|||DMGFDXXVW|\r\n','a:2:{i:0;a:5:{s:6:\"status\";s:2:\"OK\";s:2:\"id\";s:4:\"4643\";s:9:\"post_data\";s:132:\"ENTETE|POITOU|WEB|1|TRANS|VPC-WEB||OUI|\r\nLIGNE|W 153 PA25 LF015|42|999 BLACK|ELASTICATED PANTS 3/4 - Taille : 42|385.00|1||0.00|\r\n\r\n\";s:7:\"request\";s:247:\"compte=HOMEMADE&motpasse=h12589&magasin=WEB&enseigne=JINGHI&data=ENTETE%7CPOITOU%7CWEB%7C1%7CTRANS%7CVPC-WEB%7C%7COUI%7C%0D%0ALIGNE%7CW+153+PA25+LF015%7C42%7C999+BLACK%7CELASTICATED+PANTS+3%2F4+-+Taille+%3A+42%7C385.00%7C1%7C%7C0.00%7C%0D%0A%0D%0A\";s:5:\"error\";s:0:\"\";}i:1;a:5:{s:6:\"status\";s:2:\"OK\";s:2:\"id\";s:4:\"4644\";s:9:\"post_data\";s:252:\"ENTETE|WEB|400.00|2|VENTE|VPC-WEB|4465|MY ADDRESS||||||||||||Presta : 328|\r\nLIGNE|W 153 PA25 LF015|42|999 BLACK|ELASTICATED PANTS 3/4 - Taille : 42|385.00|1|0.00|385.00|||\r\nLIGNE|FP|||Livraison|15.00|1|0.00|15.00|||\r\nREGLEMENT|460|400.00|||DMGFDXXVW|\r\n\";s:7:\"request\";s:435:\"compte=HOMEMADE&motpasse=h12589&magasin=WEB&enseigne=JINGHI&data=ENTETE%7CWEB%7C400.00%7C2%7CVENTE%7CVPC-WEB%7C4465%7CMY+ADDRESS%7C%7C%7C%7C%7C%7C%7C%7C%7C%7C%7C%7CPresta+%3A+328%7C%0D%0ALIGNE%7CW+153+PA25+LF015%7C42%7C999+BLACK%7CELASTICATED+PANTS+3%2F4+-+Taille+%3A+42%7C385.00%7C1%7C0.00%7C385.00%7C%7C%7C%0D%0ALIGNE%7CFP%7C%7C%7CLivraison%7C15.00%7C1%7C0.00%7C15.00%7C%7C%7C%0D%0AREGLEMENT%7C460%7C400.00%7C%7C%7CDMGFDXXVW%7C%0D%0A\";s:5:\"error\";s:0:\"\";}}','2015-10-25 22:42:09','2015-10-25 22:42:12'),(329,4660,'TRANS','OK','ENTETE|POITOU|WEB|1|TRANS|VPC-WEB||OUI|\r\nLIGNE|M 152 CO05 LF043|46|999 BLACK|KAFTAN - Taille : 46|1005.00|1||0.00|\r\n\r\n','a:2:{i:0;a:5:{s:6:\"status\";s:2:\"OK\";s:2:\"id\";s:4:\"4660\";s:9:\"post_data\";s:118:\"ENTETE|POITOU|WEB|1|TRANS|VPC-WEB||OUI|\r\nLIGNE|M 152 CO05 LF043|46|999 BLACK|KAFTAN - Taille : 46|1005.00|1||0.00|\r\n\r\n\";s:7:\"request\";s:231:\"compte=HOMEMADE&motpasse=h12589&magasin=WEB&enseigne=JINGHI&data=ENTETE%7CPOITOU%7CWEB%7C1%7CTRANS%7CVPC-WEB%7C%7COUI%7C%0D%0ALIGNE%7CM+152+CO05+LF043%7C46%7C999+BLACK%7CKAFTAN+-+Taille+%3A+46%7C1005.00%7C1%7C%7C0.00%7C%0D%0A%0D%0A\";s:5:\"error\";s:0:\"\";}i:1;a:5:{s:6:\"status\";s:2:\"OK\";s:2:\"id\";s:4:\"4661\";s:9:\"post_data\";s:243:\"ENTETE|WEB|1035.00|2|VENTE|VPC-WEB|4466|MY ADDRESS||||||||||HT||Presta : 329|\r\nLIGNE|M 152 CO05 LF043|46|999 BLACK|KAFTAN - Taille : 46|1005.00|1|0.00|1005.00|||\r\nLIGNE|FP|||Livraison|30.00|1|0.00|30.00|||\r\nREGLEMENT|460|1035.00|||VAPWLFIXU|\r\n\";s:7:\"request\";s:424:\"compte=HOMEMADE&motpasse=h12589&magasin=WEB&enseigne=JINGHI&data=ENTETE%7CWEB%7C1035.00%7C2%7CVENTE%7CVPC-WEB%7C4466%7CMY+ADDRESS%7C%7C%7C%7C%7C%7C%7C%7C%7C%7CHT%7C%7CPresta+%3A+329%7C%0D%0ALIGNE%7CM+152+CO05+LF043%7C46%7C999+BLACK%7CKAFTAN+-+Taille+%3A+46%7C1005.00%7C1%7C0.00%7C1005.00%7C%7C%7C%0D%0ALIGNE%7CFP%7C%7C%7CLivraison%7C30.00%7C1%7C0.00%7C30.00%7C%7C%7C%0D%0AREGLEMENT%7C460%7C1035.00%7C%7C%7CVAPWLFIXU%7C%0D%0A\";s:5:\"error\";s:0:\"\";}}','2015-10-28 06:54:10','2015-10-28 06:54:26'),(329,4661,'VENTE','OK','ENTETE|WEB|1035.00|2|VENTE|VPC-WEB|4466|MY ADDRESS||||||||||HT||Presta : 329|\r\nLIGNE|M 152 CO05 LF043|46|999 BLACK|KAFTAN - Taille : 46|1005.00|1|0.00|1005.00|||\r\nLIGNE|FP|||Livraison|30.00|1|0.00|30.00|||\r\nREGLEMENT|460|1035.00|||VAPWLFIXU|\r\n','a:2:{i:0;a:5:{s:6:\"status\";s:2:\"OK\";s:2:\"id\";s:4:\"4660\";s:9:\"post_data\";s:118:\"ENTETE|POITOU|WEB|1|TRANS|VPC-WEB||OUI|\r\nLIGNE|M 152 CO05 LF043|46|999 BLACK|KAFTAN - Taille : 46|1005.00|1||0.00|\r\n\r\n\";s:7:\"request\";s:231:\"compte=HOMEMADE&motpasse=h12589&magasin=WEB&enseigne=JINGHI&data=ENTETE%7CPOITOU%7CWEB%7C1%7CTRANS%7CVPC-WEB%7C%7COUI%7C%0D%0ALIGNE%7CM+152+CO05+LF043%7C46%7C999+BLACK%7CKAFTAN+-+Taille+%3A+46%7C1005.00%7C1%7C%7C0.00%7C%0D%0A%0D%0A\";s:5:\"error\";s:0:\"\";}i:1;a:5:{s:6:\"status\";s:2:\"OK\";s:2:\"id\";s:4:\"4661\";s:9:\"post_data\";s:243:\"ENTETE|WEB|1035.00|2|VENTE|VPC-WEB|4466|MY ADDRESS||||||||||HT||Presta : 329|\r\nLIGNE|M 152 CO05 LF043|46|999 BLACK|KAFTAN - Taille : 46|1005.00|1|0.00|1005.00|||\r\nLIGNE|FP|||Livraison|30.00|1|0.00|30.00|||\r\nREGLEMENT|460|1035.00|||VAPWLFIXU|\r\n\";s:7:\"request\";s:424:\"compte=HOMEMADE&motpasse=h12589&magasin=WEB&enseigne=JINGHI&data=ENTETE%7CWEB%7C1035.00%7C2%7CVENTE%7CVPC-WEB%7C4466%7CMY+ADDRESS%7C%7C%7C%7C%7C%7C%7C%7C%7C%7CHT%7C%7CPresta+%3A+329%7C%0D%0ALIGNE%7CM+152+CO05+LF043%7C46%7C999+BLACK%7CKAFTAN+-+Taille+%3A+46%7C1005.00%7C1%7C0.00%7C1005.00%7C%7C%7C%0D%0ALIGNE%7CFP%7C%7C%7CLivraison%7C30.00%7C1%7C0.00%7C30.00%7C%7C%7C%0D%0AREGLEMENT%7C460%7C1035.00%7C%7C%7CVAPWLFIXU%7C%0D%0A\";s:5:\"error\";s:0:\"\";}}','2015-10-28 06:54:10','2015-10-28 06:54:27'),(330,4669,'TRANS','OK','ENTETE|POITOU|WEB|1|TRANS|VPC-WEB||OUI|\r\nLIGNE|W 152 SK02 LF011|38|962 GRAPHITE|FLARED SKIRT - Taille : 38|495.00|1||0.00|\r\n\r\n','a:2:{i:0;a:5:{s:6:\"status\";s:2:\"OK\";s:2:\"id\";s:4:\"4669\";s:9:\"post_data\";s:126:\"ENTETE|POITOU|WEB|1|TRANS|VPC-WEB||OUI|\r\nLIGNE|W 152 SK02 LF011|38|962 GRAPHITE|FLARED SKIRT - Taille : 38|495.00|1||0.00|\r\n\r\n\";s:7:\"request\";s:239:\"compte=HOMEMADE&motpasse=h12589&magasin=WEB&enseigne=JINGHI&data=ENTETE%7CPOITOU%7CWEB%7C1%7CTRANS%7CVPC-WEB%7C%7COUI%7C%0D%0ALIGNE%7CW+152+SK02+LF011%7C38%7C962+GRAPHITE%7CFLARED+SKIRT+-+Taille+%3A+38%7C495.00%7C1%7C%7C0.00%7C%0D%0A%0D%0A\";s:5:\"error\";s:0:\"\";}i:1;a:5:{s:6:\"status\";s:2:\"OK\";s:2:\"id\";s:4:\"4670\";s:9:\"post_data\";s:246:\"ENTETE|WEB|525.00|2|VENTE|VPC-WEB|4453|MY ADDRESS||||||||||||Presta : 330|\r\nLIGNE|W 152 SK02 LF011|38|962 GRAPHITE|FLARED SKIRT - Taille : 38|495.00|1|0.00|495.00|||\r\nLIGNE|FP|||Livraison|30.00|1|0.00|30.00|||\r\nREGLEMENT|460|525.00|||GKFCIVCNT|\r\n\";s:7:\"request\";s:427:\"compte=HOMEMADE&motpasse=h12589&magasin=WEB&enseigne=JINGHI&data=ENTETE%7CWEB%7C525.00%7C2%7CVENTE%7CVPC-WEB%7C4453%7CMY+ADDRESS%7C%7C%7C%7C%7C%7C%7C%7C%7C%7C%7C%7CPresta+%3A+330%7C%0D%0ALIGNE%7CW+152+SK02+LF011%7C38%7C962+GRAPHITE%7CFLARED+SKIRT+-+Taille+%3A+38%7C495.00%7C1%7C0.00%7C495.00%7C%7C%7C%0D%0ALIGNE%7CFP%7C%7C%7CLivraison%7C30.00%7C1%7C0.00%7C30.00%7C%7C%7C%0D%0AREGLEMENT%7C460%7C525.00%7C%7C%7CGKFCIVCNT%7C%0D%0A\";s:5:\"error\";s:0:\"\";}}','2015-10-29 16:49:22','2015-10-29 16:49:26'),(330,4670,'VENTE','OK','ENTETE|WEB|525.00|2|VENTE|VPC-WEB|4453|MY ADDRESS||||||||||||Presta : 330|\r\nLIGNE|W 152 SK02 LF011|38|962 GRAPHITE|FLARED SKIRT - Taille : 38|495.00|1|0.00|495.00|||\r\nLIGNE|FP|||Livraison|30.00|1|0.00|30.00|||\r\nREGLEMENT|460|525.00|||GKFCIVCNT|\r\n','a:2:{i:0;a:5:{s:6:\"status\";s:2:\"OK\";s:2:\"id\";s:4:\"4669\";s:9:\"post_data\";s:126:\"ENTETE|POITOU|WEB|1|TRANS|VPC-WEB||OUI|\r\nLIGNE|W 152 SK02 LF011|38|962 GRAPHITE|FLARED SKIRT - Taille : 38|495.00|1||0.00|\r\n\r\n\";s:7:\"request\";s:239:\"compte=HOMEMADE&motpasse=h12589&magasin=WEB&enseigne=JINGHI&data=ENTETE%7CPOITOU%7CWEB%7C1%7CTRANS%7CVPC-WEB%7C%7COUI%7C%0D%0ALIGNE%7CW+152+SK02+LF011%7C38%7C962+GRAPHITE%7CFLARED+SKIRT+-+Taille+%3A+38%7C495.00%7C1%7C%7C0.00%7C%0D%0A%0D%0A\";s:5:\"error\";s:0:\"\";}i:1;a:5:{s:6:\"status\";s:2:\"OK\";s:2:\"id\";s:4:\"4670\";s:9:\"post_data\";s:246:\"ENTETE|WEB|525.00|2|VENTE|VPC-WEB|4453|MY ADDRESS||||||||||||Presta : 330|\r\nLIGNE|W 152 SK02 LF011|38|962 GRAPHITE|FLARED SKIRT - Taille : 38|495.00|1|0.00|495.00|||\r\nLIGNE|FP|||Livraison|30.00|1|0.00|30.00|||\r\nREGLEMENT|460|525.00|||GKFCIVCNT|\r\n\";s:7:\"request\";s:427:\"compte=HOMEMADE&motpasse=h12589&magasin=WEB&enseigne=JINGHI&data=ENTETE%7CWEB%7C525.00%7C2%7CVENTE%7CVPC-WEB%7C4453%7CMY+ADDRESS%7C%7C%7C%7C%7C%7C%7C%7C%7C%7C%7C%7CPresta+%3A+330%7C%0D%0ALIGNE%7CW+152+SK02+LF011%7C38%7C962+GRAPHITE%7CFLARED+SKIRT+-+Taille+%3A+38%7C495.00%7C1%7C0.00%7C495.00%7C%7C%7C%0D%0ALIGNE%7CFP%7C%7C%7CLivraison%7C30.00%7C1%7C0.00%7C30.00%7C%7C%7C%0D%0AREGLEMENT%7C460%7C525.00%7C%7C%7CGKFCIVCNT%7C%0D%0A\";s:5:\"error\";s:0:\"\";}}','2015-10-29 16:49:22','2015-10-29 16:49:26'),(331,4692,'TRANS','OK','ENTETE|POITOU|WEB|3|TRANS|VPC-WEB||OUI|\r\nLIGNE|W 153 PA33 LF002|38|999 BLACK|pantalon large 3/4 - Taille : 38|565.00|1||0.00|\r\n\r\n','a:4:{i:0;a:5:{s:6:\"status\";s:2:\"OK\";s:2:\"id\";s:4:\"4692\";s:9:\"post_data\";s:129:\"ENTETE|POITOU|WEB|3|TRANS|VPC-WEB||OUI|\r\nLIGNE|W 153 PA33 LF002|38|999 BLACK|pantalon large 3/4 - Taille : 38|565.00|1||0.00|\r\n\r\n\";s:7:\"request\";s:244:\"compte=HOMEMADE&motpasse=h12589&magasin=WEB&enseigne=JINGHI&data=ENTETE%7CPOITOU%7CWEB%7C3%7CTRANS%7CVPC-WEB%7C%7COUI%7C%0D%0ALIGNE%7CW+153+PA33+LF002%7C38%7C999+BLACK%7Cpantalon+large+3%2F4+-+Taille+%3A+38%7C565.00%7C1%7C%7C0.00%7C%0D%0A%0D%0A\";s:5:\"error\";s:0:\"\";}i:1;a:5:{s:6:\"status\";s:2:\"OK\";s:2:\"id\";s:4:\"4693\";s:9:\"post_data\";s:118:\"ENTETE|POITOU|WEB|3|TRANS|VPC-WEB||OUI|\r\nLIGNE|W 152 BL15 LD004|38|070 IVORY|vareuse - Taille : 38|845.00|1||0.00|\r\n\r\n\";s:7:\"request\";s:231:\"compte=HOMEMADE&motpasse=h12589&magasin=WEB&enseigne=JINGHI&data=ENTETE%7CPOITOU%7CWEB%7C3%7CTRANS%7CVPC-WEB%7C%7COUI%7C%0D%0ALIGNE%7CW+152+BL15+LD004%7C38%7C070+IVORY%7Cvareuse+-+Taille+%3A+38%7C845.00%7C1%7C%7C0.00%7C%0D%0A%0D%0A\";s:5:\"error\";s:0:\"\";}i:2;a:5:{s:6:\"status\";s:2:\"OK\";s:2:\"id\";s:4:\"4694\";s:9:\"post_data\";s:135:\"ENTETE|POITOU|WEB|3|TRANS|VPC-WEB||OUI|\r\nLIGNE|W 153 DR05 LF045|38|795 MIDNIGHT BLUE|robe sans manche - Taille : 38|790.00|1||0.00|\r\n\r\n\";s:7:\"request\";s:248:\"compte=HOMEMADE&motpasse=h12589&magasin=WEB&enseigne=JINGHI&data=ENTETE%7CPOITOU%7CWEB%7C3%7CTRANS%7CVPC-WEB%7C%7COUI%7C%0D%0ALIGNE%7CW+153+DR05+LF045%7C38%7C795+MIDNIGHT+BLUE%7Crobe+sans+manche+-+Taille+%3A+38%7C790.00%7C1%7C%7C0.00%7C%0D%0A%0D%0A\";s:5:\"error\";s:0:\"\";}i:3;a:5:{s:6:\"status\";s:2:\"OK\";s:2:\"id\";s:4:\"4695\";s:9:\"post_data\";s:435:\"ENTETE|WEB|2230.00|4|VENTE|VPC-WEB|4468|MON ADRESSE||||||||||||Presta : 331|\r\nLIGNE|W 153 DR05 LF045|38|795 MIDNIGHT BLUE|robe sans manche - Taille : 38|790.00|1|0.00|790.00|||\r\nLIGNE|W 152 BL15 LD004|38|070 IVORY|vareuse - Taille : 38|845.00|1|0.00|845.00|||\r\nLIGNE|W 153 PA33 LF002|38|999 BLACK|pantalon large 3/4 - Taille : 38|565.00|1|0.00|565.00|||\r\nLIGNE|FP|||Livraison|30.00|1|0.00|30.00|||\r\nREGLEMENT|460|2230.00|||SWQLTNPJV|\r\n\";s:7:\"request\";s:674:\"compte=HOMEMADE&motpasse=h12589&magasin=WEB&enseigne=JINGHI&data=ENTETE%7CWEB%7C2230.00%7C4%7CVENTE%7CVPC-WEB%7C4468%7CMON+ADRESSE%7C%7C%7C%7C%7C%7C%7C%7C%7C%7C%7C%7CPresta+%3A+331%7C%0D%0ALIGNE%7CW+153+DR05+LF045%7C38%7C795+MIDNIGHT+BLUE%7Crobe+sans+manche+-+Taille+%3A+38%7C790.00%7C1%7C0.00%7C790.00%7C%7C%7C%0D%0ALIGNE%7CW+152+BL15+LD004%7C38%7C070+IVORY%7Cvareuse+-+Taille+%3A+38%7C845.00%7C1%7C0.00%7C845.00%7C%7C%7C%0D%0ALIGNE%7CW+153+PA33+LF002%7C38%7C999+BLACK%7Cpantalon+large+3%2F4+-+Taille+%3A+38%7C565.00%7C1%7C0.00%7C565.00%7C%7C%7C%0D%0ALIGNE%7CFP%7C%7C%7CLivraison%7C30.00%7C1%7C0.00%7C30.00%7C%7C%7C%0D%0AREGLEMENT%7C460%7C2230.00%7C%7C%7CSWQLTNPJV%7C%0D%0A\";s:5:\"error\";s:0:\"\";}}','2015-11-01 10:42:00','2015-11-01 10:42:07'),(331,4693,'TRANS','OK','ENTETE|POITOU|WEB|3|TRANS|VPC-WEB||OUI|\r\nLIGNE|W 152 BL15 LD004|38|070 IVORY|vareuse - Taille : 38|845.00|1||0.00|\r\n\r\n','a:4:{i:0;a:5:{s:6:\"status\";s:2:\"OK\";s:2:\"id\";s:4:\"4692\";s:9:\"post_data\";s:129:\"ENTETE|POITOU|WEB|3|TRANS|VPC-WEB||OUI|\r\nLIGNE|W 153 PA33 LF002|38|999 BLACK|pantalon large 3/4 - Taille : 38|565.00|1||0.00|\r\n\r\n\";s:7:\"request\";s:244:\"compte=HOMEMADE&motpasse=h12589&magasin=WEB&enseigne=JINGHI&data=ENTETE%7CPOITOU%7CWEB%7C3%7CTRANS%7CVPC-WEB%7C%7COUI%7C%0D%0ALIGNE%7CW+153+PA33+LF002%7C38%7C999+BLACK%7Cpantalon+large+3%2F4+-+Taille+%3A+38%7C565.00%7C1%7C%7C0.00%7C%0D%0A%0D%0A\";s:5:\"error\";s:0:\"\";}i:1;a:5:{s:6:\"status\";s:2:\"OK\";s:2:\"id\";s:4:\"4693\";s:9:\"post_data\";s:118:\"ENTETE|POITOU|WEB|3|TRANS|VPC-WEB||OUI|\r\nLIGNE|W 152 BL15 LD004|38|070 IVORY|vareuse - Taille : 38|845.00|1||0.00|\r\n\r\n\";s:7:\"request\";s:231:\"compte=HOMEMADE&motpasse=h12589&magasin=WEB&enseigne=JINGHI&data=ENTETE%7CPOITOU%7CWEB%7C3%7CTRANS%7CVPC-WEB%7C%7COUI%7C%0D%0ALIGNE%7CW+152+BL15+LD004%7C38%7C070+IVORY%7Cvareuse+-+Taille+%3A+38%7C845.00%7C1%7C%7C0.00%7C%0D%0A%0D%0A\";s:5:\"error\";s:0:\"\";}i:2;a:5:{s:6:\"status\";s:2:\"OK\";s:2:\"id\";s:4:\"4694\";s:9:\"post_data\";s:135:\"ENTETE|POITOU|WEB|3|TRANS|VPC-WEB||OUI|\r\nLIGNE|W 153 DR05 LF045|38|795 MIDNIGHT BLUE|robe sans manche - Taille : 38|790.00|1||0.00|\r\n\r\n\";s:7:\"request\";s:248:\"compte=HOMEMADE&motpasse=h12589&magasin=WEB&enseigne=JINGHI&data=ENTETE%7CPOITOU%7CWEB%7C3%7CTRANS%7CVPC-WEB%7C%7COUI%7C%0D%0ALIGNE%7CW+153+DR05+LF045%7C38%7C795+MIDNIGHT+BLUE%7Crobe+sans+manche+-+Taille+%3A+38%7C790.00%7C1%7C%7C0.00%7C%0D%0A%0D%0A\";s:5:\"error\";s:0:\"\";}i:3;a:5:{s:6:\"status\";s:2:\"OK\";s:2:\"id\";s:4:\"4695\";s:9:\"post_data\";s:435:\"ENTETE|WEB|2230.00|4|VENTE|VPC-WEB|4468|MON ADRESSE||||||||||||Presta : 331|\r\nLIGNE|W 153 DR05 LF045|38|795 MIDNIGHT BLUE|robe sans manche - Taille : 38|790.00|1|0.00|790.00|||\r\nLIGNE|W 152 BL15 LD004|38|070 IVORY|vareuse - Taille : 38|845.00|1|0.00|845.00|||\r\nLIGNE|W 153 PA33 LF002|38|999 BLACK|pantalon large 3/4 - Taille : 38|565.00|1|0.00|565.00|||\r\nLIGNE|FP|||Livraison|30.00|1|0.00|30.00|||\r\nREGLEMENT|460|2230.00|||SWQLTNPJV|\r\n\";s:7:\"request\";s:674:\"compte=HOMEMADE&motpasse=h12589&magasin=WEB&enseigne=JINGHI&data=ENTETE%7CWEB%7C2230.00%7C4%7CVENTE%7CVPC-WEB%7C4468%7CMON+ADRESSE%7C%7C%7C%7C%7C%7C%7C%7C%7C%7C%7C%7CPresta+%3A+331%7C%0D%0ALIGNE%7CW+153+DR05+LF045%7C38%7C795+MIDNIGHT+BLUE%7Crobe+sans+manche+-+Taille+%3A+38%7C790.00%7C1%7C0.00%7C790.00%7C%7C%7C%0D%0ALIGNE%7CW+152+BL15+LD004%7C38%7C070+IVORY%7Cvareuse+-+Taille+%3A+38%7C845.00%7C1%7C0.00%7C845.00%7C%7C%7C%0D%0ALIGNE%7CW+153+PA33+LF002%7C38%7C999+BLACK%7Cpantalon+large+3%2F4+-+Taille+%3A+38%7C565.00%7C1%7C0.00%7C565.00%7C%7C%7C%0D%0ALIGNE%7CFP%7C%7C%7CLivraison%7C30.00%7C1%7C0.00%7C30.00%7C%7C%7C%0D%0AREGLEMENT%7C460%7C2230.00%7C%7C%7CSWQLTNPJV%7C%0D%0A\";s:5:\"error\";s:0:\"\";}}','2015-11-01 10:42:00','2015-11-01 10:42:07'),(331,4694,'TRANS','OK','ENTETE|POITOU|WEB|3|TRANS|VPC-WEB||OUI|\r\nLIGNE|W 153 DR05 LF045|38|795 MIDNIGHT BLUE|robe sans manche - Taille : 38|790.00|1||0.00|\r\n\r\n','a:4:{i:0;a:5:{s:6:\"status\";s:2:\"OK\";s:2:\"id\";s:4:\"4692\";s:9:\"post_data\";s:129:\"ENTETE|POITOU|WEB|3|TRANS|VPC-WEB||OUI|\r\nLIGNE|W 153 PA33 LF002|38|999 BLACK|pantalon large 3/4 - Taille : 38|565.00|1||0.00|\r\n\r\n\";s:7:\"request\";s:244:\"compte=HOMEMADE&motpasse=h12589&magasin=WEB&enseigne=JINGHI&data=ENTETE%7CPOITOU%7CWEB%7C3%7CTRANS%7CVPC-WEB%7C%7COUI%7C%0D%0ALIGNE%7CW+153+PA33+LF002%7C38%7C999+BLACK%7Cpantalon+large+3%2F4+-+Taille+%3A+38%7C565.00%7C1%7C%7C0.00%7C%0D%0A%0D%0A\";s:5:\"error\";s:0:\"\";}i:1;a:5:{s:6:\"status\";s:2:\"OK\";s:2:\"id\";s:4:\"4693\";s:9:\"post_data\";s:118:\"ENTETE|POITOU|WEB|3|TRANS|VPC-WEB||OUI|\r\nLIGNE|W 152 BL15 LD004|38|070 IVORY|vareuse - Taille : 38|845.00|1||0.00|\r\n\r\n\";s:7:\"request\";s:231:\"compte=HOMEMADE&motpasse=h12589&magasin=WEB&enseigne=JINGHI&data=ENTETE%7CPOITOU%7CWEB%7C3%7CTRANS%7CVPC-WEB%7C%7COUI%7C%0D%0ALIGNE%7CW+152+BL15+LD004%7C38%7C070+IVORY%7Cvareuse+-+Taille+%3A+38%7C845.00%7C1%7C%7C0.00%7C%0D%0A%0D%0A\";s:5:\"error\";s:0:\"\";}i:2;a:5:{s:6:\"status\";s:2:\"OK\";s:2:\"id\";s:4:\"4694\";s:9:\"post_data\";s:135:\"ENTETE|POITOU|WEB|3|TRANS|VPC-WEB||OUI|\r\nLIGNE|W 153 DR05 LF045|38|795 MIDNIGHT BLUE|robe sans manche - Taille : 38|790.00|1||0.00|\r\n\r\n\";s:7:\"request\";s:248:\"compte=HOMEMADE&motpasse=h12589&magasin=WEB&enseigne=JINGHI&data=ENTETE%7CPOITOU%7CWEB%7C3%7CTRANS%7CVPC-WEB%7C%7COUI%7C%0D%0ALIGNE%7CW+153+DR05+LF045%7C38%7C795+MIDNIGHT+BLUE%7Crobe+sans+manche+-+Taille+%3A+38%7C790.00%7C1%7C%7C0.00%7C%0D%0A%0D%0A\";s:5:\"error\";s:0:\"\";}i:3;a:5:{s:6:\"status\";s:2:\"OK\";s:2:\"id\";s:4:\"4695\";s:9:\"post_data\";s:435:\"ENTETE|WEB|2230.00|4|VENTE|VPC-WEB|4468|MON ADRESSE||||||||||||Presta : 331|\r\nLIGNE|W 153 DR05 LF045|38|795 MIDNIGHT BLUE|robe sans manche - Taille : 38|790.00|1|0.00|790.00|||\r\nLIGNE|W 152 BL15 LD004|38|070 IVORY|vareuse - Taille : 38|845.00|1|0.00|845.00|||\r\nLIGNE|W 153 PA33 LF002|38|999 BLACK|pantalon large 3/4 - Taille : 38|565.00|1|0.00|565.00|||\r\nLIGNE|FP|||Livraison|30.00|1|0.00|30.00|||\r\nREGLEMENT|460|2230.00|||SWQLTNPJV|\r\n\";s:7:\"request\";s:674:\"compte=HOMEMADE&motpasse=h12589&magasin=WEB&enseigne=JINGHI&data=ENTETE%7CWEB%7C2230.00%7C4%7CVENTE%7CVPC-WEB%7C4468%7CMON+ADRESSE%7C%7C%7C%7C%7C%7C%7C%7C%7C%7C%7C%7CPresta+%3A+331%7C%0D%0ALIGNE%7CW+153+DR05+LF045%7C38%7C795+MIDNIGHT+BLUE%7Crobe+sans+manche+-+Taille+%3A+38%7C790.00%7C1%7C0.00%7C790.00%7C%7C%7C%0D%0ALIGNE%7CW+152+BL15+LD004%7C38%7C070+IVORY%7Cvareuse+-+Taille+%3A+38%7C845.00%7C1%7C0.00%7C845.00%7C%7C%7C%0D%0ALIGNE%7CW+153+PA33+LF002%7C38%7C999+BLACK%7Cpantalon+large+3%2F4+-+Taille+%3A+38%7C565.00%7C1%7C0.00%7C565.00%7C%7C%7C%0D%0ALIGNE%7CFP%7C%7C%7CLivraison%7C30.00%7C1%7C0.00%7C30.00%7C%7C%7C%0D%0AREGLEMENT%7C460%7C2230.00%7C%7C%7CSWQLTNPJV%7C%0D%0A\";s:5:\"error\";s:0:\"\";}}','2015-11-01 10:42:00','2015-11-01 10:42:08'),(331,4695,'VENTE','OK','ENTETE|WEB|2230.00|4|VENTE|VPC-WEB|4468|MON ADRESSE||||||||||||Presta : 331|\r\nLIGNE|W 153 DR05 LF045|38|795 MIDNIGHT BLUE|robe sans manche - Taille : 38|790.00|1|0.00|790.00|||\r\nLIGNE|W 152 BL15 LD004|38|070 IVORY|vareuse - Taille : 38|845.00|1|0.00|845.00|||\r\nLIGNE|W 153 PA33 LF002|38|999 BLACK|pantalon large 3/4 - Taille : 38|565.00|1|0.00|565.00|||\r\nLIGNE|FP|||Livraison|30.00|1|0.00|30.00|||\r\nREGLEMENT|460|2230.00|||SWQLTNPJV|\r\n','a:4:{i:0;a:5:{s:6:\"status\";s:2:\"OK\";s:2:\"id\";s:4:\"4692\";s:9:\"post_data\";s:129:\"ENTETE|POITOU|WEB|3|TRANS|VPC-WEB||OUI|\r\nLIGNE|W 153 PA33 LF002|38|999 BLACK|pantalon large 3/4 - Taille : 38|565.00|1||0.00|\r\n\r\n\";s:7:\"request\";s:244:\"compte=HOMEMADE&motpasse=h12589&magasin=WEB&enseigne=JINGHI&data=ENTETE%7CPOITOU%7CWEB%7C3%7CTRANS%7CVPC-WEB%7C%7COUI%7C%0D%0ALIGNE%7CW+153+PA33+LF002%7C38%7C999+BLACK%7Cpantalon+large+3%2F4+-+Taille+%3A+38%7C565.00%7C1%7C%7C0.00%7C%0D%0A%0D%0A\";s:5:\"error\";s:0:\"\";}i:1;a:5:{s:6:\"status\";s:2:\"OK\";s:2:\"id\";s:4:\"4693\";s:9:\"post_data\";s:118:\"ENTETE|POITOU|WEB|3|TRANS|VPC-WEB||OUI|\r\nLIGNE|W 152 BL15 LD004|38|070 IVORY|vareuse - Taille : 38|845.00|1||0.00|\r\n\r\n\";s:7:\"request\";s:231:\"compte=HOMEMADE&motpasse=h12589&magasin=WEB&enseigne=JINGHI&data=ENTETE%7CPOITOU%7CWEB%7C3%7CTRANS%7CVPC-WEB%7C%7COUI%7C%0D%0ALIGNE%7CW+152+BL15+LD004%7C38%7C070+IVORY%7Cvareuse+-+Taille+%3A+38%7C845.00%7C1%7C%7C0.00%7C%0D%0A%0D%0A\";s:5:\"error\";s:0:\"\";}i:2;a:5:{s:6:\"status\";s:2:\"OK\";s:2:\"id\";s:4:\"4694\";s:9:\"post_data\";s:135:\"ENTETE|POITOU|WEB|3|TRANS|VPC-WEB||OUI|\r\nLIGNE|W 153 DR05 LF045|38|795 MIDNIGHT BLUE|robe sans manche - Taille : 38|790.00|1||0.00|\r\n\r\n\";s:7:\"request\";s:248:\"compte=HOMEMADE&motpasse=h12589&magasin=WEB&enseigne=JINGHI&data=ENTETE%7CPOITOU%7CWEB%7C3%7CTRANS%7CVPC-WEB%7C%7COUI%7C%0D%0ALIGNE%7CW+153+DR05+LF045%7C38%7C795+MIDNIGHT+BLUE%7Crobe+sans+manche+-+Taille+%3A+38%7C790.00%7C1%7C%7C0.00%7C%0D%0A%0D%0A\";s:5:\"error\";s:0:\"\";}i:3;a:5:{s:6:\"status\";s:2:\"OK\";s:2:\"id\";s:4:\"4695\";s:9:\"post_data\";s:435:\"ENTETE|WEB|2230.00|4|VENTE|VPC-WEB|4468|MON ADRESSE||||||||||||Presta : 331|\r\nLIGNE|W 153 DR05 LF045|38|795 MIDNIGHT BLUE|robe sans manche - Taille : 38|790.00|1|0.00|790.00|||\r\nLIGNE|W 152 BL15 LD004|38|070 IVORY|vareuse - Taille : 38|845.00|1|0.00|845.00|||\r\nLIGNE|W 153 PA33 LF002|38|999 BLACK|pantalon large 3/4 - Taille : 38|565.00|1|0.00|565.00|||\r\nLIGNE|FP|||Livraison|30.00|1|0.00|30.00|||\r\nREGLEMENT|460|2230.00|||SWQLTNPJV|\r\n\";s:7:\"request\";s:674:\"compte=HOMEMADE&motpasse=h12589&magasin=WEB&enseigne=JINGHI&data=ENTETE%7CWEB%7C2230.00%7C4%7CVENTE%7CVPC-WEB%7C4468%7CMON+ADRESSE%7C%7C%7C%7C%7C%7C%7C%7C%7C%7C%7C%7CPresta+%3A+331%7C%0D%0ALIGNE%7CW+153+DR05+LF045%7C38%7C795+MIDNIGHT+BLUE%7Crobe+sans+manche+-+Taille+%3A+38%7C790.00%7C1%7C0.00%7C790.00%7C%7C%7C%0D%0ALIGNE%7CW+152+BL15+LD004%7C38%7C070+IVORY%7Cvareuse+-+Taille+%3A+38%7C845.00%7C1%7C0.00%7C845.00%7C%7C%7C%0D%0ALIGNE%7CW+153+PA33+LF002%7C38%7C999+BLACK%7Cpantalon+large+3%2F4+-+Taille+%3A+38%7C565.00%7C1%7C0.00%7C565.00%7C%7C%7C%0D%0ALIGNE%7CFP%7C%7C%7CLivraison%7C30.00%7C1%7C0.00%7C30.00%7C%7C%7C%0D%0AREGLEMENT%7C460%7C2230.00%7C%7C%7CSWQLTNPJV%7C%0D%0A\";s:5:\"error\";s:0:\"\";}}','2015-11-01 10:42:00','2015-11-01 10:42:08'),(332,4705,'TRANS','OK','ENTETE|POITOU|WEB|2|TRANS|VPC-WEB||OUI|\r\nLIGNE|W 152 SK05 LF015|42|999 BLACK|LONG HIGH WAISTED SKIRT - Taille : 42|745.00|1||0.00|\r\n\r\n','a:3:{i:0;a:5:{s:6:\"status\";s:2:\"OK\";s:2:\"id\";s:4:\"4705\";s:9:\"post_data\";s:134:\"ENTETE|POITOU|WEB|2|TRANS|VPC-WEB||OUI|\r\nLIGNE|W 152 SK05 LF015|42|999 BLACK|LONG HIGH WAISTED SKIRT - Taille : 42|745.00|1||0.00|\r\n\r\n\";s:7:\"request\";s:247:\"compte=HOMEMADE&motpasse=h12589&magasin=WEB&enseigne=JINGHI&data=ENTETE%7CPOITOU%7CWEB%7C2%7CTRANS%7CVPC-WEB%7C%7COUI%7C%0D%0ALIGNE%7CW+152+SK05+LF015%7C42%7C999+BLACK%7CLONG+HIGH+WAISTED+SKIRT+-+Taille+%3A+42%7C745.00%7C1%7C%7C0.00%7C%0D%0A%0D%0A\";s:5:\"error\";s:0:\"\";}i:1;a:5:{s:6:\"status\";s:2:\"OK\";s:2:\"id\";s:4:\"4706\";s:9:\"post_data\";s:126:\"ENTETE|POITOU|WEB|2|TRANS|VPC-WEB||OUI|\r\nLIGNE|W 152 SK02 LF011|42|962 GRAPHITE|FLARED SKIRT - Taille : 42|530.00|1||0.00|\r\n\r\n\";s:7:\"request\";s:239:\"compte=HOMEMADE&motpasse=h12589&magasin=WEB&enseigne=JINGHI&data=ENTETE%7CPOITOU%7CWEB%7C2%7CTRANS%7CVPC-WEB%7C%7COUI%7C%0D%0ALIGNE%7CW+152+SK02+LF011%7C42%7C962+GRAPHITE%7CFLARED+SKIRT+-+Taille+%3A+42%7C530.00%7C1%7C%7C0.00%7C%0D%0A%0D%0A\";s:5:\"error\";s:0:\"\";}i:2;a:5:{s:6:\"status\";s:2:\"OK\";s:2:\"id\";s:4:\"4707\";s:9:\"post_data\";s:349:\"ENTETE|WEB|1305.00|3|VENTE|VPC-WEB|4469|MY ADDRESS||||||||||HT||Presta : 332|\r\nLIGNE|W 152 SK02 LF011|42|962 GRAPHITE|FLARED SKIRT - Taille : 42|530.00|1|0.00|530.00|||\r\nLIGNE|W 152 SK05 LF015|42|999 BLACK|LONG HIGH WAISTED SKIRT - Taille : 42|745.00|1|0.00|745.00|||\r\nLIGNE|FP|||Livraison|30.00|1|0.00|30.00|||\r\nREGLEMENT|460|1305.00|||LJYKYVGWG|\r\n\";s:7:\"request\";s:558:\"compte=HOMEMADE&motpasse=h12589&magasin=WEB&enseigne=JINGHI&data=ENTETE%7CWEB%7C1305.00%7C3%7CVENTE%7CVPC-WEB%7C4469%7CMY+ADDRESS%7C%7C%7C%7C%7C%7C%7C%7C%7C%7CHT%7C%7CPresta+%3A+332%7C%0D%0ALIGNE%7CW+152+SK02+LF011%7C42%7C962+GRAPHITE%7CFLARED+SKIRT+-+Taille+%3A+42%7C530.00%7C1%7C0.00%7C530.00%7C%7C%7C%0D%0ALIGNE%7CW+152+SK05+LF015%7C42%7C999+BLACK%7CLONG+HIGH+WAISTED+SKIRT+-+Taille+%3A+42%7C745.00%7C1%7C0.00%7C745.00%7C%7C%7C%0D%0ALIGNE%7CFP%7C%7C%7CLivraison%7C30.00%7C1%7C0.00%7C30.00%7C%7C%7C%0D%0AREGLEMENT%7C460%7C1305.00%7C%7C%7CLJYKYVGWG%7C%0D%0A\";s:5:\"error\";s:0:\"\";}}','2015-11-03 17:16:04','2015-11-03 17:16:13'),(332,4706,'TRANS','OK','ENTETE|POITOU|WEB|2|TRANS|VPC-WEB||OUI|\r\nLIGNE|W 152 SK02 LF011|42|962 GRAPHITE|FLARED SKIRT - Taille : 42|530.00|1||0.00|\r\n\r\n','a:3:{i:0;a:5:{s:6:\"status\";s:2:\"OK\";s:2:\"id\";s:4:\"4705\";s:9:\"post_data\";s:134:\"ENTETE|POITOU|WEB|2|TRANS|VPC-WEB||OUI|\r\nLIGNE|W 152 SK05 LF015|42|999 BLACK|LONG HIGH WAISTED SKIRT - Taille : 42|745.00|1||0.00|\r\n\r\n\";s:7:\"request\";s:247:\"compte=HOMEMADE&motpasse=h12589&magasin=WEB&enseigne=JINGHI&data=ENTETE%7CPOITOU%7CWEB%7C2%7CTRANS%7CVPC-WEB%7C%7COUI%7C%0D%0ALIGNE%7CW+152+SK05+LF015%7C42%7C999+BLACK%7CLONG+HIGH+WAISTED+SKIRT+-+Taille+%3A+42%7C745.00%7C1%7C%7C0.00%7C%0D%0A%0D%0A\";s:5:\"error\";s:0:\"\";}i:1;a:5:{s:6:\"status\";s:2:\"OK\";s:2:\"id\";s:4:\"4706\";s:9:\"post_data\";s:126:\"ENTETE|POITOU|WEB|2|TRANS|VPC-WEB||OUI|\r\nLIGNE|W 152 SK02 LF011|42|962 GRAPHITE|FLARED SKIRT - Taille : 42|530.00|1||0.00|\r\n\r\n\";s:7:\"request\";s:239:\"compte=HOMEMADE&motpasse=h12589&magasin=WEB&enseigne=JINGHI&data=ENTETE%7CPOITOU%7CWEB%7C2%7CTRANS%7CVPC-WEB%7C%7COUI%7C%0D%0ALIGNE%7CW+152+SK02+LF011%7C42%7C962+GRAPHITE%7CFLARED+SKIRT+-+Taille+%3A+42%7C530.00%7C1%7C%7C0.00%7C%0D%0A%0D%0A\";s:5:\"error\";s:0:\"\";}i:2;a:5:{s:6:\"status\";s:2:\"OK\";s:2:\"id\";s:4:\"4707\";s:9:\"post_data\";s:349:\"ENTETE|WEB|1305.00|3|VENTE|VPC-WEB|4469|MY ADDRESS||||||||||HT||Presta : 332|\r\nLIGNE|W 152 SK02 LF011|42|962 GRAPHITE|FLARED SKIRT - Taille : 42|530.00|1|0.00|530.00|||\r\nLIGNE|W 152 SK05 LF015|42|999 BLACK|LONG HIGH WAISTED SKIRT - Taille : 42|745.00|1|0.00|745.00|||\r\nLIGNE|FP|||Livraison|30.00|1|0.00|30.00|||\r\nREGLEMENT|460|1305.00|||LJYKYVGWG|\r\n\";s:7:\"request\";s:558:\"compte=HOMEMADE&motpasse=h12589&magasin=WEB&enseigne=JINGHI&data=ENTETE%7CWEB%7C1305.00%7C3%7CVENTE%7CVPC-WEB%7C4469%7CMY+ADDRESS%7C%7C%7C%7C%7C%7C%7C%7C%7C%7CHT%7C%7CPresta+%3A+332%7C%0D%0ALIGNE%7CW+152+SK02+LF011%7C42%7C962+GRAPHITE%7CFLARED+SKIRT+-+Taille+%3A+42%7C530.00%7C1%7C0.00%7C530.00%7C%7C%7C%0D%0ALIGNE%7CW+152+SK05+LF015%7C42%7C999+BLACK%7CLONG+HIGH+WAISTED+SKIRT+-+Taille+%3A+42%7C745.00%7C1%7C0.00%7C745.00%7C%7C%7C%0D%0ALIGNE%7CFP%7C%7C%7CLivraison%7C30.00%7C1%7C0.00%7C30.00%7C%7C%7C%0D%0AREGLEMENT%7C460%7C1305.00%7C%7C%7CLJYKYVGWG%7C%0D%0A\";s:5:\"error\";s:0:\"\";}}','2015-11-03 17:16:04','2015-11-03 17:16:13'),(332,4707,'VENTE','OK','ENTETE|WEB|1305.00|3|VENTE|VPC-WEB|4469|MY ADDRESS||||||||||HT||Presta : 332|\r\nLIGNE|W 152 SK02 LF011|42|962 GRAPHITE|FLARED SKIRT - Taille : 42|530.00|1|0.00|530.00|||\r\nLIGNE|W 152 SK05 LF015|42|999 BLACK|LONG HIGH WAISTED SKIRT - Taille : 42|745.00|1|0.00|745.00|||\r\nLIGNE|FP|||Livraison|30.00|1|0.00|30.00|||\r\nREGLEMENT|460|1305.00|||LJYKYVGWG|\r\n','a:3:{i:0;a:5:{s:6:\"status\";s:2:\"OK\";s:2:\"id\";s:4:\"4705\";s:9:\"post_data\";s:134:\"ENTETE|POITOU|WEB|2|TRANS|VPC-WEB||OUI|\r\nLIGNE|W 152 SK05 LF015|42|999 BLACK|LONG HIGH WAISTED SKIRT - Taille : 42|745.00|1||0.00|\r\n\r\n\";s:7:\"request\";s:247:\"compte=HOMEMADE&motpasse=h12589&magasin=WEB&enseigne=JINGHI&data=ENTETE%7CPOITOU%7CWEB%7C2%7CTRANS%7CVPC-WEB%7C%7COUI%7C%0D%0ALIGNE%7CW+152+SK05+LF015%7C42%7C999+BLACK%7CLONG+HIGH+WAISTED+SKIRT+-+Taille+%3A+42%7C745.00%7C1%7C%7C0.00%7C%0D%0A%0D%0A\";s:5:\"error\";s:0:\"\";}i:1;a:5:{s:6:\"status\";s:2:\"OK\";s:2:\"id\";s:4:\"4706\";s:9:\"post_data\";s:126:\"ENTETE|POITOU|WEB|2|TRANS|VPC-WEB||OUI|\r\nLIGNE|W 152 SK02 LF011|42|962 GRAPHITE|FLARED SKIRT - Taille : 42|530.00|1||0.00|\r\n\r\n\";s:7:\"request\";s:239:\"compte=HOMEMADE&motpasse=h12589&magasin=WEB&enseigne=JINGHI&data=ENTETE%7CPOITOU%7CWEB%7C2%7CTRANS%7CVPC-WEB%7C%7COUI%7C%0D%0ALIGNE%7CW+152+SK02+LF011%7C42%7C962+GRAPHITE%7CFLARED+SKIRT+-+Taille+%3A+42%7C530.00%7C1%7C%7C0.00%7C%0D%0A%0D%0A\";s:5:\"error\";s:0:\"\";}i:2;a:5:{s:6:\"status\";s:2:\"OK\";s:2:\"id\";s:4:\"4707\";s:9:\"post_data\";s:349:\"ENTETE|WEB|1305.00|3|VENTE|VPC-WEB|4469|MY ADDRESS||||||||||HT||Presta : 332|\r\nLIGNE|W 152 SK02 LF011|42|962 GRAPHITE|FLARED SKIRT - Taille : 42|530.00|1|0.00|530.00|||\r\nLIGNE|W 152 SK05 LF015|42|999 BLACK|LONG HIGH WAISTED SKIRT - Taille : 42|745.00|1|0.00|745.00|||\r\nLIGNE|FP|||Livraison|30.00|1|0.00|30.00|||\r\nREGLEMENT|460|1305.00|||LJYKYVGWG|\r\n\";s:7:\"request\";s:558:\"compte=HOMEMADE&motpasse=h12589&magasin=WEB&enseigne=JINGHI&data=ENTETE%7CWEB%7C1305.00%7C3%7CVENTE%7CVPC-WEB%7C4469%7CMY+ADDRESS%7C%7C%7C%7C%7C%7C%7C%7C%7C%7CHT%7C%7CPresta+%3A+332%7C%0D%0ALIGNE%7CW+152+SK02+LF011%7C42%7C962+GRAPHITE%7CFLARED+SKIRT+-+Taille+%3A+42%7C530.00%7C1%7C0.00%7C530.00%7C%7C%7C%0D%0ALIGNE%7CW+152+SK05+LF015%7C42%7C999+BLACK%7CLONG+HIGH+WAISTED+SKIRT+-+Taille+%3A+42%7C745.00%7C1%7C0.00%7C745.00%7C%7C%7C%0D%0ALIGNE%7CFP%7C%7C%7CLivraison%7C30.00%7C1%7C0.00%7C30.00%7C%7C%7C%0D%0AREGLEMENT%7C460%7C1305.00%7C%7C%7CLJYKYVGWG%7C%0D%0A\";s:5:\"error\";s:0:\"\";}}','2015-11-03 17:16:04','2015-11-03 17:16:14'),(333,4710,'TRANS','OK','ENTETE|POITOU|WEB|1|TRANS|VPC-WEB||OUI|\r\nLIGNE|W 152 PA16 LF002|36|999 BLACK|STRAIGHT PANTS - Taille : 36|470.00|1||0.00|\r\n\r\n','a:2:{i:0;a:5:{s:6:\"status\";s:2:\"OK\";s:2:\"id\";s:4:\"4710\";s:9:\"post_data\";s:125:\"ENTETE|POITOU|WEB|1|TRANS|VPC-WEB||OUI|\r\nLIGNE|W 152 PA16 LF002|36|999 BLACK|STRAIGHT PANTS - Taille : 36|470.00|1||0.00|\r\n\r\n\";s:7:\"request\";s:238:\"compte=HOMEMADE&motpasse=h12589&magasin=WEB&enseigne=JINGHI&data=ENTETE%7CPOITOU%7CWEB%7C1%7CTRANS%7CVPC-WEB%7C%7COUI%7C%0D%0ALIGNE%7CW+152+PA16+LF002%7C36%7C999+BLACK%7CSTRAIGHT+PANTS+-+Taille+%3A+36%7C470.00%7C1%7C%7C0.00%7C%0D%0A%0D%0A\";s:5:\"error\";s:0:\"\";}i:1;a:5:{s:6:\"status\";s:2:\"KO\";s:2:\"id\";s:0:\"\";s:9:\"post_data\";s:339:\"ENTETE|WEB|1070.00|3|VENTE|VPC-WEB|4470|MY ADDRESS||||||||||HT||Presta : 333|\r\nLIGNE|W 152 KN06 LK004|   XS|999 BLACK|RIB SWEATER - Taille : XS|570.00|1|0.00|570.00|||\r\nLIGNE|W 152 PA16 LF002|36|999 BLACK|STRAIGHT PANTS - Taille : 36|470.00|1|0.00|470.00|||\r\nLIGNE|FP|||Livraison|30.00|1|0.00|30.00|||\r\nREGLEMENT|460|1070.00|||NOURWACZK|\r\n\";s:7:\"request\";s:548:\"compte=HOMEMADE&motpasse=h12589&magasin=WEB&enseigne=JINGHI&data=ENTETE%7CWEB%7C1070.00%7C3%7CVENTE%7CVPC-WEB%7C4470%7CMY+ADDRESS%7C%7C%7C%7C%7C%7C%7C%7C%7C%7CHT%7C%7CPresta+%3A+333%7C%0D%0ALIGNE%7CW+152+KN06+LK004%7C+++XS%7C999+BLACK%7CRIB+SWEATER+-+Taille+%3A+XS%7C570.00%7C1%7C0.00%7C570.00%7C%7C%7C%0D%0ALIGNE%7CW+152+PA16+LF002%7C36%7C999+BLACK%7CSTRAIGHT+PANTS+-+Taille+%3A+36%7C470.00%7C1%7C0.00%7C470.00%7C%7C%7C%0D%0ALIGNE%7CFP%7C%7C%7CLivraison%7C30.00%7C1%7C0.00%7C30.00%7C%7C%7C%0D%0AREGLEMENT%7C460%7C1070.00%7C%7C%7CNOURWACZK%7C%0D%0A\";s:5:\"error\";s:59:\"KO-STOCK INSUFFISANT SUR-W 152 KN06 LK004-   XS-999 BLACK-\r\";}}','2015-11-04 02:00:01','2015-11-04 02:00:04'),(333,4730,'VENTE','OK','ENTETE|WEB|500.00|2|VENTE|VPC-WEB|4470|MY ADDRESS||||||||||HT||Presta : 333|\r\nLIGNE|W 152 PA16 LF002|36|999 BLACK|STRAIGHT PANTS - Taille : 36|470.00|1|0.00|470.00|||\r\nLIGNE|FP|||Livraison|30.00|1|0.00|30.00|||\r\nREGLEMENT|460|500.00|||NOURWACZK|\r\n','a:1:{i:0;a:5:{s:6:\"status\";s:2:\"OK\";s:2:\"id\";s:4:\"4730\";s:9:\"post_data\";s:247:\"ENTETE|WEB|500.00|2|VENTE|VPC-WEB|4470|MY ADDRESS||||||||||HT||Presta : 333|\r\nLIGNE|W 152 PA16 LF002|36|999 BLACK|STRAIGHT PANTS - Taille : 36|470.00|1|0.00|470.00|||\r\nLIGNE|FP|||Livraison|30.00|1|0.00|30.00|||\r\nREGLEMENT|460|500.00|||NOURWACZK|\r\n\";s:7:\"request\";s:428:\"compte=HOMEMADE&motpasse=h12589&magasin=WEB&enseigne=JINGHI&data=ENTETE%7CWEB%7C500.00%7C2%7CVENTE%7CVPC-WEB%7C4470%7CMY+ADDRESS%7C%7C%7C%7C%7C%7C%7C%7C%7C%7CHT%7C%7CPresta+%3A+333%7C%0D%0ALIGNE%7CW+152+PA16+LF002%7C36%7C999+BLACK%7CSTRAIGHT+PANTS+-+Taille+%3A+36%7C470.00%7C1%7C0.00%7C470.00%7C%7C%7C%0D%0ALIGNE%7CFP%7C%7C%7CLivraison%7C30.00%7C1%7C0.00%7C30.00%7C%7C%7C%0D%0AREGLEMENT%7C460%7C500.00%7C%7C%7CNOURWACZK%7C%0D%0A\";s:5:\"error\";s:0:\"\";}}','2015-11-06 16:15:59','2015-11-06 16:16:01'),(334,4711,'TRANS','OK','ENTETE|POITOU|WEB|1|TRANS|VPC-WEB||OUI|\r\nLIGNE|M 152 BL01 LF021|46|687 OLIVE|SHORT PARKA - Taille : 46|795.00|1||0.00|\r\n\r\n','a:2:{i:0;a:5:{s:6:\"status\";s:2:\"OK\";s:2:\"id\";s:4:\"4711\";s:9:\"post_data\";s:122:\"ENTETE|POITOU|WEB|1|TRANS|VPC-WEB||OUI|\r\nLIGNE|M 152 BL01 LF021|46|687 OLIVE|SHORT PARKA - Taille : 46|795.00|1||0.00|\r\n\r\n\";s:7:\"request\";s:235:\"compte=HOMEMADE&motpasse=h12589&magasin=WEB&enseigne=JINGHI&data=ENTETE%7CPOITOU%7CWEB%7C1%7CTRANS%7CVPC-WEB%7C%7COUI%7C%0D%0ALIGNE%7CM+152+BL01+LF021%7C46%7C687+OLIVE%7CSHORT+PARKA+-+Taille+%3A+46%7C795.00%7C1%7C%7C0.00%7C%0D%0A%0D%0A\";s:5:\"error\";s:0:\"\";}i:1;a:5:{s:6:\"status\";s:2:\"OK\";s:2:\"id\";s:4:\"4712\";s:9:\"post_data\";s:243:\"ENTETE|WEB|810.00|2|VENTE|VPC-WEB|4471|MON ADRESSE||||||||||||Presta : 334|\r\nLIGNE|M 152 BL01 LF021|46|687 OLIVE|SHORT PARKA - Taille : 46|795.00|1|0.00|795.00|||\r\nLIGNE|FP|||Livraison|15.00|1|0.00|15.00|||\r\nREGLEMENT|460|810.00|||WKHOIXCKZ|\r\n\";s:7:\"request\";s:424:\"compte=HOMEMADE&motpasse=h12589&magasin=WEB&enseigne=JINGHI&data=ENTETE%7CWEB%7C810.00%7C2%7CVENTE%7CVPC-WEB%7C4471%7CMON+ADRESSE%7C%7C%7C%7C%7C%7C%7C%7C%7C%7C%7C%7CPresta+%3A+334%7C%0D%0ALIGNE%7CM+152+BL01+LF021%7C46%7C687+OLIVE%7CSHORT+PARKA+-+Taille+%3A+46%7C795.00%7C1%7C0.00%7C795.00%7C%7C%7C%0D%0ALIGNE%7CFP%7C%7C%7CLivraison%7C15.00%7C1%7C0.00%7C15.00%7C%7C%7C%0D%0AREGLEMENT%7C460%7C810.00%7C%7C%7CWKHOIXCKZ%7C%0D%0A\";s:5:\"error\";s:0:\"\";}}','2015-11-04 10:00:01','2015-11-04 10:00:06'),(334,4712,'VENTE','OK','ENTETE|WEB|810.00|2|VENTE|VPC-WEB|4471|MON ADRESSE||||||||||||Presta : 334|\r\nLIGNE|M 152 BL01 LF021|46|687 OLIVE|SHORT PARKA - Taille : 46|795.00|1|0.00|795.00|||\r\nLIGNE|FP|||Livraison|15.00|1|0.00|15.00|||\r\nREGLEMENT|460|810.00|||WKHOIXCKZ|\r\n','a:2:{i:0;a:5:{s:6:\"status\";s:2:\"OK\";s:2:\"id\";s:4:\"4711\";s:9:\"post_data\";s:122:\"ENTETE|POITOU|WEB|1|TRANS|VPC-WEB||OUI|\r\nLIGNE|M 152 BL01 LF021|46|687 OLIVE|SHORT PARKA - Taille : 46|795.00|1||0.00|\r\n\r\n\";s:7:\"request\";s:235:\"compte=HOMEMADE&motpasse=h12589&magasin=WEB&enseigne=JINGHI&data=ENTETE%7CPOITOU%7CWEB%7C1%7CTRANS%7CVPC-WEB%7C%7COUI%7C%0D%0ALIGNE%7CM+152+BL01+LF021%7C46%7C687+OLIVE%7CSHORT+PARKA+-+Taille+%3A+46%7C795.00%7C1%7C%7C0.00%7C%0D%0A%0D%0A\";s:5:\"error\";s:0:\"\";}i:1;a:5:{s:6:\"status\";s:2:\"OK\";s:2:\"id\";s:4:\"4712\";s:9:\"post_data\";s:243:\"ENTETE|WEB|810.00|2|VENTE|VPC-WEB|4471|MON ADRESSE||||||||||||Presta : 334|\r\nLIGNE|M 152 BL01 LF021|46|687 OLIVE|SHORT PARKA - Taille : 46|795.00|1|0.00|795.00|||\r\nLIGNE|FP|||Livraison|15.00|1|0.00|15.00|||\r\nREGLEMENT|460|810.00|||WKHOIXCKZ|\r\n\";s:7:\"request\";s:424:\"compte=HOMEMADE&motpasse=h12589&magasin=WEB&enseigne=JINGHI&data=ENTETE%7CWEB%7C810.00%7C2%7CVENTE%7CVPC-WEB%7C4471%7CMON+ADRESSE%7C%7C%7C%7C%7C%7C%7C%7C%7C%7C%7C%7CPresta+%3A+334%7C%0D%0ALIGNE%7CM+152+BL01+LF021%7C46%7C687+OLIVE%7CSHORT+PARKA+-+Taille+%3A+46%7C795.00%7C1%7C0.00%7C795.00%7C%7C%7C%0D%0ALIGNE%7CFP%7C%7C%7CLivraison%7C15.00%7C1%7C0.00%7C15.00%7C%7C%7C%0D%0AREGLEMENT%7C460%7C810.00%7C%7C%7CWKHOIXCKZ%7C%0D%0A\";s:5:\"error\";s:0:\"\";}}','2015-11-04 10:00:01','2015-11-04 10:00:06'),(335,4722,'TRANS','OK','ENTETE|POITOU|WEB|3|TRANS|VPC-WEB||OUI|\r\nLIGNE|M 152 SH01 LF024|48|001 CHALK|chemise ','a:4:{i:0;a:5:{s:6:\"status\";s:2:\"OK\";s:2:\"id\";s:4:\"4722\";s:9:\"post_data\";s:135:\"ENTETE|POITOU|WEB|3|TRANS|VPC-WEB||OUI|\r\nLIGNE|M 152 SH01 LF024|48|001 CHALK|chemise ','2015-11-06 03:32:02','2015-11-06 03:32:07'),(335,4723,'TRANS','OK','ENTETE|POITOU|WEB|3|TRANS|VPC-WEB||OUI|\r\nLIGNE|M 152 SH01 LF030|50|525 BUTTER|chemise ','a:4:{i:0;a:5:{s:6:\"status\";s:2:\"OK\";s:2:\"id\";s:4:\"4722\";s:9:\"post_data\";s:135:\"ENTETE|POITOU|WEB|3|TRANS|VPC-WEB||OUI|\r\nLIGNE|M 152 SH01 LF024|48|001 CHALK|chemise ','2015-11-06 03:32:02','2015-11-06 03:32:08'),(335,4724,'TRANS','OK','ENTETE|POITOU|WEB|3|TRANS|VPC-WEB||OUI|\r\nLIGNE|M 152 SH08 LF030|48|525 BUTTER|Chemise longue - Taille : 48|425.00|1||0.00|\r\n\r\n','a:4:{i:0;a:5:{s:6:\"status\";s:2:\"OK\";s:2:\"id\";s:4:\"4722\";s:9:\"post_data\";s:135:\"ENTETE|POITOU|WEB|3|TRANS|VPC-WEB||OUI|\r\nLIGNE|M 152 SH01 LF024|48|001 CHALK|chemise ','2015-11-06 03:32:02','2015-11-06 03:32:08'),(335,4725,'VENTE','OK','ENTETE|WEB|1235.00|4|VENTE|VPC-WEB|4474|MON ADRESSE||||||||||HT||Presta : 335|\r\nLIGNE|M 152 SH08 LF030|48|525 BUTTER|Chemise longue - Taille : 48|425.00|1|0.00|425.00|||\r\nLIGNE|M 152 SH01 LF030|50|525 BUTTER|chemise ','a:4:{i:0;a:5:{s:6:\"status\";s:2:\"OK\";s:2:\"id\";s:4:\"4722\";s:9:\"post_data\";s:135:\"ENTETE|POITOU|WEB|3|TRANS|VPC-WEB||OUI|\r\nLIGNE|M 152 SH01 LF024|48|001 CHALK|chemise ','2015-11-06 03:32:02','2015-11-06 03:32:08'),(336,4726,'TRANS','OK','ENTETE|POITOU|WEB|1|TRANS|VPC-WEB||OUI|\r\nLIGNE|W 152 SH26 LF024|40|001 CHALK|blouse - Taille : 40|320.00|1||0.00|\r\n\r\n','a:2:{i:0;a:5:{s:6:\"status\";s:2:\"OK\";s:2:\"id\";s:4:\"4726\";s:9:\"post_data\";s:117:\"ENTETE|POITOU|WEB|1|TRANS|VPC-WEB||OUI|\r\nLIGNE|W 152 SH26 LF024|40|001 CHALK|blouse - Taille : 40|320.00|1||0.00|\r\n\r\n\";s:7:\"request\";s:230:\"compte=HOMEMADE&motpasse=h12589&magasin=WEB&enseigne=JINGHI&data=ENTETE%7CPOITOU%7CWEB%7C1%7CTRANS%7CVPC-WEB%7C%7COUI%7C%0D%0ALIGNE%7CW+152+SH26+LF024%7C40%7C001+CHALK%7Cblouse+-+Taille+%3A+40%7C320.00%7C1%7C%7C0.00%7C%0D%0A%0D%0A\";s:5:\"error\";s:0:\"\";}i:1;a:5:{s:6:\"status\";s:2:\"OK\";s:2:\"id\";s:4:\"4727\";s:9:\"post_data\";s:238:\"ENTETE|WEB|335.00|2|VENTE|VPC-WEB|4240|MON ADRESSE||||||||||||Presta : 336|\r\nLIGNE|W 152 SH26 LF024|40|001 CHALK|blouse - Taille : 40|320.00|1|0.00|320.00|||\r\nLIGNE|FP|||Livraison|15.00|1|0.00|15.00|||\r\nREGLEMENT|460|335.00|||TRFJPAXIJ|\r\n\";s:7:\"request\";s:419:\"compte=HOMEMADE&motpasse=h12589&magasin=WEB&enseigne=JINGHI&data=ENTETE%7CWEB%7C335.00%7C2%7CVENTE%7CVPC-WEB%7C4240%7CMON+ADRESSE%7C%7C%7C%7C%7C%7C%7C%7C%7C%7C%7C%7CPresta+%3A+336%7C%0D%0ALIGNE%7CW+152+SH26+LF024%7C40%7C001+CHALK%7Cblouse+-+Taille+%3A+40%7C320.00%7C1%7C0.00%7C320.00%7C%7C%7C%0D%0ALIGNE%7CFP%7C%7C%7CLivraison%7C15.00%7C1%7C0.00%7C15.00%7C%7C%7C%0D%0AREGLEMENT%7C460%7C335.00%7C%7C%7CTRFJPAXIJ%7C%0D%0A\";s:5:\"error\";s:0:\"\";}}','2015-11-06 11:32:07','2015-11-06 11:32:10'),(336,4727,'VENTE','OK','ENTETE|WEB|335.00|2|VENTE|VPC-WEB|4240|MON ADRESSE||||||||||||Presta : 336|\r\nLIGNE|W 152 SH26 LF024|40|001 CHALK|blouse - Taille : 40|320.00|1|0.00|320.00|||\r\nLIGNE|FP|||Livraison|15.00|1|0.00|15.00|||\r\nREGLEMENT|460|335.00|||TRFJPAXIJ|\r\n','a:2:{i:0;a:5:{s:6:\"status\";s:2:\"OK\";s:2:\"id\";s:4:\"4726\";s:9:\"post_data\";s:117:\"ENTETE|POITOU|WEB|1|TRANS|VPC-WEB||OUI|\r\nLIGNE|W 152 SH26 LF024|40|001 CHALK|blouse - Taille : 40|320.00|1||0.00|\r\n\r\n\";s:7:\"request\";s:230:\"compte=HOMEMADE&motpasse=h12589&magasin=WEB&enseigne=JINGHI&data=ENTETE%7CPOITOU%7CWEB%7C1%7CTRANS%7CVPC-WEB%7C%7COUI%7C%0D%0ALIGNE%7CW+152+SH26+LF024%7C40%7C001+CHALK%7Cblouse+-+Taille+%3A+40%7C320.00%7C1%7C%7C0.00%7C%0D%0A%0D%0A\";s:5:\"error\";s:0:\"\";}i:1;a:5:{s:6:\"status\";s:2:\"OK\";s:2:\"id\";s:4:\"4727\";s:9:\"post_data\";s:238:\"ENTETE|WEB|335.00|2|VENTE|VPC-WEB|4240|MON ADRESSE||||||||||||Presta : 336|\r\nLIGNE|W 152 SH26 LF024|40|001 CHALK|blouse - Taille : 40|320.00|1|0.00|320.00|||\r\nLIGNE|FP|||Livraison|15.00|1|0.00|15.00|||\r\nREGLEMENT|460|335.00|||TRFJPAXIJ|\r\n\";s:7:\"request\";s:419:\"compte=HOMEMADE&motpasse=h12589&magasin=WEB&enseigne=JINGHI&data=ENTETE%7CWEB%7C335.00%7C2%7CVENTE%7CVPC-WEB%7C4240%7CMON+ADRESSE%7C%7C%7C%7C%7C%7C%7C%7C%7C%7C%7C%7CPresta+%3A+336%7C%0D%0ALIGNE%7CW+152+SH26+LF024%7C40%7C001+CHALK%7Cblouse+-+Taille+%3A+40%7C320.00%7C1%7C0.00%7C320.00%7C%7C%7C%0D%0ALIGNE%7CFP%7C%7C%7CLivraison%7C15.00%7C1%7C0.00%7C15.00%7C%7C%7C%0D%0AREGLEMENT%7C460%7C335.00%7C%7C%7CTRFJPAXIJ%7C%0D%0A\";s:5:\"error\";s:0:\"\";}}','2015-11-06 11:32:07','2015-11-06 11:32:10'),(337,4743,'TRANS','OK','ENTETE|POITOU|WEB|1|TRANS|VPC-WEB||OUI|\r\nLIGNE|M 152 CO07 LF043|48|999 BLACK|MAXI COAT - Taille : 48|995.00|1||0.00|\r\n\r\n','a:2:{i:0;a:5:{s:6:\"status\";s:2:\"OK\";s:2:\"id\";s:4:\"4743\";s:9:\"post_data\";s:120:\"ENTETE|POITOU|WEB|1|TRANS|VPC-WEB||OUI|\r\nLIGNE|M 152 CO07 LF043|48|999 BLACK|MAXI COAT - Taille : 48|995.00|1||0.00|\r\n\r\n\";s:7:\"request\";s:233:\"compte=HOMEMADE&motpasse=h12589&magasin=WEB&enseigne=JINGHI&data=ENTETE%7CPOITOU%7CWEB%7C1%7CTRANS%7CVPC-WEB%7C%7COUI%7C%0D%0ALIGNE%7CM+152+CO07+LF043%7C48%7C999+BLACK%7CMAXI+COAT+-+Taille+%3A+48%7C995.00%7C1%7C%7C0.00%7C%0D%0A%0D%0A\";s:5:\"error\";s:0:\"\";}i:1;a:5:{s:6:\"status\";s:2:\"OK\";s:2:\"id\";s:4:\"4744\";s:9:\"post_data\";s:242:\"ENTETE|WEB|1010.00|2|VENTE|VPC-WEB|4475|MY ADDRESS||||||||||||Presta : 337|\r\nLIGNE|M 152 CO07 LF043|48|999 BLACK|MAXI COAT - Taille : 48|995.00|1|0.00|995.00|||\r\nLIGNE|FP|||Livraison|15.00|1|0.00|15.00|||\r\nREGLEMENT|460|1010.00|||FAUIMCQRB|\r\n\";s:7:\"request\";s:423:\"compte=HOMEMADE&motpasse=h12589&magasin=WEB&enseigne=JINGHI&data=ENTETE%7CWEB%7C1010.00%7C2%7CVENTE%7CVPC-WEB%7C4475%7CMY+ADDRESS%7C%7C%7C%7C%7C%7C%7C%7C%7C%7C%7C%7CPresta+%3A+337%7C%0D%0ALIGNE%7CM+152+CO07+LF043%7C48%7C999+BLACK%7CMAXI+COAT+-+Taille+%3A+48%7C995.00%7C1%7C0.00%7C995.00%7C%7C%7C%0D%0ALIGNE%7CFP%7C%7C%7CLivraison%7C15.00%7C1%7C0.00%7C15.00%7C%7C%7C%0D%0AREGLEMENT%7C460%7C1010.00%7C%7C%7CFAUIMCQRB%7C%0D%0A\";s:5:\"error\";s:0:\"\";}}','2015-11-08 22:31:59','2015-11-08 22:32:04'),(337,4744,'VENTE','OK','ENTETE|WEB|1010.00|2|VENTE|VPC-WEB|4475|MY ADDRESS||||||||||||Presta : 337|\r\nLIGNE|M 152 CO07 LF043|48|999 BLACK|MAXI COAT - Taille : 48|995.00|1|0.00|995.00|||\r\nLIGNE|FP|||Livraison|15.00|1|0.00|15.00|||\r\nREGLEMENT|460|1010.00|||FAUIMCQRB|\r\n','a:2:{i:0;a:5:{s:6:\"status\";s:2:\"OK\";s:2:\"id\";s:4:\"4743\";s:9:\"post_data\";s:120:\"ENTETE|POITOU|WEB|1|TRANS|VPC-WEB||OUI|\r\nLIGNE|M 152 CO07 LF043|48|999 BLACK|MAXI COAT - Taille : 48|995.00|1||0.00|\r\n\r\n\";s:7:\"request\";s:233:\"compte=HOMEMADE&motpasse=h12589&magasin=WEB&enseigne=JINGHI&data=ENTETE%7CPOITOU%7CWEB%7C1%7CTRANS%7CVPC-WEB%7C%7COUI%7C%0D%0ALIGNE%7CM+152+CO07+LF043%7C48%7C999+BLACK%7CMAXI+COAT+-+Taille+%3A+48%7C995.00%7C1%7C%7C0.00%7C%0D%0A%0D%0A\";s:5:\"error\";s:0:\"\";}i:1;a:5:{s:6:\"status\";s:2:\"OK\";s:2:\"id\";s:4:\"4744\";s:9:\"post_data\";s:242:\"ENTETE|WEB|1010.00|2|VENTE|VPC-WEB|4475|MY ADDRESS||||||||||||Presta : 337|\r\nLIGNE|M 152 CO07 LF043|48|999 BLACK|MAXI COAT - Taille : 48|995.00|1|0.00|995.00|||\r\nLIGNE|FP|||Livraison|15.00|1|0.00|15.00|||\r\nREGLEMENT|460|1010.00|||FAUIMCQRB|\r\n\";s:7:\"request\";s:423:\"compte=HOMEMADE&motpasse=h12589&magasin=WEB&enseigne=JINGHI&data=ENTETE%7CWEB%7C1010.00%7C2%7CVENTE%7CVPC-WEB%7C4475%7CMY+ADDRESS%7C%7C%7C%7C%7C%7C%7C%7C%7C%7C%7C%7CPresta+%3A+337%7C%0D%0ALIGNE%7CM+152+CO07+LF043%7C48%7C999+BLACK%7CMAXI+COAT+-+Taille+%3A+48%7C995.00%7C1%7C0.00%7C995.00%7C%7C%7C%0D%0ALIGNE%7CFP%7C%7C%7CLivraison%7C15.00%7C1%7C0.00%7C15.00%7C%7C%7C%0D%0AREGLEMENT%7C460%7C1010.00%7C%7C%7CFAUIMCQRB%7C%0D%0A\";s:5:\"error\";s:0:\"\";}}','2015-11-08 22:31:59','2015-11-08 22:32:04'),(338,4752,'TRANS','OK','ENTETE|POITOU|WEB|1|TRANS|VPC-WEB||OUI|\r\nLIGNE|M 152 CO05 LF015|46|999 BLACK|KAFTAN - Taille : 46|1390.00|1||0.00|\r\n\r\n','a:2:{i:0;a:5:{s:6:\"status\";s:2:\"OK\";s:2:\"id\";s:4:\"4752\";s:9:\"post_data\";s:118:\"ENTETE|POITOU|WEB|1|TRANS|VPC-WEB||OUI|\r\nLIGNE|M 152 CO05 LF015|46|999 BLACK|KAFTAN - Taille : 46|1390.00|1||0.00|\r\n\r\n\";s:7:\"request\";s:231:\"compte=HOMEMADE&motpasse=h12589&magasin=WEB&enseigne=JINGHI&data=ENTETE%7CPOITOU%7CWEB%7C1%7CTRANS%7CVPC-WEB%7C%7COUI%7C%0D%0ALIGNE%7CM+152+CO05+LF015%7C46%7C999+BLACK%7CKAFTAN+-+Taille+%3A+46%7C1390.00%7C1%7C%7C0.00%7C%0D%0A%0D%0A\";s:5:\"error\";s:0:\"\";}i:1;a:5:{s:6:\"status\";s:2:\"OK\";s:2:\"id\";s:4:\"4753\";s:9:\"post_data\";s:243:\"ENTETE|WEB|1420.00|2|VENTE|VPC-WEB|4478|MY ADDRESS||||||||||HT||Presta : 338|\r\nLIGNE|M 152 CO05 LF015|46|999 BLACK|KAFTAN - Taille : 46|1390.00|1|0.00|1390.00|||\r\nLIGNE|FP|||Livraison|30.00|1|0.00|30.00|||\r\nREGLEMENT|460|1420.00|||YTFUVLIFI|\r\n\";s:7:\"request\";s:424:\"compte=HOMEMADE&motpasse=h12589&magasin=WEB&enseigne=JINGHI&data=ENTETE%7CWEB%7C1420.00%7C2%7CVENTE%7CVPC-WEB%7C4478%7CMY+ADDRESS%7C%7C%7C%7C%7C%7C%7C%7C%7C%7CHT%7C%7CPresta+%3A+338%7C%0D%0ALIGNE%7CM+152+CO05+LF015%7C46%7C999+BLACK%7CKAFTAN+-+Taille+%3A+46%7C1390.00%7C1%7C0.00%7C1390.00%7C%7C%7C%0D%0ALIGNE%7CFP%7C%7C%7CLivraison%7C30.00%7C1%7C0.00%7C30.00%7C%7C%7C%0D%0AREGLEMENT%7C460%7C1420.00%7C%7C%7CYTFUVLIFI%7C%0D%0A\";s:5:\"error\";s:0:\"\";}}','2015-11-10 09:32:00','2015-11-10 09:32:06'),(338,4753,'VENTE','OK','ENTETE|WEB|1420.00|2|VENTE|VPC-WEB|4478|MY ADDRESS||||||||||HT||Presta : 338|\r\nLIGNE|M 152 CO05 LF015|46|999 BLACK|KAFTAN - Taille : 46|1390.00|1|0.00|1390.00|||\r\nLIGNE|FP|||Livraison|30.00|1|0.00|30.00|||\r\nREGLEMENT|460|1420.00|||YTFUVLIFI|\r\n','a:2:{i:0;a:5:{s:6:\"status\";s:2:\"OK\";s:2:\"id\";s:4:\"4752\";s:9:\"post_data\";s:118:\"ENTETE|POITOU|WEB|1|TRANS|VPC-WEB||OUI|\r\nLIGNE|M 152 CO05 LF015|46|999 BLACK|KAFTAN - Taille : 46|1390.00|1||0.00|\r\n\r\n\";s:7:\"request\";s:231:\"compte=HOMEMADE&motpasse=h12589&magasin=WEB&enseigne=JINGHI&data=ENTETE%7CPOITOU%7CWEB%7C1%7CTRANS%7CVPC-WEB%7C%7COUI%7C%0D%0ALIGNE%7CM+152+CO05+LF015%7C46%7C999+BLACK%7CKAFTAN+-+Taille+%3A+46%7C1390.00%7C1%7C%7C0.00%7C%0D%0A%0D%0A\";s:5:\"error\";s:0:\"\";}i:1;a:5:{s:6:\"status\";s:2:\"OK\";s:2:\"id\";s:4:\"4753\";s:9:\"post_data\";s:243:\"ENTETE|WEB|1420.00|2|VENTE|VPC-WEB|4478|MY ADDRESS||||||||||HT||Presta : 338|\r\nLIGNE|M 152 CO05 LF015|46|999 BLACK|KAFTAN - Taille : 46|1390.00|1|0.00|1390.00|||\r\nLIGNE|FP|||Livraison|30.00|1|0.00|30.00|||\r\nREGLEMENT|460|1420.00|||YTFUVLIFI|\r\n\";s:7:\"request\";s:424:\"compte=HOMEMADE&motpasse=h12589&magasin=WEB&enseigne=JINGHI&data=ENTETE%7CWEB%7C1420.00%7C2%7CVENTE%7CVPC-WEB%7C4478%7CMY+ADDRESS%7C%7C%7C%7C%7C%7C%7C%7C%7C%7CHT%7C%7CPresta+%3A+338%7C%0D%0ALIGNE%7CM+152+CO05+LF015%7C46%7C999+BLACK%7CKAFTAN+-+Taille+%3A+46%7C1390.00%7C1%7C0.00%7C1390.00%7C%7C%7C%0D%0ALIGNE%7CFP%7C%7C%7CLivraison%7C30.00%7C1%7C0.00%7C30.00%7C%7C%7C%0D%0AREGLEMENT%7C460%7C1420.00%7C%7C%7CYTFUVLIFI%7C%0D%0A\";s:5:\"error\";s:0:\"\";}}','2015-11-10 09:32:00','2015-11-10 09:32:07'),(339,4762,'TRANS','OK','ENTETE|POITOU|WEB|1|TRANS|VPC-WEB||OUI|\r\nLIGNE|M 152 CO05 LF008|48|149 OWL|KAFTAN - Taille : 48|1230.00|1||0.00|\r\n\r\n','a:2:{i:0;a:5:{s:6:\"status\";s:2:\"OK\";s:2:\"id\";s:4:\"4762\";s:9:\"post_data\";s:116:\"ENTETE|POITOU|WEB|1|TRANS|VPC-WEB||OUI|\r\nLIGNE|M 152 CO05 LF008|48|149 OWL|KAFTAN - Taille : 48|1230.00|1||0.00|\r\n\r\n\";s:7:\"request\";s:229:\"compte=HOMEMADE&motpasse=h12589&magasin=WEB&enseigne=JINGHI&data=ENTETE%7CPOITOU%7CWEB%7C1%7CTRANS%7CVPC-WEB%7C%7COUI%7C%0D%0ALIGNE%7CM+152+CO05+LF008%7C48%7C149+OWL%7CKAFTAN+-+Taille+%3A+48%7C1230.00%7C1%7C%7C0.00%7C%0D%0A%0D%0A\";s:5:\"error\";s:0:\"\";}i:1;a:5:{s:6:\"status\";s:2:\"OK\";s:2:\"id\";s:4:\"4763\";s:9:\"post_data\";s:241:\"ENTETE|WEB|1260.00|2|VENTE|VPC-WEB|4479|MY ADDRESS||||||||||HT||Presta : 339|\r\nLIGNE|M 152 CO05 LF008|48|149 OWL|KAFTAN - Taille : 48|1230.00|1|0.00|1230.00|||\r\nLIGNE|FP|||Livraison|30.00|1|0.00|30.00|||\r\nREGLEMENT|460|1260.00|||XUQLFUAOZ|\r\n\";s:7:\"request\";s:422:\"compte=HOMEMADE&motpasse=h12589&magasin=WEB&enseigne=JINGHI&data=ENTETE%7CWEB%7C1260.00%7C2%7CVENTE%7CVPC-WEB%7C4479%7CMY+ADDRESS%7C%7C%7C%7C%7C%7C%7C%7C%7C%7CHT%7C%7CPresta+%3A+339%7C%0D%0ALIGNE%7CM+152+CO05+LF008%7C48%7C149+OWL%7CKAFTAN+-+Taille+%3A+48%7C1230.00%7C1%7C0.00%7C1230.00%7C%7C%7C%0D%0ALIGNE%7CFP%7C%7C%7CLivraison%7C30.00%7C1%7C0.00%7C30.00%7C%7C%7C%0D%0AREGLEMENT%7C460%7C1260.00%7C%7C%7CXUQLFUAOZ%7C%0D%0A\";s:5:\"error\";s:0:\"\";}}','2015-11-12 11:47:59','2015-11-12 11:48:02'),(339,4763,'VENTE','OK','ENTETE|WEB|1260.00|2|VENTE|VPC-WEB|4479|MY ADDRESS||||||||||HT||Presta : 339|\r\nLIGNE|M 152 CO05 LF008|48|149 OWL|KAFTAN - Taille : 48|1230.00|1|0.00|1230.00|||\r\nLIGNE|FP|||Livraison|30.00|1|0.00|30.00|||\r\nREGLEMENT|460|1260.00|||XUQLFUAOZ|\r\n','a:2:{i:0;a:5:{s:6:\"status\";s:2:\"OK\";s:2:\"id\";s:4:\"4762\";s:9:\"post_data\";s:116:\"ENTETE|POITOU|WEB|1|TRANS|VPC-WEB||OUI|\r\nLIGNE|M 152 CO05 LF008|48|149 OWL|KAFTAN - Taille : 48|1230.00|1||0.00|\r\n\r\n\";s:7:\"request\";s:229:\"compte=HOMEMADE&motpasse=h12589&magasin=WEB&enseigne=JINGHI&data=ENTETE%7CPOITOU%7CWEB%7C1%7CTRANS%7CVPC-WEB%7C%7COUI%7C%0D%0ALIGNE%7CM+152+CO05+LF008%7C48%7C149+OWL%7CKAFTAN+-+Taille+%3A+48%7C1230.00%7C1%7C%7C0.00%7C%0D%0A%0D%0A\";s:5:\"error\";s:0:\"\";}i:1;a:5:{s:6:\"status\";s:2:\"OK\";s:2:\"id\";s:4:\"4763\";s:9:\"post_data\";s:241:\"ENTETE|WEB|1260.00|2|VENTE|VPC-WEB|4479|MY ADDRESS||||||||||HT||Presta : 339|\r\nLIGNE|M 152 CO05 LF008|48|149 OWL|KAFTAN - Taille : 48|1230.00|1|0.00|1230.00|||\r\nLIGNE|FP|||Livraison|30.00|1|0.00|30.00|||\r\nREGLEMENT|460|1260.00|||XUQLFUAOZ|\r\n\";s:7:\"request\";s:422:\"compte=HOMEMADE&motpasse=h12589&magasin=WEB&enseigne=JINGHI&data=ENTETE%7CWEB%7C1260.00%7C2%7CVENTE%7CVPC-WEB%7C4479%7CMY+ADDRESS%7C%7C%7C%7C%7C%7C%7C%7C%7C%7CHT%7C%7CPresta+%3A+339%7C%0D%0ALIGNE%7CM+152+CO05+LF008%7C48%7C149+OWL%7CKAFTAN+-+Taille+%3A+48%7C1230.00%7C1%7C0.00%7C1230.00%7C%7C%7C%0D%0ALIGNE%7CFP%7C%7C%7CLivraison%7C30.00%7C1%7C0.00%7C30.00%7C%7C%7C%0D%0AREGLEMENT%7C460%7C1260.00%7C%7C%7CXUQLFUAOZ%7C%0D%0A\";s:5:\"error\";s:0:\"\";}}','2015-11-12 11:47:59','2015-11-12 11:48:02'),(340,4759,'TRANS','OK','ENTETE|POITOU|WEB|1|TRANS|VPC-WEB||OUI|\r\nLIGNE|M 152 CO03 LF010|48|965 SLATE|SUIT COAT - Taille : 48|995.00|1||0.00|\r\n\r\n','a:2:{i:0;a:5:{s:6:\"status\";s:2:\"OK\";s:2:\"id\";s:4:\"4759\";s:9:\"post_data\";s:120:\"ENTETE|POITOU|WEB|1|TRANS|VPC-WEB||OUI|\r\nLIGNE|M 152 CO03 LF010|48|965 SLATE|SUIT COAT - Taille : 48|995.00|1||0.00|\r\n\r\n\";s:7:\"request\";s:233:\"compte=HOMEMADE&motpasse=h12589&magasin=WEB&enseigne=JINGHI&data=ENTETE%7CPOITOU%7CWEB%7C1%7CTRANS%7CVPC-WEB%7C%7COUI%7C%0D%0ALIGNE%7CM+152+CO03+LF010%7C48%7C965+SLATE%7CSUIT+COAT+-+Taille+%3A+48%7C995.00%7C1%7C%7C0.00%7C%0D%0A%0D%0A\";s:5:\"error\";s:0:\"\";}i:1;a:5:{s:6:\"status\";s:2:\"OK\";s:2:\"id\";s:4:\"4760\";s:9:\"post_data\";s:242:\"ENTETE|WEB|1010.00|2|VENTE|VPC-WEB|4480|MY ADDRESS||||||||||||Presta : 340|\r\nLIGNE|M 152 CO03 LF010|48|965 SLATE|SUIT COAT - Taille : 48|995.00|1|0.00|995.00|||\r\nLIGNE|FP|||Livraison|15.00|1|0.00|15.00|||\r\nREGLEMENT|460|1010.00|||DPCJKEDFV|\r\n\";s:7:\"request\";s:423:\"compte=HOMEMADE&motpasse=h12589&magasin=WEB&enseigne=JINGHI&data=ENTETE%7CWEB%7C1010.00%7C2%7CVENTE%7CVPC-WEB%7C4480%7CMY+ADDRESS%7C%7C%7C%7C%7C%7C%7C%7C%7C%7C%7C%7CPresta+%3A+340%7C%0D%0ALIGNE%7CM+152+CO03+LF010%7C48%7C965+SLATE%7CSUIT+COAT+-+Taille+%3A+48%7C995.00%7C1%7C0.00%7C995.00%7C%7C%7C%0D%0ALIGNE%7CFP%7C%7C%7CLivraison%7C15.00%7C1%7C0.00%7C15.00%7C%7C%7C%0D%0AREGLEMENT%7C460%7C1010.00%7C%7C%7CDPCJKEDFV%7C%0D%0A\";s:5:\"error\";s:0:\"\";}}','2015-11-11 21:32:01','2015-11-11 21:32:05'),(340,4760,'VENTE','OK','ENTETE|WEB|1010.00|2|VENTE|VPC-WEB|4480|MY ADDRESS||||||||||||Presta : 340|\r\nLIGNE|M 152 CO03 LF010|48|965 SLATE|SUIT COAT - Taille : 48|995.00|1|0.00|995.00|||\r\nLIGNE|FP|||Livraison|15.00|1|0.00|15.00|||\r\nREGLEMENT|460|1010.00|||DPCJKEDFV|\r\n','a:2:{i:0;a:5:{s:6:\"status\";s:2:\"OK\";s:2:\"id\";s:4:\"4759\";s:9:\"post_data\";s:120:\"ENTETE|POITOU|WEB|1|TRANS|VPC-WEB||OUI|\r\nLIGNE|M 152 CO03 LF010|48|965 SLATE|SUIT COAT - Taille : 48|995.00|1||0.00|\r\n\r\n\";s:7:\"request\";s:233:\"compte=HOMEMADE&motpasse=h12589&magasin=WEB&enseigne=JINGHI&data=ENTETE%7CPOITOU%7CWEB%7C1%7CTRANS%7CVPC-WEB%7C%7COUI%7C%0D%0ALIGNE%7CM+152+CO03+LF010%7C48%7C965+SLATE%7CSUIT+COAT+-+Taille+%3A+48%7C995.00%7C1%7C%7C0.00%7C%0D%0A%0D%0A\";s:5:\"error\";s:0:\"\";}i:1;a:5:{s:6:\"status\";s:2:\"OK\";s:2:\"id\";s:4:\"4760\";s:9:\"post_data\";s:242:\"ENTETE|WEB|1010.00|2|VENTE|VPC-WEB|4480|MY ADDRESS||||||||||||Presta : 340|\r\nLIGNE|M 152 CO03 LF010|48|965 SLATE|SUIT COAT - Taille : 48|995.00|1|0.00|995.00|||\r\nLIGNE|FP|||Livraison|15.00|1|0.00|15.00|||\r\nREGLEMENT|460|1010.00|||DPCJKEDFV|\r\n\";s:7:\"request\";s:423:\"compte=HOMEMADE&motpasse=h12589&magasin=WEB&enseigne=JINGHI&data=ENTETE%7CWEB%7C1010.00%7C2%7CVENTE%7CVPC-WEB%7C4480%7CMY+ADDRESS%7C%7C%7C%7C%7C%7C%7C%7C%7C%7C%7C%7CPresta+%3A+340%7C%0D%0ALIGNE%7CM+152+CO03+LF010%7C48%7C965+SLATE%7CSUIT+COAT+-+Taille+%3A+48%7C995.00%7C1%7C0.00%7C995.00%7C%7C%7C%0D%0ALIGNE%7CFP%7C%7C%7CLivraison%7C15.00%7C1%7C0.00%7C15.00%7C%7C%7C%0D%0AREGLEMENT%7C460%7C1010.00%7C%7C%7CDPCJKEDFV%7C%0D%0A\";s:5:\"error\";s:0:\"\";}}','2015-11-11 21:32:01','2015-11-11 21:32:05'),(341,4766,'TRANS','OK','ENTETE|POITOU|WEB|1|TRANS|VPC-WEB||OUI|\r\nLIGNE|M 152 CO05 LF008|46|149 OWL|KAFTAN - Taille : 46|1150.00|1||0.00|\r\n\r\n','a:2:{i:0;a:5:{s:6:\"status\";s:2:\"OK\";s:2:\"id\";s:4:\"4766\";s:9:\"post_data\";s:116:\"ENTETE|POITOU|WEB|1|TRANS|VPC-WEB||OUI|\r\nLIGNE|M 152 CO05 LF008|46|149 OWL|KAFTAN - Taille : 46|1150.00|1||0.00|\r\n\r\n\";s:7:\"request\";s:229:\"compte=HOMEMADE&motpasse=h12589&magasin=WEB&enseigne=JINGHI&data=ENTETE%7CPOITOU%7CWEB%7C1%7CTRANS%7CVPC-WEB%7C%7COUI%7C%0D%0ALIGNE%7CM+152+CO05+LF008%7C46%7C149+OWL%7CKAFTAN+-+Taille+%3A+46%7C1150.00%7C1%7C%7C0.00%7C%0D%0A%0D%0A\";s:5:\"error\";s:0:\"\";}i:1;a:5:{s:6:\"status\";s:2:\"OK\";s:2:\"id\";s:4:\"4767\";s:9:\"post_data\";s:239:\"ENTETE|WEB|1180.00|2|VENTE|VPC-WEB|4481|MY ADDRESS||||||||||||Presta : 341|\r\nLIGNE|M 152 CO05 LF008|46|149 OWL|KAFTAN - Taille : 46|1150.00|1|0.00|1150.00|||\r\nLIGNE|FP|||Livraison|30.00|1|0.00|30.00|||\r\nREGLEMENT|460|1180.00|||TQNURGIDV|\r\n\";s:7:\"request\";s:420:\"compte=HOMEMADE&motpasse=h12589&magasin=WEB&enseigne=JINGHI&data=ENTETE%7CWEB%7C1180.00%7C2%7CVENTE%7CVPC-WEB%7C4481%7CMY+ADDRESS%7C%7C%7C%7C%7C%7C%7C%7C%7C%7C%7C%7CPresta+%3A+341%7C%0D%0ALIGNE%7CM+152+CO05+LF008%7C46%7C149+OWL%7CKAFTAN+-+Taille+%3A+46%7C1150.00%7C1%7C0.00%7C1150.00%7C%7C%7C%0D%0ALIGNE%7CFP%7C%7C%7CLivraison%7C30.00%7C1%7C0.00%7C30.00%7C%7C%7C%0D%0AREGLEMENT%7C460%7C1180.00%7C%7C%7CTQNURGIDV%7C%0D%0A\";s:5:\"error\";s:0:\"\";}}','2015-11-12 12:50:44','2015-11-12 12:50:48'),(341,4767,'VENTE','OK','ENTETE|WEB|1180.00|2|VENTE|VPC-WEB|4481|MY ADDRESS||||||||||||Presta : 341|\r\nLIGNE|M 152 CO05 LF008|46|149 OWL|KAFTAN - Taille : 46|1150.00|1|0.00|1150.00|||\r\nLIGNE|FP|||Livraison|30.00|1|0.00|30.00|||\r\nREGLEMENT|460|1180.00|||TQNURGIDV|\r\n','a:2:{i:0;a:5:{s:6:\"status\";s:2:\"OK\";s:2:\"id\";s:4:\"4766\";s:9:\"post_data\";s:116:\"ENTETE|POITOU|WEB|1|TRANS|VPC-WEB||OUI|\r\nLIGNE|M 152 CO05 LF008|46|149 OWL|KAFTAN - Taille : 46|1150.00|1||0.00|\r\n\r\n\";s:7:\"request\";s:229:\"compte=HOMEMADE&motpasse=h12589&magasin=WEB&enseigne=JINGHI&data=ENTETE%7CPOITOU%7CWEB%7C1%7CTRANS%7CVPC-WEB%7C%7COUI%7C%0D%0ALIGNE%7CM+152+CO05+LF008%7C46%7C149+OWL%7CKAFTAN+-+Taille+%3A+46%7C1150.00%7C1%7C%7C0.00%7C%0D%0A%0D%0A\";s:5:\"error\";s:0:\"\";}i:1;a:5:{s:6:\"status\";s:2:\"OK\";s:2:\"id\";s:4:\"4767\";s:9:\"post_data\";s:239:\"ENTETE|WEB|1180.00|2|VENTE|VPC-WEB|4481|MY ADDRESS||||||||||||Presta : 341|\r\nLIGNE|M 152 CO05 LF008|46|149 OWL|KAFTAN - Taille : 46|1150.00|1|0.00|1150.00|||\r\nLIGNE|FP|||Livraison|30.00|1|0.00|30.00|||\r\nREGLEMENT|460|1180.00|||TQNURGIDV|\r\n\";s:7:\"request\";s:420:\"compte=HOMEMADE&motpasse=h12589&magasin=WEB&enseigne=JINGHI&data=ENTETE%7CWEB%7C1180.00%7C2%7CVENTE%7CVPC-WEB%7C4481%7CMY+ADDRESS%7C%7C%7C%7C%7C%7C%7C%7C%7C%7C%7C%7CPresta+%3A+341%7C%0D%0ALIGNE%7CM+152+CO05+LF008%7C46%7C149+OWL%7CKAFTAN+-+Taille+%3A+46%7C1150.00%7C1%7C0.00%7C1150.00%7C%7C%7C%0D%0ALIGNE%7CFP%7C%7C%7CLivraison%7C30.00%7C1%7C0.00%7C30.00%7C%7C%7C%0D%0AREGLEMENT%7C460%7C1180.00%7C%7C%7CTQNURGIDV%7C%0D%0A\";s:5:\"error\";s:0:\"\";}}','2015-11-12 12:50:44','2015-11-12 12:50:48'),(342,4782,'TRANS','OK','ENTETE|POITOU|WEB|2|TRANS|VPC-WEB||OUI|\r\nLIGNE|M 152 PA01 LF014|48|687 OLIVE|PLEATED PANTS - Taille : 48|380.00|1||0.00|\r\n\r\n','a:3:{i:0;a:5:{s:6:\"status\";s:2:\"OK\";s:2:\"id\";s:4:\"4782\";s:9:\"post_data\";s:124:\"ENTETE|POITOU|WEB|2|TRANS|VPC-WEB||OUI|\r\nLIGNE|M 152 PA01 LF014|48|687 OLIVE|PLEATED PANTS - Taille : 48|380.00|1||0.00|\r\n\r\n\";s:7:\"request\";s:237:\"compte=HOMEMADE&motpasse=h12589&magasin=WEB&enseigne=JINGHI&data=ENTETE%7CPOITOU%7CWEB%7C2%7CTRANS%7CVPC-WEB%7C%7COUI%7C%0D%0ALIGNE%7CM+152+PA01+LF014%7C48%7C687+OLIVE%7CPLEATED+PANTS+-+Taille+%3A+48%7C380.00%7C1%7C%7C0.00%7C%0D%0A%0D%0A\";s:5:\"error\";s:0:\"\";}i:1;a:5:{s:6:\"status\";s:2:\"OK\";s:2:\"id\";s:4:\"4783\";s:9:\"post_data\";s:122:\"ENTETE|POITOU|WEB|2|TRANS|VPC-WEB||OUI|\r\nLIGNE|M 152 BL01 LF021|48|687 OLIVE|SHORT PARKA - Taille : 48|850.00|1||0.00|\r\n\r\n\";s:7:\"request\";s:235:\"compte=HOMEMADE&motpasse=h12589&magasin=WEB&enseigne=JINGHI&data=ENTETE%7CPOITOU%7CWEB%7C2%7CTRANS%7CVPC-WEB%7C%7COUI%7C%0D%0ALIGNE%7CM+152+BL01+LF021%7C48%7C687+OLIVE%7CSHORT+PARKA+-+Taille+%3A+48%7C850.00%7C1%7C%7C0.00%7C%0D%0A%0D%0A\";s:5:\"error\";s:0:\"\";}i:2;a:5:{s:6:\"status\";s:2:\"OK\";s:2:\"id\";s:4:\"4784\";s:9:\"post_data\";s:335:\"ENTETE|WEB|1260.00|3|VENTE|VPC-WEB|4486|MY ADDRESS||||||||||HT||Presta : 342|\r\nLIGNE|M 152 BL01 LF021|48|687 OLIVE|SHORT PARKA - Taille : 48|850.00|1|0.00|850.00|||\r\nLIGNE|M 152 PA01 LF014|48|687 OLIVE|PLEATED PANTS - Taille : 48|380.00|1|0.00|380.00|||\r\nLIGNE|FP|||Livraison|30.00|1|0.00|30.00|||\r\nREGLEMENT|460|1260.00|||NQQMNXDNN|\r\n\";s:7:\"request\";s:544:\"compte=HOMEMADE&motpasse=h12589&magasin=WEB&enseigne=JINGHI&data=ENTETE%7CWEB%7C1260.00%7C3%7CVENTE%7CVPC-WEB%7C4486%7CMY+ADDRESS%7C%7C%7C%7C%7C%7C%7C%7C%7C%7CHT%7C%7CPresta+%3A+342%7C%0D%0ALIGNE%7CM+152+BL01+LF021%7C48%7C687+OLIVE%7CSHORT+PARKA+-+Taille+%3A+48%7C850.00%7C1%7C0.00%7C850.00%7C%7C%7C%0D%0ALIGNE%7CM+152+PA01+LF014%7C48%7C687+OLIVE%7CPLEATED+PANTS+-+Taille+%3A+48%7C380.00%7C1%7C0.00%7C380.00%7C%7C%7C%0D%0ALIGNE%7CFP%7C%7C%7CLivraison%7C30.00%7C1%7C0.00%7C30.00%7C%7C%7C%0D%0AREGLEMENT%7C460%7C1260.00%7C%7C%7CNQQMNXDNN%7C%0D%0A\";s:5:\"error\";s:0:\"\";}}','2015-11-18 09:16:00','2015-11-18 09:16:08'),(342,4783,'TRANS','OK','ENTETE|POITOU|WEB|2|TRANS|VPC-WEB||OUI|\r\nLIGNE|M 152 BL01 LF021|48|687 OLIVE|SHORT PARKA - Taille : 48|850.00|1||0.00|\r\n\r\n','a:3:{i:0;a:5:{s:6:\"status\";s:2:\"OK\";s:2:\"id\";s:4:\"4782\";s:9:\"post_data\";s:124:\"ENTETE|POITOU|WEB|2|TRANS|VPC-WEB||OUI|\r\nLIGNE|M 152 PA01 LF014|48|687 OLIVE|PLEATED PANTS - Taille : 48|380.00|1||0.00|\r\n\r\n\";s:7:\"request\";s:237:\"compte=HOMEMADE&motpasse=h12589&magasin=WEB&enseigne=JINGHI&data=ENTETE%7CPOITOU%7CWEB%7C2%7CTRANS%7CVPC-WEB%7C%7COUI%7C%0D%0ALIGNE%7CM+152+PA01+LF014%7C48%7C687+OLIVE%7CPLEATED+PANTS+-+Taille+%3A+48%7C380.00%7C1%7C%7C0.00%7C%0D%0A%0D%0A\";s:5:\"error\";s:0:\"\";}i:1;a:5:{s:6:\"status\";s:2:\"OK\";s:2:\"id\";s:4:\"4783\";s:9:\"post_data\";s:122:\"ENTETE|POITOU|WEB|2|TRANS|VPC-WEB||OUI|\r\nLIGNE|M 152 BL01 LF021|48|687 OLIVE|SHORT PARKA - Taille : 48|850.00|1||0.00|\r\n\r\n\";s:7:\"request\";s:235:\"compte=HOMEMADE&motpasse=h12589&magasin=WEB&enseigne=JINGHI&data=ENTETE%7CPOITOU%7CWEB%7C2%7CTRANS%7CVPC-WEB%7C%7COUI%7C%0D%0ALIGNE%7CM+152+BL01+LF021%7C48%7C687+OLIVE%7CSHORT+PARKA+-+Taille+%3A+48%7C850.00%7C1%7C%7C0.00%7C%0D%0A%0D%0A\";s:5:\"error\";s:0:\"\";}i:2;a:5:{s:6:\"status\";s:2:\"OK\";s:2:\"id\";s:4:\"4784\";s:9:\"post_data\";s:335:\"ENTETE|WEB|1260.00|3|VENTE|VPC-WEB|4486|MY ADDRESS||||||||||HT||Presta : 342|\r\nLIGNE|M 152 BL01 LF021|48|687 OLIVE|SHORT PARKA - Taille : 48|850.00|1|0.00|850.00|||\r\nLIGNE|M 152 PA01 LF014|48|687 OLIVE|PLEATED PANTS - Taille : 48|380.00|1|0.00|380.00|||\r\nLIGNE|FP|||Livraison|30.00|1|0.00|30.00|||\r\nREGLEMENT|460|1260.00|||NQQMNXDNN|\r\n\";s:7:\"request\";s:544:\"compte=HOMEMADE&motpasse=h12589&magasin=WEB&enseigne=JINGHI&data=ENTETE%7CWEB%7C1260.00%7C3%7CVENTE%7CVPC-WEB%7C4486%7CMY+ADDRESS%7C%7C%7C%7C%7C%7C%7C%7C%7C%7CHT%7C%7CPresta+%3A+342%7C%0D%0ALIGNE%7CM+152+BL01+LF021%7C48%7C687+OLIVE%7CSHORT+PARKA+-+Taille+%3A+48%7C850.00%7C1%7C0.00%7C850.00%7C%7C%7C%0D%0ALIGNE%7CM+152+PA01+LF014%7C48%7C687+OLIVE%7CPLEATED+PANTS+-+Taille+%3A+48%7C380.00%7C1%7C0.00%7C380.00%7C%7C%7C%0D%0ALIGNE%7CFP%7C%7C%7CLivraison%7C30.00%7C1%7C0.00%7C30.00%7C%7C%7C%0D%0AREGLEMENT%7C460%7C1260.00%7C%7C%7CNQQMNXDNN%7C%0D%0A\";s:5:\"error\";s:0:\"\";}}','2015-11-18 09:16:00','2015-11-18 09:16:08'),(342,4784,'VENTE','OK','ENTETE|WEB|1260.00|3|VENTE|VPC-WEB|4486|MY ADDRESS||||||||||HT||Presta : 342|\r\nLIGNE|M 152 BL01 LF021|48|687 OLIVE|SHORT PARKA - Taille : 48|850.00|1|0.00|850.00|||\r\nLIGNE|M 152 PA01 LF014|48|687 OLIVE|PLEATED PANTS - Taille : 48|380.00|1|0.00|380.00|||\r\nLIGNE|FP|||Livraison|30.00|1|0.00|30.00|||\r\nREGLEMENT|460|1260.00|||NQQMNXDNN|\r\n','a:3:{i:0;a:5:{s:6:\"status\";s:2:\"OK\";s:2:\"id\";s:4:\"4782\";s:9:\"post_data\";s:124:\"ENTETE|POITOU|WEB|2|TRANS|VPC-WEB||OUI|\r\nLIGNE|M 152 PA01 LF014|48|687 OLIVE|PLEATED PANTS - Taille : 48|380.00|1||0.00|\r\n\r\n\";s:7:\"request\";s:237:\"compte=HOMEMADE&motpasse=h12589&magasin=WEB&enseigne=JINGHI&data=ENTETE%7CPOITOU%7CWEB%7C2%7CTRANS%7CVPC-WEB%7C%7COUI%7C%0D%0ALIGNE%7CM+152+PA01+LF014%7C48%7C687+OLIVE%7CPLEATED+PANTS+-+Taille+%3A+48%7C380.00%7C1%7C%7C0.00%7C%0D%0A%0D%0A\";s:5:\"error\";s:0:\"\";}i:1;a:5:{s:6:\"status\";s:2:\"OK\";s:2:\"id\";s:4:\"4783\";s:9:\"post_data\";s:122:\"ENTETE|POITOU|WEB|2|TRANS|VPC-WEB||OUI|\r\nLIGNE|M 152 BL01 LF021|48|687 OLIVE|SHORT PARKA - Taille : 48|850.00|1||0.00|\r\n\r\n\";s:7:\"request\";s:235:\"compte=HOMEMADE&motpasse=h12589&magasin=WEB&enseigne=JINGHI&data=ENTETE%7CPOITOU%7CWEB%7C2%7CTRANS%7CVPC-WEB%7C%7COUI%7C%0D%0ALIGNE%7CM+152+BL01+LF021%7C48%7C687+OLIVE%7CSHORT+PARKA+-+Taille+%3A+48%7C850.00%7C1%7C%7C0.00%7C%0D%0A%0D%0A\";s:5:\"error\";s:0:\"\";}i:2;a:5:{s:6:\"status\";s:2:\"OK\";s:2:\"id\";s:4:\"4784\";s:9:\"post_data\";s:335:\"ENTETE|WEB|1260.00|3|VENTE|VPC-WEB|4486|MY ADDRESS||||||||||HT||Presta : 342|\r\nLIGNE|M 152 BL01 LF021|48|687 OLIVE|SHORT PARKA - Taille : 48|850.00|1|0.00|850.00|||\r\nLIGNE|M 152 PA01 LF014|48|687 OLIVE|PLEATED PANTS - Taille : 48|380.00|1|0.00|380.00|||\r\nLIGNE|FP|||Livraison|30.00|1|0.00|30.00|||\r\nREGLEMENT|460|1260.00|||NQQMNXDNN|\r\n\";s:7:\"request\";s:544:\"compte=HOMEMADE&motpasse=h12589&magasin=WEB&enseigne=JINGHI&data=ENTETE%7CWEB%7C1260.00%7C3%7CVENTE%7CVPC-WEB%7C4486%7CMY+ADDRESS%7C%7C%7C%7C%7C%7C%7C%7C%7C%7CHT%7C%7CPresta+%3A+342%7C%0D%0ALIGNE%7CM+152+BL01+LF021%7C48%7C687+OLIVE%7CSHORT+PARKA+-+Taille+%3A+48%7C850.00%7C1%7C0.00%7C850.00%7C%7C%7C%0D%0ALIGNE%7CM+152+PA01+LF014%7C48%7C687+OLIVE%7CPLEATED+PANTS+-+Taille+%3A+48%7C380.00%7C1%7C0.00%7C380.00%7C%7C%7C%0D%0ALIGNE%7CFP%7C%7C%7CLivraison%7C30.00%7C1%7C0.00%7C30.00%7C%7C%7C%0D%0AREGLEMENT%7C460%7C1260.00%7C%7C%7CNQQMNXDNN%7C%0D%0A\";s:5:\"error\";s:0:\"\";}}','2015-11-18 09:16:00','2015-11-18 09:16:08'),(343,4785,'TRANS','OK','ENTETE|POITOU|WEB|1|TRANS|VPC-WEB||OUI|\r\nLIGNE|M 152 PA01 LF014|44|687 OLIVE|PLEATED PANTS - Taille : 44|355.00|1||0.00|\r\n\r\n','a:2:{i:0;a:5:{s:6:\"status\";s:2:\"OK\";s:2:\"id\";s:4:\"4785\";s:9:\"post_data\";s:124:\"ENTETE|POITOU|WEB|1|TRANS|VPC-WEB||OUI|\r\nLIGNE|M 152 PA01 LF014|44|687 OLIVE|PLEATED PANTS - Taille : 44|355.00|1||0.00|\r\n\r\n\";s:7:\"request\";s:237:\"compte=HOMEMADE&motpasse=h12589&magasin=WEB&enseigne=JINGHI&data=ENTETE%7CPOITOU%7CWEB%7C1%7CTRANS%7CVPC-WEB%7C%7COUI%7C%0D%0ALIGNE%7CM+152+PA01+LF014%7C44%7C687+OLIVE%7CPLEATED+PANTS+-+Taille+%3A+44%7C355.00%7C1%7C%7C0.00%7C%0D%0A%0D%0A\";s:5:\"error\";s:0:\"\";}i:1;a:5:{s:6:\"status\";s:2:\"OK\";s:2:\"id\";s:4:\"4786\";s:9:\"post_data\";s:244:\"ENTETE|WEB|370.00|2|VENTE|VPC-WEB|4487|MY ADDRESS||||||||||||Presta : 343|\r\nLIGNE|M 152 PA01 LF014|44|687 OLIVE|PLEATED PANTS - Taille : 44|355.00|1|0.00|355.00|||\r\nLIGNE|FP|||Livraison|15.00|1|0.00|15.00|||\r\nREGLEMENT|460|370.00|||UZEIIZIGC|\r\n\";s:7:\"request\";s:425:\"compte=HOMEMADE&motpasse=h12589&magasin=WEB&enseigne=JINGHI&data=ENTETE%7CWEB%7C370.00%7C2%7CVENTE%7CVPC-WEB%7C4487%7CMY+ADDRESS%7C%7C%7C%7C%7C%7C%7C%7C%7C%7C%7C%7CPresta+%3A+343%7C%0D%0ALIGNE%7CM+152+PA01+LF014%7C44%7C687+OLIVE%7CPLEATED+PANTS+-+Taille+%3A+44%7C355.00%7C1%7C0.00%7C355.00%7C%7C%7C%0D%0ALIGNE%7CFP%7C%7C%7CLivraison%7C15.00%7C1%7C0.00%7C15.00%7C%7C%7C%0D%0AREGLEMENT%7C460%7C370.00%7C%7C%7CUZEIIZIGC%7C%0D%0A\";s:5:\"error\";s:0:\"\";}}','2015-11-19 01:00:47','2015-11-19 01:00:51'),(343,4786,'VENTE','OK','ENTETE|WEB|370.00|2|VENTE|VPC-WEB|4487|MY ADDRESS||||||||||||Presta : 343|\r\nLIGNE|M 152 PA01 LF014|44|687 OLIVE|PLEATED PANTS - Taille : 44|355.00|1|0.00|355.00|||\r\nLIGNE|FP|||Livraison|15.00|1|0.00|15.00|||\r\nREGLEMENT|460|370.00|||UZEIIZIGC|\r\n','a:2:{i:0;a:5:{s:6:\"status\";s:2:\"OK\";s:2:\"id\";s:4:\"4785\";s:9:\"post_data\";s:124:\"ENTETE|POITOU|WEB|1|TRANS|VPC-WEB||OUI|\r\nLIGNE|M 152 PA01 LF014|44|687 OLIVE|PLEATED PANTS - Taille : 44|355.00|1||0.00|\r\n\r\n\";s:7:\"request\";s:237:\"compte=HOMEMADE&motpasse=h12589&magasin=WEB&enseigne=JINGHI&data=ENTETE%7CPOITOU%7CWEB%7C1%7CTRANS%7CVPC-WEB%7C%7COUI%7C%0D%0ALIGNE%7CM+152+PA01+LF014%7C44%7C687+OLIVE%7CPLEATED+PANTS+-+Taille+%3A+44%7C355.00%7C1%7C%7C0.00%7C%0D%0A%0D%0A\";s:5:\"error\";s:0:\"\";}i:1;a:5:{s:6:\"status\";s:2:\"OK\";s:2:\"id\";s:4:\"4786\";s:9:\"post_data\";s:244:\"ENTETE|WEB|370.00|2|VENTE|VPC-WEB|4487|MY ADDRESS||||||||||||Presta : 343|\r\nLIGNE|M 152 PA01 LF014|44|687 OLIVE|PLEATED PANTS - Taille : 44|355.00|1|0.00|355.00|||\r\nLIGNE|FP|||Livraison|15.00|1|0.00|15.00|||\r\nREGLEMENT|460|370.00|||UZEIIZIGC|\r\n\";s:7:\"request\";s:425:\"compte=HOMEMADE&motpasse=h12589&magasin=WEB&enseigne=JINGHI&data=ENTETE%7CWEB%7C370.00%7C2%7CVENTE%7CVPC-WEB%7C4487%7CMY+ADDRESS%7C%7C%7C%7C%7C%7C%7C%7C%7C%7C%7C%7CPresta+%3A+343%7C%0D%0ALIGNE%7CM+152+PA01+LF014%7C44%7C687+OLIVE%7CPLEATED+PANTS+-+Taille+%3A+44%7C355.00%7C1%7C0.00%7C355.00%7C%7C%7C%0D%0ALIGNE%7CFP%7C%7C%7CLivraison%7C15.00%7C1%7C0.00%7C15.00%7C%7C%7C%0D%0AREGLEMENT%7C460%7C370.00%7C%7C%7CUZEIIZIGC%7C%0D%0A\";s:5:\"error\";s:0:\"\";}}','2015-11-19 01:00:47','2015-11-19 01:00:51'),(344,4791,'TRANS','OK','ENTETE|POITOU|WEB|1|TRANS|VPC-WEB||OUI|\r\nLIGNE|W 153 DR06 LF002|40|999 BLACK|TRENCH DRESS - Taille : 40|850.00|1||0.00|\r\n\r\n','a:2:{i:0;a:5:{s:6:\"status\";s:2:\"OK\";s:2:\"id\";s:4:\"4791\";s:9:\"post_data\";s:123:\"ENTETE|POITOU|WEB|1|TRANS|VPC-WEB||OUI|\r\nLIGNE|W 153 DR06 LF002|40|999 BLACK|TRENCH DRESS - Taille : 40|850.00|1||0.00|\r\n\r\n\";s:7:\"request\";s:236:\"compte=HOMEMADE&motpasse=h12589&magasin=WEB&enseigne=JINGHI&data=ENTETE%7CPOITOU%7CWEB%7C1%7CTRANS%7CVPC-WEB%7C%7COUI%7C%0D%0ALIGNE%7CW+153+DR06+LF002%7C40%7C999+BLACK%7CTRENCH+DRESS+-+Taille+%3A+40%7C850.00%7C1%7C%7C0.00%7C%0D%0A%0D%0A\";s:5:\"error\";s:0:\"\";}i:1;a:5:{s:6:\"status\";s:2:\"OK\";s:2:\"id\";s:4:\"4792\";s:9:\"post_data\";s:245:\"ENTETE|WEB|880.00|2|VENTE|VPC-WEB|4489|MY ADDRESS||||||||||HT||Presta : 344|\r\nLIGNE|W 153 DR06 LF002|40|999 BLACK|TRENCH DRESS - Taille : 40|850.00|1|0.00|850.00|||\r\nLIGNE|FP|||Livraison|30.00|1|0.00|30.00|||\r\nREGLEMENT|460|880.00|||AONKGNYIW|\r\n\";s:7:\"request\";s:426:\"compte=HOMEMADE&motpasse=h12589&magasin=WEB&enseigne=JINGHI&data=ENTETE%7CWEB%7C880.00%7C2%7CVENTE%7CVPC-WEB%7C4489%7CMY+ADDRESS%7C%7C%7C%7C%7C%7C%7C%7C%7C%7CHT%7C%7CPresta+%3A+344%7C%0D%0ALIGNE%7CW+153+DR06+LF002%7C40%7C999+BLACK%7CTRENCH+DRESS+-+Taille+%3A+40%7C850.00%7C1%7C0.00%7C850.00%7C%7C%7C%0D%0ALIGNE%7CFP%7C%7C%7CLivraison%7C30.00%7C1%7C0.00%7C30.00%7C%7C%7C%0D%0AREGLEMENT%7C460%7C880.00%7C%7C%7CAONKGNYIW%7C%0D%0A\";s:5:\"error\";s:0:\"\";}}','2015-11-21 06:48:01','2015-11-21 06:48:15'),(344,4792,'VENTE','OK','ENTETE|WEB|880.00|2|VENTE|VPC-WEB|4489|MY ADDRESS||||||||||HT||Presta : 344|\r\nLIGNE|W 153 DR06 LF002|40|999 BLACK|TRENCH DRESS - Taille : 40|850.00|1|0.00|850.00|||\r\nLIGNE|FP|||Livraison|30.00|1|0.00|30.00|||\r\nREGLEMENT|460|880.00|||AONKGNYIW|\r\n','a:2:{i:0;a:5:{s:6:\"status\";s:2:\"OK\";s:2:\"id\";s:4:\"4791\";s:9:\"post_data\";s:123:\"ENTETE|POITOU|WEB|1|TRANS|VPC-WEB||OUI|\r\nLIGNE|W 153 DR06 LF002|40|999 BLACK|TRENCH DRESS - Taille : 40|850.00|1||0.00|\r\n\r\n\";s:7:\"request\";s:236:\"compte=HOMEMADE&motpasse=h12589&magasin=WEB&enseigne=JINGHI&data=ENTETE%7CPOITOU%7CWEB%7C1%7CTRANS%7CVPC-WEB%7C%7COUI%7C%0D%0ALIGNE%7CW+153+DR06+LF002%7C40%7C999+BLACK%7CTRENCH+DRESS+-+Taille+%3A+40%7C850.00%7C1%7C%7C0.00%7C%0D%0A%0D%0A\";s:5:\"error\";s:0:\"\";}i:1;a:5:{s:6:\"status\";s:2:\"OK\";s:2:\"id\";s:4:\"4792\";s:9:\"post_data\";s:245:\"ENTETE|WEB|880.00|2|VENTE|VPC-WEB|4489|MY ADDRESS||||||||||HT||Presta : 344|\r\nLIGNE|W 153 DR06 LF002|40|999 BLACK|TRENCH DRESS - Taille : 40|850.00|1|0.00|850.00|||\r\nLIGNE|FP|||Livraison|30.00|1|0.00|30.00|||\r\nREGLEMENT|460|880.00|||AONKGNYIW|\r\n\";s:7:\"request\";s:426:\"compte=HOMEMADE&motpasse=h12589&magasin=WEB&enseigne=JINGHI&data=ENTETE%7CWEB%7C880.00%7C2%7CVENTE%7CVPC-WEB%7C4489%7CMY+ADDRESS%7C%7C%7C%7C%7C%7C%7C%7C%7C%7CHT%7C%7CPresta+%3A+344%7C%0D%0ALIGNE%7CW+153+DR06+LF002%7C40%7C999+BLACK%7CTRENCH+DRESS+-+Taille+%3A+40%7C850.00%7C1%7C0.00%7C850.00%7C%7C%7C%0D%0ALIGNE%7CFP%7C%7C%7CLivraison%7C30.00%7C1%7C0.00%7C30.00%7C%7C%7C%0D%0AREGLEMENT%7C460%7C880.00%7C%7C%7CAONKGNYIW%7C%0D%0A\";s:5:\"error\";s:0:\"\";}}','2015-11-21 06:48:01','2015-11-21 06:48:15'),(345,4799,'TRANS','OK','ENTETE|POITOU|WEB|1|TRANS|VPC-WEB||OUI|\r\nLIGNE|W 152 KN12 LK006|OS|972 SMOULDER|grande ','a:2:{i:0;a:5:{s:6:\"status\";s:2:\"OK\";s:2:\"id\";s:4:\"4799\";s:9:\"post_data\";s:137:\"ENTETE|POITOU|WEB|1|TRANS|VPC-WEB||OUI|\r\nLIGNE|W 152 KN12 LK006|OS|972 SMOULDER|grande ','2015-11-21 23:31:59','2015-11-21 23:32:04'),(345,4800,'VENTE','OK','ENTETE|WEB|560.00|2|VENTE|VPC-WEB|4491|MON ADRESSE||||||||||||Presta : 345|\r\nLIGNE|W 152 KN12 LK006|OS|972 SMOULDER|grande ','a:2:{i:0;a:5:{s:6:\"status\";s:2:\"OK\";s:2:\"id\";s:4:\"4799\";s:9:\"post_data\";s:137:\"ENTETE|POITOU|WEB|1|TRANS|VPC-WEB||OUI|\r\nLIGNE|W 152 KN12 LK006|OS|972 SMOULDER|grande ','2015-11-21 23:31:59','2015-11-21 23:32:04'),(346,4807,'TRANS','OK','ENTETE|POITOU|WEB|2|TRANS|VPC-WEB||OUI|\r\nLIGNE|W 152 BL14 LF015|38|999 BLACK|TRENCH SHIRT - Taille : 38|845.00|1||0.00|\r\n\r\n','a:3:{i:0;a:5:{s:6:\"status\";s:2:\"OK\";s:2:\"id\";s:4:\"4807\";s:9:\"post_data\";s:123:\"ENTETE|POITOU|WEB|2|TRANS|VPC-WEB||OUI|\r\nLIGNE|W 152 BL14 LF015|38|999 BLACK|TRENCH SHIRT - Taille : 38|845.00|1||0.00|\r\n\r\n\";s:7:\"request\";s:236:\"compte=HOMEMADE&motpasse=h12589&magasin=WEB&enseigne=JINGHI&data=ENTETE%7CPOITOU%7CWEB%7C2%7CTRANS%7CVPC-WEB%7C%7COUI%7C%0D%0ALIGNE%7CW+152+BL14+LF015%7C38%7C999+BLACK%7CTRENCH+SHIRT+-+Taille+%3A+38%7C845.00%7C1%7C%7C0.00%7C%0D%0A%0D%0A\";s:5:\"error\";s:0:\"\";}i:1;a:5:{s:6:\"status\";s:2:\"OK\";s:2:\"id\";s:4:\"4808\";s:9:\"post_data\";s:122:\"ENTETE|POITOU|WEB|2|TRANS|VPC-WEB||OUI|\r\nLIGNE|W 152 JA19 LF015|36|475 BROWN|LONG JACKET - Taille : 36|995.00|1||0.00|\r\n\r\n\";s:7:\"request\";s:235:\"compte=HOMEMADE&motpasse=h12589&magasin=WEB&enseigne=JINGHI&data=ENTETE%7CPOITOU%7CWEB%7C2%7CTRANS%7CVPC-WEB%7C%7COUI%7C%0D%0ALIGNE%7CW+152+JA19+LF015%7C36%7C475+BROWN%7CLONG+JACKET+-+Taille+%3A+36%7C995.00%7C1%7C%7C0.00%7C%0D%0A%0D%0A\";s:5:\"error\";s:0:\"\";}i:2;a:5:{s:6:\"status\";s:2:\"OK\";s:2:\"id\";s:4:\"4809\";s:9:\"post_data\";s:332:\"ENTETE|WEB|1870.00|3|VENTE|VPC-WEB|4453|MY ADDRESS||||||||||||Presta : 346|\r\nLIGNE|W 152 JA19 LF015|36|475 BROWN|LONG JACKET - Taille : 36|995.00|1|0.00|995.00|||\r\nLIGNE|W 152 BL14 LF015|38|999 BLACK|TRENCH SHIRT - Taille : 38|845.00|1|0.00|845.00|||\r\nLIGNE|FP|||Livraison|30.00|1|0.00|30.00|||\r\nREGLEMENT|460|1870.00|||MDKXQCHAL|\r\n\";s:7:\"request\";s:541:\"compte=HOMEMADE&motpasse=h12589&magasin=WEB&enseigne=JINGHI&data=ENTETE%7CWEB%7C1870.00%7C3%7CVENTE%7CVPC-WEB%7C4453%7CMY+ADDRESS%7C%7C%7C%7C%7C%7C%7C%7C%7C%7C%7C%7CPresta+%3A+346%7C%0D%0ALIGNE%7CW+152+JA19+LF015%7C36%7C475+BROWN%7CLONG+JACKET+-+Taille+%3A+36%7C995.00%7C1%7C0.00%7C995.00%7C%7C%7C%0D%0ALIGNE%7CW+152+BL14+LF015%7C38%7C999+BLACK%7CTRENCH+SHIRT+-+Taille+%3A+38%7C845.00%7C1%7C0.00%7C845.00%7C%7C%7C%0D%0ALIGNE%7CFP%7C%7C%7CLivraison%7C30.00%7C1%7C0.00%7C30.00%7C%7C%7C%0D%0AREGLEMENT%7C460%7C1870.00%7C%7C%7CMDKXQCHAL%7C%0D%0A\";s:5:\"error\";s:0:\"\";}}','2015-11-24 17:50:20','2015-11-24 17:50:27'),(346,4808,'TRANS','OK','ENTETE|POITOU|WEB|2|TRANS|VPC-WEB||OUI|\r\nLIGNE|W 152 JA19 LF015|36|475 BROWN|LONG JACKET - Taille : 36|995.00|1||0.00|\r\n\r\n','a:3:{i:0;a:5:{s:6:\"status\";s:2:\"OK\";s:2:\"id\";s:4:\"4807\";s:9:\"post_data\";s:123:\"ENTETE|POITOU|WEB|2|TRANS|VPC-WEB||OUI|\r\nLIGNE|W 152 BL14 LF015|38|999 BLACK|TRENCH SHIRT - Taille : 38|845.00|1||0.00|\r\n\r\n\";s:7:\"request\";s:236:\"compte=HOMEMADE&motpasse=h12589&magasin=WEB&enseigne=JINGHI&data=ENTETE%7CPOITOU%7CWEB%7C2%7CTRANS%7CVPC-WEB%7C%7COUI%7C%0D%0ALIGNE%7CW+152+BL14+LF015%7C38%7C999+BLACK%7CTRENCH+SHIRT+-+Taille+%3A+38%7C845.00%7C1%7C%7C0.00%7C%0D%0A%0D%0A\";s:5:\"error\";s:0:\"\";}i:1;a:5:{s:6:\"status\";s:2:\"OK\";s:2:\"id\";s:4:\"4808\";s:9:\"post_data\";s:122:\"ENTETE|POITOU|WEB|2|TRANS|VPC-WEB||OUI|\r\nLIGNE|W 152 JA19 LF015|36|475 BROWN|LONG JACKET - Taille : 36|995.00|1||0.00|\r\n\r\n\";s:7:\"request\";s:235:\"compte=HOMEMADE&motpasse=h12589&magasin=WEB&enseigne=JINGHI&data=ENTETE%7CPOITOU%7CWEB%7C2%7CTRANS%7CVPC-WEB%7C%7COUI%7C%0D%0ALIGNE%7CW+152+JA19+LF015%7C36%7C475+BROWN%7CLONG+JACKET+-+Taille+%3A+36%7C995.00%7C1%7C%7C0.00%7C%0D%0A%0D%0A\";s:5:\"error\";s:0:\"\";}i:2;a:5:{s:6:\"status\";s:2:\"OK\";s:2:\"id\";s:4:\"4809\";s:9:\"post_data\";s:332:\"ENTETE|WEB|1870.00|3|VENTE|VPC-WEB|4453|MY ADDRESS||||||||||||Presta : 346|\r\nLIGNE|W 152 JA19 LF015|36|475 BROWN|LONG JACKET - Taille : 36|995.00|1|0.00|995.00|||\r\nLIGNE|W 152 BL14 LF015|38|999 BLACK|TRENCH SHIRT - Taille : 38|845.00|1|0.00|845.00|||\r\nLIGNE|FP|||Livraison|30.00|1|0.00|30.00|||\r\nREGLEMENT|460|1870.00|||MDKXQCHAL|\r\n\";s:7:\"request\";s:541:\"compte=HOMEMADE&motpasse=h12589&magasin=WEB&enseigne=JINGHI&data=ENTETE%7CWEB%7C1870.00%7C3%7CVENTE%7CVPC-WEB%7C4453%7CMY+ADDRESS%7C%7C%7C%7C%7C%7C%7C%7C%7C%7C%7C%7CPresta+%3A+346%7C%0D%0ALIGNE%7CW+152+JA19+LF015%7C36%7C475+BROWN%7CLONG+JACKET+-+Taille+%3A+36%7C995.00%7C1%7C0.00%7C995.00%7C%7C%7C%0D%0ALIGNE%7CW+152+BL14+LF015%7C38%7C999+BLACK%7CTRENCH+SHIRT+-+Taille+%3A+38%7C845.00%7C1%7C0.00%7C845.00%7C%7C%7C%0D%0ALIGNE%7CFP%7C%7C%7CLivraison%7C30.00%7C1%7C0.00%7C30.00%7C%7C%7C%0D%0AREGLEMENT%7C460%7C1870.00%7C%7C%7CMDKXQCHAL%7C%0D%0A\";s:5:\"error\";s:0:\"\";}}','2015-11-24 17:50:20','2015-11-24 17:50:27'),(346,4809,'VENTE','OK','ENTETE|WEB|1870.00|3|VENTE|VPC-WEB|4453|MY ADDRESS||||||||||||Presta : 346|\r\nLIGNE|W 152 JA19 LF015|36|475 BROWN|LONG JACKET - Taille : 36|995.00|1|0.00|995.00|||\r\nLIGNE|W 152 BL14 LF015|38|999 BLACK|TRENCH SHIRT - Taille : 38|845.00|1|0.00|845.00|||\r\nLIGNE|FP|||Livraison|30.00|1|0.00|30.00|||\r\nREGLEMENT|460|1870.00|||MDKXQCHAL|\r\n','a:3:{i:0;a:5:{s:6:\"status\";s:2:\"OK\";s:2:\"id\";s:4:\"4807\";s:9:\"post_data\";s:123:\"ENTETE|POITOU|WEB|2|TRANS|VPC-WEB||OUI|\r\nLIGNE|W 152 BL14 LF015|38|999 BLACK|TRENCH SHIRT - Taille : 38|845.00|1||0.00|\r\n\r\n\";s:7:\"request\";s:236:\"compte=HOMEMADE&motpasse=h12589&magasin=WEB&enseigne=JINGHI&data=ENTETE%7CPOITOU%7CWEB%7C2%7CTRANS%7CVPC-WEB%7C%7COUI%7C%0D%0ALIGNE%7CW+152+BL14+LF015%7C38%7C999+BLACK%7CTRENCH+SHIRT+-+Taille+%3A+38%7C845.00%7C1%7C%7C0.00%7C%0D%0A%0D%0A\";s:5:\"error\";s:0:\"\";}i:1;a:5:{s:6:\"status\";s:2:\"OK\";s:2:\"id\";s:4:\"4808\";s:9:\"post_data\";s:122:\"ENTETE|POITOU|WEB|2|TRANS|VPC-WEB||OUI|\r\nLIGNE|W 152 JA19 LF015|36|475 BROWN|LONG JACKET - Taille : 36|995.00|1||0.00|\r\n\r\n\";s:7:\"request\";s:235:\"compte=HOMEMADE&motpasse=h12589&magasin=WEB&enseigne=JINGHI&data=ENTETE%7CPOITOU%7CWEB%7C2%7CTRANS%7CVPC-WEB%7C%7COUI%7C%0D%0ALIGNE%7CW+152+JA19+LF015%7C36%7C475+BROWN%7CLONG+JACKET+-+Taille+%3A+36%7C995.00%7C1%7C%7C0.00%7C%0D%0A%0D%0A\";s:5:\"error\";s:0:\"\";}i:2;a:5:{s:6:\"status\";s:2:\"OK\";s:2:\"id\";s:4:\"4809\";s:9:\"post_data\";s:332:\"ENTETE|WEB|1870.00|3|VENTE|VPC-WEB|4453|MY ADDRESS||||||||||||Presta : 346|\r\nLIGNE|W 152 JA19 LF015|36|475 BROWN|LONG JACKET - Taille : 36|995.00|1|0.00|995.00|||\r\nLIGNE|W 152 BL14 LF015|38|999 BLACK|TRENCH SHIRT - Taille : 38|845.00|1|0.00|845.00|||\r\nLIGNE|FP|||Livraison|30.00|1|0.00|30.00|||\r\nREGLEMENT|460|1870.00|||MDKXQCHAL|\r\n\";s:7:\"request\";s:541:\"compte=HOMEMADE&motpasse=h12589&magasin=WEB&enseigne=JINGHI&data=ENTETE%7CWEB%7C1870.00%7C3%7CVENTE%7CVPC-WEB%7C4453%7CMY+ADDRESS%7C%7C%7C%7C%7C%7C%7C%7C%7C%7C%7C%7CPresta+%3A+346%7C%0D%0ALIGNE%7CW+152+JA19+LF015%7C36%7C475+BROWN%7CLONG+JACKET+-+Taille+%3A+36%7C995.00%7C1%7C0.00%7C995.00%7C%7C%7C%0D%0ALIGNE%7CW+152+BL14+LF015%7C38%7C999+BLACK%7CTRENCH+SHIRT+-+Taille+%3A+38%7C845.00%7C1%7C0.00%7C845.00%7C%7C%7C%0D%0ALIGNE%7CFP%7C%7C%7CLivraison%7C30.00%7C1%7C0.00%7C30.00%7C%7C%7C%0D%0AREGLEMENT%7C460%7C1870.00%7C%7C%7CMDKXQCHAL%7C%0D%0A\";s:5:\"error\";s:0:\"\";}}','2015-11-24 17:50:20','2015-11-24 17:50:27'),(347,4820,'TRANS','OK','ENTETE|POITOU|WEB|1|TRANS|VPC-WEB||OUI|\r\nLIGNE|W 152 SH26 LF024|40|001 CHALK|BLOUSE - Taille : 40|345.00|1||0.00|\r\n\r\n','a:2:{i:0;a:5:{s:6:\"status\";s:2:\"OK\";s:2:\"id\";s:4:\"4820\";s:9:\"post_data\";s:117:\"ENTETE|POITOU|WEB|1|TRANS|VPC-WEB||OUI|\r\nLIGNE|W 152 SH26 LF024|40|001 CHALK|BLOUSE - Taille : 40|345.00|1||0.00|\r\n\r\n\";s:7:\"request\";s:230:\"compte=HOMEMADE&motpasse=h12589&magasin=WEB&enseigne=JINGHI&data=ENTETE%7CPOITOU%7CWEB%7C1%7CTRANS%7CVPC-WEB%7C%7COUI%7C%0D%0ALIGNE%7CW+152+SH26+LF024%7C40%7C001+CHALK%7CBLOUSE+-+Taille+%3A+40%7C345.00%7C1%7C%7C0.00%7C%0D%0A%0D%0A\";s:5:\"error\";s:0:\"\";}i:1;a:5:{s:6:\"status\";s:2:\"OK\";s:2:\"id\";s:4:\"4821\";s:9:\"post_data\";s:300:\"ENTETE|WEB|271.50|3|VENTE|VPC-WEB|4446|MY ADDRESS||||||||||HT||Presta : 347|\r\nLIGNE|W 152 SH26 LF024|40|001 CHALK|BLOUSE - Taille : 40|345.00|1|0.00|345.00|||\r\nLIGNE|FID|||PRIVATE SALES AH1516 |-103.50|1|0.00|-103.50|||\r\nLIGNE|FP|||Livraison|30.00|1|0.00|30.00|||\r\nREGLEMENT|460|271.50|||ZKDMSDCVA|\r\n\";s:7:\"request\";s:507:\"compte=HOMEMADE&motpasse=h12589&magasin=WEB&enseigne=JINGHI&data=ENTETE%7CWEB%7C271.50%7C3%7CVENTE%7CVPC-WEB%7C4446%7CMY+ADDRESS%7C%7C%7C%7C%7C%7C%7C%7C%7C%7CHT%7C%7CPresta+%3A+347%7C%0D%0ALIGNE%7CW+152+SH26+LF024%7C40%7C001+CHALK%7CBLOUSE+-+Taille+%3A+40%7C345.00%7C1%7C0.00%7C345.00%7C%7C%7C%0D%0ALIGNE%7CFID%7C%7C%7CPRIVATE+SALES+AH1516+%7C-103.50%7C1%7C0.00%7C-103.50%7C%7C%7C%0D%0ALIGNE%7CFP%7C%7C%7CLivraison%7C30.00%7C1%7C0.00%7C30.00%7C%7C%7C%0D%0AREGLEMENT%7C460%7C271.50%7C%7C%7CZKDMSDCVA%7C%0D%0A\";s:5:\"error\";s:0:\"\";}}','2015-11-27 18:32:04','2015-11-27 18:32:09'),(347,4821,'VENTE','OK','ENTETE|WEB|271.50|3|VENTE|VPC-WEB|4446|MY ADDRESS||||||||||HT||Presta : 347|\r\nLIGNE|W 152 SH26 LF024|40|001 CHALK|BLOUSE - Taille : 40|345.00|1|0.00|345.00|||\r\nLIGNE|FID|||PRIVATE SALES AH1516 |-103.50|1|0.00|-103.50|||\r\nLIGNE|FP|||Livraison|30.00|1|0.00|30.00|||\r\nREGLEMENT|460|271.50|||ZKDMSDCVA|\r\n','a:2:{i:0;a:5:{s:6:\"status\";s:2:\"OK\";s:2:\"id\";s:4:\"4820\";s:9:\"post_data\";s:117:\"ENTETE|POITOU|WEB|1|TRANS|VPC-WEB||OUI|\r\nLIGNE|W 152 SH26 LF024|40|001 CHALK|BLOUSE - Taille : 40|345.00|1||0.00|\r\n\r\n\";s:7:\"request\";s:230:\"compte=HOMEMADE&motpasse=h12589&magasin=WEB&enseigne=JINGHI&data=ENTETE%7CPOITOU%7CWEB%7C1%7CTRANS%7CVPC-WEB%7C%7COUI%7C%0D%0ALIGNE%7CW+152+SH26+LF024%7C40%7C001+CHALK%7CBLOUSE+-+Taille+%3A+40%7C345.00%7C1%7C%7C0.00%7C%0D%0A%0D%0A\";s:5:\"error\";s:0:\"\";}i:1;a:5:{s:6:\"status\";s:2:\"OK\";s:2:\"id\";s:4:\"4821\";s:9:\"post_data\";s:300:\"ENTETE|WEB|271.50|3|VENTE|VPC-WEB|4446|MY ADDRESS||||||||||HT||Presta : 347|\r\nLIGNE|W 152 SH26 LF024|40|001 CHALK|BLOUSE - Taille : 40|345.00|1|0.00|345.00|||\r\nLIGNE|FID|||PRIVATE SALES AH1516 |-103.50|1|0.00|-103.50|||\r\nLIGNE|FP|||Livraison|30.00|1|0.00|30.00|||\r\nREGLEMENT|460|271.50|||ZKDMSDCVA|\r\n\";s:7:\"request\";s:507:\"compte=HOMEMADE&motpasse=h12589&magasin=WEB&enseigne=JINGHI&data=ENTETE%7CWEB%7C271.50%7C3%7CVENTE%7CVPC-WEB%7C4446%7CMY+ADDRESS%7C%7C%7C%7C%7C%7C%7C%7C%7C%7CHT%7C%7CPresta+%3A+347%7C%0D%0ALIGNE%7CW+152+SH26+LF024%7C40%7C001+CHALK%7CBLOUSE+-+Taille+%3A+40%7C345.00%7C1%7C0.00%7C345.00%7C%7C%7C%0D%0ALIGNE%7CFID%7C%7C%7CPRIVATE+SALES+AH1516+%7C-103.50%7C1%7C0.00%7C-103.50%7C%7C%7C%0D%0ALIGNE%7CFP%7C%7C%7CLivraison%7C30.00%7C1%7C0.00%7C30.00%7C%7C%7C%0D%0AREGLEMENT%7C460%7C271.50%7C%7C%7CZKDMSDCVA%7C%0D%0A\";s:5:\"error\";s:0:\"\";}}','2015-11-27 18:32:04','2015-11-27 18:32:09'),(348,4823,'TRANS','OK','ENTETE|POITOU|WEB|1|TRANS|VPC-WEB||OUI|\r\nLIGNE|M 152 SH02 LF024|50|795 MIDNIGHT BLUE|Long shirt - Taille : 50|325.00|1||0.00|\r\n\r\n','a:2:{i:0;a:5:{s:6:\"status\";s:2:\"OK\";s:2:\"id\";s:4:\"4823\";s:9:\"post_data\";s:129:\"ENTETE|POITOU|WEB|1|TRANS|VPC-WEB||OUI|\r\nLIGNE|M 152 SH02 LF024|50|795 MIDNIGHT BLUE|Long shirt - Taille : 50|325.00|1||0.00|\r\n\r\n\";s:7:\"request\";s:242:\"compte=HOMEMADE&motpasse=h12589&magasin=WEB&enseigne=JINGHI&data=ENTETE%7CPOITOU%7CWEB%7C1%7CTRANS%7CVPC-WEB%7C%7COUI%7C%0D%0ALIGNE%7CM+152+SH02+LF024%7C50%7C795+MIDNIGHT+BLUE%7CLong+shirt+-+Taille+%3A+50%7C325.00%7C1%7C%7C0.00%7C%0D%0A%0D%0A\";s:5:\"error\";s:0:\"\";}i:1;a:5:{s:6:\"status\";s:2:\"OK\";s:2:\"id\";s:4:\"4824\";s:9:\"post_data\";s:308:\"ENTETE|WEB|242.50|3|VENTE|VPC-WEB|4494|MY ADDRESS||||||||||||Presta : 348|\r\nLIGNE|M 152 SH02 LF024|50|795 MIDNIGHT BLUE|Long shirt - Taille : 50|325.00|1|0.00|325.00|||\r\nLIGNE|FID|||PRIVATE SALES AH1516 |-97.50|1|0.00|-97.50|||\r\nLIGNE|FP|||Livraison|15.00|1|0.00|15.00|||\r\nREGLEMENT|460|242.50|||QAQQYVLBT|\r\n\";s:7:\"request\";s:515:\"compte=HOMEMADE&motpasse=h12589&magasin=WEB&enseigne=JINGHI&data=ENTETE%7CWEB%7C242.50%7C3%7CVENTE%7CVPC-WEB%7C4494%7CMY+ADDRESS%7C%7C%7C%7C%7C%7C%7C%7C%7C%7C%7C%7CPresta+%3A+348%7C%0D%0ALIGNE%7CM+152+SH02+LF024%7C50%7C795+MIDNIGHT+BLUE%7CLong+shirt+-+Taille+%3A+50%7C325.00%7C1%7C0.00%7C325.00%7C%7C%7C%0D%0ALIGNE%7CFID%7C%7C%7CPRIVATE+SALES+AH1516+%7C-97.50%7C1%7C0.00%7C-97.50%7C%7C%7C%0D%0ALIGNE%7CFP%7C%7C%7CLivraison%7C15.00%7C1%7C0.00%7C15.00%7C%7C%7C%0D%0AREGLEMENT%7C460%7C242.50%7C%7C%7CQAQQYVLBT%7C%0D%0A\";s:5:\"error\";s:0:\"\";}}','2015-11-27 19:00:27','2015-11-27 19:00:29'),(348,4824,'VENTE','OK','ENTETE|WEB|242.50|3|VENTE|VPC-WEB|4494|MY ADDRESS||||||||||||Presta : 348|\r\nLIGNE|M 152 SH02 LF024|50|795 MIDNIGHT BLUE|Long shirt - Taille : 50|325.00|1|0.00|325.00|||\r\nLIGNE|FID|||PRIVATE SALES AH1516 |-97.50|1|0.00|-97.50|||\r\nLIGNE|FP|||Livraison|15.00|1|0.00|15.00|||\r\nREGLEMENT|460|242.50|||QAQQYVLBT|\r\n','a:2:{i:0;a:5:{s:6:\"status\";s:2:\"OK\";s:2:\"id\";s:4:\"4823\";s:9:\"post_data\";s:129:\"ENTETE|POITOU|WEB|1|TRANS|VPC-WEB||OUI|\r\nLIGNE|M 152 SH02 LF024|50|795 MIDNIGHT BLUE|Long shirt - Taille : 50|325.00|1||0.00|\r\n\r\n\";s:7:\"request\";s:242:\"compte=HOMEMADE&motpasse=h12589&magasin=WEB&enseigne=JINGHI&data=ENTETE%7CPOITOU%7CWEB%7C1%7CTRANS%7CVPC-WEB%7C%7COUI%7C%0D%0ALIGNE%7CM+152+SH02+LF024%7C50%7C795+MIDNIGHT+BLUE%7CLong+shirt+-+Taille+%3A+50%7C325.00%7C1%7C%7C0.00%7C%0D%0A%0D%0A\";s:5:\"error\";s:0:\"\";}i:1;a:5:{s:6:\"status\";s:2:\"OK\";s:2:\"id\";s:4:\"4824\";s:9:\"post_data\";s:308:\"ENTETE|WEB|242.50|3|VENTE|VPC-WEB|4494|MY ADDRESS||||||||||||Presta : 348|\r\nLIGNE|M 152 SH02 LF024|50|795 MIDNIGHT BLUE|Long shirt - Taille : 50|325.00|1|0.00|325.00|||\r\nLIGNE|FID|||PRIVATE SALES AH1516 |-97.50|1|0.00|-97.50|||\r\nLIGNE|FP|||Livraison|15.00|1|0.00|15.00|||\r\nREGLEMENT|460|242.50|||QAQQYVLBT|\r\n\";s:7:\"request\";s:515:\"compte=HOMEMADE&motpasse=h12589&magasin=WEB&enseigne=JINGHI&data=ENTETE%7CWEB%7C242.50%7C3%7CVENTE%7CVPC-WEB%7C4494%7CMY+ADDRESS%7C%7C%7C%7C%7C%7C%7C%7C%7C%7C%7C%7CPresta+%3A+348%7C%0D%0ALIGNE%7CM+152+SH02+LF024%7C50%7C795+MIDNIGHT+BLUE%7CLong+shirt+-+Taille+%3A+50%7C325.00%7C1%7C0.00%7C325.00%7C%7C%7C%0D%0ALIGNE%7CFID%7C%7C%7CPRIVATE+SALES+AH1516+%7C-97.50%7C1%7C0.00%7C-97.50%7C%7C%7C%0D%0ALIGNE%7CFP%7C%7C%7CLivraison%7C15.00%7C1%7C0.00%7C15.00%7C%7C%7C%0D%0AREGLEMENT%7C460%7C242.50%7C%7C%7CQAQQYVLBT%7C%0D%0A\";s:5:\"error\";s:0:\"\";}}','2015-11-27 19:00:27','2015-11-27 19:00:29'),(349,4825,'TRANS','OK','ENTETE|POITOU|WEB|6|TRANS|VPC-WEB||OUI|\r\nLIGNE|W 153 DR12 LF045|36|795 MIDNIGHT BLUE|FLARED DRESS WITH TROMPE - Taille : 36|1350.00|1||0.00|\r\n\r\n','a:7:{i:0;a:5:{s:6:\"status\";s:2:\"OK\";s:2:\"id\";s:4:\"4825\";s:9:\"post_data\";s:144:\"ENTETE|POITOU|WEB|6|TRANS|VPC-WEB||OUI|\r\nLIGNE|W 153 DR12 LF045|36|795 MIDNIGHT BLUE|FLARED DRESS WITH TROMPE - Taille : 36|1350.00|1||0.00|\r\n\r\n\";s:7:\"request\";s:257:\"compte=HOMEMADE&motpasse=h12589&magasin=WEB&enseigne=JINGHI&data=ENTETE%7CPOITOU%7CWEB%7C6%7CTRANS%7CVPC-WEB%7C%7COUI%7C%0D%0ALIGNE%7CW+153+DR12+LF045%7C36%7C795+MIDNIGHT+BLUE%7CFLARED+DRESS+WITH+TROMPE+-+Taille+%3A+36%7C1350.00%7C1%7C%7C0.00%7C%0D%0A%0D%0A\";s:5:\"error\";s:0:\"\";}i:1;a:5:{s:6:\"status\";s:2:\"OK\";s:2:\"id\";s:4:\"4826\";s:9:\"post_data\";s:125:\"ENTETE|POITOU|WEB|6|TRANS|VPC-WEB||OUI|\r\nLIGNE|W 152 SH26 LF024|38|795 MIDNIGHT BLUE|BLOUSE - Taille : 38|320.00|1||0.00|\r\n\r\n\";s:7:\"request\";s:238:\"compte=HOMEMADE&motpasse=h12589&magasin=WEB&enseigne=JINGHI&data=ENTETE%7CPOITOU%7CWEB%7C6%7CTRANS%7CVPC-WEB%7C%7COUI%7C%0D%0ALIGNE%7CW+152+SH26+LF024%7C38%7C795+MIDNIGHT+BLUE%7CBLOUSE+-+Taille+%3A+38%7C320.00%7C1%7C%7C0.00%7C%0D%0A%0D%0A\";s:5:\"error\";s:0:\"\";}i:2;a:5:{s:6:\"status\";s:2:\"OK\";s:2:\"id\";s:4:\"4827\";s:9:\"post_data\";s:117:\"ENTETE|POITOU|WEB|6|TRANS|VPC-WEB||OUI|\r\nLIGNE|W 152 SH26 LF024|38|001 CHALK|BLOUSE - Taille : 38|320.00|1||0.00|\r\n\r\n\";s:7:\"request\";s:230:\"compte=HOMEMADE&motpasse=h12589&magasin=WEB&enseigne=JINGHI&data=ENTETE%7CPOITOU%7CWEB%7C6%7CTRANS%7CVPC-WEB%7C%7COUI%7C%0D%0ALIGNE%7CW+152+SH26+LF024%7C38%7C001+CHALK%7CBLOUSE+-+Taille+%3A+38%7C320.00%7C1%7C%7C0.00%7C%0D%0A%0D%0A\";s:5:\"error\";s:0:\"\";}i:3;a:5:{s:6:\"status\";s:2:\"OK\";s:2:\"id\";s:4:\"4828\";s:9:\"post_data\";s:128:\"ENTETE|POITOU|WEB|6|TRANS|VPC-WEB||OUI|\r\nLIGNE|W 153 DR06 LF016|36|966 ANTHRACITE|TRENCH DRESS - Taille : 36|995.00|1||0.00|\r\n\r\n\";s:7:\"request\";s:241:\"compte=HOMEMADE&motpasse=h12589&magasin=WEB&enseigne=JINGHI&data=ENTETE%7CPOITOU%7CWEB%7C6%7CTRANS%7CVPC-WEB%7C%7COUI%7C%0D%0ALIGNE%7CW+153+DR06+LF016%7C36%7C966+ANTHRACITE%7CTRENCH+DRESS+-+Taille+%3A+36%7C995.00%7C1%7C%7C0.00%7C%0D%0A%0D%0A\";s:5:\"error\";s:0:\"\";}i:4;a:5:{s:6:\"status\";s:2:\"OK\";s:2:\"id\";s:4:\"4829\";s:9:\"post_data\";s:125:\"ENTETE|POITOU|WEB|6|TRANS|VPC-WEB||OUI|\r\nLIGNE|W 152 KN11 LK004|OS|690 LICHEN|KNITTED SCARF - Taille : OS|495.00|1||0.00|\r\n\r\n\";s:7:\"request\";s:238:\"compte=HOMEMADE&motpasse=h12589&magasin=WEB&enseigne=JINGHI&data=ENTETE%7CPOITOU%7CWEB%7C6%7CTRANS%7CVPC-WEB%7C%7COUI%7C%0D%0ALIGNE%7CW+152+KN11+LK004%7COS%7C690+LICHEN%7CKNITTED+SCARF+-+Taille+%3A+OS%7C495.00%7C1%7C%7C0.00%7C%0D%0A%0D%0A\";s:5:\"error\";s:0:\"\";}i:5;a:5:{s:6:\"status\";s:2:\"OK\";s:2:\"id\";s:4:\"4830\";s:9:\"post_data\";s:132:\"ENTETE|POITOU|WEB|6|TRANS|VPC-WEB||OUI|\r\nLIGNE|W 153 KN16 LK002|  S|687 OLIVE|HIGH NECK RIB SWEATER - Taille : S|640.00|1||0.00|\r\n\r\n\";s:7:\"request\";s:245:\"compte=HOMEMADE&motpasse=h12589&magasin=WEB&enseigne=JINGHI&data=ENTETE%7CPOITOU%7CWEB%7C6%7CTRANS%7CVPC-WEB%7C%7COUI%7C%0D%0ALIGNE%7CW+153+KN16+LK002%7C++S%7C687+OLIVE%7CHIGH+NECK+RIB+SWEATER+-+Taille+%3A+S%7C640.00%7C1%7C%7C0.00%7C%0D%0A%0D%0A\";s:5:\"error\";s:0:\"\";}i:6;a:5:{s:6:\"status\";s:2:\"OK\";s:2:\"id\";s:4:\"4831\";s:9:\"post_data\";s:782:\"ENTETE|WEB|2914.00|8|VENTE|VPC-WEB|4453|MY ADDRESS||||||||||||Presta : 349|\r\nLIGNE|W 153 KN16 LK002|  S|687 OLIVE|HIGH NECK RIB SWEATER - Taille : S|640.00|1|0.00|640.00|||\r\nLIGNE|W 152 KN11 LK004|OS|690 LICHEN|KNITTED SCARF - Taille : OS|495.00|1|0.00|495.00|||\r\nLIGNE|W 153 DR06 LF016|36|966 ANTHRACITE|TRENCH DRESS - Taille : 36|995.00|1|0.00|995.00|||\r\nLIGNE|W 152 SH26 LF024|38|001 CHALK|BLOUSE - Taille : 38|320.00|1|0.00|320.00|||\r\nLIGNE|W 152 SH26 LF024|38|795 MIDNIGHT BLUE|BLOUSE - Taille : 38|320.00|1|0.00|320.00|||\r\nLIGNE|W 153 DR12 LF045|36|795 MIDNIGHT BLUE|FLARED DRESS WITH TROMPE - Taille : 36|1350.00|1|0.00|1350.00|||\r\nLIGNE|FID|||PRIVATE SALES AH1516 |-1236.00|1|0.00|-1236.00|||\r\nLIGNE|FP|||Livraison|30.00|1|0.00|30.00|||\r\nREGLEMENT|460|2914.00|||UXVGMDWGR|\r\n\";s:7:\"request\";s:1129:\"compte=HOMEMADE&motpasse=h12589&magasin=WEB&enseigne=JINGHI&data=ENTETE%7CWEB%7C2914.00%7C8%7CVENTE%7CVPC-WEB%7C4453%7CMY+ADDRESS%7C%7C%7C%7C%7C%7C%7C%7C%7C%7C%7C%7CPresta+%3A+349%7C%0D%0ALIGNE%7CW+153+KN16+LK002%7C++S%7C687+OLIVE%7CHIGH+NECK+RIB+SWEATER+-+Taille+%3A+S%7C640.00%7C1%7C0.00%7C640.00%7C%7C%7C%0D%0ALIGNE%7CW+152+KN11+LK004%7COS%7C690+LICHEN%7CKNITTED+SCARF+-+Taille+%3A+OS%7C495.00%7C1%7C0.00%7C495.00%7C%7C%7C%0D%0ALIGNE%7CW+153+DR06+LF016%7C36%7C966+ANTHRACITE%7CTRENCH+DRESS+-+Taille+%3A+36%7C995.00%7C1%7C0.00%7C995.00%7C%7C%7C%0D%0ALIGNE%7CW+152+SH26+LF024%7C38%7C001+CHALK%7CBLOUSE+-+Taille+%3A+38%7C320.00%7C1%7C0.00%7C320.00%7C%7C%7C%0D%0ALIGNE%7CW+152+SH26+LF024%7C38%7C795+MIDNIGHT+BLUE%7CBLOUSE+-+Taille+%3A+38%7C320.00%7C1%7C0.00%7C320.00%7C%7C%7C%0D%0ALIGNE%7CW+153+DR12+LF045%7C36%7C795+MIDNIGHT+BLUE%7CFLARED+DRESS+WITH+TROMPE+-+Taille+%3A+36%7C1350.00%7C1%7C0.00%7C1350.00%7C%7C%7C%0D%0ALIGNE%7CFID%7C%7C%7CPRIVATE+SALES+AH1516+%7C-1236.00%7C1%7C0.00%7C-1236.00%7C%7C%7C%0D%0ALIGNE%7CFP%7C%7C%7CLivraison%7C30.00%7C1%7C0.00%7C30.00%7C%7C%7C%0D%0AREGLEMENT%7C460%7C2914.00%7C%7C%7CUXVGMDWGR%7C%0D%0A\";s:5:\"error\";s:0:\"\";}}','2015-11-27 19:16:15','2015-11-27 19:16:21'),(349,4826,'TRANS','OK','ENTETE|POITOU|WEB|6|TRANS|VPC-WEB||OUI|\r\nLIGNE|W 152 SH26 LF024|38|795 MIDNIGHT BLUE|BLOUSE - Taille : 38|320.00|1||0.00|\r\n\r\n','a:7:{i:0;a:5:{s:6:\"status\";s:2:\"OK\";s:2:\"id\";s:4:\"4825\";s:9:\"post_data\";s:144:\"ENTETE|POITOU|WEB|6|TRANS|VPC-WEB||OUI|\r\nLIGNE|W 153 DR12 LF045|36|795 MIDNIGHT BLUE|FLARED DRESS WITH TROMPE - Taille : 36|1350.00|1||0.00|\r\n\r\n\";s:7:\"request\";s:257:\"compte=HOMEMADE&motpasse=h12589&magasin=WEB&enseigne=JINGHI&data=ENTETE%7CPOITOU%7CWEB%7C6%7CTRANS%7CVPC-WEB%7C%7COUI%7C%0D%0ALIGNE%7CW+153+DR12+LF045%7C36%7C795+MIDNIGHT+BLUE%7CFLARED+DRESS+WITH+TROMPE+-+Taille+%3A+36%7C1350.00%7C1%7C%7C0.00%7C%0D%0A%0D%0A\";s:5:\"error\";s:0:\"\";}i:1;a:5:{s:6:\"status\";s:2:\"OK\";s:2:\"id\";s:4:\"4826\";s:9:\"post_data\";s:125:\"ENTETE|POITOU|WEB|6|TRANS|VPC-WEB||OUI|\r\nLIGNE|W 152 SH26 LF024|38|795 MIDNIGHT BLUE|BLOUSE - Taille : 38|320.00|1||0.00|\r\n\r\n\";s:7:\"request\";s:238:\"compte=HOMEMADE&motpasse=h12589&magasin=WEB&enseigne=JINGHI&data=ENTETE%7CPOITOU%7CWEB%7C6%7CTRANS%7CVPC-WEB%7C%7COUI%7C%0D%0ALIGNE%7CW+152+SH26+LF024%7C38%7C795+MIDNIGHT+BLUE%7CBLOUSE+-+Taille+%3A+38%7C320.00%7C1%7C%7C0.00%7C%0D%0A%0D%0A\";s:5:\"error\";s:0:\"\";}i:2;a:5:{s:6:\"status\";s:2:\"OK\";s:2:\"id\";s:4:\"4827\";s:9:\"post_data\";s:117:\"ENTETE|POITOU|WEB|6|TRANS|VPC-WEB||OUI|\r\nLIGNE|W 152 SH26 LF024|38|001 CHALK|BLOUSE - Taille : 38|320.00|1||0.00|\r\n\r\n\";s:7:\"request\";s:230:\"compte=HOMEMADE&motpasse=h12589&magasin=WEB&enseigne=JINGHI&data=ENTETE%7CPOITOU%7CWEB%7C6%7CTRANS%7CVPC-WEB%7C%7COUI%7C%0D%0ALIGNE%7CW+152+SH26+LF024%7C38%7C001+CHALK%7CBLOUSE+-+Taille+%3A+38%7C320.00%7C1%7C%7C0.00%7C%0D%0A%0D%0A\";s:5:\"error\";s:0:\"\";}i:3;a:5:{s:6:\"status\";s:2:\"OK\";s:2:\"id\";s:4:\"4828\";s:9:\"post_data\";s:128:\"ENTETE|POITOU|WEB|6|TRANS|VPC-WEB||OUI|\r\nLIGNE|W 153 DR06 LF016|36|966 ANTHRACITE|TRENCH DRESS - Taille : 36|995.00|1||0.00|\r\n\r\n\";s:7:\"request\";s:241:\"compte=HOMEMADE&motpasse=h12589&magasin=WEB&enseigne=JINGHI&data=ENTETE%7CPOITOU%7CWEB%7C6%7CTRANS%7CVPC-WEB%7C%7COUI%7C%0D%0ALIGNE%7CW+153+DR06+LF016%7C36%7C966+ANTHRACITE%7CTRENCH+DRESS+-+Taille+%3A+36%7C995.00%7C1%7C%7C0.00%7C%0D%0A%0D%0A\";s:5:\"error\";s:0:\"\";}i:4;a:5:{s:6:\"status\";s:2:\"OK\";s:2:\"id\";s:4:\"4829\";s:9:\"post_data\";s:125:\"ENTETE|POITOU|WEB|6|TRANS|VPC-WEB||OUI|\r\nLIGNE|W 152 KN11 LK004|OS|690 LICHEN|KNITTED SCARF - Taille : OS|495.00|1||0.00|\r\n\r\n\";s:7:\"request\";s:238:\"compte=HOMEMADE&motpasse=h12589&magasin=WEB&enseigne=JINGHI&data=ENTETE%7CPOITOU%7CWEB%7C6%7CTRANS%7CVPC-WEB%7C%7COUI%7C%0D%0ALIGNE%7CW+152+KN11+LK004%7COS%7C690+LICHEN%7CKNITTED+SCARF+-+Taille+%3A+OS%7C495.00%7C1%7C%7C0.00%7C%0D%0A%0D%0A\";s:5:\"error\";s:0:\"\";}i:5;a:5:{s:6:\"status\";s:2:\"OK\";s:2:\"id\";s:4:\"4830\";s:9:\"post_data\";s:132:\"ENTETE|POITOU|WEB|6|TRANS|VPC-WEB||OUI|\r\nLIGNE|W 153 KN16 LK002|  S|687 OLIVE|HIGH NECK RIB SWEATER - Taille : S|640.00|1||0.00|\r\n\r\n\";s:7:\"request\";s:245:\"compte=HOMEMADE&motpasse=h12589&magasin=WEB&enseigne=JINGHI&data=ENTETE%7CPOITOU%7CWEB%7C6%7CTRANS%7CVPC-WEB%7C%7COUI%7C%0D%0ALIGNE%7CW+153+KN16+LK002%7C++S%7C687+OLIVE%7CHIGH+NECK+RIB+SWEATER+-+Taille+%3A+S%7C640.00%7C1%7C%7C0.00%7C%0D%0A%0D%0A\";s:5:\"error\";s:0:\"\";}i:6;a:5:{s:6:\"status\";s:2:\"OK\";s:2:\"id\";s:4:\"4831\";s:9:\"post_data\";s:782:\"ENTETE|WEB|2914.00|8|VENTE|VPC-WEB|4453|MY ADDRESS||||||||||||Presta : 349|\r\nLIGNE|W 153 KN16 LK002|  S|687 OLIVE|HIGH NECK RIB SWEATER - Taille : S|640.00|1|0.00|640.00|||\r\nLIGNE|W 152 KN11 LK004|OS|690 LICHEN|KNITTED SCARF - Taille : OS|495.00|1|0.00|495.00|||\r\nLIGNE|W 153 DR06 LF016|36|966 ANTHRACITE|TRENCH DRESS - Taille : 36|995.00|1|0.00|995.00|||\r\nLIGNE|W 152 SH26 LF024|38|001 CHALK|BLOUSE - Taille : 38|320.00|1|0.00|320.00|||\r\nLIGNE|W 152 SH26 LF024|38|795 MIDNIGHT BLUE|BLOUSE - Taille : 38|320.00|1|0.00|320.00|||\r\nLIGNE|W 153 DR12 LF045|36|795 MIDNIGHT BLUE|FLARED DRESS WITH TROMPE - Taille : 36|1350.00|1|0.00|1350.00|||\r\nLIGNE|FID|||PRIVATE SALES AH1516 |-1236.00|1|0.00|-1236.00|||\r\nLIGNE|FP|||Livraison|30.00|1|0.00|30.00|||\r\nREGLEMENT|460|2914.00|||UXVGMDWGR|\r\n\";s:7:\"request\";s:1129:\"compte=HOMEMADE&motpasse=h12589&magasin=WEB&enseigne=JINGHI&data=ENTETE%7CWEB%7C2914.00%7C8%7CVENTE%7CVPC-WEB%7C4453%7CMY+ADDRESS%7C%7C%7C%7C%7C%7C%7C%7C%7C%7C%7C%7CPresta+%3A+349%7C%0D%0ALIGNE%7CW+153+KN16+LK002%7C++S%7C687+OLIVE%7CHIGH+NECK+RIB+SWEATER+-+Taille+%3A+S%7C640.00%7C1%7C0.00%7C640.00%7C%7C%7C%0D%0ALIGNE%7CW+152+KN11+LK004%7COS%7C690+LICHEN%7CKNITTED+SCARF+-+Taille+%3A+OS%7C495.00%7C1%7C0.00%7C495.00%7C%7C%7C%0D%0ALIGNE%7CW+153+DR06+LF016%7C36%7C966+ANTHRACITE%7CTRENCH+DRESS+-+Taille+%3A+36%7C995.00%7C1%7C0.00%7C995.00%7C%7C%7C%0D%0ALIGNE%7CW+152+SH26+LF024%7C38%7C001+CHALK%7CBLOUSE+-+Taille+%3A+38%7C320.00%7C1%7C0.00%7C320.00%7C%7C%7C%0D%0ALIGNE%7CW+152+SH26+LF024%7C38%7C795+MIDNIGHT+BLUE%7CBLOUSE+-+Taille+%3A+38%7C320.00%7C1%7C0.00%7C320.00%7C%7C%7C%0D%0ALIGNE%7CW+153+DR12+LF045%7C36%7C795+MIDNIGHT+BLUE%7CFLARED+DRESS+WITH+TROMPE+-+Taille+%3A+36%7C1350.00%7C1%7C0.00%7C1350.00%7C%7C%7C%0D%0ALIGNE%7CFID%7C%7C%7CPRIVATE+SALES+AH1516+%7C-1236.00%7C1%7C0.00%7C-1236.00%7C%7C%7C%0D%0ALIGNE%7CFP%7C%7C%7CLivraison%7C30.00%7C1%7C0.00%7C30.00%7C%7C%7C%0D%0AREGLEMENT%7C460%7C2914.00%7C%7C%7CUXVGMDWGR%7C%0D%0A\";s:5:\"error\";s:0:\"\";}}','2015-11-27 19:16:15','2015-11-27 19:16:21'),(349,4827,'TRANS','OK','ENTETE|POITOU|WEB|6|TRANS|VPC-WEB||OUI|\r\nLIGNE|W 152 SH26 LF024|38|001 CHALK|BLOUSE - Taille : 38|320.00|1||0.00|\r\n\r\n','a:7:{i:0;a:5:{s:6:\"status\";s:2:\"OK\";s:2:\"id\";s:4:\"4825\";s:9:\"post_data\";s:144:\"ENTETE|POITOU|WEB|6|TRANS|VPC-WEB||OUI|\r\nLIGNE|W 153 DR12 LF045|36|795 MIDNIGHT BLUE|FLARED DRESS WITH TROMPE - Taille : 36|1350.00|1||0.00|\r\n\r\n\";s:7:\"request\";s:257:\"compte=HOMEMADE&motpasse=h12589&magasin=WEB&enseigne=JINGHI&data=ENTETE%7CPOITOU%7CWEB%7C6%7CTRANS%7CVPC-WEB%7C%7COUI%7C%0D%0ALIGNE%7CW+153+DR12+LF045%7C36%7C795+MIDNIGHT+BLUE%7CFLARED+DRESS+WITH+TROMPE+-+Taille+%3A+36%7C1350.00%7C1%7C%7C0.00%7C%0D%0A%0D%0A\";s:5:\"error\";s:0:\"\";}i:1;a:5:{s:6:\"status\";s:2:\"OK\";s:2:\"id\";s:4:\"4826\";s:9:\"post_data\";s:125:\"ENTETE|POITOU|WEB|6|TRANS|VPC-WEB||OUI|\r\nLIGNE|W 152 SH26 LF024|38|795 MIDNIGHT BLUE|BLOUSE - Taille : 38|320.00|1||0.00|\r\n\r\n\";s:7:\"request\";s:238:\"compte=HOMEMADE&motpasse=h12589&magasin=WEB&enseigne=JINGHI&data=ENTETE%7CPOITOU%7CWEB%7C6%7CTRANS%7CVPC-WEB%7C%7COUI%7C%0D%0ALIGNE%7CW+152+SH26+LF024%7C38%7C795+MIDNIGHT+BLUE%7CBLOUSE+-+Taille+%3A+38%7C320.00%7C1%7C%7C0.00%7C%0D%0A%0D%0A\";s:5:\"error\";s:0:\"\";}i:2;a:5:{s:6:\"status\";s:2:\"OK\";s:2:\"id\";s:4:\"4827\";s:9:\"post_data\";s:117:\"ENTETE|POITOU|WEB|6|TRANS|VPC-WEB||OUI|\r\nLIGNE|W 152 SH26 LF024|38|001 CHALK|BLOUSE - Taille : 38|320.00|1||0.00|\r\n\r\n\";s:7:\"request\";s:230:\"compte=HOMEMADE&motpasse=h12589&magasin=WEB&enseigne=JINGHI&data=ENTETE%7CPOITOU%7CWEB%7C6%7CTRANS%7CVPC-WEB%7C%7COUI%7C%0D%0ALIGNE%7CW+152+SH26+LF024%7C38%7C001+CHALK%7CBLOUSE+-+Taille+%3A+38%7C320.00%7C1%7C%7C0.00%7C%0D%0A%0D%0A\";s:5:\"error\";s:0:\"\";}i:3;a:5:{s:6:\"status\";s:2:\"OK\";s:2:\"id\";s:4:\"4828\";s:9:\"post_data\";s:128:\"ENTETE|POITOU|WEB|6|TRANS|VPC-WEB||OUI|\r\nLIGNE|W 153 DR06 LF016|36|966 ANTHRACITE|TRENCH DRESS - Taille : 36|995.00|1||0.00|\r\n\r\n\";s:7:\"request\";s:241:\"compte=HOMEMADE&motpasse=h12589&magasin=WEB&enseigne=JINGHI&data=ENTETE%7CPOITOU%7CWEB%7C6%7CTRANS%7CVPC-WEB%7C%7COUI%7C%0D%0ALIGNE%7CW+153+DR06+LF016%7C36%7C966+ANTHRACITE%7CTRENCH+DRESS+-+Taille+%3A+36%7C995.00%7C1%7C%7C0.00%7C%0D%0A%0D%0A\";s:5:\"error\";s:0:\"\";}i:4;a:5:{s:6:\"status\";s:2:\"OK\";s:2:\"id\";s:4:\"4829\";s:9:\"post_data\";s:125:\"ENTETE|POITOU|WEB|6|TRANS|VPC-WEB||OUI|\r\nLIGNE|W 152 KN11 LK004|OS|690 LICHEN|KNITTED SCARF - Taille : OS|495.00|1||0.00|\r\n\r\n\";s:7:\"request\";s:238:\"compte=HOMEMADE&motpasse=h12589&magasin=WEB&enseigne=JINGHI&data=ENTETE%7CPOITOU%7CWEB%7C6%7CTRANS%7CVPC-WEB%7C%7COUI%7C%0D%0ALIGNE%7CW+152+KN11+LK004%7COS%7C690+LICHEN%7CKNITTED+SCARF+-+Taille+%3A+OS%7C495.00%7C1%7C%7C0.00%7C%0D%0A%0D%0A\";s:5:\"error\";s:0:\"\";}i:5;a:5:{s:6:\"status\";s:2:\"OK\";s:2:\"id\";s:4:\"4830\";s:9:\"post_data\";s:132:\"ENTETE|POITOU|WEB|6|TRANS|VPC-WEB||OUI|\r\nLIGNE|W 153 KN16 LK002|  S|687 OLIVE|HIGH NECK RIB SWEATER - Taille : S|640.00|1||0.00|\r\n\r\n\";s:7:\"request\";s:245:\"compte=HOMEMADE&motpasse=h12589&magasin=WEB&enseigne=JINGHI&data=ENTETE%7CPOITOU%7CWEB%7C6%7CTRANS%7CVPC-WEB%7C%7COUI%7C%0D%0ALIGNE%7CW+153+KN16+LK002%7C++S%7C687+OLIVE%7CHIGH+NECK+RIB+SWEATER+-+Taille+%3A+S%7C640.00%7C1%7C%7C0.00%7C%0D%0A%0D%0A\";s:5:\"error\";s:0:\"\";}i:6;a:5:{s:6:\"status\";s:2:\"OK\";s:2:\"id\";s:4:\"4831\";s:9:\"post_data\";s:782:\"ENTETE|WEB|2914.00|8|VENTE|VPC-WEB|4453|MY ADDRESS||||||||||||Presta : 349|\r\nLIGNE|W 153 KN16 LK002|  S|687 OLIVE|HIGH NECK RIB SWEATER - Taille : S|640.00|1|0.00|640.00|||\r\nLIGNE|W 152 KN11 LK004|OS|690 LICHEN|KNITTED SCARF - Taille : OS|495.00|1|0.00|495.00|||\r\nLIGNE|W 153 DR06 LF016|36|966 ANTHRACITE|TRENCH DRESS - Taille : 36|995.00|1|0.00|995.00|||\r\nLIGNE|W 152 SH26 LF024|38|001 CHALK|BLOUSE - Taille : 38|320.00|1|0.00|320.00|||\r\nLIGNE|W 152 SH26 LF024|38|795 MIDNIGHT BLUE|BLOUSE - Taille : 38|320.00|1|0.00|320.00|||\r\nLIGNE|W 153 DR12 LF045|36|795 MIDNIGHT BLUE|FLARED DRESS WITH TROMPE - Taille : 36|1350.00|1|0.00|1350.00|||\r\nLIGNE|FID|||PRIVATE SALES AH1516 |-1236.00|1|0.00|-1236.00|||\r\nLIGNE|FP|||Livraison|30.00|1|0.00|30.00|||\r\nREGLEMENT|460|2914.00|||UXVGMDWGR|\r\n\";s:7:\"request\";s:1129:\"compte=HOMEMADE&motpasse=h12589&magasin=WEB&enseigne=JINGHI&data=ENTETE%7CWEB%7C2914.00%7C8%7CVENTE%7CVPC-WEB%7C4453%7CMY+ADDRESS%7C%7C%7C%7C%7C%7C%7C%7C%7C%7C%7C%7CPresta+%3A+349%7C%0D%0ALIGNE%7CW+153+KN16+LK002%7C++S%7C687+OLIVE%7CHIGH+NECK+RIB+SWEATER+-+Taille+%3A+S%7C640.00%7C1%7C0.00%7C640.00%7C%7C%7C%0D%0ALIGNE%7CW+152+KN11+LK004%7COS%7C690+LICHEN%7CKNITTED+SCARF+-+Taille+%3A+OS%7C495.00%7C1%7C0.00%7C495.00%7C%7C%7C%0D%0ALIGNE%7CW+153+DR06+LF016%7C36%7C966+ANTHRACITE%7CTRENCH+DRESS+-+Taille+%3A+36%7C995.00%7C1%7C0.00%7C995.00%7C%7C%7C%0D%0ALIGNE%7CW+152+SH26+LF024%7C38%7C001+CHALK%7CBLOUSE+-+Taille+%3A+38%7C320.00%7C1%7C0.00%7C320.00%7C%7C%7C%0D%0ALIGNE%7CW+152+SH26+LF024%7C38%7C795+MIDNIGHT+BLUE%7CBLOUSE+-+Taille+%3A+38%7C320.00%7C1%7C0.00%7C320.00%7C%7C%7C%0D%0ALIGNE%7CW+153+DR12+LF045%7C36%7C795+MIDNIGHT+BLUE%7CFLARED+DRESS+WITH+TROMPE+-+Taille+%3A+36%7C1350.00%7C1%7C0.00%7C1350.00%7C%7C%7C%0D%0ALIGNE%7CFID%7C%7C%7CPRIVATE+SALES+AH1516+%7C-1236.00%7C1%7C0.00%7C-1236.00%7C%7C%7C%0D%0ALIGNE%7CFP%7C%7C%7CLivraison%7C30.00%7C1%7C0.00%7C30.00%7C%7C%7C%0D%0AREGLEMENT%7C460%7C2914.00%7C%7C%7CUXVGMDWGR%7C%0D%0A\";s:5:\"error\";s:0:\"\";}}','2015-11-27 19:16:15','2015-11-27 19:16:21'),(349,4828,'TRANS','OK','ENTETE|POITOU|WEB|6|TRANS|VPC-WEB||OUI|\r\nLIGNE|W 153 DR06 LF016|36|966 ANTHRACITE|TRENCH DRESS - Taille : 36|995.00|1||0.00|\r\n\r\n','a:7:{i:0;a:5:{s:6:\"status\";s:2:\"OK\";s:2:\"id\";s:4:\"4825\";s:9:\"post_data\";s:144:\"ENTETE|POITOU|WEB|6|TRANS|VPC-WEB||OUI|\r\nLIGNE|W 153 DR12 LF045|36|795 MIDNIGHT BLUE|FLARED DRESS WITH TROMPE - Taille : 36|1350.00|1||0.00|\r\n\r\n\";s:7:\"request\";s:257:\"compte=HOMEMADE&motpasse=h12589&magasin=WEB&enseigne=JINGHI&data=ENTETE%7CPOITOU%7CWEB%7C6%7CTRANS%7CVPC-WEB%7C%7COUI%7C%0D%0ALIGNE%7CW+153+DR12+LF045%7C36%7C795+MIDNIGHT+BLUE%7CFLARED+DRESS+WITH+TROMPE+-+Taille+%3A+36%7C1350.00%7C1%7C%7C0.00%7C%0D%0A%0D%0A\";s:5:\"error\";s:0:\"\";}i:1;a:5:{s:6:\"status\";s:2:\"OK\";s:2:\"id\";s:4:\"4826\";s:9:\"post_data\";s:125:\"ENTETE|POITOU|WEB|6|TRANS|VPC-WEB||OUI|\r\nLIGNE|W 152 SH26 LF024|38|795 MIDNIGHT BLUE|BLOUSE - Taille : 38|320.00|1||0.00|\r\n\r\n\";s:7:\"request\";s:238:\"compte=HOMEMADE&motpasse=h12589&magasin=WEB&enseigne=JINGHI&data=ENTETE%7CPOITOU%7CWEB%7C6%7CTRANS%7CVPC-WEB%7C%7COUI%7C%0D%0ALIGNE%7CW+152+SH26+LF024%7C38%7C795+MIDNIGHT+BLUE%7CBLOUSE+-+Taille+%3A+38%7C320.00%7C1%7C%7C0.00%7C%0D%0A%0D%0A\";s:5:\"error\";s:0:\"\";}i:2;a:5:{s:6:\"status\";s:2:\"OK\";s:2:\"id\";s:4:\"4827\";s:9:\"post_data\";s:117:\"ENTETE|POITOU|WEB|6|TRANS|VPC-WEB||OUI|\r\nLIGNE|W 152 SH26 LF024|38|001 CHALK|BLOUSE - Taille : 38|320.00|1||0.00|\r\n\r\n\";s:7:\"request\";s:230:\"compte=HOMEMADE&motpasse=h12589&magasin=WEB&enseigne=JINGHI&data=ENTETE%7CPOITOU%7CWEB%7C6%7CTRANS%7CVPC-WEB%7C%7COUI%7C%0D%0ALIGNE%7CW+152+SH26+LF024%7C38%7C001+CHALK%7CBLOUSE+-+Taille+%3A+38%7C320.00%7C1%7C%7C0.00%7C%0D%0A%0D%0A\";s:5:\"error\";s:0:\"\";}i:3;a:5:{s:6:\"status\";s:2:\"OK\";s:2:\"id\";s:4:\"4828\";s:9:\"post_data\";s:128:\"ENTETE|POITOU|WEB|6|TRANS|VPC-WEB||OUI|\r\nLIGNE|W 153 DR06 LF016|36|966 ANTHRACITE|TRENCH DRESS - Taille : 36|995.00|1||0.00|\r\n\r\n\";s:7:\"request\";s:241:\"compte=HOMEMADE&motpasse=h12589&magasin=WEB&enseigne=JINGHI&data=ENTETE%7CPOITOU%7CWEB%7C6%7CTRANS%7CVPC-WEB%7C%7COUI%7C%0D%0ALIGNE%7CW+153+DR06+LF016%7C36%7C966+ANTHRACITE%7CTRENCH+DRESS+-+Taille+%3A+36%7C995.00%7C1%7C%7C0.00%7C%0D%0A%0D%0A\";s:5:\"error\";s:0:\"\";}i:4;a:5:{s:6:\"status\";s:2:\"OK\";s:2:\"id\";s:4:\"4829\";s:9:\"post_data\";s:125:\"ENTETE|POITOU|WEB|6|TRANS|VPC-WEB||OUI|\r\nLIGNE|W 152 KN11 LK004|OS|690 LICHEN|KNITTED SCARF - Taille : OS|495.00|1||0.00|\r\n\r\n\";s:7:\"request\";s:238:\"compte=HOMEMADE&motpasse=h12589&magasin=WEB&enseigne=JINGHI&data=ENTETE%7CPOITOU%7CWEB%7C6%7CTRANS%7CVPC-WEB%7C%7COUI%7C%0D%0ALIGNE%7CW+152+KN11+LK004%7COS%7C690+LICHEN%7CKNITTED+SCARF+-+Taille+%3A+OS%7C495.00%7C1%7C%7C0.00%7C%0D%0A%0D%0A\";s:5:\"error\";s:0:\"\";}i:5;a:5:{s:6:\"status\";s:2:\"OK\";s:2:\"id\";s:4:\"4830\";s:9:\"post_data\";s:132:\"ENTETE|POITOU|WEB|6|TRANS|VPC-WEB||OUI|\r\nLIGNE|W 153 KN16 LK002|  S|687 OLIVE|HIGH NECK RIB SWEATER - Taille : S|640.00|1||0.00|\r\n\r\n\";s:7:\"request\";s:245:\"compte=HOMEMADE&motpasse=h12589&magasin=WEB&enseigne=JINGHI&data=ENTETE%7CPOITOU%7CWEB%7C6%7CTRANS%7CVPC-WEB%7C%7COUI%7C%0D%0ALIGNE%7CW+153+KN16+LK002%7C++S%7C687+OLIVE%7CHIGH+NECK+RIB+SWEATER+-+Taille+%3A+S%7C640.00%7C1%7C%7C0.00%7C%0D%0A%0D%0A\";s:5:\"error\";s:0:\"\";}i:6;a:5:{s:6:\"status\";s:2:\"OK\";s:2:\"id\";s:4:\"4831\";s:9:\"post_data\";s:782:\"ENTETE|WEB|2914.00|8|VENTE|VPC-WEB|4453|MY ADDRESS||||||||||||Presta : 349|\r\nLIGNE|W 153 KN16 LK002|  S|687 OLIVE|HIGH NECK RIB SWEATER - Taille : S|640.00|1|0.00|640.00|||\r\nLIGNE|W 152 KN11 LK004|OS|690 LICHEN|KNITTED SCARF - Taille : OS|495.00|1|0.00|495.00|||\r\nLIGNE|W 153 DR06 LF016|36|966 ANTHRACITE|TRENCH DRESS - Taille : 36|995.00|1|0.00|995.00|||\r\nLIGNE|W 152 SH26 LF024|38|001 CHALK|BLOUSE - Taille : 38|320.00|1|0.00|320.00|||\r\nLIGNE|W 152 SH26 LF024|38|795 MIDNIGHT BLUE|BLOUSE - Taille : 38|320.00|1|0.00|320.00|||\r\nLIGNE|W 153 DR12 LF045|36|795 MIDNIGHT BLUE|FLARED DRESS WITH TROMPE - Taille : 36|1350.00|1|0.00|1350.00|||\r\nLIGNE|FID|||PRIVATE SALES AH1516 |-1236.00|1|0.00|-1236.00|||\r\nLIGNE|FP|||Livraison|30.00|1|0.00|30.00|||\r\nREGLEMENT|460|2914.00|||UXVGMDWGR|\r\n\";s:7:\"request\";s:1129:\"compte=HOMEMADE&motpasse=h12589&magasin=WEB&enseigne=JINGHI&data=ENTETE%7CWEB%7C2914.00%7C8%7CVENTE%7CVPC-WEB%7C4453%7CMY+ADDRESS%7C%7C%7C%7C%7C%7C%7C%7C%7C%7C%7C%7CPresta+%3A+349%7C%0D%0ALIGNE%7CW+153+KN16+LK002%7C++S%7C687+OLIVE%7CHIGH+NECK+RIB+SWEATER+-+Taille+%3A+S%7C640.00%7C1%7C0.00%7C640.00%7C%7C%7C%0D%0ALIGNE%7CW+152+KN11+LK004%7COS%7C690+LICHEN%7CKNITTED+SCARF+-+Taille+%3A+OS%7C495.00%7C1%7C0.00%7C495.00%7C%7C%7C%0D%0ALIGNE%7CW+153+DR06+LF016%7C36%7C966+ANTHRACITE%7CTRENCH+DRESS+-+Taille+%3A+36%7C995.00%7C1%7C0.00%7C995.00%7C%7C%7C%0D%0ALIGNE%7CW+152+SH26+LF024%7C38%7C001+CHALK%7CBLOUSE+-+Taille+%3A+38%7C320.00%7C1%7C0.00%7C320.00%7C%7C%7C%0D%0ALIGNE%7CW+152+SH26+LF024%7C38%7C795+MIDNIGHT+BLUE%7CBLOUSE+-+Taille+%3A+38%7C320.00%7C1%7C0.00%7C320.00%7C%7C%7C%0D%0ALIGNE%7CW+153+DR12+LF045%7C36%7C795+MIDNIGHT+BLUE%7CFLARED+DRESS+WITH+TROMPE+-+Taille+%3A+36%7C1350.00%7C1%7C0.00%7C1350.00%7C%7C%7C%0D%0ALIGNE%7CFID%7C%7C%7CPRIVATE+SALES+AH1516+%7C-1236.00%7C1%7C0.00%7C-1236.00%7C%7C%7C%0D%0ALIGNE%7CFP%7C%7C%7CLivraison%7C30.00%7C1%7C0.00%7C30.00%7C%7C%7C%0D%0AREGLEMENT%7C460%7C2914.00%7C%7C%7CUXVGMDWGR%7C%0D%0A\";s:5:\"error\";s:0:\"\";}}','2015-11-27 19:16:15','2015-11-27 19:16:21'),(349,4829,'TRANS','OK','ENTETE|POITOU|WEB|6|TRANS|VPC-WEB||OUI|\r\nLIGNE|W 152 KN11 LK004|OS|690 LICHEN|KNITTED SCARF - Taille : OS|495.00|1||0.00|\r\n\r\n','a:7:{i:0;a:5:{s:6:\"status\";s:2:\"OK\";s:2:\"id\";s:4:\"4825\";s:9:\"post_data\";s:144:\"ENTETE|POITOU|WEB|6|TRANS|VPC-WEB||OUI|\r\nLIGNE|W 153 DR12 LF045|36|795 MIDNIGHT BLUE|FLARED DRESS WITH TROMPE - Taille : 36|1350.00|1||0.00|\r\n\r\n\";s:7:\"request\";s:257:\"compte=HOMEMADE&motpasse=h12589&magasin=WEB&enseigne=JINGHI&data=ENTETE%7CPOITOU%7CWEB%7C6%7CTRANS%7CVPC-WEB%7C%7COUI%7C%0D%0ALIGNE%7CW+153+DR12+LF045%7C36%7C795+MIDNIGHT+BLUE%7CFLARED+DRESS+WITH+TROMPE+-+Taille+%3A+36%7C1350.00%7C1%7C%7C0.00%7C%0D%0A%0D%0A\";s:5:\"error\";s:0:\"\";}i:1;a:5:{s:6:\"status\";s:2:\"OK\";s:2:\"id\";s:4:\"4826\";s:9:\"post_data\";s:125:\"ENTETE|POITOU|WEB|6|TRANS|VPC-WEB||OUI|\r\nLIGNE|W 152 SH26 LF024|38|795 MIDNIGHT BLUE|BLOUSE - Taille : 38|320.00|1||0.00|\r\n\r\n\";s:7:\"request\";s:238:\"compte=HOMEMADE&motpasse=h12589&magasin=WEB&enseigne=JINGHI&data=ENTETE%7CPOITOU%7CWEB%7C6%7CTRANS%7CVPC-WEB%7C%7COUI%7C%0D%0ALIGNE%7CW+152+SH26+LF024%7C38%7C795+MIDNIGHT+BLUE%7CBLOUSE+-+Taille+%3A+38%7C320.00%7C1%7C%7C0.00%7C%0D%0A%0D%0A\";s:5:\"error\";s:0:\"\";}i:2;a:5:{s:6:\"status\";s:2:\"OK\";s:2:\"id\";s:4:\"4827\";s:9:\"post_data\";s:117:\"ENTETE|POITOU|WEB|6|TRANS|VPC-WEB||OUI|\r\nLIGNE|W 152 SH26 LF024|38|001 CHALK|BLOUSE - Taille : 38|320.00|1||0.00|\r\n\r\n\";s:7:\"request\";s:230:\"compte=HOMEMADE&motpasse=h12589&magasin=WEB&enseigne=JINGHI&data=ENTETE%7CPOITOU%7CWEB%7C6%7CTRANS%7CVPC-WEB%7C%7COUI%7C%0D%0ALIGNE%7CW+152+SH26+LF024%7C38%7C001+CHALK%7CBLOUSE+-+Taille+%3A+38%7C320.00%7C1%7C%7C0.00%7C%0D%0A%0D%0A\";s:5:\"error\";s:0:\"\";}i:3;a:5:{s:6:\"status\";s:2:\"OK\";s:2:\"id\";s:4:\"4828\";s:9:\"post_data\";s:128:\"ENTETE|POITOU|WEB|6|TRANS|VPC-WEB||OUI|\r\nLIGNE|W 153 DR06 LF016|36|966 ANTHRACITE|TRENCH DRESS - Taille : 36|995.00|1||0.00|\r\n\r\n\";s:7:\"request\";s:241:\"compte=HOMEMADE&motpasse=h12589&magasin=WEB&enseigne=JINGHI&data=ENTETE%7CPOITOU%7CWEB%7C6%7CTRANS%7CVPC-WEB%7C%7COUI%7C%0D%0ALIGNE%7CW+153+DR06+LF016%7C36%7C966+ANTHRACITE%7CTRENCH+DRESS+-+Taille+%3A+36%7C995.00%7C1%7C%7C0.00%7C%0D%0A%0D%0A\";s:5:\"error\";s:0:\"\";}i:4;a:5:{s:6:\"status\";s:2:\"OK\";s:2:\"id\";s:4:\"4829\";s:9:\"post_data\";s:125:\"ENTETE|POITOU|WEB|6|TRANS|VPC-WEB||OUI|\r\nLIGNE|W 152 KN11 LK004|OS|690 LICHEN|KNITTED SCARF - Taille : OS|495.00|1||0.00|\r\n\r\n\";s:7:\"request\";s:238:\"compte=HOMEMADE&motpasse=h12589&magasin=WEB&enseigne=JINGHI&data=ENTETE%7CPOITOU%7CWEB%7C6%7CTRANS%7CVPC-WEB%7C%7COUI%7C%0D%0ALIGNE%7CW+152+KN11+LK004%7COS%7C690+LICHEN%7CKNITTED+SCARF+-+Taille+%3A+OS%7C495.00%7C1%7C%7C0.00%7C%0D%0A%0D%0A\";s:5:\"error\";s:0:\"\";}i:5;a:5:{s:6:\"status\";s:2:\"OK\";s:2:\"id\";s:4:\"4830\";s:9:\"post_data\";s:132:\"ENTETE|POITOU|WEB|6|TRANS|VPC-WEB||OUI|\r\nLIGNE|W 153 KN16 LK002|  S|687 OLIVE|HIGH NECK RIB SWEATER - Taille : S|640.00|1||0.00|\r\n\r\n\";s:7:\"request\";s:245:\"compte=HOMEMADE&motpasse=h12589&magasin=WEB&enseigne=JINGHI&data=ENTETE%7CPOITOU%7CWEB%7C6%7CTRANS%7CVPC-WEB%7C%7COUI%7C%0D%0ALIGNE%7CW+153+KN16+LK002%7C++S%7C687+OLIVE%7CHIGH+NECK+RIB+SWEATER+-+Taille+%3A+S%7C640.00%7C1%7C%7C0.00%7C%0D%0A%0D%0A\";s:5:\"error\";s:0:\"\";}i:6;a:5:{s:6:\"status\";s:2:\"OK\";s:2:\"id\";s:4:\"4831\";s:9:\"post_data\";s:782:\"ENTETE|WEB|2914.00|8|VENTE|VPC-WEB|4453|MY ADDRESS||||||||||||Presta : 349|\r\nLIGNE|W 153 KN16 LK002|  S|687 OLIVE|HIGH NECK RIB SWEATER - Taille : S|640.00|1|0.00|640.00|||\r\nLIGNE|W 152 KN11 LK004|OS|690 LICHEN|KNITTED SCARF - Taille : OS|495.00|1|0.00|495.00|||\r\nLIGNE|W 153 DR06 LF016|36|966 ANTHRACITE|TRENCH DRESS - Taille : 36|995.00|1|0.00|995.00|||\r\nLIGNE|W 152 SH26 LF024|38|001 CHALK|BLOUSE - Taille : 38|320.00|1|0.00|320.00|||\r\nLIGNE|W 152 SH26 LF024|38|795 MIDNIGHT BLUE|BLOUSE - Taille : 38|320.00|1|0.00|320.00|||\r\nLIGNE|W 153 DR12 LF045|36|795 MIDNIGHT BLUE|FLARED DRESS WITH TROMPE - Taille : 36|1350.00|1|0.00|1350.00|||\r\nLIGNE|FID|||PRIVATE SALES AH1516 |-1236.00|1|0.00|-1236.00|||\r\nLIGNE|FP|||Livraison|30.00|1|0.00|30.00|||\r\nREGLEMENT|460|2914.00|||UXVGMDWGR|\r\n\";s:7:\"request\";s:1129:\"compte=HOMEMADE&motpasse=h12589&magasin=WEB&enseigne=JINGHI&data=ENTETE%7CWEB%7C2914.00%7C8%7CVENTE%7CVPC-WEB%7C4453%7CMY+ADDRESS%7C%7C%7C%7C%7C%7C%7C%7C%7C%7C%7C%7CPresta+%3A+349%7C%0D%0ALIGNE%7CW+153+KN16+LK002%7C++S%7C687+OLIVE%7CHIGH+NECK+RIB+SWEATER+-+Taille+%3A+S%7C640.00%7C1%7C0.00%7C640.00%7C%7C%7C%0D%0ALIGNE%7CW+152+KN11+LK004%7COS%7C690+LICHEN%7CKNITTED+SCARF+-+Taille+%3A+OS%7C495.00%7C1%7C0.00%7C495.00%7C%7C%7C%0D%0ALIGNE%7CW+153+DR06+LF016%7C36%7C966+ANTHRACITE%7CTRENCH+DRESS+-+Taille+%3A+36%7C995.00%7C1%7C0.00%7C995.00%7C%7C%7C%0D%0ALIGNE%7CW+152+SH26+LF024%7C38%7C001+CHALK%7CBLOUSE+-+Taille+%3A+38%7C320.00%7C1%7C0.00%7C320.00%7C%7C%7C%0D%0ALIGNE%7CW+152+SH26+LF024%7C38%7C795+MIDNIGHT+BLUE%7CBLOUSE+-+Taille+%3A+38%7C320.00%7C1%7C0.00%7C320.00%7C%7C%7C%0D%0ALIGNE%7CW+153+DR12+LF045%7C36%7C795+MIDNIGHT+BLUE%7CFLARED+DRESS+WITH+TROMPE+-+Taille+%3A+36%7C1350.00%7C1%7C0.00%7C1350.00%7C%7C%7C%0D%0ALIGNE%7CFID%7C%7C%7CPRIVATE+SALES+AH1516+%7C-1236.00%7C1%7C0.00%7C-1236.00%7C%7C%7C%0D%0ALIGNE%7CFP%7C%7C%7CLivraison%7C30.00%7C1%7C0.00%7C30.00%7C%7C%7C%0D%0AREGLEMENT%7C460%7C2914.00%7C%7C%7CUXVGMDWGR%7C%0D%0A\";s:5:\"error\";s:0:\"\";}}','2015-11-27 19:16:15','2015-11-27 19:16:21'),(349,4830,'TRANS','OK','ENTETE|POITOU|WEB|6|TRANS|VPC-WEB||OUI|\r\nLIGNE|W 153 KN16 LK002|  S|687 OLIVE|HIGH NECK RIB SWEATER - Taille : S|640.00|1||0.00|\r\n\r\n','a:7:{i:0;a:5:{s:6:\"status\";s:2:\"OK\";s:2:\"id\";s:4:\"4825\";s:9:\"post_data\";s:144:\"ENTETE|POITOU|WEB|6|TRANS|VPC-WEB||OUI|\r\nLIGNE|W 153 DR12 LF045|36|795 MIDNIGHT BLUE|FLARED DRESS WITH TROMPE - Taille : 36|1350.00|1||0.00|\r\n\r\n\";s:7:\"request\";s:257:\"compte=HOMEMADE&motpasse=h12589&magasin=WEB&enseigne=JINGHI&data=ENTETE%7CPOITOU%7CWEB%7C6%7CTRANS%7CVPC-WEB%7C%7COUI%7C%0D%0ALIGNE%7CW+153+DR12+LF045%7C36%7C795+MIDNIGHT+BLUE%7CFLARED+DRESS+WITH+TROMPE+-+Taille+%3A+36%7C1350.00%7C1%7C%7C0.00%7C%0D%0A%0D%0A\";s:5:\"error\";s:0:\"\";}i:1;a:5:{s:6:\"status\";s:2:\"OK\";s:2:\"id\";s:4:\"4826\";s:9:\"post_data\";s:125:\"ENTETE|POITOU|WEB|6|TRANS|VPC-WEB||OUI|\r\nLIGNE|W 152 SH26 LF024|38|795 MIDNIGHT BLUE|BLOUSE - Taille : 38|320.00|1||0.00|\r\n\r\n\";s:7:\"request\";s:238:\"compte=HOMEMADE&motpasse=h12589&magasin=WEB&enseigne=JINGHI&data=ENTETE%7CPOITOU%7CWEB%7C6%7CTRANS%7CVPC-WEB%7C%7COUI%7C%0D%0ALIGNE%7CW+152+SH26+LF024%7C38%7C795+MIDNIGHT+BLUE%7CBLOUSE+-+Taille+%3A+38%7C320.00%7C1%7C%7C0.00%7C%0D%0A%0D%0A\";s:5:\"error\";s:0:\"\";}i:2;a:5:{s:6:\"status\";s:2:\"OK\";s:2:\"id\";s:4:\"4827\";s:9:\"post_data\";s:117:\"ENTETE|POITOU|WEB|6|TRANS|VPC-WEB||OUI|\r\nLIGNE|W 152 SH26 LF024|38|001 CHALK|BLOUSE - Taille : 38|320.00|1||0.00|\r\n\r\n\";s:7:\"request\";s:230:\"compte=HOMEMADE&motpasse=h12589&magasin=WEB&enseigne=JINGHI&data=ENTETE%7CPOITOU%7CWEB%7C6%7CTRANS%7CVPC-WEB%7C%7COUI%7C%0D%0ALIGNE%7CW+152+SH26+LF024%7C38%7C001+CHALK%7CBLOUSE+-+Taille+%3A+38%7C320.00%7C1%7C%7C0.00%7C%0D%0A%0D%0A\";s:5:\"error\";s:0:\"\";}i:3;a:5:{s:6:\"status\";s:2:\"OK\";s:2:\"id\";s:4:\"4828\";s:9:\"post_data\";s:128:\"ENTETE|POITOU|WEB|6|TRANS|VPC-WEB||OUI|\r\nLIGNE|W 153 DR06 LF016|36|966 ANTHRACITE|TRENCH DRESS - Taille : 36|995.00|1||0.00|\r\n\r\n\";s:7:\"request\";s:241:\"compte=HOMEMADE&motpasse=h12589&magasin=WEB&enseigne=JINGHI&data=ENTETE%7CPOITOU%7CWEB%7C6%7CTRANS%7CVPC-WEB%7C%7COUI%7C%0D%0ALIGNE%7CW+153+DR06+LF016%7C36%7C966+ANTHRACITE%7CTRENCH+DRESS+-+Taille+%3A+36%7C995.00%7C1%7C%7C0.00%7C%0D%0A%0D%0A\";s:5:\"error\";s:0:\"\";}i:4;a:5:{s:6:\"status\";s:2:\"OK\";s:2:\"id\";s:4:\"4829\";s:9:\"post_data\";s:125:\"ENTETE|POITOU|WEB|6|TRANS|VPC-WEB||OUI|\r\nLIGNE|W 152 KN11 LK004|OS|690 LICHEN|KNITTED SCARF - Taille : OS|495.00|1||0.00|\r\n\r\n\";s:7:\"request\";s:238:\"compte=HOMEMADE&motpasse=h12589&magasin=WEB&enseigne=JINGHI&data=ENTETE%7CPOITOU%7CWEB%7C6%7CTRANS%7CVPC-WEB%7C%7COUI%7C%0D%0ALIGNE%7CW+152+KN11+LK004%7COS%7C690+LICHEN%7CKNITTED+SCARF+-+Taille+%3A+OS%7C495.00%7C1%7C%7C0.00%7C%0D%0A%0D%0A\";s:5:\"error\";s:0:\"\";}i:5;a:5:{s:6:\"status\";s:2:\"OK\";s:2:\"id\";s:4:\"4830\";s:9:\"post_data\";s:132:\"ENTETE|POITOU|WEB|6|TRANS|VPC-WEB||OUI|\r\nLIGNE|W 153 KN16 LK002|  S|687 OLIVE|HIGH NECK RIB SWEATER - Taille : S|640.00|1||0.00|\r\n\r\n\";s:7:\"request\";s:245:\"compte=HOMEMADE&motpasse=h12589&magasin=WEB&enseigne=JINGHI&data=ENTETE%7CPOITOU%7CWEB%7C6%7CTRANS%7CVPC-WEB%7C%7COUI%7C%0D%0ALIGNE%7CW+153+KN16+LK002%7C++S%7C687+OLIVE%7CHIGH+NECK+RIB+SWEATER+-+Taille+%3A+S%7C640.00%7C1%7C%7C0.00%7C%0D%0A%0D%0A\";s:5:\"error\";s:0:\"\";}i:6;a:5:{s:6:\"status\";s:2:\"OK\";s:2:\"id\";s:4:\"4831\";s:9:\"post_data\";s:782:\"ENTETE|WEB|2914.00|8|VENTE|VPC-WEB|4453|MY ADDRESS||||||||||||Presta : 349|\r\nLIGNE|W 153 KN16 LK002|  S|687 OLIVE|HIGH NECK RIB SWEATER - Taille : S|640.00|1|0.00|640.00|||\r\nLIGNE|W 152 KN11 LK004|OS|690 LICHEN|KNITTED SCARF - Taille : OS|495.00|1|0.00|495.00|||\r\nLIGNE|W 153 DR06 LF016|36|966 ANTHRACITE|TRENCH DRESS - Taille : 36|995.00|1|0.00|995.00|||\r\nLIGNE|W 152 SH26 LF024|38|001 CHALK|BLOUSE - Taille : 38|320.00|1|0.00|320.00|||\r\nLIGNE|W 152 SH26 LF024|38|795 MIDNIGHT BLUE|BLOUSE - Taille : 38|320.00|1|0.00|320.00|||\r\nLIGNE|W 153 DR12 LF045|36|795 MIDNIGHT BLUE|FLARED DRESS WITH TROMPE - Taille : 36|1350.00|1|0.00|1350.00|||\r\nLIGNE|FID|||PRIVATE SALES AH1516 |-1236.00|1|0.00|-1236.00|||\r\nLIGNE|FP|||Livraison|30.00|1|0.00|30.00|||\r\nREGLEMENT|460|2914.00|||UXVGMDWGR|\r\n\";s:7:\"request\";s:1129:\"compte=HOMEMADE&motpasse=h12589&magasin=WEB&enseigne=JINGHI&data=ENTETE%7CWEB%7C2914.00%7C8%7CVENTE%7CVPC-WEB%7C4453%7CMY+ADDRESS%7C%7C%7C%7C%7C%7C%7C%7C%7C%7C%7C%7CPresta+%3A+349%7C%0D%0ALIGNE%7CW+153+KN16+LK002%7C++S%7C687+OLIVE%7CHIGH+NECK+RIB+SWEATER+-+Taille+%3A+S%7C640.00%7C1%7C0.00%7C640.00%7C%7C%7C%0D%0ALIGNE%7CW+152+KN11+LK004%7COS%7C690+LICHEN%7CKNITTED+SCARF+-+Taille+%3A+OS%7C495.00%7C1%7C0.00%7C495.00%7C%7C%7C%0D%0ALIGNE%7CW+153+DR06+LF016%7C36%7C966+ANTHRACITE%7CTRENCH+DRESS+-+Taille+%3A+36%7C995.00%7C1%7C0.00%7C995.00%7C%7C%7C%0D%0ALIGNE%7CW+152+SH26+LF024%7C38%7C001+CHALK%7CBLOUSE+-+Taille+%3A+38%7C320.00%7C1%7C0.00%7C320.00%7C%7C%7C%0D%0ALIGNE%7CW+152+SH26+LF024%7C38%7C795+MIDNIGHT+BLUE%7CBLOUSE+-+Taille+%3A+38%7C320.00%7C1%7C0.00%7C320.00%7C%7C%7C%0D%0ALIGNE%7CW+153+DR12+LF045%7C36%7C795+MIDNIGHT+BLUE%7CFLARED+DRESS+WITH+TROMPE+-+Taille+%3A+36%7C1350.00%7C1%7C0.00%7C1350.00%7C%7C%7C%0D%0ALIGNE%7CFID%7C%7C%7CPRIVATE+SALES+AH1516+%7C-1236.00%7C1%7C0.00%7C-1236.00%7C%7C%7C%0D%0ALIGNE%7CFP%7C%7C%7CLivraison%7C30.00%7C1%7C0.00%7C30.00%7C%7C%7C%0D%0AREGLEMENT%7C460%7C2914.00%7C%7C%7CUXVGMDWGR%7C%0D%0A\";s:5:\"error\";s:0:\"\";}}','2015-11-27 19:16:15','2015-11-27 19:16:21'),(349,4831,'VENTE','OK','ENTETE|WEB|2914.00|8|VENTE|VPC-WEB|4453|MY ADDRESS||||||||||||Presta : 349|\r\nLIGNE|W 153 KN16 LK002|  S|687 OLIVE|HIGH NECK RIB SWEATER - Taille : S|640.00|1|0.00|640.00|||\r\nLIGNE|W 152 KN11 LK004|OS|690 LICHEN|KNITTED SCARF - Taille : OS|495.00|1|0.00|495.00|||\r\nLIGNE|W 153 DR06 LF016|36|966 ANTHRACITE|TRENCH DRESS - Taille : 36|995.00|1|0.00|995.00|||\r\nLIGNE|W 152 SH26 LF024|38|001 CHALK|BLOUSE - Taille : 38|320.00|1|0.00|320.00|||\r\nLIGNE|W 152 SH26 LF024|38|795 MIDNIGHT BLUE|BLOUSE - Taille : 38|320.00|1|0.00|320.00|||\r\nLIGNE|W 153 DR12 LF045|36|795 MIDNIGHT BLUE|FLARED DRESS WITH TROMPE - Taille : 36|1350.00|1|0.00|1350.00|||\r\nLIGNE|FID|||PRIVATE SALES AH1516 |-1236.00|1|0.00|-1236.00|||\r\nLIGNE|FP|||Livraison|30.00|1|0.00|30.00|||\r\nREGLEMENT|460|2914.00|||UXVGMDWGR|\r\n','a:7:{i:0;a:5:{s:6:\"status\";s:2:\"OK\";s:2:\"id\";s:4:\"4825\";s:9:\"post_data\";s:144:\"ENTETE|POITOU|WEB|6|TRANS|VPC-WEB||OUI|\r\nLIGNE|W 153 DR12 LF045|36|795 MIDNIGHT BLUE|FLARED DRESS WITH TROMPE - Taille : 36|1350.00|1||0.00|\r\n\r\n\";s:7:\"request\";s:257:\"compte=HOMEMADE&motpasse=h12589&magasin=WEB&enseigne=JINGHI&data=ENTETE%7CPOITOU%7CWEB%7C6%7CTRANS%7CVPC-WEB%7C%7COUI%7C%0D%0ALIGNE%7CW+153+DR12+LF045%7C36%7C795+MIDNIGHT+BLUE%7CFLARED+DRESS+WITH+TROMPE+-+Taille+%3A+36%7C1350.00%7C1%7C%7C0.00%7C%0D%0A%0D%0A\";s:5:\"error\";s:0:\"\";}i:1;a:5:{s:6:\"status\";s:2:\"OK\";s:2:\"id\";s:4:\"4826\";s:9:\"post_data\";s:125:\"ENTETE|POITOU|WEB|6|TRANS|VPC-WEB||OUI|\r\nLIGNE|W 152 SH26 LF024|38|795 MIDNIGHT BLUE|BLOUSE - Taille : 38|320.00|1||0.00|\r\n\r\n\";s:7:\"request\";s:238:\"compte=HOMEMADE&motpasse=h12589&magasin=WEB&enseigne=JINGHI&data=ENTETE%7CPOITOU%7CWEB%7C6%7CTRANS%7CVPC-WEB%7C%7COUI%7C%0D%0ALIGNE%7CW+152+SH26+LF024%7C38%7C795+MIDNIGHT+BLUE%7CBLOUSE+-+Taille+%3A+38%7C320.00%7C1%7C%7C0.00%7C%0D%0A%0D%0A\";s:5:\"error\";s:0:\"\";}i:2;a:5:{s:6:\"status\";s:2:\"OK\";s:2:\"id\";s:4:\"4827\";s:9:\"post_data\";s:117:\"ENTETE|POITOU|WEB|6|TRANS|VPC-WEB||OUI|\r\nLIGNE|W 152 SH26 LF024|38|001 CHALK|BLOUSE - Taille : 38|320.00|1||0.00|\r\n\r\n\";s:7:\"request\";s:230:\"compte=HOMEMADE&motpasse=h12589&magasin=WEB&enseigne=JINGHI&data=ENTETE%7CPOITOU%7CWEB%7C6%7CTRANS%7CVPC-WEB%7C%7COUI%7C%0D%0ALIGNE%7CW+152+SH26+LF024%7C38%7C001+CHALK%7CBLOUSE+-+Taille+%3A+38%7C320.00%7C1%7C%7C0.00%7C%0D%0A%0D%0A\";s:5:\"error\";s:0:\"\";}i:3;a:5:{s:6:\"status\";s:2:\"OK\";s:2:\"id\";s:4:\"4828\";s:9:\"post_data\";s:128:\"ENTETE|POITOU|WEB|6|TRANS|VPC-WEB||OUI|\r\nLIGNE|W 153 DR06 LF016|36|966 ANTHRACITE|TRENCH DRESS - Taille : 36|995.00|1||0.00|\r\n\r\n\";s:7:\"request\";s:241:\"compte=HOMEMADE&motpasse=h12589&magasin=WEB&enseigne=JINGHI&data=ENTETE%7CPOITOU%7CWEB%7C6%7CTRANS%7CVPC-WEB%7C%7COUI%7C%0D%0ALIGNE%7CW+153+DR06+LF016%7C36%7C966+ANTHRACITE%7CTRENCH+DRESS+-+Taille+%3A+36%7C995.00%7C1%7C%7C0.00%7C%0D%0A%0D%0A\";s:5:\"error\";s:0:\"\";}i:4;a:5:{s:6:\"status\";s:2:\"OK\";s:2:\"id\";s:4:\"4829\";s:9:\"post_data\";s:125:\"ENTETE|POITOU|WEB|6|TRANS|VPC-WEB||OUI|\r\nLIGNE|W 152 KN11 LK004|OS|690 LICHEN|KNITTED SCARF - Taille : OS|495.00|1||0.00|\r\n\r\n\";s:7:\"request\";s:238:\"compte=HOMEMADE&motpasse=h12589&magasin=WEB&enseigne=JINGHI&data=ENTETE%7CPOITOU%7CWEB%7C6%7CTRANS%7CVPC-WEB%7C%7COUI%7C%0D%0ALIGNE%7CW+152+KN11+LK004%7COS%7C690+LICHEN%7CKNITTED+SCARF+-+Taille+%3A+OS%7C495.00%7C1%7C%7C0.00%7C%0D%0A%0D%0A\";s:5:\"error\";s:0:\"\";}i:5;a:5:{s:6:\"status\";s:2:\"OK\";s:2:\"id\";s:4:\"4830\";s:9:\"post_data\";s:132:\"ENTETE|POITOU|WEB|6|TRANS|VPC-WEB||OUI|\r\nLIGNE|W 153 KN16 LK002|  S|687 OLIVE|HIGH NECK RIB SWEATER - Taille : S|640.00|1||0.00|\r\n\r\n\";s:7:\"request\";s:245:\"compte=HOMEMADE&motpasse=h12589&magasin=WEB&enseigne=JINGHI&data=ENTETE%7CPOITOU%7CWEB%7C6%7CTRANS%7CVPC-WEB%7C%7COUI%7C%0D%0ALIGNE%7CW+153+KN16+LK002%7C++S%7C687+OLIVE%7CHIGH+NECK+RIB+SWEATER+-+Taille+%3A+S%7C640.00%7C1%7C%7C0.00%7C%0D%0A%0D%0A\";s:5:\"error\";s:0:\"\";}i:6;a:5:{s:6:\"status\";s:2:\"OK\";s:2:\"id\";s:4:\"4831\";s:9:\"post_data\";s:782:\"ENTETE|WEB|2914.00|8|VENTE|VPC-WEB|4453|MY ADDRESS||||||||||||Presta : 349|\r\nLIGNE|W 153 KN16 LK002|  S|687 OLIVE|HIGH NECK RIB SWEATER - Taille : S|640.00|1|0.00|640.00|||\r\nLIGNE|W 152 KN11 LK004|OS|690 LICHEN|KNITTED SCARF - Taille : OS|495.00|1|0.00|495.00|||\r\nLIGNE|W 153 DR06 LF016|36|966 ANTHRACITE|TRENCH DRESS - Taille : 36|995.00|1|0.00|995.00|||\r\nLIGNE|W 152 SH26 LF024|38|001 CHALK|BLOUSE - Taille : 38|320.00|1|0.00|320.00|||\r\nLIGNE|W 152 SH26 LF024|38|795 MIDNIGHT BLUE|BLOUSE - Taille : 38|320.00|1|0.00|320.00|||\r\nLIGNE|W 153 DR12 LF045|36|795 MIDNIGHT BLUE|FLARED DRESS WITH TROMPE - Taille : 36|1350.00|1|0.00|1350.00|||\r\nLIGNE|FID|||PRIVATE SALES AH1516 |-1236.00|1|0.00|-1236.00|||\r\nLIGNE|FP|||Livraison|30.00|1|0.00|30.00|||\r\nREGLEMENT|460|2914.00|||UXVGMDWGR|\r\n\";s:7:\"request\";s:1129:\"compte=HOMEMADE&motpasse=h12589&magasin=WEB&enseigne=JINGHI&data=ENTETE%7CWEB%7C2914.00%7C8%7CVENTE%7CVPC-WEB%7C4453%7CMY+ADDRESS%7C%7C%7C%7C%7C%7C%7C%7C%7C%7C%7C%7CPresta+%3A+349%7C%0D%0ALIGNE%7CW+153+KN16+LK002%7C++S%7C687+OLIVE%7CHIGH+NECK+RIB+SWEATER+-+Taille+%3A+S%7C640.00%7C1%7C0.00%7C640.00%7C%7C%7C%0D%0ALIGNE%7CW+152+KN11+LK004%7COS%7C690+LICHEN%7CKNITTED+SCARF+-+Taille+%3A+OS%7C495.00%7C1%7C0.00%7C495.00%7C%7C%7C%0D%0ALIGNE%7CW+153+DR06+LF016%7C36%7C966+ANTHRACITE%7CTRENCH+DRESS+-+Taille+%3A+36%7C995.00%7C1%7C0.00%7C995.00%7C%7C%7C%0D%0ALIGNE%7CW+152+SH26+LF024%7C38%7C001+CHALK%7CBLOUSE+-+Taille+%3A+38%7C320.00%7C1%7C0.00%7C320.00%7C%7C%7C%0D%0ALIGNE%7CW+152+SH26+LF024%7C38%7C795+MIDNIGHT+BLUE%7CBLOUSE+-+Taille+%3A+38%7C320.00%7C1%7C0.00%7C320.00%7C%7C%7C%0D%0ALIGNE%7CW+153+DR12+LF045%7C36%7C795+MIDNIGHT+BLUE%7CFLARED+DRESS+WITH+TROMPE+-+Taille+%3A+36%7C1350.00%7C1%7C0.00%7C1350.00%7C%7C%7C%0D%0ALIGNE%7CFID%7C%7C%7CPRIVATE+SALES+AH1516+%7C-1236.00%7C1%7C0.00%7C-1236.00%7C%7C%7C%0D%0ALIGNE%7CFP%7C%7C%7CLivraison%7C30.00%7C1%7C0.00%7C30.00%7C%7C%7C%0D%0AREGLEMENT%7C460%7C2914.00%7C%7C%7CUXVGMDWGR%7C%0D%0A\";s:5:\"error\";s:0:\"\";}}','2015-11-27 19:16:15','2015-11-27 19:16:21'),(350,4832,'TRANS','OK','ENTETE|POITOU|WEB|4|TRANS|VPC-WEB||OUI|\r\nLIGNE|W 153 SK08 LF001|36|999 BLACK|jupe quatre fentes - Taille : 36|475.00|1||0.00|\r\n\r\n','a:5:{i:0;a:5:{s:6:\"status\";s:2:\"OK\";s:2:\"id\";s:4:\"4832\";s:9:\"post_data\";s:129:\"ENTETE|POITOU|WEB|4|TRANS|VPC-WEB||OUI|\r\nLIGNE|W 153 SK08 LF001|36|999 BLACK|jupe quatre fentes - Taille : 36|475.00|1||0.00|\r\n\r\n\";s:7:\"request\";s:242:\"compte=HOMEMADE&motpasse=h12589&magasin=WEB&enseigne=JINGHI&data=ENTETE%7CPOITOU%7CWEB%7C4%7CTRANS%7CVPC-WEB%7C%7COUI%7C%0D%0ALIGNE%7CW+153+SK08+LF001%7C36%7C999+BLACK%7Cjupe+quatre+fentes+-+Taille+%3A+36%7C475.00%7C1%7C%7C0.00%7C%0D%0A%0D%0A\";s:5:\"error\";s:0:\"\";}i:1;a:5:{s:6:\"status\";s:2:\"OK\";s:2:\"id\";s:4:\"4833\";s:9:\"post_data\";s:125:\"ENTETE|POITOU|WEB|4|TRANS|VPC-WEB||OUI|\r\nLIGNE|W 152 SH26 LF024|36|795 MIDNIGHT BLUE|blouse - Taille : 36|345.00|1||0.00|\r\n\r\n\";s:7:\"request\";s:238:\"compte=HOMEMADE&motpasse=h12589&magasin=WEB&enseigne=JINGHI&data=ENTETE%7CPOITOU%7CWEB%7C4%7CTRANS%7CVPC-WEB%7C%7COUI%7C%0D%0ALIGNE%7CW+152+SH26+LF024%7C36%7C795+MIDNIGHT+BLUE%7Cblouse+-+Taille+%3A+36%7C345.00%7C1%7C%7C0.00%7C%0D%0A%0D%0A\";s:5:\"error\";s:0:\"\";}i:2;a:5:{s:6:\"status\";s:2:\"OK\";s:2:\"id\";s:4:\"4834\";s:9:\"post_data\";s:117:\"ENTETE|POITOU|WEB|4|TRANS|VPC-WEB||OUI|\r\nLIGNE|W 152 SH26 LF024|36|001 CHALK|blouse - Taille : 36|345.00|1||0.00|\r\n\r\n\";s:7:\"request\";s:230:\"compte=HOMEMADE&motpasse=h12589&magasin=WEB&enseigne=JINGHI&data=ENTETE%7CPOITOU%7CWEB%7C4%7CTRANS%7CVPC-WEB%7C%7COUI%7C%0D%0ALIGNE%7CW+152+SH26+LF024%7C36%7C001+CHALK%7Cblouse+-+Taille+%3A+36%7C345.00%7C1%7C%7C0.00%7C%0D%0A%0D%0A\";s:5:\"error\";s:0:\"\";}i:3;a:5:{s:6:\"status\";s:2:\"OK\";s:2:\"id\";s:4:\"4835\";s:9:\"post_data\";s:127:\"ENTETE|POITOU|WEB|4|TRANS|VPC-WEB||OUI|\r\nLIGNE|W 152 SH23 LF030|36|525 BUTTER|chemise ajust','2015-11-27 22:16:00','2015-11-27 22:16:06'),(350,4833,'TRANS','OK','ENTETE|POITOU|WEB|4|TRANS|VPC-WEB||OUI|\r\nLIGNE|W 152 SH26 LF024|36|795 MIDNIGHT BLUE|blouse - Taille : 36|345.00|1||0.00|\r\n\r\n','a:5:{i:0;a:5:{s:6:\"status\";s:2:\"OK\";s:2:\"id\";s:4:\"4832\";s:9:\"post_data\";s:129:\"ENTETE|POITOU|WEB|4|TRANS|VPC-WEB||OUI|\r\nLIGNE|W 153 SK08 LF001|36|999 BLACK|jupe quatre fentes - Taille : 36|475.00|1||0.00|\r\n\r\n\";s:7:\"request\";s:242:\"compte=HOMEMADE&motpasse=h12589&magasin=WEB&enseigne=JINGHI&data=ENTETE%7CPOITOU%7CWEB%7C4%7CTRANS%7CVPC-WEB%7C%7COUI%7C%0D%0ALIGNE%7CW+153+SK08+LF001%7C36%7C999+BLACK%7Cjupe+quatre+fentes+-+Taille+%3A+36%7C475.00%7C1%7C%7C0.00%7C%0D%0A%0D%0A\";s:5:\"error\";s:0:\"\";}i:1;a:5:{s:6:\"status\";s:2:\"OK\";s:2:\"id\";s:4:\"4833\";s:9:\"post_data\";s:125:\"ENTETE|POITOU|WEB|4|TRANS|VPC-WEB||OUI|\r\nLIGNE|W 152 SH26 LF024|36|795 MIDNIGHT BLUE|blouse - Taille : 36|345.00|1||0.00|\r\n\r\n\";s:7:\"request\";s:238:\"compte=HOMEMADE&motpasse=h12589&magasin=WEB&enseigne=JINGHI&data=ENTETE%7CPOITOU%7CWEB%7C4%7CTRANS%7CVPC-WEB%7C%7COUI%7C%0D%0ALIGNE%7CW+152+SH26+LF024%7C36%7C795+MIDNIGHT+BLUE%7Cblouse+-+Taille+%3A+36%7C345.00%7C1%7C%7C0.00%7C%0D%0A%0D%0A\";s:5:\"error\";s:0:\"\";}i:2;a:5:{s:6:\"status\";s:2:\"OK\";s:2:\"id\";s:4:\"4834\";s:9:\"post_data\";s:117:\"ENTETE|POITOU|WEB|4|TRANS|VPC-WEB||OUI|\r\nLIGNE|W 152 SH26 LF024|36|001 CHALK|blouse - Taille : 36|345.00|1||0.00|\r\n\r\n\";s:7:\"request\";s:230:\"compte=HOMEMADE&motpasse=h12589&magasin=WEB&enseigne=JINGHI&data=ENTETE%7CPOITOU%7CWEB%7C4%7CTRANS%7CVPC-WEB%7C%7COUI%7C%0D%0ALIGNE%7CW+152+SH26+LF024%7C36%7C001+CHALK%7Cblouse+-+Taille+%3A+36%7C345.00%7C1%7C%7C0.00%7C%0D%0A%0D%0A\";s:5:\"error\";s:0:\"\";}i:3;a:5:{s:6:\"status\";s:2:\"OK\";s:2:\"id\";s:4:\"4835\";s:9:\"post_data\";s:127:\"ENTETE|POITOU|WEB|4|TRANS|VPC-WEB||OUI|\r\nLIGNE|W 152 SH23 LF030|36|525 BUTTER|chemise ajust','2015-11-27 22:16:00','2015-11-27 22:16:06'),(350,4834,'TRANS','OK','ENTETE|POITOU|WEB|4|TRANS|VPC-WEB||OUI|\r\nLIGNE|W 152 SH26 LF024|36|001 CHALK|blouse - Taille : 36|345.00|1||0.00|\r\n\r\n','a:5:{i:0;a:5:{s:6:\"status\";s:2:\"OK\";s:2:\"id\";s:4:\"4832\";s:9:\"post_data\";s:129:\"ENTETE|POITOU|WEB|4|TRANS|VPC-WEB||OUI|\r\nLIGNE|W 153 SK08 LF001|36|999 BLACK|jupe quatre fentes - Taille : 36|475.00|1||0.00|\r\n\r\n\";s:7:\"request\";s:242:\"compte=HOMEMADE&motpasse=h12589&magasin=WEB&enseigne=JINGHI&data=ENTETE%7CPOITOU%7CWEB%7C4%7CTRANS%7CVPC-WEB%7C%7COUI%7C%0D%0ALIGNE%7CW+153+SK08+LF001%7C36%7C999+BLACK%7Cjupe+quatre+fentes+-+Taille+%3A+36%7C475.00%7C1%7C%7C0.00%7C%0D%0A%0D%0A\";s:5:\"error\";s:0:\"\";}i:1;a:5:{s:6:\"status\";s:2:\"OK\";s:2:\"id\";s:4:\"4833\";s:9:\"post_data\";s:125:\"ENTETE|POITOU|WEB|4|TRANS|VPC-WEB||OUI|\r\nLIGNE|W 152 SH26 LF024|36|795 MIDNIGHT BLUE|blouse - Taille : 36|345.00|1||0.00|\r\n\r\n\";s:7:\"request\";s:238:\"compte=HOMEMADE&motpasse=h12589&magasin=WEB&enseigne=JINGHI&data=ENTETE%7CPOITOU%7CWEB%7C4%7CTRANS%7CVPC-WEB%7C%7COUI%7C%0D%0ALIGNE%7CW+152+SH26+LF024%7C36%7C795+MIDNIGHT+BLUE%7Cblouse+-+Taille+%3A+36%7C345.00%7C1%7C%7C0.00%7C%0D%0A%0D%0A\";s:5:\"error\";s:0:\"\";}i:2;a:5:{s:6:\"status\";s:2:\"OK\";s:2:\"id\";s:4:\"4834\";s:9:\"post_data\";s:117:\"ENTETE|POITOU|WEB|4|TRANS|VPC-WEB||OUI|\r\nLIGNE|W 152 SH26 LF024|36|001 CHALK|blouse - Taille : 36|345.00|1||0.00|\r\n\r\n\";s:7:\"request\";s:230:\"compte=HOMEMADE&motpasse=h12589&magasin=WEB&enseigne=JINGHI&data=ENTETE%7CPOITOU%7CWEB%7C4%7CTRANS%7CVPC-WEB%7C%7COUI%7C%0D%0ALIGNE%7CW+152+SH26+LF024%7C36%7C001+CHALK%7Cblouse+-+Taille+%3A+36%7C345.00%7C1%7C%7C0.00%7C%0D%0A%0D%0A\";s:5:\"error\";s:0:\"\";}i:3;a:5:{s:6:\"status\";s:2:\"OK\";s:2:\"id\";s:4:\"4835\";s:9:\"post_data\";s:127:\"ENTETE|POITOU|WEB|4|TRANS|VPC-WEB||OUI|\r\nLIGNE|W 152 SH23 LF030|36|525 BUTTER|chemise ajust','2015-11-27 22:16:00','2015-11-27 22:16:06'),(350,4835,'TRANS','OK','ENTETE|POITOU|WEB|4|TRANS|VPC-WEB||OUI|\r\nLIGNE|W 152 SH23 LF030|36|525 BUTTER|chemise ajust','a:5:{i:0;a:5:{s:6:\"status\";s:2:\"OK\";s:2:\"id\";s:4:\"4832\";s:9:\"post_data\";s:129:\"ENTETE|POITOU|WEB|4|TRANS|VPC-WEB||OUI|\r\nLIGNE|W 153 SK08 LF001|36|999 BLACK|jupe quatre fentes - Taille : 36|475.00|1||0.00|\r\n\r\n\";s:7:\"request\";s:242:\"compte=HOMEMADE&motpasse=h12589&magasin=WEB&enseigne=JINGHI&data=ENTETE%7CPOITOU%7CWEB%7C4%7CTRANS%7CVPC-WEB%7C%7COUI%7C%0D%0ALIGNE%7CW+153+SK08+LF001%7C36%7C999+BLACK%7Cjupe+quatre+fentes+-+Taille+%3A+36%7C475.00%7C1%7C%7C0.00%7C%0D%0A%0D%0A\";s:5:\"error\";s:0:\"\";}i:1;a:5:{s:6:\"status\";s:2:\"OK\";s:2:\"id\";s:4:\"4833\";s:9:\"post_data\";s:125:\"ENTETE|POITOU|WEB|4|TRANS|VPC-WEB||OUI|\r\nLIGNE|W 152 SH26 LF024|36|795 MIDNIGHT BLUE|blouse - Taille : 36|345.00|1||0.00|\r\n\r\n\";s:7:\"request\";s:238:\"compte=HOMEMADE&motpasse=h12589&magasin=WEB&enseigne=JINGHI&data=ENTETE%7CPOITOU%7CWEB%7C4%7CTRANS%7CVPC-WEB%7C%7COUI%7C%0D%0ALIGNE%7CW+152+SH26+LF024%7C36%7C795+MIDNIGHT+BLUE%7Cblouse+-+Taille+%3A+36%7C345.00%7C1%7C%7C0.00%7C%0D%0A%0D%0A\";s:5:\"error\";s:0:\"\";}i:2;a:5:{s:6:\"status\";s:2:\"OK\";s:2:\"id\";s:4:\"4834\";s:9:\"post_data\";s:117:\"ENTETE|POITOU|WEB|4|TRANS|VPC-WEB||OUI|\r\nLIGNE|W 152 SH26 LF024|36|001 CHALK|blouse - Taille : 36|345.00|1||0.00|\r\n\r\n\";s:7:\"request\";s:230:\"compte=HOMEMADE&motpasse=h12589&magasin=WEB&enseigne=JINGHI&data=ENTETE%7CPOITOU%7CWEB%7C4%7CTRANS%7CVPC-WEB%7C%7COUI%7C%0D%0ALIGNE%7CW+152+SH26+LF024%7C36%7C001+CHALK%7Cblouse+-+Taille+%3A+36%7C345.00%7C1%7C%7C0.00%7C%0D%0A%0D%0A\";s:5:\"error\";s:0:\"\";}i:3;a:5:{s:6:\"status\";s:2:\"OK\";s:2:\"id\";s:4:\"4835\";s:9:\"post_data\";s:127:\"ENTETE|POITOU|WEB|4|TRANS|VPC-WEB||OUI|\r\nLIGNE|W 152 SH23 LF030|36|525 BUTTER|chemise ajust','2015-11-27 22:16:00','2015-11-27 22:16:06'),(350,4836,'VENTE','OK','ENTETE|WEB|1244.50|6|VENTE|VPC-WEB|4495|MY ADDRESS||||||||||HT||Presta : 350|\r\nLIGNE|W 152 SH23 LF030|36|525 BUTTER|chemise ajust','a:5:{i:0;a:5:{s:6:\"status\";s:2:\"OK\";s:2:\"id\";s:4:\"4832\";s:9:\"post_data\";s:129:\"ENTETE|POITOU|WEB|4|TRANS|VPC-WEB||OUI|\r\nLIGNE|W 153 SK08 LF001|36|999 BLACK|jupe quatre fentes - Taille : 36|475.00|1||0.00|\r\n\r\n\";s:7:\"request\";s:242:\"compte=HOMEMADE&motpasse=h12589&magasin=WEB&enseigne=JINGHI&data=ENTETE%7CPOITOU%7CWEB%7C4%7CTRANS%7CVPC-WEB%7C%7COUI%7C%0D%0ALIGNE%7CW+153+SK08+LF001%7C36%7C999+BLACK%7Cjupe+quatre+fentes+-+Taille+%3A+36%7C475.00%7C1%7C%7C0.00%7C%0D%0A%0D%0A\";s:5:\"error\";s:0:\"\";}i:1;a:5:{s:6:\"status\";s:2:\"OK\";s:2:\"id\";s:4:\"4833\";s:9:\"post_data\";s:125:\"ENTETE|POITOU|WEB|4|TRANS|VPC-WEB||OUI|\r\nLIGNE|W 152 SH26 LF024|36|795 MIDNIGHT BLUE|blouse - Taille : 36|345.00|1||0.00|\r\n\r\n\";s:7:\"request\";s:238:\"compte=HOMEMADE&motpasse=h12589&magasin=WEB&enseigne=JINGHI&data=ENTETE%7CPOITOU%7CWEB%7C4%7CTRANS%7CVPC-WEB%7C%7COUI%7C%0D%0ALIGNE%7CW+152+SH26+LF024%7C36%7C795+MIDNIGHT+BLUE%7Cblouse+-+Taille+%3A+36%7C345.00%7C1%7C%7C0.00%7C%0D%0A%0D%0A\";s:5:\"error\";s:0:\"\";}i:2;a:5:{s:6:\"status\";s:2:\"OK\";s:2:\"id\";s:4:\"4834\";s:9:\"post_data\";s:117:\"ENTETE|POITOU|WEB|4|TRANS|VPC-WEB||OUI|\r\nLIGNE|W 152 SH26 LF024|36|001 CHALK|blouse - Taille : 36|345.00|1||0.00|\r\n\r\n\";s:7:\"request\";s:230:\"compte=HOMEMADE&motpasse=h12589&magasin=WEB&enseigne=JINGHI&data=ENTETE%7CPOITOU%7CWEB%7C4%7CTRANS%7CVPC-WEB%7C%7COUI%7C%0D%0ALIGNE%7CW+152+SH26+LF024%7C36%7C001+CHALK%7Cblouse+-+Taille+%3A+36%7C345.00%7C1%7C%7C0.00%7C%0D%0A%0D%0A\";s:5:\"error\";s:0:\"\";}i:3;a:5:{s:6:\"status\";s:2:\"OK\";s:2:\"id\";s:4:\"4835\";s:9:\"post_data\";s:127:\"ENTETE|POITOU|WEB|4|TRANS|VPC-WEB||OUI|\r\nLIGNE|W 152 SH23 LF030|36|525 BUTTER|chemise ajust','2015-11-27 22:16:00','2015-11-27 22:16:06'),(351,4837,'TRANS','OK','ENTETE|POITOU|WEB|1|TRANS|VPC-WEB||OUI|\r\nLIGNE|W 152 SH22 LF009|38|795 MIDNIGHT BLUE|DOUBLE FLAP SHIRT - Taille : 38|640.00|1||0.00|\r\n\r\n','a:2:{i:0;a:5:{s:6:\"status\";s:2:\"OK\";s:2:\"id\";s:4:\"4837\";s:9:\"post_data\";s:136:\"ENTETE|POITOU|WEB|1|TRANS|VPC-WEB||OUI|\r\nLIGNE|W 152 SH22 LF009|38|795 MIDNIGHT BLUE|DOUBLE FLAP SHIRT - Taille : 38|640.00|1||0.00|\r\n\r\n\";s:7:\"request\";s:249:\"compte=HOMEMADE&motpasse=h12589&magasin=WEB&enseigne=JINGHI&data=ENTETE%7CPOITOU%7CWEB%7C1%7CTRANS%7CVPC-WEB%7C%7COUI%7C%0D%0ALIGNE%7CW+152+SH22+LF009%7C38%7C795+MIDNIGHT+BLUE%7CDOUBLE+FLAP+SHIRT+-+Taille+%3A+38%7C640.00%7C1%7C%7C0.00%7C%0D%0A%0D%0A\";s:5:\"error\";s:0:\"\";}i:1;a:5:{s:6:\"status\";s:2:\"OK\";s:2:\"id\";s:4:\"4838\";s:9:\"post_data\";s:317:\"ENTETE|WEB|478.00|3|VENTE|VPC-WEB|4453|MY ADDRESS||||||||||||Presta : 351|\r\nLIGNE|W 152 SH22 LF009|38|795 MIDNIGHT BLUE|DOUBLE FLAP SHIRT - Taille : 38|640.00|1|0.00|640.00|||\r\nLIGNE|FID|||PRIVATE SALES AH1516 |-192.00|1|0.00|-192.00|||\r\nLIGNE|FP|||Livraison|30.00|1|0.00|30.00|||\r\nREGLEMENT|460|478.00|||GTTNAEKIB|\r\n\";s:7:\"request\";s:524:\"compte=HOMEMADE&motpasse=h12589&magasin=WEB&enseigne=JINGHI&data=ENTETE%7CWEB%7C478.00%7C3%7CVENTE%7CVPC-WEB%7C4453%7CMY+ADDRESS%7C%7C%7C%7C%7C%7C%7C%7C%7C%7C%7C%7CPresta+%3A+351%7C%0D%0ALIGNE%7CW+152+SH22+LF009%7C38%7C795+MIDNIGHT+BLUE%7CDOUBLE+FLAP+SHIRT+-+Taille+%3A+38%7C640.00%7C1%7C0.00%7C640.00%7C%7C%7C%0D%0ALIGNE%7CFID%7C%7C%7CPRIVATE+SALES+AH1516+%7C-192.00%7C1%7C0.00%7C-192.00%7C%7C%7C%0D%0ALIGNE%7CFP%7C%7C%7CLivraison%7C30.00%7C1%7C0.00%7C30.00%7C%7C%7C%0D%0AREGLEMENT%7C460%7C478.00%7C%7C%7CGTTNAEKIB%7C%0D%0A\";s:5:\"error\";s:0:\"\";}}','2015-11-27 23:59:59','2015-11-28 00:00:01'),(351,4838,'VENTE','OK','ENTETE|WEB|478.00|3|VENTE|VPC-WEB|4453|MY ADDRESS||||||||||||Presta : 351|\r\nLIGNE|W 152 SH22 LF009|38|795 MIDNIGHT BLUE|DOUBLE FLAP SHIRT - Taille : 38|640.00|1|0.00|640.00|||\r\nLIGNE|FID|||PRIVATE SALES AH1516 |-192.00|1|0.00|-192.00|||\r\nLIGNE|FP|||Livraison|30.00|1|0.00|30.00|||\r\nREGLEMENT|460|478.00|||GTTNAEKIB|\r\n','a:2:{i:0;a:5:{s:6:\"status\";s:2:\"OK\";s:2:\"id\";s:4:\"4837\";s:9:\"post_data\";s:136:\"ENTETE|POITOU|WEB|1|TRANS|VPC-WEB||OUI|\r\nLIGNE|W 152 SH22 LF009|38|795 MIDNIGHT BLUE|DOUBLE FLAP SHIRT - Taille : 38|640.00|1||0.00|\r\n\r\n\";s:7:\"request\";s:249:\"compte=HOMEMADE&motpasse=h12589&magasin=WEB&enseigne=JINGHI&data=ENTETE%7CPOITOU%7CWEB%7C1%7CTRANS%7CVPC-WEB%7C%7COUI%7C%0D%0ALIGNE%7CW+152+SH22+LF009%7C38%7C795+MIDNIGHT+BLUE%7CDOUBLE+FLAP+SHIRT+-+Taille+%3A+38%7C640.00%7C1%7C%7C0.00%7C%0D%0A%0D%0A\";s:5:\"error\";s:0:\"\";}i:1;a:5:{s:6:\"status\";s:2:\"OK\";s:2:\"id\";s:4:\"4838\";s:9:\"post_data\";s:317:\"ENTETE|WEB|478.00|3|VENTE|VPC-WEB|4453|MY ADDRESS||||||||||||Presta : 351|\r\nLIGNE|W 152 SH22 LF009|38|795 MIDNIGHT BLUE|DOUBLE FLAP SHIRT - Taille : 38|640.00|1|0.00|640.00|||\r\nLIGNE|FID|||PRIVATE SALES AH1516 |-192.00|1|0.00|-192.00|||\r\nLIGNE|FP|||Livraison|30.00|1|0.00|30.00|||\r\nREGLEMENT|460|478.00|||GTTNAEKIB|\r\n\";s:7:\"request\";s:524:\"compte=HOMEMADE&motpasse=h12589&magasin=WEB&enseigne=JINGHI&data=ENTETE%7CWEB%7C478.00%7C3%7CVENTE%7CVPC-WEB%7C4453%7CMY+ADDRESS%7C%7C%7C%7C%7C%7C%7C%7C%7C%7C%7C%7CPresta+%3A+351%7C%0D%0ALIGNE%7CW+152+SH22+LF009%7C38%7C795+MIDNIGHT+BLUE%7CDOUBLE+FLAP+SHIRT+-+Taille+%3A+38%7C640.00%7C1%7C0.00%7C640.00%7C%7C%7C%0D%0ALIGNE%7CFID%7C%7C%7CPRIVATE+SALES+AH1516+%7C-192.00%7C1%7C0.00%7C-192.00%7C%7C%7C%0D%0ALIGNE%7CFP%7C%7C%7CLivraison%7C30.00%7C1%7C0.00%7C30.00%7C%7C%7C%0D%0AREGLEMENT%7C460%7C478.00%7C%7C%7CGTTNAEKIB%7C%0D%0A\";s:5:\"error\";s:0:\"\";}}','2015-11-27 23:59:59','2015-11-28 00:00:01'),(352,4839,'TRANS','OK','ENTETE|POITOU|WEB|2|TRANS|VPC-WEB||OUI|\r\nLIGNE|W 152 PA19 LD001|40|761 INDIGO|denim - Taille : 40|450.00|1||0.00|\r\n\r\n','a:3:{i:0;a:5:{s:6:\"status\";s:2:\"OK\";s:2:\"id\";s:4:\"4839\";s:9:\"post_data\";s:117:\"ENTETE|POITOU|WEB|2|TRANS|VPC-WEB||OUI|\r\nLIGNE|W 152 PA19 LD001|40|761 INDIGO|denim - Taille : 40|450.00|1||0.00|\r\n\r\n\";s:7:\"request\";s:230:\"compte=HOMEMADE&motpasse=h12589&magasin=WEB&enseigne=JINGHI&data=ENTETE%7CPOITOU%7CWEB%7C2%7CTRANS%7CVPC-WEB%7C%7COUI%7C%0D%0ALIGNE%7CW+152+PA19+LD001%7C40%7C761+INDIGO%7Cdenim+-+Taille+%3A+40%7C450.00%7C1%7C%7C0.00%7C%0D%0A%0D%0A\";s:5:\"error\";s:0:\"\";}i:1;a:5:{s:6:\"status\";s:2:\"OK\";s:2:\"id\";s:4:\"4840\";s:9:\"post_data\";s:123:\"ENTETE|POITOU|WEB|2|TRANS|VPC-WEB||OUI|\r\nLIGNE|W 152 JA19 LF015|40|475 BROWN|veste longue - Taille : 40|995.00|1||0.00|\r\n\r\n\";s:7:\"request\";s:236:\"compte=HOMEMADE&motpasse=h12589&magasin=WEB&enseigne=JINGHI&data=ENTETE%7CPOITOU%7CWEB%7C2%7CTRANS%7CVPC-WEB%7C%7COUI%7C%0D%0ALIGNE%7CW+152+JA19+LF015%7C40%7C475+BROWN%7Cveste+longue+-+Taille+%3A+40%7C995.00%7C1%7C%7C0.00%7C%0D%0A%0D%0A\";s:5:\"error\";s:0:\"\";}i:2;a:5:{s:6:\"status\";s:2:\"OK\";s:2:\"id\";s:4:\"4841\";s:9:\"post_data\";s:328:\"ENTETE|WEB|1460.00|3|VENTE|VPC-WEB|3976|MON ADRESSE||||||||||||Presta : 352|\r\nLIGNE|W 152 JA19 LF015|40|475 BROWN|veste longue - Taille : 40|995.00|1|0.00|995.00|||\r\nLIGNE|W 152 PA19 LD001|40|761 INDIGO|denim - Taille : 40|450.00|1|0.00|450.00|||\r\nLIGNE|FP|||Livraison|15.00|1|0.00|15.00|||\r\nREGLEMENT|460|1460.00|||EYJGHILCX|\r\n\";s:7:\"request\";s:537:\"compte=HOMEMADE&motpasse=h12589&magasin=WEB&enseigne=JINGHI&data=ENTETE%7CWEB%7C1460.00%7C3%7CVENTE%7CVPC-WEB%7C3976%7CMON+ADRESSE%7C%7C%7C%7C%7C%7C%7C%7C%7C%7C%7C%7CPresta+%3A+352%7C%0D%0ALIGNE%7CW+152+JA19+LF015%7C40%7C475+BROWN%7Cveste+longue+-+Taille+%3A+40%7C995.00%7C1%7C0.00%7C995.00%7C%7C%7C%0D%0ALIGNE%7CW+152+PA19+LD001%7C40%7C761+INDIGO%7Cdenim+-+Taille+%3A+40%7C450.00%7C1%7C0.00%7C450.00%7C%7C%7C%0D%0ALIGNE%7CFP%7C%7C%7CLivraison%7C15.00%7C1%7C0.00%7C15.00%7C%7C%7C%0D%0AREGLEMENT%7C460%7C1460.00%7C%7C%7CEYJGHILCX%7C%0D%0A\";s:5:\"error\";s:0:\"\";}}','2015-11-28 08:48:07','2015-11-28 08:48:13'),(352,4840,'TRANS','OK','ENTETE|POITOU|WEB|2|TRANS|VPC-WEB||OUI|\r\nLIGNE|W 152 JA19 LF015|40|475 BROWN|veste longue - Taille : 40|995.00|1||0.00|\r\n\r\n','a:3:{i:0;a:5:{s:6:\"status\";s:2:\"OK\";s:2:\"id\";s:4:\"4839\";s:9:\"post_data\";s:117:\"ENTETE|POITOU|WEB|2|TRANS|VPC-WEB||OUI|\r\nLIGNE|W 152 PA19 LD001|40|761 INDIGO|denim - Taille : 40|450.00|1||0.00|\r\n\r\n\";s:7:\"request\";s:230:\"compte=HOMEMADE&motpasse=h12589&magasin=WEB&enseigne=JINGHI&data=ENTETE%7CPOITOU%7CWEB%7C2%7CTRANS%7CVPC-WEB%7C%7COUI%7C%0D%0ALIGNE%7CW+152+PA19+LD001%7C40%7C761+INDIGO%7Cdenim+-+Taille+%3A+40%7C450.00%7C1%7C%7C0.00%7C%0D%0A%0D%0A\";s:5:\"error\";s:0:\"\";}i:1;a:5:{s:6:\"status\";s:2:\"OK\";s:2:\"id\";s:4:\"4840\";s:9:\"post_data\";s:123:\"ENTETE|POITOU|WEB|2|TRANS|VPC-WEB||OUI|\r\nLIGNE|W 152 JA19 LF015|40|475 BROWN|veste longue - Taille : 40|995.00|1||0.00|\r\n\r\n\";s:7:\"request\";s:236:\"compte=HOMEMADE&motpasse=h12589&magasin=WEB&enseigne=JINGHI&data=ENTETE%7CPOITOU%7CWEB%7C2%7CTRANS%7CVPC-WEB%7C%7COUI%7C%0D%0ALIGNE%7CW+152+JA19+LF015%7C40%7C475+BROWN%7Cveste+longue+-+Taille+%3A+40%7C995.00%7C1%7C%7C0.00%7C%0D%0A%0D%0A\";s:5:\"error\";s:0:\"\";}i:2;a:5:{s:6:\"status\";s:2:\"OK\";s:2:\"id\";s:4:\"4841\";s:9:\"post_data\";s:328:\"ENTETE|WEB|1460.00|3|VENTE|VPC-WEB|3976|MON ADRESSE||||||||||||Presta : 352|\r\nLIGNE|W 152 JA19 LF015|40|475 BROWN|veste longue - Taille : 40|995.00|1|0.00|995.00|||\r\nLIGNE|W 152 PA19 LD001|40|761 INDIGO|denim - Taille : 40|450.00|1|0.00|450.00|||\r\nLIGNE|FP|||Livraison|15.00|1|0.00|15.00|||\r\nREGLEMENT|460|1460.00|||EYJGHILCX|\r\n\";s:7:\"request\";s:537:\"compte=HOMEMADE&motpasse=h12589&magasin=WEB&enseigne=JINGHI&data=ENTETE%7CWEB%7C1460.00%7C3%7CVENTE%7CVPC-WEB%7C3976%7CMON+ADRESSE%7C%7C%7C%7C%7C%7C%7C%7C%7C%7C%7C%7CPresta+%3A+352%7C%0D%0ALIGNE%7CW+152+JA19+LF015%7C40%7C475+BROWN%7Cveste+longue+-+Taille+%3A+40%7C995.00%7C1%7C0.00%7C995.00%7C%7C%7C%0D%0ALIGNE%7CW+152+PA19+LD001%7C40%7C761+INDIGO%7Cdenim+-+Taille+%3A+40%7C450.00%7C1%7C0.00%7C450.00%7C%7C%7C%0D%0ALIGNE%7CFP%7C%7C%7CLivraison%7C15.00%7C1%7C0.00%7C15.00%7C%7C%7C%0D%0AREGLEMENT%7C460%7C1460.00%7C%7C%7CEYJGHILCX%7C%0D%0A\";s:5:\"error\";s:0:\"\";}}','2015-11-28 08:48:07','2015-11-28 08:48:13'),(352,4841,'VENTE','OK','ENTETE|WEB|1460.00|3|VENTE|VPC-WEB|3976|MON ADRESSE||||||||||||Presta : 352|\r\nLIGNE|W 152 JA19 LF015|40|475 BROWN|veste longue - Taille : 40|995.00|1|0.00|995.00|||\r\nLIGNE|W 152 PA19 LD001|40|761 INDIGO|denim - Taille : 40|450.00|1|0.00|450.00|||\r\nLIGNE|FP|||Livraison|15.00|1|0.00|15.00|||\r\nREGLEMENT|460|1460.00|||EYJGHILCX|\r\n','a:3:{i:0;a:5:{s:6:\"status\";s:2:\"OK\";s:2:\"id\";s:4:\"4839\";s:9:\"post_data\";s:117:\"ENTETE|POITOU|WEB|2|TRANS|VPC-WEB||OUI|\r\nLIGNE|W 152 PA19 LD001|40|761 INDIGO|denim - Taille : 40|450.00|1||0.00|\r\n\r\n\";s:7:\"request\";s:230:\"compte=HOMEMADE&motpasse=h12589&magasin=WEB&enseigne=JINGHI&data=ENTETE%7CPOITOU%7CWEB%7C2%7CTRANS%7CVPC-WEB%7C%7COUI%7C%0D%0ALIGNE%7CW+152+PA19+LD001%7C40%7C761+INDIGO%7Cdenim+-+Taille+%3A+40%7C450.00%7C1%7C%7C0.00%7C%0D%0A%0D%0A\";s:5:\"error\";s:0:\"\";}i:1;a:5:{s:6:\"status\";s:2:\"OK\";s:2:\"id\";s:4:\"4840\";s:9:\"post_data\";s:123:\"ENTETE|POITOU|WEB|2|TRANS|VPC-WEB||OUI|\r\nLIGNE|W 152 JA19 LF015|40|475 BROWN|veste longue - Taille : 40|995.00|1||0.00|\r\n\r\n\";s:7:\"request\";s:236:\"compte=HOMEMADE&motpasse=h12589&magasin=WEB&enseigne=JINGHI&data=ENTETE%7CPOITOU%7CWEB%7C2%7CTRANS%7CVPC-WEB%7C%7COUI%7C%0D%0ALIGNE%7CW+152+JA19+LF015%7C40%7C475+BROWN%7Cveste+longue+-+Taille+%3A+40%7C995.00%7C1%7C%7C0.00%7C%0D%0A%0D%0A\";s:5:\"error\";s:0:\"\";}i:2;a:5:{s:6:\"status\";s:2:\"OK\";s:2:\"id\";s:4:\"4841\";s:9:\"post_data\";s:328:\"ENTETE|WEB|1460.00|3|VENTE|VPC-WEB|3976|MON ADRESSE||||||||||||Presta : 352|\r\nLIGNE|W 152 JA19 LF015|40|475 BROWN|veste longue - Taille : 40|995.00|1|0.00|995.00|||\r\nLIGNE|W 152 PA19 LD001|40|761 INDIGO|denim - Taille : 40|450.00|1|0.00|450.00|||\r\nLIGNE|FP|||Livraison|15.00|1|0.00|15.00|||\r\nREGLEMENT|460|1460.00|||EYJGHILCX|\r\n\";s:7:\"request\";s:537:\"compte=HOMEMADE&motpasse=h12589&magasin=WEB&enseigne=JINGHI&data=ENTETE%7CWEB%7C1460.00%7C3%7CVENTE%7CVPC-WEB%7C3976%7CMON+ADRESSE%7C%7C%7C%7C%7C%7C%7C%7C%7C%7C%7C%7CPresta+%3A+352%7C%0D%0ALIGNE%7CW+152+JA19+LF015%7C40%7C475+BROWN%7Cveste+longue+-+Taille+%3A+40%7C995.00%7C1%7C0.00%7C995.00%7C%7C%7C%0D%0ALIGNE%7CW+152+PA19+LD001%7C40%7C761+INDIGO%7Cdenim+-+Taille+%3A+40%7C450.00%7C1%7C0.00%7C450.00%7C%7C%7C%0D%0ALIGNE%7CFP%7C%7C%7CLivraison%7C15.00%7C1%7C0.00%7C15.00%7C%7C%7C%0D%0AREGLEMENT%7C460%7C1460.00%7C%7C%7CEYJGHILCX%7C%0D%0A\";s:5:\"error\";s:0:\"\";}}','2015-11-28 08:48:07','2015-11-28 08:48:13'),(353,4843,'TRANS','OK','ENTETE|POITOU|WEB|2|TRANS|VPC-WEB||OUI|\r\nLIGNE|W 152 CO17 LF021|38|687 OLIVE|TRENCH COAT - Taille : 38|875.00|1||0.00|\r\n\r\n','a:3:{i:0;a:5:{s:6:\"status\";s:2:\"OK\";s:2:\"id\";s:4:\"4843\";s:9:\"post_data\";s:122:\"ENTETE|POITOU|WEB|2|TRANS|VPC-WEB||OUI|\r\nLIGNE|W 152 CO17 LF021|38|687 OLIVE|TRENCH COAT - Taille : 38|875.00|1||0.00|\r\n\r\n\";s:7:\"request\";s:235:\"compte=HOMEMADE&motpasse=h12589&magasin=WEB&enseigne=JINGHI&data=ENTETE%7CPOITOU%7CWEB%7C2%7CTRANS%7CVPC-WEB%7C%7COUI%7C%0D%0ALIGNE%7CW+152+CO17+LF021%7C38%7C687+OLIVE%7CTRENCH+COAT+-+Taille+%3A+38%7C875.00%7C1%7C%7C0.00%7C%0D%0A%0D%0A\";s:5:\"error\";s:0:\"\";}i:1;a:5:{s:6:\"status\";s:2:\"OK\";s:2:\"id\";s:4:\"4844\";s:9:\"post_data\";s:124:\"ENTETE|POITOU|WEB|2|TRANS|VPC-WEB||OUI|\r\nLIGNE|M 152 AC03 LL001|95|465 HAZELNUT|LARGE BELT - Taille : 95|235.00|1||0.00|\r\n\r\n\";s:7:\"request\";s:237:\"compte=HOMEMADE&motpasse=h12589&magasin=WEB&enseigne=JINGHI&data=ENTETE%7CPOITOU%7CWEB%7C2%7CTRANS%7CVPC-WEB%7C%7COUI%7C%0D%0ALIGNE%7CM+152+AC03+LL001%7C95%7C465+HAZELNUT%7CLARGE+BELT+-+Taille+%3A+95%7C235.00%7C1%7C%7C0.00%7C%0D%0A%0D%0A\";s:5:\"error\";s:0:\"\";}i:2;a:5:{s:6:\"status\";s:2:\"OK\";s:2:\"id\";s:4:\"4845\";s:9:\"post_data\";s:392:\"ENTETE|WEB|792.00|4|VENTE|VPC-WEB|4454|MY ADDRESS||||||||||||Presta : 353|\r\nLIGNE|M 152 AC03 LL001|95|465 HAZELNUT|LARGE BELT - Taille : 95|235.00|1|0.00|235.00|||\r\nLIGNE|W 152 CO17 LF021|38|687 OLIVE|TRENCH COAT - Taille : 38|875.00|1|0.00|875.00|||\r\nLIGNE|FID|||PRIVATE SALES AH1516 |-333.00|1|0.00|-333.00|||\r\nLIGNE|FP|||Livraison|15.00|1|0.00|15.00|||\r\nREGLEMENT|460|792.00|||QMJUSOMOK|\r\n\";s:7:\"request\";s:627:\"compte=HOMEMADE&motpasse=h12589&magasin=WEB&enseigne=JINGHI&data=ENTETE%7CWEB%7C792.00%7C4%7CVENTE%7CVPC-WEB%7C4454%7CMY+ADDRESS%7C%7C%7C%7C%7C%7C%7C%7C%7C%7C%7C%7CPresta+%3A+353%7C%0D%0ALIGNE%7CM+152+AC03+LL001%7C95%7C465+HAZELNUT%7CLARGE+BELT+-+Taille+%3A+95%7C235.00%7C1%7C0.00%7C235.00%7C%7C%7C%0D%0ALIGNE%7CW+152+CO17+LF021%7C38%7C687+OLIVE%7CTRENCH+COAT+-+Taille+%3A+38%7C875.00%7C1%7C0.00%7C875.00%7C%7C%7C%0D%0ALIGNE%7CFID%7C%7C%7CPRIVATE+SALES+AH1516+%7C-333.00%7C1%7C0.00%7C-333.00%7C%7C%7C%0D%0ALIGNE%7CFP%7C%7C%7CLivraison%7C15.00%7C1%7C0.00%7C15.00%7C%7C%7C%0D%0AREGLEMENT%7C460%7C792.00%7C%7C%7CQMJUSOMOK%7C%0D%0A\";s:5:\"error\";s:0:\"\";}}','2015-11-28 12:00:00','2015-11-28 12:00:03'),(353,4844,'TRANS','OK','ENTETE|POITOU|WEB|2|TRANS|VPC-WEB||OUI|\r\nLIGNE|M 152 AC03 LL001|95|465 HAZELNUT|LARGE BELT - Taille : 95|235.00|1||0.00|\r\n\r\n','a:3:{i:0;a:5:{s:6:\"status\";s:2:\"OK\";s:2:\"id\";s:4:\"4843\";s:9:\"post_data\";s:122:\"ENTETE|POITOU|WEB|2|TRANS|VPC-WEB||OUI|\r\nLIGNE|W 152 CO17 LF021|38|687 OLIVE|TRENCH COAT - Taille : 38|875.00|1||0.00|\r\n\r\n\";s:7:\"request\";s:235:\"compte=HOMEMADE&motpasse=h12589&magasin=WEB&enseigne=JINGHI&data=ENTETE%7CPOITOU%7CWEB%7C2%7CTRANS%7CVPC-WEB%7C%7COUI%7C%0D%0ALIGNE%7CW+152+CO17+LF021%7C38%7C687+OLIVE%7CTRENCH+COAT+-+Taille+%3A+38%7C875.00%7C1%7C%7C0.00%7C%0D%0A%0D%0A\";s:5:\"error\";s:0:\"\";}i:1;a:5:{s:6:\"status\";s:2:\"OK\";s:2:\"id\";s:4:\"4844\";s:9:\"post_data\";s:124:\"ENTETE|POITOU|WEB|2|TRANS|VPC-WEB||OUI|\r\nLIGNE|M 152 AC03 LL001|95|465 HAZELNUT|LARGE BELT - Taille : 95|235.00|1||0.00|\r\n\r\n\";s:7:\"request\";s:237:\"compte=HOMEMADE&motpasse=h12589&magasin=WEB&enseigne=JINGHI&data=ENTETE%7CPOITOU%7CWEB%7C2%7CTRANS%7CVPC-WEB%7C%7COUI%7C%0D%0ALIGNE%7CM+152+AC03+LL001%7C95%7C465+HAZELNUT%7CLARGE+BELT+-+Taille+%3A+95%7C235.00%7C1%7C%7C0.00%7C%0D%0A%0D%0A\";s:5:\"error\";s:0:\"\";}i:2;a:5:{s:6:\"status\";s:2:\"OK\";s:2:\"id\";s:4:\"4845\";s:9:\"post_data\";s:392:\"ENTETE|WEB|792.00|4|VENTE|VPC-WEB|4454|MY ADDRESS||||||||||||Presta : 353|\r\nLIGNE|M 152 AC03 LL001|95|465 HAZELNUT|LARGE BELT - Taille : 95|235.00|1|0.00|235.00|||\r\nLIGNE|W 152 CO17 LF021|38|687 OLIVE|TRENCH COAT - Taille : 38|875.00|1|0.00|875.00|||\r\nLIGNE|FID|||PRIVATE SALES AH1516 |-333.00|1|0.00|-333.00|||\r\nLIGNE|FP|||Livraison|15.00|1|0.00|15.00|||\r\nREGLEMENT|460|792.00|||QMJUSOMOK|\r\n\";s:7:\"request\";s:627:\"compte=HOMEMADE&motpasse=h12589&magasin=WEB&enseigne=JINGHI&data=ENTETE%7CWEB%7C792.00%7C4%7CVENTE%7CVPC-WEB%7C4454%7CMY+ADDRESS%7C%7C%7C%7C%7C%7C%7C%7C%7C%7C%7C%7CPresta+%3A+353%7C%0D%0ALIGNE%7CM+152+AC03+LL001%7C95%7C465+HAZELNUT%7CLARGE+BELT+-+Taille+%3A+95%7C235.00%7C1%7C0.00%7C235.00%7C%7C%7C%0D%0ALIGNE%7CW+152+CO17+LF021%7C38%7C687+OLIVE%7CTRENCH+COAT+-+Taille+%3A+38%7C875.00%7C1%7C0.00%7C875.00%7C%7C%7C%0D%0ALIGNE%7CFID%7C%7C%7CPRIVATE+SALES+AH1516+%7C-333.00%7C1%7C0.00%7C-333.00%7C%7C%7C%0D%0ALIGNE%7CFP%7C%7C%7CLivraison%7C15.00%7C1%7C0.00%7C15.00%7C%7C%7C%0D%0AREGLEMENT%7C460%7C792.00%7C%7C%7CQMJUSOMOK%7C%0D%0A\";s:5:\"error\";s:0:\"\";}}','2015-11-28 12:00:00','2015-11-28 12:00:03'),(353,4845,'VENTE','OK','ENTETE|WEB|792.00|4|VENTE|VPC-WEB|4454|MY ADDRESS||||||||||||Presta : 353|\r\nLIGNE|M 152 AC03 LL001|95|465 HAZELNUT|LARGE BELT - Taille : 95|235.00|1|0.00|235.00|||\r\nLIGNE|W 152 CO17 LF021|38|687 OLIVE|TRENCH COAT - Taille : 38|875.00|1|0.00|875.00|||\r\nLIGNE|FID|||PRIVATE SALES AH1516 |-333.00|1|0.00|-333.00|||\r\nLIGNE|FP|||Livraison|15.00|1|0.00|15.00|||\r\nREGLEMENT|460|792.00|||QMJUSOMOK|\r\n','a:3:{i:0;a:5:{s:6:\"status\";s:2:\"OK\";s:2:\"id\";s:4:\"4843\";s:9:\"post_data\";s:122:\"ENTETE|POITOU|WEB|2|TRANS|VPC-WEB||OUI|\r\nLIGNE|W 152 CO17 LF021|38|687 OLIVE|TRENCH COAT - Taille : 38|875.00|1||0.00|\r\n\r\n\";s:7:\"request\";s:235:\"compte=HOMEMADE&motpasse=h12589&magasin=WEB&enseigne=JINGHI&data=ENTETE%7CPOITOU%7CWEB%7C2%7CTRANS%7CVPC-WEB%7C%7COUI%7C%0D%0ALIGNE%7CW+152+CO17+LF021%7C38%7C687+OLIVE%7CTRENCH+COAT+-+Taille+%3A+38%7C875.00%7C1%7C%7C0.00%7C%0D%0A%0D%0A\";s:5:\"error\";s:0:\"\";}i:1;a:5:{s:6:\"status\";s:2:\"OK\";s:2:\"id\";s:4:\"4844\";s:9:\"post_data\";s:124:\"ENTETE|POITOU|WEB|2|TRANS|VPC-WEB||OUI|\r\nLIGNE|M 152 AC03 LL001|95|465 HAZELNUT|LARGE BELT - Taille : 95|235.00|1||0.00|\r\n\r\n\";s:7:\"request\";s:237:\"compte=HOMEMADE&motpasse=h12589&magasin=WEB&enseigne=JINGHI&data=ENTETE%7CPOITOU%7CWEB%7C2%7CTRANS%7CVPC-WEB%7C%7COUI%7C%0D%0ALIGNE%7CM+152+AC03+LL001%7C95%7C465+HAZELNUT%7CLARGE+BELT+-+Taille+%3A+95%7C235.00%7C1%7C%7C0.00%7C%0D%0A%0D%0A\";s:5:\"error\";s:0:\"\";}i:2;a:5:{s:6:\"status\";s:2:\"OK\";s:2:\"id\";s:4:\"4845\";s:9:\"post_data\";s:392:\"ENTETE|WEB|792.00|4|VENTE|VPC-WEB|4454|MY ADDRESS||||||||||||Presta : 353|\r\nLIGNE|M 152 AC03 LL001|95|465 HAZELNUT|LARGE BELT - Taille : 95|235.00|1|0.00|235.00|||\r\nLIGNE|W 152 CO17 LF021|38|687 OLIVE|TRENCH COAT - Taille : 38|875.00|1|0.00|875.00|||\r\nLIGNE|FID|||PRIVATE SALES AH1516 |-333.00|1|0.00|-333.00|||\r\nLIGNE|FP|||Livraison|15.00|1|0.00|15.00|||\r\nREGLEMENT|460|792.00|||QMJUSOMOK|\r\n\";s:7:\"request\";s:627:\"compte=HOMEMADE&motpasse=h12589&magasin=WEB&enseigne=JINGHI&data=ENTETE%7CWEB%7C792.00%7C4%7CVENTE%7CVPC-WEB%7C4454%7CMY+ADDRESS%7C%7C%7C%7C%7C%7C%7C%7C%7C%7C%7C%7CPresta+%3A+353%7C%0D%0ALIGNE%7CM+152+AC03+LL001%7C95%7C465+HAZELNUT%7CLARGE+BELT+-+Taille+%3A+95%7C235.00%7C1%7C0.00%7C235.00%7C%7C%7C%0D%0ALIGNE%7CW+152+CO17+LF021%7C38%7C687+OLIVE%7CTRENCH+COAT+-+Taille+%3A+38%7C875.00%7C1%7C0.00%7C875.00%7C%7C%7C%0D%0ALIGNE%7CFID%7C%7C%7CPRIVATE+SALES+AH1516+%7C-333.00%7C1%7C0.00%7C-333.00%7C%7C%7C%0D%0ALIGNE%7CFP%7C%7C%7CLivraison%7C15.00%7C1%7C0.00%7C15.00%7C%7C%7C%0D%0AREGLEMENT%7C460%7C792.00%7C%7C%7CQMJUSOMOK%7C%0D%0A\";s:5:\"error\";s:0:\"\";}}','2015-11-28 12:00:00','2015-11-28 12:00:03'),(354,4857,'TRANS','OK','ENTETE|POITOU|WEB|1|TRANS|VPC-WEB||OUI|\r\nLIGNE|W 152 PA19 LD001|42|761 INDIGO|TWISTED PANTS - Taille : 42|450.00|1||0.00|\r\n\r\n','a:2:{i:0;a:5:{s:6:\"status\";s:2:\"OK\";s:2:\"id\";s:4:\"4857\";s:9:\"post_data\";s:125:\"ENTETE|POITOU|WEB|1|TRANS|VPC-WEB||OUI|\r\nLIGNE|W 152 PA19 LD001|42|761 INDIGO|TWISTED PANTS - Taille : 42|450.00|1||0.00|\r\n\r\n\";s:7:\"request\";s:238:\"compte=HOMEMADE&motpasse=h12589&magasin=WEB&enseigne=JINGHI&data=ENTETE%7CPOITOU%7CWEB%7C1%7CTRANS%7CVPC-WEB%7C%7COUI%7C%0D%0ALIGNE%7CW+152+PA19+LD001%7C42%7C761+INDIGO%7CTWISTED+PANTS+-+Taille+%3A+42%7C450.00%7C1%7C%7C0.00%7C%0D%0A%0D%0A\";s:5:\"error\";s:0:\"\";}i:1;a:5:{s:6:\"status\";s:2:\"OK\";s:2:\"id\";s:4:\"4858\";s:9:\"post_data\";s:306:\"ENTETE|WEB|330.00|3|VENTE|VPC-WEB|4498|MY ADDRESS||||||||||||Presta : 354|\r\nLIGNE|W 152 PA19 LD001|42|761 INDIGO|TWISTED PANTS - Taille : 42|450.00|1|0.00|450.00|||\r\nLIGNE|FID|||PRIVATE SALES AH1516 |-135.00|1|0.00|-135.00|||\r\nLIGNE|FP|||Livraison|15.00|1|0.00|15.00|||\r\nREGLEMENT|460|330.00|||VXCYDOOTU|\r\n\";s:7:\"request\";s:513:\"compte=HOMEMADE&motpasse=h12589&magasin=WEB&enseigne=JINGHI&data=ENTETE%7CWEB%7C330.00%7C3%7CVENTE%7CVPC-WEB%7C4498%7CMY+ADDRESS%7C%7C%7C%7C%7C%7C%7C%7C%7C%7C%7C%7CPresta+%3A+354%7C%0D%0ALIGNE%7CW+152+PA19+LD001%7C42%7C761+INDIGO%7CTWISTED+PANTS+-+Taille+%3A+42%7C450.00%7C1%7C0.00%7C450.00%7C%7C%7C%0D%0ALIGNE%7CFID%7C%7C%7CPRIVATE+SALES+AH1516+%7C-135.00%7C1%7C0.00%7C-135.00%7C%7C%7C%0D%0ALIGNE%7CFP%7C%7C%7CLivraison%7C15.00%7C1%7C0.00%7C15.00%7C%7C%7C%0D%0AREGLEMENT%7C460%7C330.00%7C%7C%7CVXCYDOOTU%7C%0D%0A\";s:5:\"error\";s:0:\"\";}}','2015-11-29 22:16:00','2015-11-29 22:16:07'),(354,4858,'VENTE','OK','ENTETE|WEB|330.00|3|VENTE|VPC-WEB|4498|MY ADDRESS||||||||||||Presta : 354|\r\nLIGNE|W 152 PA19 LD001|42|761 INDIGO|TWISTED PANTS - Taille : 42|450.00|1|0.00|450.00|||\r\nLIGNE|FID|||PRIVATE SALES AH1516 |-135.00|1|0.00|-135.00|||\r\nLIGNE|FP|||Livraison|15.00|1|0.00|15.00|||\r\nREGLEMENT|460|330.00|||VXCYDOOTU|\r\n','a:2:{i:0;a:5:{s:6:\"status\";s:2:\"OK\";s:2:\"id\";s:4:\"4857\";s:9:\"post_data\";s:125:\"ENTETE|POITOU|WEB|1|TRANS|VPC-WEB||OUI|\r\nLIGNE|W 152 PA19 LD001|42|761 INDIGO|TWISTED PANTS - Taille : 42|450.00|1||0.00|\r\n\r\n\";s:7:\"request\";s:238:\"compte=HOMEMADE&motpasse=h12589&magasin=WEB&enseigne=JINGHI&data=ENTETE%7CPOITOU%7CWEB%7C1%7CTRANS%7CVPC-WEB%7C%7COUI%7C%0D%0ALIGNE%7CW+152+PA19+LD001%7C42%7C761+INDIGO%7CTWISTED+PANTS+-+Taille+%3A+42%7C450.00%7C1%7C%7C0.00%7C%0D%0A%0D%0A\";s:5:\"error\";s:0:\"\";}i:1;a:5:{s:6:\"status\";s:2:\"OK\";s:2:\"id\";s:4:\"4858\";s:9:\"post_data\";s:306:\"ENTETE|WEB|330.00|3|VENTE|VPC-WEB|4498|MY ADDRESS||||||||||||Presta : 354|\r\nLIGNE|W 152 PA19 LD001|42|761 INDIGO|TWISTED PANTS - Taille : 42|450.00|1|0.00|450.00|||\r\nLIGNE|FID|||PRIVATE SALES AH1516 |-135.00|1|0.00|-135.00|||\r\nLIGNE|FP|||Livraison|15.00|1|0.00|15.00|||\r\nREGLEMENT|460|330.00|||VXCYDOOTU|\r\n\";s:7:\"request\";s:513:\"compte=HOMEMADE&motpasse=h12589&magasin=WEB&enseigne=JINGHI&data=ENTETE%7CWEB%7C330.00%7C3%7CVENTE%7CVPC-WEB%7C4498%7CMY+ADDRESS%7C%7C%7C%7C%7C%7C%7C%7C%7C%7C%7C%7CPresta+%3A+354%7C%0D%0ALIGNE%7CW+152+PA19+LD001%7C42%7C761+INDIGO%7CTWISTED+PANTS+-+Taille+%3A+42%7C450.00%7C1%7C0.00%7C450.00%7C%7C%7C%0D%0ALIGNE%7CFID%7C%7C%7CPRIVATE+SALES+AH1516+%7C-135.00%7C1%7C0.00%7C-135.00%7C%7C%7C%0D%0ALIGNE%7CFP%7C%7C%7CLivraison%7C15.00%7C1%7C0.00%7C15.00%7C%7C%7C%0D%0AREGLEMENT%7C460%7C330.00%7C%7C%7CVXCYDOOTU%7C%0D%0A\";s:5:\"error\";s:0:\"\";}}','2015-11-29 22:16:00','2015-11-29 22:16:07'),(355,4860,'TRANS','OK','ENTETE|POITOU|WEB|2|TRANS|VPC-WEB||OUI|\r\nLIGNE|M 152 SH06 LF002|48|682 LICHEN|LONG SLEEVE TEE-SHIRT - Taille : 48|280.00|1||0.00|\r\n\r\n','a:3:{i:0;a:5:{s:6:\"status\";s:2:\"OK\";s:2:\"id\";s:4:\"4860\";s:9:\"post_data\";s:133:\"ENTETE|POITOU|WEB|2|TRANS|VPC-WEB||OUI|\r\nLIGNE|M 152 SH06 LF002|48|682 LICHEN|LONG SLEEVE TEE-SHIRT - Taille : 48|280.00|1||0.00|\r\n\r\n\";s:7:\"request\";s:246:\"compte=HOMEMADE&motpasse=h12589&magasin=WEB&enseigne=JINGHI&data=ENTETE%7CPOITOU%7CWEB%7C2%7CTRANS%7CVPC-WEB%7C%7COUI%7C%0D%0ALIGNE%7CM+152+SH06+LF002%7C48%7C682+LICHEN%7CLONG+SLEEVE+TEE-SHIRT+-+Taille+%3A+48%7C280.00%7C1%7C%7C0.00%7C%0D%0A%0D%0A\";s:5:\"error\";s:0:\"\";}i:1;a:5:{s:6:\"status\";s:2:\"OK\";s:2:\"id\";s:4:\"4861\";s:9:\"post_data\";s:124:\"ENTETE|POITOU|WEB|2|TRANS|VPC-WEB||OUI|\r\nLIGNE|M 152 KN11 LK004|OS|030 PANNA|KNITTED SCARF - Taille : OS|530.00|1||0.00|\r\n\r\n\";s:7:\"request\";s:237:\"compte=HOMEMADE&motpasse=h12589&magasin=WEB&enseigne=JINGHI&data=ENTETE%7CPOITOU%7CWEB%7C2%7CTRANS%7CVPC-WEB%7C%7COUI%7C%0D%0ALIGNE%7CM+152+KN11+LK004%7COS%7C030+PANNA%7CKNITTED+SCARF+-+Taille+%3A+OS%7C530.00%7C1%7C%7C0.00%7C%0D%0A%0D%0A\";s:5:\"error\";s:0:\"\";}i:2;a:5:{s:6:\"status\";s:2:\"OK\";s:2:\"id\";s:4:\"4862\";s:9:\"post_data\";s:405:\"ENTETE|WEB|597.00|4|VENTE|VPC-WEB|4458|MY ADDRESS||||||||||HT||Presta : 355|\r\nLIGNE|M 152 KN11 LK004|OS|030 PANNA|KNITTED SCARF - Taille : OS|530.00|1|0.00|530.00|||\r\nLIGNE|M 152 SH06 LF002|48|682 LICHEN|LONG SLEEVE TEE-SHIRT - Taille : 48|280.00|1|0.00|280.00|||\r\nLIGNE|FID|||PRIVATE SALES AH1516 |-243.00|1|0.00|-243.00|||\r\nLIGNE|FP|||Livraison|30.00|1|0.00|30.00|||\r\nREGLEMENT|460|597.00|||DFSEZPJMP|\r\n\";s:7:\"request\";s:640:\"compte=HOMEMADE&motpasse=h12589&magasin=WEB&enseigne=JINGHI&data=ENTETE%7CWEB%7C597.00%7C4%7CVENTE%7CVPC-WEB%7C4458%7CMY+ADDRESS%7C%7C%7C%7C%7C%7C%7C%7C%7C%7CHT%7C%7CPresta+%3A+355%7C%0D%0ALIGNE%7CM+152+KN11+LK004%7COS%7C030+PANNA%7CKNITTED+SCARF+-+Taille+%3A+OS%7C530.00%7C1%7C0.00%7C530.00%7C%7C%7C%0D%0ALIGNE%7CM+152+SH06+LF002%7C48%7C682+LICHEN%7CLONG+SLEEVE+TEE-SHIRT+-+Taille+%3A+48%7C280.00%7C1%7C0.00%7C280.00%7C%7C%7C%0D%0ALIGNE%7CFID%7C%7C%7CPRIVATE+SALES+AH1516+%7C-243.00%7C1%7C0.00%7C-243.00%7C%7C%7C%0D%0ALIGNE%7CFP%7C%7C%7CLivraison%7C30.00%7C1%7C0.00%7C30.00%7C%7C%7C%0D%0AREGLEMENT%7C460%7C597.00%7C%7C%7CDFSEZPJMP%7C%0D%0A\";s:5:\"error\";s:0:\"\";}}','2015-11-30 14:15:59','2015-11-30 14:16:04'),(355,4861,'TRANS','OK','ENTETE|POITOU|WEB|2|TRANS|VPC-WEB||OUI|\r\nLIGNE|M 152 KN11 LK004|OS|030 PANNA|KNITTED SCARF - Taille : OS|530.00|1||0.00|\r\n\r\n','a:3:{i:0;a:5:{s:6:\"status\";s:2:\"OK\";s:2:\"id\";s:4:\"4860\";s:9:\"post_data\";s:133:\"ENTETE|POITOU|WEB|2|TRANS|VPC-WEB||OUI|\r\nLIGNE|M 152 SH06 LF002|48|682 LICHEN|LONG SLEEVE TEE-SHIRT - Taille : 48|280.00|1||0.00|\r\n\r\n\";s:7:\"request\";s:246:\"compte=HOMEMADE&motpasse=h12589&magasin=WEB&enseigne=JINGHI&data=ENTETE%7CPOITOU%7CWEB%7C2%7CTRANS%7CVPC-WEB%7C%7COUI%7C%0D%0ALIGNE%7CM+152+SH06+LF002%7C48%7C682+LICHEN%7CLONG+SLEEVE+TEE-SHIRT+-+Taille+%3A+48%7C280.00%7C1%7C%7C0.00%7C%0D%0A%0D%0A\";s:5:\"error\";s:0:\"\";}i:1;a:5:{s:6:\"status\";s:2:\"OK\";s:2:\"id\";s:4:\"4861\";s:9:\"post_data\";s:124:\"ENTETE|POITOU|WEB|2|TRANS|VPC-WEB||OUI|\r\nLIGNE|M 152 KN11 LK004|OS|030 PANNA|KNITTED SCARF - Taille : OS|530.00|1||0.00|\r\n\r\n\";s:7:\"request\";s:237:\"compte=HOMEMADE&motpasse=h12589&magasin=WEB&enseigne=JINGHI&data=ENTETE%7CPOITOU%7CWEB%7C2%7CTRANS%7CVPC-WEB%7C%7COUI%7C%0D%0ALIGNE%7CM+152+KN11+LK004%7COS%7C030+PANNA%7CKNITTED+SCARF+-+Taille+%3A+OS%7C530.00%7C1%7C%7C0.00%7C%0D%0A%0D%0A\";s:5:\"error\";s:0:\"\";}i:2;a:5:{s:6:\"status\";s:2:\"OK\";s:2:\"id\";s:4:\"4862\";s:9:\"post_data\";s:405:\"ENTETE|WEB|597.00|4|VENTE|VPC-WEB|4458|MY ADDRESS||||||||||HT||Presta : 355|\r\nLIGNE|M 152 KN11 LK004|OS|030 PANNA|KNITTED SCARF - Taille : OS|530.00|1|0.00|530.00|||\r\nLIGNE|M 152 SH06 LF002|48|682 LICHEN|LONG SLEEVE TEE-SHIRT - Taille : 48|280.00|1|0.00|280.00|||\r\nLIGNE|FID|||PRIVATE SALES AH1516 |-243.00|1|0.00|-243.00|||\r\nLIGNE|FP|||Livraison|30.00|1|0.00|30.00|||\r\nREGLEMENT|460|597.00|||DFSEZPJMP|\r\n\";s:7:\"request\";s:640:\"compte=HOMEMADE&motpasse=h12589&magasin=WEB&enseigne=JINGHI&data=ENTETE%7CWEB%7C597.00%7C4%7CVENTE%7CVPC-WEB%7C4458%7CMY+ADDRESS%7C%7C%7C%7C%7C%7C%7C%7C%7C%7CHT%7C%7CPresta+%3A+355%7C%0D%0ALIGNE%7CM+152+KN11+LK004%7COS%7C030+PANNA%7CKNITTED+SCARF+-+Taille+%3A+OS%7C530.00%7C1%7C0.00%7C530.00%7C%7C%7C%0D%0ALIGNE%7CM+152+SH06+LF002%7C48%7C682+LICHEN%7CLONG+SLEEVE+TEE-SHIRT+-+Taille+%3A+48%7C280.00%7C1%7C0.00%7C280.00%7C%7C%7C%0D%0ALIGNE%7CFID%7C%7C%7CPRIVATE+SALES+AH1516+%7C-243.00%7C1%7C0.00%7C-243.00%7C%7C%7C%0D%0ALIGNE%7CFP%7C%7C%7CLivraison%7C30.00%7C1%7C0.00%7C30.00%7C%7C%7C%0D%0AREGLEMENT%7C460%7C597.00%7C%7C%7CDFSEZPJMP%7C%0D%0A\";s:5:\"error\";s:0:\"\";}}','2015-11-30 14:15:59','2015-11-30 14:16:04'),(355,4862,'VENTE','OK','ENTETE|WEB|597.00|4|VENTE|VPC-WEB|4458|MY ADDRESS||||||||||HT||Presta : 355|\r\nLIGNE|M 152 KN11 LK004|OS|030 PANNA|KNITTED SCARF - Taille : OS|530.00|1|0.00|530.00|||\r\nLIGNE|M 152 SH06 LF002|48|682 LICHEN|LONG SLEEVE TEE-SHIRT - Taille : 48|280.00|1|0.00|280.00|||\r\nLIGNE|FID|||PRIVATE SALES AH1516 |-243.00|1|0.00|-243.00|||\r\nLIGNE|FP|||Livraison|30.00|1|0.00|30.00|||\r\nREGLEMENT|460|597.00|||DFSEZPJMP|\r\n','a:3:{i:0;a:5:{s:6:\"status\";s:2:\"OK\";s:2:\"id\";s:4:\"4860\";s:9:\"post_data\";s:133:\"ENTETE|POITOU|WEB|2|TRANS|VPC-WEB||OUI|\r\nLIGNE|M 152 SH06 LF002|48|682 LICHEN|LONG SLEEVE TEE-SHIRT - Taille : 48|280.00|1||0.00|\r\n\r\n\";s:7:\"request\";s:246:\"compte=HOMEMADE&motpasse=h12589&magasin=WEB&enseigne=JINGHI&data=ENTETE%7CPOITOU%7CWEB%7C2%7CTRANS%7CVPC-WEB%7C%7COUI%7C%0D%0ALIGNE%7CM+152+SH06+LF002%7C48%7C682+LICHEN%7CLONG+SLEEVE+TEE-SHIRT+-+Taille+%3A+48%7C280.00%7C1%7C%7C0.00%7C%0D%0A%0D%0A\";s:5:\"error\";s:0:\"\";}i:1;a:5:{s:6:\"status\";s:2:\"OK\";s:2:\"id\";s:4:\"4861\";s:9:\"post_data\";s:124:\"ENTETE|POITOU|WEB|2|TRANS|VPC-WEB||OUI|\r\nLIGNE|M 152 KN11 LK004|OS|030 PANNA|KNITTED SCARF - Taille : OS|530.00|1||0.00|\r\n\r\n\";s:7:\"request\";s:237:\"compte=HOMEMADE&motpasse=h12589&magasin=WEB&enseigne=JINGHI&data=ENTETE%7CPOITOU%7CWEB%7C2%7CTRANS%7CVPC-WEB%7C%7COUI%7C%0D%0ALIGNE%7CM+152+KN11+LK004%7COS%7C030+PANNA%7CKNITTED+SCARF+-+Taille+%3A+OS%7C530.00%7C1%7C%7C0.00%7C%0D%0A%0D%0A\";s:5:\"error\";s:0:\"\";}i:2;a:5:{s:6:\"status\";s:2:\"OK\";s:2:\"id\";s:4:\"4862\";s:9:\"post_data\";s:405:\"ENTETE|WEB|597.00|4|VENTE|VPC-WEB|4458|MY ADDRESS||||||||||HT||Presta : 355|\r\nLIGNE|M 152 KN11 LK004|OS|030 PANNA|KNITTED SCARF - Taille : OS|530.00|1|0.00|530.00|||\r\nLIGNE|M 152 SH06 LF002|48|682 LICHEN|LONG SLEEVE TEE-SHIRT - Taille : 48|280.00|1|0.00|280.00|||\r\nLIGNE|FID|||PRIVATE SALES AH1516 |-243.00|1|0.00|-243.00|||\r\nLIGNE|FP|||Livraison|30.00|1|0.00|30.00|||\r\nREGLEMENT|460|597.00|||DFSEZPJMP|\r\n\";s:7:\"request\";s:640:\"compte=HOMEMADE&motpasse=h12589&magasin=WEB&enseigne=JINGHI&data=ENTETE%7CWEB%7C597.00%7C4%7CVENTE%7CVPC-WEB%7C4458%7CMY+ADDRESS%7C%7C%7C%7C%7C%7C%7C%7C%7C%7CHT%7C%7CPresta+%3A+355%7C%0D%0ALIGNE%7CM+152+KN11+LK004%7COS%7C030+PANNA%7CKNITTED+SCARF+-+Taille+%3A+OS%7C530.00%7C1%7C0.00%7C530.00%7C%7C%7C%0D%0ALIGNE%7CM+152+SH06+LF002%7C48%7C682+LICHEN%7CLONG+SLEEVE+TEE-SHIRT+-+Taille+%3A+48%7C280.00%7C1%7C0.00%7C280.00%7C%7C%7C%0D%0ALIGNE%7CFID%7C%7C%7CPRIVATE+SALES+AH1516+%7C-243.00%7C1%7C0.00%7C-243.00%7C%7C%7C%0D%0ALIGNE%7CFP%7C%7C%7CLivraison%7C30.00%7C1%7C0.00%7C30.00%7C%7C%7C%0D%0AREGLEMENT%7C460%7C597.00%7C%7C%7CDFSEZPJMP%7C%0D%0A\";s:5:\"error\";s:0:\"\";}}','2015-11-30 14:15:59','2015-11-30 14:16:04'),(356,4881,'TRANS','OK','ENTETE|POITOU|WEB|1|TRANS|VPC-WEB||OUI|\r\nLIGNE|W 152 AC07 LL004|OS|795 MIDNIGHT BLUE|satchel - Taille : OS|600.00|1||0.00|\r\n\r\n','a:2:{i:0;a:5:{s:6:\"status\";s:2:\"OK\";s:2:\"id\";s:4:\"4881\";s:9:\"post_data\";s:126:\"ENTETE|POITOU|WEB|1|TRANS|VPC-WEB||OUI|\r\nLIGNE|W 152 AC07 LL004|OS|795 MIDNIGHT BLUE|satchel - Taille : OS|600.00|1||0.00|\r\n\r\n\";s:7:\"request\";s:239:\"compte=HOMEMADE&motpasse=h12589&magasin=WEB&enseigne=JINGHI&data=ENTETE%7CPOITOU%7CWEB%7C1%7CTRANS%7CVPC-WEB%7C%7COUI%7C%0D%0ALIGNE%7CW+152+AC07+LL004%7COS%7C795+MIDNIGHT+BLUE%7Csatchel+-+Taille+%3A+OS%7C600.00%7C1%7C%7C0.00%7C%0D%0A%0D%0A\";s:5:\"error\";s:0:\"\";}i:1;a:5:{s:6:\"status\";s:2:\"OK\";s:2:\"id\";s:4:\"4882\";s:9:\"post_data\";s:309:\"ENTETE|WEB|450.00|3|VENTE|VPC-WEB|4501|MY ADDRESS||||||||||HT||Presta : 356|\r\nLIGNE|W 152 AC07 LL004|OS|795 MIDNIGHT BLUE|satchel - Taille : OS|600.00|1|0.00|600.00|||\r\nLIGNE|FID|||PRIVATE SALES AH1516 |-180.00|1|0.00|-180.00|||\r\nLIGNE|FP|||Livraison|30.00|1|0.00|30.00|||\r\nREGLEMENT|460|450.00|||YNIGMPRXY|\r\n\";s:7:\"request\";s:516:\"compte=HOMEMADE&motpasse=h12589&magasin=WEB&enseigne=JINGHI&data=ENTETE%7CWEB%7C450.00%7C3%7CVENTE%7CVPC-WEB%7C4501%7CMY+ADDRESS%7C%7C%7C%7C%7C%7C%7C%7C%7C%7CHT%7C%7CPresta+%3A+356%7C%0D%0ALIGNE%7CW+152+AC07+LL004%7COS%7C795+MIDNIGHT+BLUE%7Csatchel+-+Taille+%3A+OS%7C600.00%7C1%7C0.00%7C600.00%7C%7C%7C%0D%0ALIGNE%7CFID%7C%7C%7CPRIVATE+SALES+AH1516+%7C-180.00%7C1%7C0.00%7C-180.00%7C%7C%7C%0D%0ALIGNE%7CFP%7C%7C%7CLivraison%7C30.00%7C1%7C0.00%7C30.00%7C%7C%7C%0D%0AREGLEMENT%7C460%7C450.00%7C%7C%7CYNIGMPRXY%7C%0D%0A\";s:5:\"error\";s:0:\"\";}}','2015-12-02 05:32:01','2015-12-02 05:32:27'),(356,4882,'VENTE','OK','ENTETE|WEB|450.00|3|VENTE|VPC-WEB|4501|MY ADDRESS||||||||||HT||Presta : 356|\r\nLIGNE|W 152 AC07 LL004|OS|795 MIDNIGHT BLUE|satchel - Taille : OS|600.00|1|0.00|600.00|||\r\nLIGNE|FID|||PRIVATE SALES AH1516 |-180.00|1|0.00|-180.00|||\r\nLIGNE|FP|||Livraison|30.00|1|0.00|30.00|||\r\nREGLEMENT|460|450.00|||YNIGMPRXY|\r\n','a:2:{i:0;a:5:{s:6:\"status\";s:2:\"OK\";s:2:\"id\";s:4:\"4881\";s:9:\"post_data\";s:126:\"ENTETE|POITOU|WEB|1|TRANS|VPC-WEB||OUI|\r\nLIGNE|W 152 AC07 LL004|OS|795 MIDNIGHT BLUE|satchel - Taille : OS|600.00|1||0.00|\r\n\r\n\";s:7:\"request\";s:239:\"compte=HOMEMADE&motpasse=h12589&magasin=WEB&enseigne=JINGHI&data=ENTETE%7CPOITOU%7CWEB%7C1%7CTRANS%7CVPC-WEB%7C%7COUI%7C%0D%0ALIGNE%7CW+152+AC07+LL004%7COS%7C795+MIDNIGHT+BLUE%7Csatchel+-+Taille+%3A+OS%7C600.00%7C1%7C%7C0.00%7C%0D%0A%0D%0A\";s:5:\"error\";s:0:\"\";}i:1;a:5:{s:6:\"status\";s:2:\"OK\";s:2:\"id\";s:4:\"4882\";s:9:\"post_data\";s:309:\"ENTETE|WEB|450.00|3|VENTE|VPC-WEB|4501|MY ADDRESS||||||||||HT||Presta : 356|\r\nLIGNE|W 152 AC07 LL004|OS|795 MIDNIGHT BLUE|satchel - Taille : OS|600.00|1|0.00|600.00|||\r\nLIGNE|FID|||PRIVATE SALES AH1516 |-180.00|1|0.00|-180.00|||\r\nLIGNE|FP|||Livraison|30.00|1|0.00|30.00|||\r\nREGLEMENT|460|450.00|||YNIGMPRXY|\r\n\";s:7:\"request\";s:516:\"compte=HOMEMADE&motpasse=h12589&magasin=WEB&enseigne=JINGHI&data=ENTETE%7CWEB%7C450.00%7C3%7CVENTE%7CVPC-WEB%7C4501%7CMY+ADDRESS%7C%7C%7C%7C%7C%7C%7C%7C%7C%7CHT%7C%7CPresta+%3A+356%7C%0D%0ALIGNE%7CW+152+AC07+LL004%7COS%7C795+MIDNIGHT+BLUE%7Csatchel+-+Taille+%3A+OS%7C600.00%7C1%7C0.00%7C600.00%7C%7C%7C%0D%0ALIGNE%7CFID%7C%7C%7CPRIVATE+SALES+AH1516+%7C-180.00%7C1%7C0.00%7C-180.00%7C%7C%7C%0D%0ALIGNE%7CFP%7C%7C%7CLivraison%7C30.00%7C1%7C0.00%7C30.00%7C%7C%7C%0D%0AREGLEMENT%7C460%7C450.00%7C%7C%7CYNIGMPRXY%7C%0D%0A\";s:5:\"error\";s:0:\"\";}}','2015-12-02 05:32:01','2015-12-02 05:32:28'),(357,4885,'TRANS','OK','ENTETE|POITOU|WEB|1|TRANS|VPC-WEB||OUI|\r\nLIGNE|W 152 JA19 LF015|36|999 BLACK|LONG JACKET - Taille : 36|995.00|1||0.00|\r\n\r\n','a:2:{i:0;a:5:{s:6:\"status\";s:2:\"OK\";s:2:\"id\";s:4:\"4885\";s:9:\"post_data\";s:122:\"ENTETE|POITOU|WEB|1|TRANS|VPC-WEB||OUI|\r\nLIGNE|W 152 JA19 LF015|36|999 BLACK|LONG JACKET - Taille : 36|995.00|1||0.00|\r\n\r\n\";s:7:\"request\";s:235:\"compte=HOMEMADE&motpasse=h12589&magasin=WEB&enseigne=JINGHI&data=ENTETE%7CPOITOU%7CWEB%7C1%7CTRANS%7CVPC-WEB%7C%7COUI%7C%0D%0ALIGNE%7CW+152+JA19+LF015%7C36%7C999+BLACK%7CLONG+JACKET+-+Taille+%3A+36%7C995.00%7C1%7C%7C0.00%7C%0D%0A%0D%0A\";s:5:\"error\";s:0:\"\";}i:1;a:5:{s:6:\"status\";s:2:\"OK\";s:2:\"id\";s:4:\"4886\";s:9:\"post_data\";s:303:\"ENTETE|WEB|726.50|3|VENTE|VPC-WEB|4453|MY ADDRESS||||||||||||Presta : 357|\r\nLIGNE|W 152 JA19 LF015|36|999 BLACK|LONG JACKET - Taille : 36|995.00|1|0.00|995.00|||\r\nLIGNE|FID|||PRIVATE SALES AH1516 |-298.50|1|0.00|-298.50|||\r\nLIGNE|FP|||Livraison|30.00|1|0.00|30.00|||\r\nREGLEMENT|460|726.50|||LNJXCVCAM|\r\n\";s:7:\"request\";s:510:\"compte=HOMEMADE&motpasse=h12589&magasin=WEB&enseigne=JINGHI&data=ENTETE%7CWEB%7C726.50%7C3%7CVENTE%7CVPC-WEB%7C4453%7CMY+ADDRESS%7C%7C%7C%7C%7C%7C%7C%7C%7C%7C%7C%7CPresta+%3A+357%7C%0D%0ALIGNE%7CW+152+JA19+LF015%7C36%7C999+BLACK%7CLONG+JACKET+-+Taille+%3A+36%7C995.00%7C1%7C0.00%7C995.00%7C%7C%7C%0D%0ALIGNE%7CFID%7C%7C%7CPRIVATE+SALES+AH1516+%7C-298.50%7C1%7C0.00%7C-298.50%7C%7C%7C%0D%0ALIGNE%7CFP%7C%7C%7CLivraison%7C30.00%7C1%7C0.00%7C30.00%7C%7C%7C%0D%0AREGLEMENT%7C460%7C726.50%7C%7C%7CLNJXCVCAM%7C%0D%0A\";s:5:\"error\";s:0:\"\";}}','2015-12-02 16:48:00','2015-12-02 16:48:06'),(357,4886,'VENTE','OK','ENTETE|WEB|726.50|3|VENTE|VPC-WEB|4453|MY ADDRESS||||||||||||Presta : 357|\r\nLIGNE|W 152 JA19 LF015|36|999 BLACK|LONG JACKET - Taille : 36|995.00|1|0.00|995.00|||\r\nLIGNE|FID|||PRIVATE SALES AH1516 |-298.50|1|0.00|-298.50|||\r\nLIGNE|FP|||Livraison|30.00|1|0.00|30.00|||\r\nREGLEMENT|460|726.50|||LNJXCVCAM|\r\n','a:2:{i:0;a:5:{s:6:\"status\";s:2:\"OK\";s:2:\"id\";s:4:\"4885\";s:9:\"post_data\";s:122:\"ENTETE|POITOU|WEB|1|TRANS|VPC-WEB||OUI|\r\nLIGNE|W 152 JA19 LF015|36|999 BLACK|LONG JACKET - Taille : 36|995.00|1||0.00|\r\n\r\n\";s:7:\"request\";s:235:\"compte=HOMEMADE&motpasse=h12589&magasin=WEB&enseigne=JINGHI&data=ENTETE%7CPOITOU%7CWEB%7C1%7CTRANS%7CVPC-WEB%7C%7COUI%7C%0D%0ALIGNE%7CW+152+JA19+LF015%7C36%7C999+BLACK%7CLONG+JACKET+-+Taille+%3A+36%7C995.00%7C1%7C%7C0.00%7C%0D%0A%0D%0A\";s:5:\"error\";s:0:\"\";}i:1;a:5:{s:6:\"status\";s:2:\"OK\";s:2:\"id\";s:4:\"4886\";s:9:\"post_data\";s:303:\"ENTETE|WEB|726.50|3|VENTE|VPC-WEB|4453|MY ADDRESS||||||||||||Presta : 357|\r\nLIGNE|W 152 JA19 LF015|36|999 BLACK|LONG JACKET - Taille : 36|995.00|1|0.00|995.00|||\r\nLIGNE|FID|||PRIVATE SALES AH1516 |-298.50|1|0.00|-298.50|||\r\nLIGNE|FP|||Livraison|30.00|1|0.00|30.00|||\r\nREGLEMENT|460|726.50|||LNJXCVCAM|\r\n\";s:7:\"request\";s:510:\"compte=HOMEMADE&motpasse=h12589&magasin=WEB&enseigne=JINGHI&data=ENTETE%7CWEB%7C726.50%7C3%7CVENTE%7CVPC-WEB%7C4453%7CMY+ADDRESS%7C%7C%7C%7C%7C%7C%7C%7C%7C%7C%7C%7CPresta+%3A+357%7C%0D%0ALIGNE%7CW+152+JA19+LF015%7C36%7C999+BLACK%7CLONG+JACKET+-+Taille+%3A+36%7C995.00%7C1%7C0.00%7C995.00%7C%7C%7C%0D%0ALIGNE%7CFID%7C%7C%7CPRIVATE+SALES+AH1516+%7C-298.50%7C1%7C0.00%7C-298.50%7C%7C%7C%0D%0ALIGNE%7CFP%7C%7C%7CLivraison%7C30.00%7C1%7C0.00%7C30.00%7C%7C%7C%0D%0AREGLEMENT%7C460%7C726.50%7C%7C%7CLNJXCVCAM%7C%0D%0A\";s:5:\"error\";s:0:\"\";}}','2015-12-02 16:48:00','2015-12-02 16:48:06'),(358,4898,'TRANS','OK','ENTETE|POITOU|WEB|3|TRANS|VPC-WEB||OUI|\r\nLIGNE|M 152 PA05 LF009|46|795 MIDNIGHT BLUE|ELASTICATED PANTS - Taille : 46|615.00|1||0.00|\r\n\r\n','a:4:{i:0;a:5:{s:6:\"status\";s:2:\"OK\";s:2:\"id\";s:4:\"4898\";s:9:\"post_data\";s:136:\"ENTETE|POITOU|WEB|3|TRANS|VPC-WEB||OUI|\r\nLIGNE|M 152 PA05 LF009|46|795 MIDNIGHT BLUE|ELASTICATED PANTS - Taille : 46|615.00|1||0.00|\r\n\r\n\";s:7:\"request\";s:249:\"compte=HOMEMADE&motpasse=h12589&magasin=WEB&enseigne=JINGHI&data=ENTETE%7CPOITOU%7CWEB%7C3%7CTRANS%7CVPC-WEB%7C%7COUI%7C%0D%0ALIGNE%7CM+152+PA05+LF009%7C46%7C795+MIDNIGHT+BLUE%7CELASTICATED+PANTS+-+Taille+%3A+46%7C615.00%7C1%7C%7C0.00%7C%0D%0A%0D%0A\";s:5:\"error\";s:0:\"\";}i:1;a:5:{s:6:\"status\";s:2:\"OK\";s:2:\"id\";s:4:\"4899\";s:9:\"post_data\";s:140:\"ENTETE|POITOU|WEB|3|TRANS|VPC-WEB||OUI|\r\nLIGNE|M 152 SH06 LF009|48|795 MIDNIGHT BLUE|LONG SLEEVE TEE-SHIRT - Taille : 48|510.00|1||0.00|\r\n\r\n\";s:7:\"request\";s:253:\"compte=HOMEMADE&motpasse=h12589&magasin=WEB&enseigne=JINGHI&data=ENTETE%7CPOITOU%7CWEB%7C3%7CTRANS%7CVPC-WEB%7C%7COUI%7C%0D%0ALIGNE%7CM+152+SH06+LF009%7C48%7C795+MIDNIGHT+BLUE%7CLONG+SLEEVE+TEE-SHIRT+-+Taille+%3A+48%7C510.00%7C1%7C%7C0.00%7C%0D%0A%0D%0A\";s:5:\"error\";s:0:\"\";}i:2;a:5:{s:6:\"status\";s:2:\"OK\";s:2:\"id\";s:4:\"4900\";s:9:\"post_data\";s:128:\"ENTETE|POITOU|WEB|3|TRANS|VPC-WEB||OUI|\r\nLIGNE|M 152 PA05 LF014|46|687 OLIVE|ELASTICATED PANTS - Taille : 46|415.00|1||0.00|\r\n\r\n\";s:7:\"request\";s:241:\"compte=HOMEMADE&motpasse=h12589&magasin=WEB&enseigne=JINGHI&data=ENTETE%7CPOITOU%7CWEB%7C3%7CTRANS%7CVPC-WEB%7C%7COUI%7C%0D%0ALIGNE%7CM+152+PA05+LF014%7C46%7C687+OLIVE%7CELASTICATED+PANTS+-+Taille+%3A+46%7C415.00%7C1%7C%7C0.00%7C%0D%0A%0D%0A\";s:5:\"error\";s:0:\"\";}i:3;a:5:{s:6:\"status\";s:2:\"OK\";s:2:\"id\";s:4:\"4901\";s:9:\"post_data\";s:458:\"ENTETE|WEB|1570.00|4|VENTE|VPC-WEB|4504|MY ADDRESS||||||||||HT||Presta : 358|\r\nLIGNE|M 152 PA05 LF014|46|687 OLIVE|ELASTICATED PANTS - Taille : 46|415.00|1|0.00|415.00|||\r\nLIGNE|M 152 SH06 LF009|48|795 MIDNIGHT BLUE|LONG SLEEVE TEE-SHIRT - Taille : 48|510.00|1|0.00|510.00|||\r\nLIGNE|M 152 PA05 LF009|46|795 MIDNIGHT BLUE|ELASTICATED PANTS - Taille : 46|615.00|1|0.00|615.00|||\r\nLIGNE|FP|||Livraison|30.00|1|0.00|30.00|||\r\nREGLEMENT|460|1570.00|||NVIZMXCMN|\r\n\";s:7:\"request\";s:695:\"compte=HOMEMADE&motpasse=h12589&magasin=WEB&enseigne=JINGHI&data=ENTETE%7CWEB%7C1570.00%7C4%7CVENTE%7CVPC-WEB%7C4504%7CMY+ADDRESS%7C%7C%7C%7C%7C%7C%7C%7C%7C%7CHT%7C%7CPresta+%3A+358%7C%0D%0ALIGNE%7CM+152+PA05+LF014%7C46%7C687+OLIVE%7CELASTICATED+PANTS+-+Taille+%3A+46%7C415.00%7C1%7C0.00%7C415.00%7C%7C%7C%0D%0ALIGNE%7CM+152+SH06+LF009%7C48%7C795+MIDNIGHT+BLUE%7CLONG+SLEEVE+TEE-SHIRT+-+Taille+%3A+48%7C510.00%7C1%7C0.00%7C510.00%7C%7C%7C%0D%0ALIGNE%7CM+152+PA05+LF009%7C46%7C795+MIDNIGHT+BLUE%7CELASTICATED+PANTS+-+Taille+%3A+46%7C615.00%7C1%7C0.00%7C615.00%7C%7C%7C%0D%0ALIGNE%7CFP%7C%7C%7CLivraison%7C30.00%7C1%7C0.00%7C30.00%7C%7C%7C%0D%0AREGLEMENT%7C460%7C1570.00%7C%7C%7CNVIZMXCMN%7C%0D%0A\";s:5:\"error\";s:0:\"\";}}','2015-12-04 14:48:00','2015-12-04 14:48:05'),(358,4899,'TRANS','OK','ENTETE|POITOU|WEB|3|TRANS|VPC-WEB||OUI|\r\nLIGNE|M 152 SH06 LF009|48|795 MIDNIGHT BLUE|LONG SLEEVE TEE-SHIRT - Taille : 48|510.00|1||0.00|\r\n\r\n','a:4:{i:0;a:5:{s:6:\"status\";s:2:\"OK\";s:2:\"id\";s:4:\"4898\";s:9:\"post_data\";s:136:\"ENTETE|POITOU|WEB|3|TRANS|VPC-WEB||OUI|\r\nLIGNE|M 152 PA05 LF009|46|795 MIDNIGHT BLUE|ELASTICATED PANTS - Taille : 46|615.00|1||0.00|\r\n\r\n\";s:7:\"request\";s:249:\"compte=HOMEMADE&motpasse=h12589&magasin=WEB&enseigne=JINGHI&data=ENTETE%7CPOITOU%7CWEB%7C3%7CTRANS%7CVPC-WEB%7C%7COUI%7C%0D%0ALIGNE%7CM+152+PA05+LF009%7C46%7C795+MIDNIGHT+BLUE%7CELASTICATED+PANTS+-+Taille+%3A+46%7C615.00%7C1%7C%7C0.00%7C%0D%0A%0D%0A\";s:5:\"error\";s:0:\"\";}i:1;a:5:{s:6:\"status\";s:2:\"OK\";s:2:\"id\";s:4:\"4899\";s:9:\"post_data\";s:140:\"ENTETE|POITOU|WEB|3|TRANS|VPC-WEB||OUI|\r\nLIGNE|M 152 SH06 LF009|48|795 MIDNIGHT BLUE|LONG SLEEVE TEE-SHIRT - Taille : 48|510.00|1||0.00|\r\n\r\n\";s:7:\"request\";s:253:\"compte=HOMEMADE&motpasse=h12589&magasin=WEB&enseigne=JINGHI&data=ENTETE%7CPOITOU%7CWEB%7C3%7CTRANS%7CVPC-WEB%7C%7COUI%7C%0D%0ALIGNE%7CM+152+SH06+LF009%7C48%7C795+MIDNIGHT+BLUE%7CLONG+SLEEVE+TEE-SHIRT+-+Taille+%3A+48%7C510.00%7C1%7C%7C0.00%7C%0D%0A%0D%0A\";s:5:\"error\";s:0:\"\";}i:2;a:5:{s:6:\"status\";s:2:\"OK\";s:2:\"id\";s:4:\"4900\";s:9:\"post_data\";s:128:\"ENTETE|POITOU|WEB|3|TRANS|VPC-WEB||OUI|\r\nLIGNE|M 152 PA05 LF014|46|687 OLIVE|ELASTICATED PANTS - Taille : 46|415.00|1||0.00|\r\n\r\n\";s:7:\"request\";s:241:\"compte=HOMEMADE&motpasse=h12589&magasin=WEB&enseigne=JINGHI&data=ENTETE%7CPOITOU%7CWEB%7C3%7CTRANS%7CVPC-WEB%7C%7COUI%7C%0D%0ALIGNE%7CM+152+PA05+LF014%7C46%7C687+OLIVE%7CELASTICATED+PANTS+-+Taille+%3A+46%7C415.00%7C1%7C%7C0.00%7C%0D%0A%0D%0A\";s:5:\"error\";s:0:\"\";}i:3;a:5:{s:6:\"status\";s:2:\"OK\";s:2:\"id\";s:4:\"4901\";s:9:\"post_data\";s:458:\"ENTETE|WEB|1570.00|4|VENTE|VPC-WEB|4504|MY ADDRESS||||||||||HT||Presta : 358|\r\nLIGNE|M 152 PA05 LF014|46|687 OLIVE|ELASTICATED PANTS - Taille : 46|415.00|1|0.00|415.00|||\r\nLIGNE|M 152 SH06 LF009|48|795 MIDNIGHT BLUE|LONG SLEEVE TEE-SHIRT - Taille : 48|510.00|1|0.00|510.00|||\r\nLIGNE|M 152 PA05 LF009|46|795 MIDNIGHT BLUE|ELASTICATED PANTS - Taille : 46|615.00|1|0.00|615.00|||\r\nLIGNE|FP|||Livraison|30.00|1|0.00|30.00|||\r\nREGLEMENT|460|1570.00|||NVIZMXCMN|\r\n\";s:7:\"request\";s:695:\"compte=HOMEMADE&motpasse=h12589&magasin=WEB&enseigne=JINGHI&data=ENTETE%7CWEB%7C1570.00%7C4%7CVENTE%7CVPC-WEB%7C4504%7CMY+ADDRESS%7C%7C%7C%7C%7C%7C%7C%7C%7C%7CHT%7C%7CPresta+%3A+358%7C%0D%0ALIGNE%7CM+152+PA05+LF014%7C46%7C687+OLIVE%7CELASTICATED+PANTS+-+Taille+%3A+46%7C415.00%7C1%7C0.00%7C415.00%7C%7C%7C%0D%0ALIGNE%7CM+152+SH06+LF009%7C48%7C795+MIDNIGHT+BLUE%7CLONG+SLEEVE+TEE-SHIRT+-+Taille+%3A+48%7C510.00%7C1%7C0.00%7C510.00%7C%7C%7C%0D%0ALIGNE%7CM+152+PA05+LF009%7C46%7C795+MIDNIGHT+BLUE%7CELASTICATED+PANTS+-+Taille+%3A+46%7C615.00%7C1%7C0.00%7C615.00%7C%7C%7C%0D%0ALIGNE%7CFP%7C%7C%7CLivraison%7C30.00%7C1%7C0.00%7C30.00%7C%7C%7C%0D%0AREGLEMENT%7C460%7C1570.00%7C%7C%7CNVIZMXCMN%7C%0D%0A\";s:5:\"error\";s:0:\"\";}}','2015-12-04 14:48:00','2015-12-04 14:48:05'),(358,4900,'TRANS','OK','ENTETE|POITOU|WEB|3|TRANS|VPC-WEB||OUI|\r\nLIGNE|M 152 PA05 LF014|46|687 OLIVE|ELASTICATED PANTS - Taille : 46|415.00|1||0.00|\r\n\r\n','a:4:{i:0;a:5:{s:6:\"status\";s:2:\"OK\";s:2:\"id\";s:4:\"4898\";s:9:\"post_data\";s:136:\"ENTETE|POITOU|WEB|3|TRANS|VPC-WEB||OUI|\r\nLIGNE|M 152 PA05 LF009|46|795 MIDNIGHT BLUE|ELASTICATED PANTS - Taille : 46|615.00|1||0.00|\r\n\r\n\";s:7:\"request\";s:249:\"compte=HOMEMADE&motpasse=h12589&magasin=WEB&enseigne=JINGHI&data=ENTETE%7CPOITOU%7CWEB%7C3%7CTRANS%7CVPC-WEB%7C%7COUI%7C%0D%0ALIGNE%7CM+152+PA05+LF009%7C46%7C795+MIDNIGHT+BLUE%7CELASTICATED+PANTS+-+Taille+%3A+46%7C615.00%7C1%7C%7C0.00%7C%0D%0A%0D%0A\";s:5:\"error\";s:0:\"\";}i:1;a:5:{s:6:\"status\";s:2:\"OK\";s:2:\"id\";s:4:\"4899\";s:9:\"post_data\";s:140:\"ENTETE|POITOU|WEB|3|TRANS|VPC-WEB||OUI|\r\nLIGNE|M 152 SH06 LF009|48|795 MIDNIGHT BLUE|LONG SLEEVE TEE-SHIRT - Taille : 48|510.00|1||0.00|\r\n\r\n\";s:7:\"request\";s:253:\"compte=HOMEMADE&motpasse=h12589&magasin=WEB&enseigne=JINGHI&data=ENTETE%7CPOITOU%7CWEB%7C3%7CTRANS%7CVPC-WEB%7C%7COUI%7C%0D%0ALIGNE%7CM+152+SH06+LF009%7C48%7C795+MIDNIGHT+BLUE%7CLONG+SLEEVE+TEE-SHIRT+-+Taille+%3A+48%7C510.00%7C1%7C%7C0.00%7C%0D%0A%0D%0A\";s:5:\"error\";s:0:\"\";}i:2;a:5:{s:6:\"status\";s:2:\"OK\";s:2:\"id\";s:4:\"4900\";s:9:\"post_data\";s:128:\"ENTETE|POITOU|WEB|3|TRANS|VPC-WEB||OUI|\r\nLIGNE|M 152 PA05 LF014|46|687 OLIVE|ELASTICATED PANTS - Taille : 46|415.00|1||0.00|\r\n\r\n\";s:7:\"request\";s:241:\"compte=HOMEMADE&motpasse=h12589&magasin=WEB&enseigne=JINGHI&data=ENTETE%7CPOITOU%7CWEB%7C3%7CTRANS%7CVPC-WEB%7C%7COUI%7C%0D%0ALIGNE%7CM+152+PA05+LF014%7C46%7C687+OLIVE%7CELASTICATED+PANTS+-+Taille+%3A+46%7C415.00%7C1%7C%7C0.00%7C%0D%0A%0D%0A\";s:5:\"error\";s:0:\"\";}i:3;a:5:{s:6:\"status\";s:2:\"OK\";s:2:\"id\";s:4:\"4901\";s:9:\"post_data\";s:458:\"ENTETE|WEB|1570.00|4|VENTE|VPC-WEB|4504|MY ADDRESS||||||||||HT||Presta : 358|\r\nLIGNE|M 152 PA05 LF014|46|687 OLIVE|ELASTICATED PANTS - Taille : 46|415.00|1|0.00|415.00|||\r\nLIGNE|M 152 SH06 LF009|48|795 MIDNIGHT BLUE|LONG SLEEVE TEE-SHIRT - Taille : 48|510.00|1|0.00|510.00|||\r\nLIGNE|M 152 PA05 LF009|46|795 MIDNIGHT BLUE|ELASTICATED PANTS - Taille : 46|615.00|1|0.00|615.00|||\r\nLIGNE|FP|||Livraison|30.00|1|0.00|30.00|||\r\nREGLEMENT|460|1570.00|||NVIZMXCMN|\r\n\";s:7:\"request\";s:695:\"compte=HOMEMADE&motpasse=h12589&magasin=WEB&enseigne=JINGHI&data=ENTETE%7CWEB%7C1570.00%7C4%7CVENTE%7CVPC-WEB%7C4504%7CMY+ADDRESS%7C%7C%7C%7C%7C%7C%7C%7C%7C%7CHT%7C%7CPresta+%3A+358%7C%0D%0ALIGNE%7CM+152+PA05+LF014%7C46%7C687+OLIVE%7CELASTICATED+PANTS+-+Taille+%3A+46%7C415.00%7C1%7C0.00%7C415.00%7C%7C%7C%0D%0ALIGNE%7CM+152+SH06+LF009%7C48%7C795+MIDNIGHT+BLUE%7CLONG+SLEEVE+TEE-SHIRT+-+Taille+%3A+48%7C510.00%7C1%7C0.00%7C510.00%7C%7C%7C%0D%0ALIGNE%7CM+152+PA05+LF009%7C46%7C795+MIDNIGHT+BLUE%7CELASTICATED+PANTS+-+Taille+%3A+46%7C615.00%7C1%7C0.00%7C615.00%7C%7C%7C%0D%0ALIGNE%7CFP%7C%7C%7CLivraison%7C30.00%7C1%7C0.00%7C30.00%7C%7C%7C%0D%0AREGLEMENT%7C460%7C1570.00%7C%7C%7CNVIZMXCMN%7C%0D%0A\";s:5:\"error\";s:0:\"\";}}','2015-12-04 14:48:00','2015-12-04 14:48:05'),(358,4901,'VENTE','OK','ENTETE|WEB|1570.00|4|VENTE|VPC-WEB|4504|MY ADDRESS||||||||||HT||Presta : 358|\r\nLIGNE|M 152 PA05 LF014|46|687 OLIVE|ELASTICATED PANTS - Taille : 46|415.00|1|0.00|415.00|||\r\nLIGNE|M 152 SH06 LF009|48|795 MIDNIGHT BLUE|LONG SLEEVE TEE-SHIRT - Taille : 48|510.00|1|0.00|510.00|||\r\nLIGNE|M 152 PA05 LF009|46|795 MIDNIGHT BLUE|ELASTICATED PANTS - Taille : 46|615.00|1|0.00|615.00|||\r\nLIGNE|FP|||Livraison|30.00|1|0.00|30.00|||\r\nREGLEMENT|460|1570.00|||NVIZMXCMN|\r\n','a:4:{i:0;a:5:{s:6:\"status\";s:2:\"OK\";s:2:\"id\";s:4:\"4898\";s:9:\"post_data\";s:136:\"ENTETE|POITOU|WEB|3|TRANS|VPC-WEB||OUI|\r\nLIGNE|M 152 PA05 LF009|46|795 MIDNIGHT BLUE|ELASTICATED PANTS - Taille : 46|615.00|1||0.00|\r\n\r\n\";s:7:\"request\";s:249:\"compte=HOMEMADE&motpasse=h12589&magasin=WEB&enseigne=JINGHI&data=ENTETE%7CPOITOU%7CWEB%7C3%7CTRANS%7CVPC-WEB%7C%7COUI%7C%0D%0ALIGNE%7CM+152+PA05+LF009%7C46%7C795+MIDNIGHT+BLUE%7CELASTICATED+PANTS+-+Taille+%3A+46%7C615.00%7C1%7C%7C0.00%7C%0D%0A%0D%0A\";s:5:\"error\";s:0:\"\";}i:1;a:5:{s:6:\"status\";s:2:\"OK\";s:2:\"id\";s:4:\"4899\";s:9:\"post_data\";s:140:\"ENTETE|POITOU|WEB|3|TRANS|VPC-WEB||OUI|\r\nLIGNE|M 152 SH06 LF009|48|795 MIDNIGHT BLUE|LONG SLEEVE TEE-SHIRT - Taille : 48|510.00|1||0.00|\r\n\r\n\";s:7:\"request\";s:253:\"compte=HOMEMADE&motpasse=h12589&magasin=WEB&enseigne=JINGHI&data=ENTETE%7CPOITOU%7CWEB%7C3%7CTRANS%7CVPC-WEB%7C%7COUI%7C%0D%0ALIGNE%7CM+152+SH06+LF009%7C48%7C795+MIDNIGHT+BLUE%7CLONG+SLEEVE+TEE-SHIRT+-+Taille+%3A+48%7C510.00%7C1%7C%7C0.00%7C%0D%0A%0D%0A\";s:5:\"error\";s:0:\"\";}i:2;a:5:{s:6:\"status\";s:2:\"OK\";s:2:\"id\";s:4:\"4900\";s:9:\"post_data\";s:128:\"ENTETE|POITOU|WEB|3|TRANS|VPC-WEB||OUI|\r\nLIGNE|M 152 PA05 LF014|46|687 OLIVE|ELASTICATED PANTS - Taille : 46|415.00|1||0.00|\r\n\r\n\";s:7:\"request\";s:241:\"compte=HOMEMADE&motpasse=h12589&magasin=WEB&enseigne=JINGHI&data=ENTETE%7CPOITOU%7CWEB%7C3%7CTRANS%7CVPC-WEB%7C%7COUI%7C%0D%0ALIGNE%7CM+152+PA05+LF014%7C46%7C687+OLIVE%7CELASTICATED+PANTS+-+Taille+%3A+46%7C415.00%7C1%7C%7C0.00%7C%0D%0A%0D%0A\";s:5:\"error\";s:0:\"\";}i:3;a:5:{s:6:\"status\";s:2:\"OK\";s:2:\"id\";s:4:\"4901\";s:9:\"post_data\";s:458:\"ENTETE|WEB|1570.00|4|VENTE|VPC-WEB|4504|MY ADDRESS||||||||||HT||Presta : 358|\r\nLIGNE|M 152 PA05 LF014|46|687 OLIVE|ELASTICATED PANTS - Taille : 46|415.00|1|0.00|415.00|||\r\nLIGNE|M 152 SH06 LF009|48|795 MIDNIGHT BLUE|LONG SLEEVE TEE-SHIRT - Taille : 48|510.00|1|0.00|510.00|||\r\nLIGNE|M 152 PA05 LF009|46|795 MIDNIGHT BLUE|ELASTICATED PANTS - Taille : 46|615.00|1|0.00|615.00|||\r\nLIGNE|FP|||Livraison|30.00|1|0.00|30.00|||\r\nREGLEMENT|460|1570.00|||NVIZMXCMN|\r\n\";s:7:\"request\";s:695:\"compte=HOMEMADE&motpasse=h12589&magasin=WEB&enseigne=JINGHI&data=ENTETE%7CWEB%7C1570.00%7C4%7CVENTE%7CVPC-WEB%7C4504%7CMY+ADDRESS%7C%7C%7C%7C%7C%7C%7C%7C%7C%7CHT%7C%7CPresta+%3A+358%7C%0D%0ALIGNE%7CM+152+PA05+LF014%7C46%7C687+OLIVE%7CELASTICATED+PANTS+-+Taille+%3A+46%7C415.00%7C1%7C0.00%7C415.00%7C%7C%7C%0D%0ALIGNE%7CM+152+SH06+LF009%7C48%7C795+MIDNIGHT+BLUE%7CLONG+SLEEVE+TEE-SHIRT+-+Taille+%3A+48%7C510.00%7C1%7C0.00%7C510.00%7C%7C%7C%0D%0ALIGNE%7CM+152+PA05+LF009%7C46%7C795+MIDNIGHT+BLUE%7CELASTICATED+PANTS+-+Taille+%3A+46%7C615.00%7C1%7C0.00%7C615.00%7C%7C%7C%0D%0ALIGNE%7CFP%7C%7C%7CLivraison%7C30.00%7C1%7C0.00%7C30.00%7C%7C%7C%0D%0AREGLEMENT%7C460%7C1570.00%7C%7C%7CNVIZMXCMN%7C%0D%0A\";s:5:\"error\";s:0:\"\";}}','2015-12-04 14:48:00','2015-12-04 14:48:05'),(359,4920,'TRANS','OK','ENTETE|POITOU|WEB|1|TRANS|VPC-WEB||OUI|\r\nLIGNE|M 152 BL01 LF021|46|999 BLACK|SHORT PARKA - Taille : 46|850.00|1||0.00|\r\n\r\n','a:2:{i:0;a:5:{s:6:\"status\";s:2:\"OK\";s:2:\"id\";s:4:\"4920\";s:9:\"post_data\";s:122:\"ENTETE|POITOU|WEB|1|TRANS|VPC-WEB||OUI|\r\nLIGNE|M 152 BL01 LF021|46|999 BLACK|SHORT PARKA - Taille : 46|850.00|1||0.00|\r\n\r\n\";s:7:\"request\";s:235:\"compte=HOMEMADE&motpasse=h12589&magasin=WEB&enseigne=JINGHI&data=ENTETE%7CPOITOU%7CWEB%7C1%7CTRANS%7CVPC-WEB%7C%7COUI%7C%0D%0ALIGNE%7CM+152+BL01+LF021%7C46%7C999+BLACK%7CSHORT+PARKA+-+Taille+%3A+46%7C850.00%7C1%7C%7C0.00%7C%0D%0A%0D%0A\";s:5:\"error\";s:0:\"\";}i:1;a:5:{s:6:\"status\";s:2:\"OK\";s:2:\"id\";s:4:\"4921\";s:9:\"post_data\";s:244:\"ENTETE|WEB|880.00|2|VENTE|VPC-WEB|4507|MY ADDRESS||||||||||HT||Presta : 359|\r\nLIGNE|M 152 BL01 LF021|46|999 BLACK|SHORT PARKA - Taille : 46|850.00|1|0.00|850.00|||\r\nLIGNE|FP|||Livraison|30.00|1|0.00|30.00|||\r\nREGLEMENT|460|880.00|||NQGSFXLQK|\r\n\";s:7:\"request\";s:425:\"compte=HOMEMADE&motpasse=h12589&magasin=WEB&enseigne=JINGHI&data=ENTETE%7CWEB%7C880.00%7C2%7CVENTE%7CVPC-WEB%7C4507%7CMY+ADDRESS%7C%7C%7C%7C%7C%7C%7C%7C%7C%7CHT%7C%7CPresta+%3A+359%7C%0D%0ALIGNE%7CM+152+BL01+LF021%7C46%7C999+BLACK%7CSHORT+PARKA+-+Taille+%3A+46%7C850.00%7C1%7C0.00%7C850.00%7C%7C%7C%0D%0ALIGNE%7CFP%7C%7C%7CLivraison%7C30.00%7C1%7C0.00%7C30.00%7C%7C%7C%0D%0AREGLEMENT%7C460%7C880.00%7C%7C%7CNQGSFXLQK%7C%0D%0A\";s:5:\"error\";s:0:\"\";}}','2015-12-07 14:16:00','2015-12-07 14:16:05'),(359,4921,'VENTE','OK','ENTETE|WEB|880.00|2|VENTE|VPC-WEB|4507|MY ADDRESS||||||||||HT||Presta : 359|\r\nLIGNE|M 152 BL01 LF021|46|999 BLACK|SHORT PARKA - Taille : 46|850.00|1|0.00|850.00|||\r\nLIGNE|FP|||Livraison|30.00|1|0.00|30.00|||\r\nREGLEMENT|460|880.00|||NQGSFXLQK|\r\n','a:2:{i:0;a:5:{s:6:\"status\";s:2:\"OK\";s:2:\"id\";s:4:\"4920\";s:9:\"post_data\";s:122:\"ENTETE|POITOU|WEB|1|TRANS|VPC-WEB||OUI|\r\nLIGNE|M 152 BL01 LF021|46|999 BLACK|SHORT PARKA - Taille : 46|850.00|1||0.00|\r\n\r\n\";s:7:\"request\";s:235:\"compte=HOMEMADE&motpasse=h12589&magasin=WEB&enseigne=JINGHI&data=ENTETE%7CPOITOU%7CWEB%7C1%7CTRANS%7CVPC-WEB%7C%7COUI%7C%0D%0ALIGNE%7CM+152+BL01+LF021%7C46%7C999+BLACK%7CSHORT+PARKA+-+Taille+%3A+46%7C850.00%7C1%7C%7C0.00%7C%0D%0A%0D%0A\";s:5:\"error\";s:0:\"\";}i:1;a:5:{s:6:\"status\";s:2:\"OK\";s:2:\"id\";s:4:\"4921\";s:9:\"post_data\";s:244:\"ENTETE|WEB|880.00|2|VENTE|VPC-WEB|4507|MY ADDRESS||||||||||HT||Presta : 359|\r\nLIGNE|M 152 BL01 LF021|46|999 BLACK|SHORT PARKA - Taille : 46|850.00|1|0.00|850.00|||\r\nLIGNE|FP|||Livraison|30.00|1|0.00|30.00|||\r\nREGLEMENT|460|880.00|||NQGSFXLQK|\r\n\";s:7:\"request\";s:425:\"compte=HOMEMADE&motpasse=h12589&magasin=WEB&enseigne=JINGHI&data=ENTETE%7CWEB%7C880.00%7C2%7CVENTE%7CVPC-WEB%7C4507%7CMY+ADDRESS%7C%7C%7C%7C%7C%7C%7C%7C%7C%7CHT%7C%7CPresta+%3A+359%7C%0D%0ALIGNE%7CM+152+BL01+LF021%7C46%7C999+BLACK%7CSHORT+PARKA+-+Taille+%3A+46%7C850.00%7C1%7C0.00%7C850.00%7C%7C%7C%0D%0ALIGNE%7CFP%7C%7C%7CLivraison%7C30.00%7C1%7C0.00%7C30.00%7C%7C%7C%0D%0AREGLEMENT%7C460%7C880.00%7C%7C%7CNQGSFXLQK%7C%0D%0A\";s:5:\"error\";s:0:\"\";}}','2015-12-07 14:16:00','2015-12-07 14:16:05'),(360,4928,'TRANS','OK','ENTETE|POITOU|WEB|1|TRANS|VPC-WEB||OUI|\r\nLIGNE|M 152 AC14 LO001|OS|954 ICE BLUE|','a:2:{i:0;a:5:{s:6:\"status\";s:2:\"OK\";s:2:\"id\";s:4:\"4928\";s:9:\"post_data\";s:121:\"ENTETE|POITOU|WEB|1|TRANS|VPC-WEB||OUI|\r\nLIGNE|M 152 AC14 LO001|OS|954 ICE BLUE|','2015-12-09 09:32:00','2015-12-09 09:32:07'),(360,4929,'VENTE','OK','ENTETE|WEB|410.00|2|VENTE|VPC-WEB|4509|BUSINESS||||||||||||Presta : 360|\r\nLIGNE|M 152 AC14 LO001|OS|954 ICE BLUE|','a:2:{i:0;a:5:{s:6:\"status\";s:2:\"OK\";s:2:\"id\";s:4:\"4928\";s:9:\"post_data\";s:121:\"ENTETE|POITOU|WEB|1|TRANS|VPC-WEB||OUI|\r\nLIGNE|M 152 AC14 LO001|OS|954 ICE BLUE|','2015-12-09 09:32:00','2015-12-09 09:32:07'),(361,4962,'TRANS','OK','ENTETE|POITOU|WEB|1|TRANS|VPC-WEB||OUI|\r\nLIGNE|M 152 AC14 LO001|OS|679 KHAKI SPRING|scarf - Taille : OS|395.00|1||0.00|\r\n\r\n','a:2:{i:0;a:5:{s:6:\"status\";s:2:\"OK\";s:2:\"id\";s:4:\"4962\";s:9:\"post_data\";s:123:\"ENTETE|POITOU|WEB|1|TRANS|VPC-WEB||OUI|\r\nLIGNE|M 152 AC14 LO001|OS|679 KHAKI SPRING|scarf - Taille : OS|395.00|1||0.00|\r\n\r\n\";s:7:\"request\";s:236:\"compte=HOMEMADE&motpasse=h12589&magasin=WEB&enseigne=JINGHI&data=ENTETE%7CPOITOU%7CWEB%7C1%7CTRANS%7CVPC-WEB%7C%7COUI%7C%0D%0ALIGNE%7CM+152+AC14+LO001%7COS%7C679+KHAKI+SPRING%7Cscarf+-+Taille+%3A+OS%7C395.00%7C1%7C%7C0.00%7C%0D%0A%0D%0A\";s:5:\"error\";s:0:\"\";}i:1;a:5:{s:6:\"status\";s:2:\"OK\";s:2:\"id\";s:4:\"4963\";s:9:\"post_data\";s:243:\"ENTETE|WEB|410.00|2|VENTE|VPC-WEB|4511|MY ADDRESS||||||||||||Presta : 361|\r\nLIGNE|M 152 AC14 LO001|OS|679 KHAKI SPRING|scarf - Taille : OS|395.00|1|0.00|395.00|||\r\nLIGNE|FP|||Livraison|15.00|1|0.00|15.00|||\r\nREGLEMENT|460|410.00|||KTPINEEPX|\r\n\";s:7:\"request\";s:424:\"compte=HOMEMADE&motpasse=h12589&magasin=WEB&enseigne=JINGHI&data=ENTETE%7CWEB%7C410.00%7C2%7CVENTE%7CVPC-WEB%7C4511%7CMY+ADDRESS%7C%7C%7C%7C%7C%7C%7C%7C%7C%7C%7C%7CPresta+%3A+361%7C%0D%0ALIGNE%7CM+152+AC14+LO001%7COS%7C679+KHAKI+SPRING%7Cscarf+-+Taille+%3A+OS%7C395.00%7C1%7C0.00%7C395.00%7C%7C%7C%0D%0ALIGNE%7CFP%7C%7C%7CLivraison%7C15.00%7C1%7C0.00%7C15.00%7C%7C%7C%0D%0AREGLEMENT%7C460%7C410.00%7C%7C%7CKTPINEEPX%7C%0D%0A\";s:5:\"error\";s:0:\"\";}}','2015-12-13 12:32:00','2015-12-13 12:32:04'),(361,4963,'VENTE','OK','ENTETE|WEB|410.00|2|VENTE|VPC-WEB|4511|MY ADDRESS||||||||||||Presta : 361|\r\nLIGNE|M 152 AC14 LO001|OS|679 KHAKI SPRING|scarf - Taille : OS|395.00|1|0.00|395.00|||\r\nLIGNE|FP|||Livraison|15.00|1|0.00|15.00|||\r\nREGLEMENT|460|410.00|||KTPINEEPX|\r\n','a:2:{i:0;a:5:{s:6:\"status\";s:2:\"OK\";s:2:\"id\";s:4:\"4962\";s:9:\"post_data\";s:123:\"ENTETE|POITOU|WEB|1|TRANS|VPC-WEB||OUI|\r\nLIGNE|M 152 AC14 LO001|OS|679 KHAKI SPRING|scarf - Taille : OS|395.00|1||0.00|\r\n\r\n\";s:7:\"request\";s:236:\"compte=HOMEMADE&motpasse=h12589&magasin=WEB&enseigne=JINGHI&data=ENTETE%7CPOITOU%7CWEB%7C1%7CTRANS%7CVPC-WEB%7C%7COUI%7C%0D%0ALIGNE%7CM+152+AC14+LO001%7COS%7C679+KHAKI+SPRING%7Cscarf+-+Taille+%3A+OS%7C395.00%7C1%7C%7C0.00%7C%0D%0A%0D%0A\";s:5:\"error\";s:0:\"\";}i:1;a:5:{s:6:\"status\";s:2:\"OK\";s:2:\"id\";s:4:\"4963\";s:9:\"post_data\";s:243:\"ENTETE|WEB|410.00|2|VENTE|VPC-WEB|4511|MY ADDRESS||||||||||||Presta : 361|\r\nLIGNE|M 152 AC14 LO001|OS|679 KHAKI SPRING|scarf - Taille : OS|395.00|1|0.00|395.00|||\r\nLIGNE|FP|||Livraison|15.00|1|0.00|15.00|||\r\nREGLEMENT|460|410.00|||KTPINEEPX|\r\n\";s:7:\"request\";s:424:\"compte=HOMEMADE&motpasse=h12589&magasin=WEB&enseigne=JINGHI&data=ENTETE%7CWEB%7C410.00%7C2%7CVENTE%7CVPC-WEB%7C4511%7CMY+ADDRESS%7C%7C%7C%7C%7C%7C%7C%7C%7C%7C%7C%7CPresta+%3A+361%7C%0D%0ALIGNE%7CM+152+AC14+LO001%7COS%7C679+KHAKI+SPRING%7Cscarf+-+Taille+%3A+OS%7C395.00%7C1%7C0.00%7C395.00%7C%7C%7C%0D%0ALIGNE%7CFP%7C%7C%7CLivraison%7C15.00%7C1%7C0.00%7C15.00%7C%7C%7C%0D%0AREGLEMENT%7C460%7C410.00%7C%7C%7CKTPINEEPX%7C%0D%0A\";s:5:\"error\";s:0:\"\";}}','2015-12-13 12:32:00','2015-12-13 12:32:04'),(362,4978,'VENTE','OK','ENTETE|WEB|560.00|2|VENTE|VPC-WEB|4522|MON ADRESSE||||||||||||Presta : 362|\r\nLIGNE|W 152 KN12 LK006|OS|972 SMOULDER|grande ','a:1:{i:0;a:5:{s:6:\"status\";s:2:\"OK\";s:2:\"id\";s:4:\"4978\";s:9:\"post_data\";s:258:\"ENTETE|WEB|560.00|2|VENTE|VPC-WEB|4522|MON ADRESSE||||||||||||Presta : 362|\r\nLIGNE|W 152 KN12 LK006|OS|972 SMOULDER|grande ','2015-12-17 17:15:59','2015-12-17 17:16:02'),(363,4968,'TRANS','OK','ENTETE|POITOU|WEB|1|TRANS|VPC-WEB||OUI|\r\nLIGNE|W 152 AC07 LL004|OS|795 MIDNIGHT BLUE|satchel - Taille : OS|560.00|1||0.00|\r\n\r\n','a:2:{i:0;a:5:{s:6:\"status\";s:2:\"OK\";s:2:\"id\";s:4:\"4968\";s:9:\"post_data\";s:126:\"ENTETE|POITOU|WEB|1|TRANS|VPC-WEB||OUI|\r\nLIGNE|W 152 AC07 LL004|OS|795 MIDNIGHT BLUE|satchel - Taille : OS|560.00|1||0.00|\r\n\r\n\";s:7:\"request\";s:239:\"compte=HOMEMADE&motpasse=h12589&magasin=WEB&enseigne=JINGHI&data=ENTETE%7CPOITOU%7CWEB%7C1%7CTRANS%7CVPC-WEB%7C%7COUI%7C%0D%0ALIGNE%7CW+152+AC07+LL004%7COS%7C795+MIDNIGHT+BLUE%7Csatchel+-+Taille+%3A+OS%7C560.00%7C1%7C%7C0.00%7C%0D%0A%0D%0A\";s:5:\"error\";s:0:\"\";}i:1;a:5:{s:6:\"status\";s:2:\"OK\";s:2:\"id\";s:4:\"4969\";s:9:\"post_data\";s:246:\"ENTETE|WEB|575.00|2|VENTE|VPC-WEB|4519|MY ADDRESS||||||||||||Presta : 363|\r\nLIGNE|W 152 AC07 LL004|OS|795 MIDNIGHT BLUE|satchel - Taille : OS|560.00|1|0.00|560.00|||\r\nLIGNE|FP|||Livraison|15.00|1|0.00|15.00|||\r\nREGLEMENT|460|575.00|||WPLJJQZGU|\r\n\";s:7:\"request\";s:427:\"compte=HOMEMADE&motpasse=h12589&magasin=WEB&enseigne=JINGHI&data=ENTETE%7CWEB%7C575.00%7C2%7CVENTE%7CVPC-WEB%7C4519%7CMY+ADDRESS%7C%7C%7C%7C%7C%7C%7C%7C%7C%7C%7C%7CPresta+%3A+363%7C%0D%0ALIGNE%7CW+152+AC07+LL004%7COS%7C795+MIDNIGHT+BLUE%7Csatchel+-+Taille+%3A+OS%7C560.00%7C1%7C0.00%7C560.00%7C%7C%7C%0D%0ALIGNE%7CFP%7C%7C%7CLivraison%7C15.00%7C1%7C0.00%7C15.00%7C%7C%7C%0D%0AREGLEMENT%7C460%7C575.00%7C%7C%7CWPLJJQZGU%7C%0D%0A\";s:5:\"error\";s:0:\"\";}}','2015-12-15 19:16:15','2015-12-15 19:16:18'),(363,4969,'VENTE','OK','ENTETE|WEB|575.00|2|VENTE|VPC-WEB|4519|MY ADDRESS||||||||||||Presta : 363|\r\nLIGNE|W 152 AC07 LL004|OS|795 MIDNIGHT BLUE|satchel - Taille : OS|560.00|1|0.00|560.00|||\r\nLIGNE|FP|||Livraison|15.00|1|0.00|15.00|||\r\nREGLEMENT|460|575.00|||WPLJJQZGU|\r\n','a:2:{i:0;a:5:{s:6:\"status\";s:2:\"OK\";s:2:\"id\";s:4:\"4968\";s:9:\"post_data\";s:126:\"ENTETE|POITOU|WEB|1|TRANS|VPC-WEB||OUI|\r\nLIGNE|W 152 AC07 LL004|OS|795 MIDNIGHT BLUE|satchel - Taille : OS|560.00|1||0.00|\r\n\r\n\";s:7:\"request\";s:239:\"compte=HOMEMADE&motpasse=h12589&magasin=WEB&enseigne=JINGHI&data=ENTETE%7CPOITOU%7CWEB%7C1%7CTRANS%7CVPC-WEB%7C%7COUI%7C%0D%0ALIGNE%7CW+152+AC07+LL004%7COS%7C795+MIDNIGHT+BLUE%7Csatchel+-+Taille+%3A+OS%7C560.00%7C1%7C%7C0.00%7C%0D%0A%0D%0A\";s:5:\"error\";s:0:\"\";}i:1;a:5:{s:6:\"status\";s:2:\"OK\";s:2:\"id\";s:4:\"4969\";s:9:\"post_data\";s:246:\"ENTETE|WEB|575.00|2|VENTE|VPC-WEB|4519|MY ADDRESS||||||||||||Presta : 363|\r\nLIGNE|W 152 AC07 LL004|OS|795 MIDNIGHT BLUE|satchel - Taille : OS|560.00|1|0.00|560.00|||\r\nLIGNE|FP|||Livraison|15.00|1|0.00|15.00|||\r\nREGLEMENT|460|575.00|||WPLJJQZGU|\r\n\";s:7:\"request\";s:427:\"compte=HOMEMADE&motpasse=h12589&magasin=WEB&enseigne=JINGHI&data=ENTETE%7CWEB%7C575.00%7C2%7CVENTE%7CVPC-WEB%7C4519%7CMY+ADDRESS%7C%7C%7C%7C%7C%7C%7C%7C%7C%7C%7C%7CPresta+%3A+363%7C%0D%0ALIGNE%7CW+152+AC07+LL004%7COS%7C795+MIDNIGHT+BLUE%7Csatchel+-+Taille+%3A+OS%7C560.00%7C1%7C0.00%7C560.00%7C%7C%7C%0D%0ALIGNE%7CFP%7C%7C%7CLivraison%7C15.00%7C1%7C0.00%7C15.00%7C%7C%7C%0D%0AREGLEMENT%7C460%7C575.00%7C%7C%7CWPLJJQZGU%7C%0D%0A\";s:5:\"error\";s:0:\"\";}}','2015-12-15 19:16:15','2015-12-15 19:16:18'),(364,4976,'TRANS','OK','ENTETE|POITOU|WEB|1|TRANS|VPC-WEB||OUI|\r\nLIGNE|M 152 PA05 LF014|50|999 BLACK|pantalon ','a:2:{i:0;a:5:{s:6:\"status\";s:2:\"OK\";s:2:\"id\";s:4:\"4976\";s:9:\"post_data\";s:129:\"ENTETE|POITOU|WEB|1|TRANS|VPC-WEB||OUI|\r\nLIGNE|M 152 PA05 LF014|50|999 BLACK|pantalon ','2015-12-17 16:47:59','2015-12-17 16:48:04'),(364,4977,'VENTE','OK','ENTETE|WEB|415.00|2|VENTE|VPC-WEB|4521|MON ADRESSE||||||||||||Presta : 364|\r\nLIGNE|M 152 PA05 LF014|50|999 BLACK|pantalon ','a:2:{i:0;a:5:{s:6:\"status\";s:2:\"OK\";s:2:\"id\";s:4:\"4976\";s:9:\"post_data\";s:129:\"ENTETE|POITOU|WEB|1|TRANS|VPC-WEB||OUI|\r\nLIGNE|M 152 PA05 LF014|50|999 BLACK|pantalon ','2015-12-17 16:47:59','2015-12-17 16:48:04'),(365,4993,'TRANS','OK','ENTETE|POITOU|WEB|1|TRANS|VPC-WEB||OUI|\r\nLIGNE|M 152 PA05 LF002|44|682 LICHEN|ELASTICATED PANTS - Taille : 44|400.00|1||0.00|\r\n\r\n','a:2:{i:0;a:5:{s:6:\"status\";s:2:\"OK\";s:2:\"id\";s:4:\"4993\";s:9:\"post_data\";s:129:\"ENTETE|POITOU|WEB|1|TRANS|VPC-WEB||OUI|\r\nLIGNE|M 152 PA05 LF002|44|682 LICHEN|ELASTICATED PANTS - Taille : 44|400.00|1||0.00|\r\n\r\n\";s:7:\"request\";s:242:\"compte=HOMEMADE&motpasse=h12589&magasin=WEB&enseigne=JINGHI&data=ENTETE%7CPOITOU%7CWEB%7C1%7CTRANS%7CVPC-WEB%7C%7COUI%7C%0D%0ALIGNE%7CM+152+PA05+LF002%7C44%7C682+LICHEN%7CELASTICATED+PANTS+-+Taille+%3A+44%7C400.00%7C1%7C%7C0.00%7C%0D%0A%0D%0A\";s:5:\"error\";s:0:\"\";}i:1;a:5:{s:6:\"status\";s:2:\"OK\";s:2:\"id\";s:4:\"4994\";s:9:\"post_data\";s:251:\"ENTETE|WEB|430.00|2|VENTE|VPC-WEB|4537|MY ADDRESS||||||||||HT||Presta : 365|\r\nLIGNE|M 152 PA05 LF002|44|682 LICHEN|ELASTICATED PANTS - Taille : 44|400.00|1|0.00|400.00|||\r\nLIGNE|FP|||Livraison|30.00|1|0.00|30.00|||\r\nREGLEMENT|460|430.00|||LKZQWJFYQ|\r\n\";s:7:\"request\";s:432:\"compte=HOMEMADE&motpasse=h12589&magasin=WEB&enseigne=JINGHI&data=ENTETE%7CWEB%7C430.00%7C2%7CVENTE%7CVPC-WEB%7C4537%7CMY+ADDRESS%7C%7C%7C%7C%7C%7C%7C%7C%7C%7CHT%7C%7CPresta+%3A+365%7C%0D%0ALIGNE%7CM+152+PA05+LF002%7C44%7C682+LICHEN%7CELASTICATED+PANTS+-+Taille+%3A+44%7C400.00%7C1%7C0.00%7C400.00%7C%7C%7C%0D%0ALIGNE%7CFP%7C%7C%7CLivraison%7C30.00%7C1%7C0.00%7C30.00%7C%7C%7C%0D%0AREGLEMENT%7C460%7C430.00%7C%7C%7CLKZQWJFYQ%7C%0D%0A\";s:5:\"error\";s:0:\"\";}}','2015-12-18 16:59:59','2015-12-18 17:00:02'),(365,4994,'VENTE','OK','ENTETE|WEB|430.00|2|VENTE|VPC-WEB|4537|MY ADDRESS||||||||||HT||Presta : 365|\r\nLIGNE|M 152 PA05 LF002|44|682 LICHEN|ELASTICATED PANTS - Taille : 44|400.00|1|0.00|400.00|||\r\nLIGNE|FP|||Livraison|30.00|1|0.00|30.00|||\r\nREGLEMENT|460|430.00|||LKZQWJFYQ|\r\n','a:2:{i:0;a:5:{s:6:\"status\";s:2:\"OK\";s:2:\"id\";s:4:\"4993\";s:9:\"post_data\";s:129:\"ENTETE|POITOU|WEB|1|TRANS|VPC-WEB||OUI|\r\nLIGNE|M 152 PA05 LF002|44|682 LICHEN|ELASTICATED PANTS - Taille : 44|400.00|1||0.00|\r\n\r\n\";s:7:\"request\";s:242:\"compte=HOMEMADE&motpasse=h12589&magasin=WEB&enseigne=JINGHI&data=ENTETE%7CPOITOU%7CWEB%7C1%7CTRANS%7CVPC-WEB%7C%7COUI%7C%0D%0ALIGNE%7CM+152+PA05+LF002%7C44%7C682+LICHEN%7CELASTICATED+PANTS+-+Taille+%3A+44%7C400.00%7C1%7C%7C0.00%7C%0D%0A%0D%0A\";s:5:\"error\";s:0:\"\";}i:1;a:5:{s:6:\"status\";s:2:\"OK\";s:2:\"id\";s:4:\"4994\";s:9:\"post_data\";s:251:\"ENTETE|WEB|430.00|2|VENTE|VPC-WEB|4537|MY ADDRESS||||||||||HT||Presta : 365|\r\nLIGNE|M 152 PA05 LF002|44|682 LICHEN|ELASTICATED PANTS - Taille : 44|400.00|1|0.00|400.00|||\r\nLIGNE|FP|||Livraison|30.00|1|0.00|30.00|||\r\nREGLEMENT|460|430.00|||LKZQWJFYQ|\r\n\";s:7:\"request\";s:432:\"compte=HOMEMADE&motpasse=h12589&magasin=WEB&enseigne=JINGHI&data=ENTETE%7CWEB%7C430.00%7C2%7CVENTE%7CVPC-WEB%7C4537%7CMY+ADDRESS%7C%7C%7C%7C%7C%7C%7C%7C%7C%7CHT%7C%7CPresta+%3A+365%7C%0D%0ALIGNE%7CM+152+PA05+LF002%7C44%7C682+LICHEN%7CELASTICATED+PANTS+-+Taille+%3A+44%7C400.00%7C1%7C0.00%7C400.00%7C%7C%7C%0D%0ALIGNE%7CFP%7C%7C%7CLivraison%7C30.00%7C1%7C0.00%7C30.00%7C%7C%7C%0D%0AREGLEMENT%7C460%7C430.00%7C%7C%7CLKZQWJFYQ%7C%0D%0A\";s:5:\"error\";s:0:\"\";}}','2015-12-18 16:59:59','2015-12-18 17:00:02'),(366,5013,'TRANS','OK','ENTETE|POITOU|WEB|1|TRANS|VPC-WEB||OUI|\r\nLIGNE|M 152 SH01 LF024|46|795 MIDNIGHT BLUE|DETACHABLE COLLAR SHIRT - Taille : 46|365.00|1||0.00|\r\n\r\n','a:2:{i:0;a:5:{s:6:\"status\";s:2:\"OK\";s:2:\"id\";s:4:\"5013\";s:9:\"post_data\";s:142:\"ENTETE|POITOU|WEB|1|TRANS|VPC-WEB||OUI|\r\nLIGNE|M 152 SH01 LF024|46|795 MIDNIGHT BLUE|DETACHABLE COLLAR SHIRT - Taille : 46|365.00|1||0.00|\r\n\r\n\";s:7:\"request\";s:255:\"compte=HOMEMADE&motpasse=h12589&magasin=WEB&enseigne=JINGHI&data=ENTETE%7CPOITOU%7CWEB%7C1%7CTRANS%7CVPC-WEB%7C%7COUI%7C%0D%0ALIGNE%7CM+152+SH01+LF024%7C46%7C795+MIDNIGHT+BLUE%7CDETACHABLE+COLLAR+SHIRT+-+Taille+%3A+46%7C365.00%7C1%7C%7C0.00%7C%0D%0A%0D%0A\";s:5:\"error\";s:0:\"\";}i:1;a:5:{s:6:\"status\";s:2:\"OK\";s:2:\"id\";s:4:\"5014\";s:9:\"post_data\";s:272:\"ENTETE|WEB|395.00|2|VENTE|VPC-WEB|4539|MY INVOICE ADDRESS||||||||||HT||Presta : 366|\r\nLIGNE|M 152 SH01 LF024|46|795 MIDNIGHT BLUE|DETACHABLE COLLAR SHIRT - Taille : 46|365.00|1|0.00|365.00|||\r\nLIGNE|FP|||Livraison|30.00|1|0.00|30.00|||\r\nREGLEMENT|460|395.00|||JTQHUSJOF|\r\n\";s:7:\"request\";s:453:\"compte=HOMEMADE&motpasse=h12589&magasin=WEB&enseigne=JINGHI&data=ENTETE%7CWEB%7C395.00%7C2%7CVENTE%7CVPC-WEB%7C4539%7CMY+INVOICE+ADDRESS%7C%7C%7C%7C%7C%7C%7C%7C%7C%7CHT%7C%7CPresta+%3A+366%7C%0D%0ALIGNE%7CM+152+SH01+LF024%7C46%7C795+MIDNIGHT+BLUE%7CDETACHABLE+COLLAR+SHIRT+-+Taille+%3A+46%7C365.00%7C1%7C0.00%7C365.00%7C%7C%7C%0D%0ALIGNE%7CFP%7C%7C%7CLivraison%7C30.00%7C1%7C0.00%7C30.00%7C%7C%7C%0D%0AREGLEMENT%7C460%7C395.00%7C%7C%7CJTQHUSJOF%7C%0D%0A\";s:5:\"error\";s:0:\"\";}}','2015-12-21 08:48:00','2015-12-21 08:48:16'),(366,5014,'VENTE','OK','ENTETE|WEB|395.00|2|VENTE|VPC-WEB|4539|MY INVOICE ADDRESS||||||||||HT||Presta : 366|\r\nLIGNE|M 152 SH01 LF024|46|795 MIDNIGHT BLUE|DETACHABLE COLLAR SHIRT - Taille : 46|365.00|1|0.00|365.00|||\r\nLIGNE|FP|||Livraison|30.00|1|0.00|30.00|||\r\nREGLEMENT|460|395.00|||JTQHUSJOF|\r\n','a:2:{i:0;a:5:{s:6:\"status\";s:2:\"OK\";s:2:\"id\";s:4:\"5013\";s:9:\"post_data\";s:142:\"ENTETE|POITOU|WEB|1|TRANS|VPC-WEB||OUI|\r\nLIGNE|M 152 SH01 LF024|46|795 MIDNIGHT BLUE|DETACHABLE COLLAR SHIRT - Taille : 46|365.00|1||0.00|\r\n\r\n\";s:7:\"request\";s:255:\"compte=HOMEMADE&motpasse=h12589&magasin=WEB&enseigne=JINGHI&data=ENTETE%7CPOITOU%7CWEB%7C1%7CTRANS%7CVPC-WEB%7C%7COUI%7C%0D%0ALIGNE%7CM+152+SH01+LF024%7C46%7C795+MIDNIGHT+BLUE%7CDETACHABLE+COLLAR+SHIRT+-+Taille+%3A+46%7C365.00%7C1%7C%7C0.00%7C%0D%0A%0D%0A\";s:5:\"error\";s:0:\"\";}i:1;a:5:{s:6:\"status\";s:2:\"OK\";s:2:\"id\";s:4:\"5014\";s:9:\"post_data\";s:272:\"ENTETE|WEB|395.00|2|VENTE|VPC-WEB|4539|MY INVOICE ADDRESS||||||||||HT||Presta : 366|\r\nLIGNE|M 152 SH01 LF024|46|795 MIDNIGHT BLUE|DETACHABLE COLLAR SHIRT - Taille : 46|365.00|1|0.00|365.00|||\r\nLIGNE|FP|||Livraison|30.00|1|0.00|30.00|||\r\nREGLEMENT|460|395.00|||JTQHUSJOF|\r\n\";s:7:\"request\";s:453:\"compte=HOMEMADE&motpasse=h12589&magasin=WEB&enseigne=JINGHI&data=ENTETE%7CWEB%7C395.00%7C2%7CVENTE%7CVPC-WEB%7C4539%7CMY+INVOICE+ADDRESS%7C%7C%7C%7C%7C%7C%7C%7C%7C%7CHT%7C%7CPresta+%3A+366%7C%0D%0ALIGNE%7CM+152+SH01+LF024%7C46%7C795+MIDNIGHT+BLUE%7CDETACHABLE+COLLAR+SHIRT+-+Taille+%3A+46%7C365.00%7C1%7C0.00%7C365.00%7C%7C%7C%0D%0ALIGNE%7CFP%7C%7C%7CLivraison%7C30.00%7C1%7C0.00%7C30.00%7C%7C%7C%0D%0AREGLEMENT%7C460%7C395.00%7C%7C%7CJTQHUSJOF%7C%0D%0A\";s:5:\"error\";s:0:\"\";}}','2015-12-21 08:48:00','2015-12-21 08:48:16'),(367,5025,'TRANS','OK','ENTETE|POITOU|WEB|1|TRANS|VPC-WEB||OUI|\r\nLIGNE|W 152 AC07 LL003|OS|419 SQUIRREL|satchel - Taille : OS|466.67|1||0.00|\r\n\r\n','a:2:{i:0;a:5:{s:6:\"status\";s:2:\"OK\";s:2:\"id\";s:4:\"5025\";s:9:\"post_data\";s:121:\"ENTETE|POITOU|WEB|1|TRANS|VPC-WEB||OUI|\r\nLIGNE|W 152 AC07 LL003|OS|419 SQUIRREL|satchel - Taille : OS|466.67|1||0.00|\r\n\r\n\";s:7:\"request\";s:234:\"compte=HOMEMADE&motpasse=h12589&magasin=WEB&enseigne=JINGHI&data=ENTETE%7CPOITOU%7CWEB%7C1%7CTRANS%7CVPC-WEB%7C%7COUI%7C%0D%0ALIGNE%7CW+152+AC07+LL003%7COS%7C419+SQUIRREL%7Csatchel+-+Taille+%3A+OS%7C466.67%7C1%7C%7C0.00%7C%0D%0A%0D%0A\";s:5:\"error\";s:0:\"\";}i:1;a:5:{s:6:\"status\";s:2:\"OK\";s:2:\"id\";s:4:\"5026\";s:9:\"post_data\";s:243:\"ENTETE|WEB|496.67|2|VENTE|VPC-WEB|4540|MY ADDRESS||||||||||HT||Presta : 367|\r\nLIGNE|W 152 AC07 LL003|OS|419 SQUIRREL|satchel - Taille : OS|466.67|1|0.00|466.67|||\r\nLIGNE|FP|||Livraison|30.00|1|0.00|30.00|||\r\nREGLEMENT|460|496.67|||VTCIGBZDH|\r\n\";s:7:\"request\";s:424:\"compte=HOMEMADE&motpasse=h12589&magasin=WEB&enseigne=JINGHI&data=ENTETE%7CWEB%7C496.67%7C2%7CVENTE%7CVPC-WEB%7C4540%7CMY+ADDRESS%7C%7C%7C%7C%7C%7C%7C%7C%7C%7CHT%7C%7CPresta+%3A+367%7C%0D%0ALIGNE%7CW+152+AC07+LL003%7COS%7C419+SQUIRREL%7Csatchel+-+Taille+%3A+OS%7C466.67%7C1%7C0.00%7C466.67%7C%7C%7C%0D%0ALIGNE%7CFP%7C%7C%7CLivraison%7C30.00%7C1%7C0.00%7C30.00%7C%7C%7C%0D%0AREGLEMENT%7C460%7C496.67%7C%7C%7CVTCIGBZDH%7C%0D%0A\";s:5:\"error\";s:0:\"\";}}','2015-12-23 07:00:01','2015-12-23 07:00:24'),(367,5026,'VENTE','OK','ENTETE|WEB|496.67|2|VENTE|VPC-WEB|4540|MY ADDRESS||||||||||HT||Presta : 367|\r\nLIGNE|W 152 AC07 LL003|OS|419 SQUIRREL|satchel - Taille : OS|466.67|1|0.00|466.67|||\r\nLIGNE|FP|||Livraison|30.00|1|0.00|30.00|||\r\nREGLEMENT|460|496.67|||VTCIGBZDH|\r\n','a:2:{i:0;a:5:{s:6:\"status\";s:2:\"OK\";s:2:\"id\";s:4:\"5025\";s:9:\"post_data\";s:121:\"ENTETE|POITOU|WEB|1|TRANS|VPC-WEB||OUI|\r\nLIGNE|W 152 AC07 LL003|OS|419 SQUIRREL|satchel - Taille : OS|466.67|1||0.00|\r\n\r\n\";s:7:\"request\";s:234:\"compte=HOMEMADE&motpasse=h12589&magasin=WEB&enseigne=JINGHI&data=ENTETE%7CPOITOU%7CWEB%7C1%7CTRANS%7CVPC-WEB%7C%7COUI%7C%0D%0ALIGNE%7CW+152+AC07+LL003%7COS%7C419+SQUIRREL%7Csatchel+-+Taille+%3A+OS%7C466.67%7C1%7C%7C0.00%7C%0D%0A%0D%0A\";s:5:\"error\";s:0:\"\";}i:1;a:5:{s:6:\"status\";s:2:\"OK\";s:2:\"id\";s:4:\"5026\";s:9:\"post_data\";s:243:\"ENTETE|WEB|496.67|2|VENTE|VPC-WEB|4540|MY ADDRESS||||||||||HT||Presta : 367|\r\nLIGNE|W 152 AC07 LL003|OS|419 SQUIRREL|satchel - Taille : OS|466.67|1|0.00|466.67|||\r\nLIGNE|FP|||Livraison|30.00|1|0.00|30.00|||\r\nREGLEMENT|460|496.67|||VTCIGBZDH|\r\n\";s:7:\"request\";s:424:\"compte=HOMEMADE&motpasse=h12589&magasin=WEB&enseigne=JINGHI&data=ENTETE%7CWEB%7C496.67%7C2%7CVENTE%7CVPC-WEB%7C4540%7CMY+ADDRESS%7C%7C%7C%7C%7C%7C%7C%7C%7C%7CHT%7C%7CPresta+%3A+367%7C%0D%0ALIGNE%7CW+152+AC07+LL003%7COS%7C419+SQUIRREL%7Csatchel+-+Taille+%3A+OS%7C466.67%7C1%7C0.00%7C466.67%7C%7C%7C%0D%0ALIGNE%7CFP%7C%7C%7CLivraison%7C30.00%7C1%7C0.00%7C30.00%7C%7C%7C%0D%0AREGLEMENT%7C460%7C496.67%7C%7C%7CVTCIGBZDH%7C%0D%0A\";s:5:\"error\";s:0:\"\";}}','2015-12-23 07:00:01','2015-12-23 07:00:24'),(368,5041,'TRANS','OK','ENTETE|POITOU|WEB|1|TRANS|VPC-WEB||OUI|\r\nLIGNE|M 152 CO03 LF001|46|999 BLACK|SUIT COAT - Taille : 46|912.50|1||0.00|\r\n\r\n','a:2:{i:0;a:5:{s:6:\"status\";s:2:\"OK\";s:2:\"id\";s:4:\"5041\";s:9:\"post_data\";s:120:\"ENTETE|POITOU|WEB|1|TRANS|VPC-WEB||OUI|\r\nLIGNE|M 152 CO03 LF001|46|999 BLACK|SUIT COAT - Taille : 46|912.50|1||0.00|\r\n\r\n\";s:7:\"request\";s:233:\"compte=HOMEMADE&motpasse=h12589&magasin=WEB&enseigne=JINGHI&data=ENTETE%7CPOITOU%7CWEB%7C1%7CTRANS%7CVPC-WEB%7C%7COUI%7C%0D%0ALIGNE%7CM+152+CO03+LF001%7C46%7C999+BLACK%7CSUIT+COAT+-+Taille+%3A+46%7C912.50%7C1%7C%7C0.00%7C%0D%0A%0D%0A\";s:5:\"error\";s:0:\"\";}i:1;a:5:{s:6:\"status\";s:2:\"OK\";s:2:\"id\";s:4:\"5042\";s:9:\"post_data\";s:242:\"ENTETE|WEB|942.50|2|VENTE|VPC-WEB|4542|MY ADDRESS||||||||||HT||Presta : 368|\r\nLIGNE|M 152 CO03 LF001|46|999 BLACK|SUIT COAT - Taille : 46|912.50|1|0.00|912.50|||\r\nLIGNE|FP|||Livraison|30.00|1|0.00|30.00|||\r\nREGLEMENT|460|942.50|||ERNDTWXRC|\r\n\";s:7:\"request\";s:423:\"compte=HOMEMADE&motpasse=h12589&magasin=WEB&enseigne=JINGHI&data=ENTETE%7CWEB%7C942.50%7C2%7CVENTE%7CVPC-WEB%7C4542%7CMY+ADDRESS%7C%7C%7C%7C%7C%7C%7C%7C%7C%7CHT%7C%7CPresta+%3A+368%7C%0D%0ALIGNE%7CM+152+CO03+LF001%7C46%7C999+BLACK%7CSUIT+COAT+-+Taille+%3A+46%7C912.50%7C1%7C0.00%7C912.50%7C%7C%7C%0D%0ALIGNE%7CFP%7C%7C%7CLivraison%7C30.00%7C1%7C0.00%7C30.00%7C%7C%7C%0D%0AREGLEMENT%7C460%7C942.50%7C%7C%7CERNDTWXRC%7C%0D%0A\";s:5:\"error\";s:0:\"\";}}','2015-12-27 10:48:00','2015-12-27 10:48:06'),(368,5042,'VENTE','OK','ENTETE|WEB|942.50|2|VENTE|VPC-WEB|4542|MY ADDRESS||||||||||HT||Presta : 368|\r\nLIGNE|M 152 CO03 LF001|46|999 BLACK|SUIT COAT - Taille : 46|912.50|1|0.00|912.50|||\r\nLIGNE|FP|||Livraison|30.00|1|0.00|30.00|||\r\nREGLEMENT|460|942.50|||ERNDTWXRC|\r\n','a:2:{i:0;a:5:{s:6:\"status\";s:2:\"OK\";s:2:\"id\";s:4:\"5041\";s:9:\"post_data\";s:120:\"ENTETE|POITOU|WEB|1|TRANS|VPC-WEB||OUI|\r\nLIGNE|M 152 CO03 LF001|46|999 BLACK|SUIT COAT - Taille : 46|912.50|1||0.00|\r\n\r\n\";s:7:\"request\";s:233:\"compte=HOMEMADE&motpasse=h12589&magasin=WEB&enseigne=JINGHI&data=ENTETE%7CPOITOU%7CWEB%7C1%7CTRANS%7CVPC-WEB%7C%7COUI%7C%0D%0ALIGNE%7CM+152+CO03+LF001%7C46%7C999+BLACK%7CSUIT+COAT+-+Taille+%3A+46%7C912.50%7C1%7C%7C0.00%7C%0D%0A%0D%0A\";s:5:\"error\";s:0:\"\";}i:1;a:5:{s:6:\"status\";s:2:\"OK\";s:2:\"id\";s:4:\"5042\";s:9:\"post_data\";s:242:\"ENTETE|WEB|942.50|2|VENTE|VPC-WEB|4542|MY ADDRESS||||||||||HT||Presta : 368|\r\nLIGNE|M 152 CO03 LF001|46|999 BLACK|SUIT COAT - Taille : 46|912.50|1|0.00|912.50|||\r\nLIGNE|FP|||Livraison|30.00|1|0.00|30.00|||\r\nREGLEMENT|460|942.50|||ERNDTWXRC|\r\n\";s:7:\"request\";s:423:\"compte=HOMEMADE&motpasse=h12589&magasin=WEB&enseigne=JINGHI&data=ENTETE%7CWEB%7C942.50%7C2%7CVENTE%7CVPC-WEB%7C4542%7CMY+ADDRESS%7C%7C%7C%7C%7C%7C%7C%7C%7C%7CHT%7C%7CPresta+%3A+368%7C%0D%0ALIGNE%7CM+152+CO03+LF001%7C46%7C999+BLACK%7CSUIT+COAT+-+Taille+%3A+46%7C912.50%7C1%7C0.00%7C912.50%7C%7C%7C%0D%0ALIGNE%7CFP%7C%7C%7CLivraison%7C30.00%7C1%7C0.00%7C30.00%7C%7C%7C%0D%0AREGLEMENT%7C460%7C942.50%7C%7C%7CERNDTWXRC%7C%0D%0A\";s:5:\"error\";s:0:\"\";}}','2015-12-27 10:48:00','2015-12-27 10:48:06'),(369,5043,'TRANS','OK','ENTETE|POITOU|WEB|1|TRANS|VPC-WEB||OUI|\r\nLIGNE|W 152 AC07 LL003|OS|419 SQUIRREL|satchel - Taille : OS|560.00|1||0.00|\r\n\r\n','a:2:{i:0;a:5:{s:6:\"status\";s:2:\"OK\";s:2:\"id\";s:4:\"5043\";s:9:\"post_data\";s:121:\"ENTETE|POITOU|WEB|1|TRANS|VPC-WEB||OUI|\r\nLIGNE|W 152 AC07 LL003|OS|419 SQUIRREL|satchel - Taille : OS|560.00|1||0.00|\r\n\r\n\";s:7:\"request\";s:234:\"compte=HOMEMADE&motpasse=h12589&magasin=WEB&enseigne=JINGHI&data=ENTETE%7CPOITOU%7CWEB%7C1%7CTRANS%7CVPC-WEB%7C%7COUI%7C%0D%0ALIGNE%7CW+152+AC07+LL003%7COS%7C419+SQUIRREL%7Csatchel+-+Taille+%3A+OS%7C560.00%7C1%7C%7C0.00%7C%0D%0A%0D%0A\";s:5:\"error\";s:0:\"\";}i:1;a:5:{s:6:\"status\";s:2:\"OK\";s:2:\"id\";s:4:\"5044\";s:9:\"post_data\";s:241:\"ENTETE|WEB|575.00|2|VENTE|VPC-WEB|4543|MY ADDRESS||||||||||||Presta : 369|\r\nLIGNE|W 152 AC07 LL003|OS|419 SQUIRREL|satchel - Taille : OS|560.00|1|0.00|560.00|||\r\nLIGNE|FP|||Livraison|15.00|1|0.00|15.00|||\r\nREGLEMENT|460|575.00|||UKPWRTBAP|\r\n\";s:7:\"request\";s:422:\"compte=HOMEMADE&motpasse=h12589&magasin=WEB&enseigne=JINGHI&data=ENTETE%7CWEB%7C575.00%7C2%7CVENTE%7CVPC-WEB%7C4543%7CMY+ADDRESS%7C%7C%7C%7C%7C%7C%7C%7C%7C%7C%7C%7CPresta+%3A+369%7C%0D%0ALIGNE%7CW+152+AC07+LL003%7COS%7C419+SQUIRREL%7Csatchel+-+Taille+%3A+OS%7C560.00%7C1%7C0.00%7C560.00%7C%7C%7C%0D%0ALIGNE%7CFP%7C%7C%7CLivraison%7C15.00%7C1%7C0.00%7C15.00%7C%7C%7C%0D%0AREGLEMENT%7C460%7C575.00%7C%7C%7CUKPWRTBAP%7C%0D%0A\";s:5:\"error\";s:0:\"\";}}','2015-12-27 14:32:00','2015-12-27 14:32:04'),(369,5044,'VENTE','OK','ENTETE|WEB|575.00|2|VENTE|VPC-WEB|4543|MY ADDRESS||||||||||||Presta : 369|\r\nLIGNE|W 152 AC07 LL003|OS|419 SQUIRREL|satchel - Taille : OS|560.00|1|0.00|560.00|||\r\nLIGNE|FP|||Livraison|15.00|1|0.00|15.00|||\r\nREGLEMENT|460|575.00|||UKPWRTBAP|\r\n','a:2:{i:0;a:5:{s:6:\"status\";s:2:\"OK\";s:2:\"id\";s:4:\"5043\";s:9:\"post_data\";s:121:\"ENTETE|POITOU|WEB|1|TRANS|VPC-WEB||OUI|\r\nLIGNE|W 152 AC07 LL003|OS|419 SQUIRREL|satchel - Taille : OS|560.00|1||0.00|\r\n\r\n\";s:7:\"request\";s:234:\"compte=HOMEMADE&motpasse=h12589&magasin=WEB&enseigne=JINGHI&data=ENTETE%7CPOITOU%7CWEB%7C1%7CTRANS%7CVPC-WEB%7C%7COUI%7C%0D%0ALIGNE%7CW+152+AC07+LL003%7COS%7C419+SQUIRREL%7Csatchel+-+Taille+%3A+OS%7C560.00%7C1%7C%7C0.00%7C%0D%0A%0D%0A\";s:5:\"error\";s:0:\"\";}i:1;a:5:{s:6:\"status\";s:2:\"OK\";s:2:\"id\";s:4:\"5044\";s:9:\"post_data\";s:241:\"ENTETE|WEB|575.00|2|VENTE|VPC-WEB|4543|MY ADDRESS||||||||||||Presta : 369|\r\nLIGNE|W 152 AC07 LL003|OS|419 SQUIRREL|satchel - Taille : OS|560.00|1|0.00|560.00|||\r\nLIGNE|FP|||Livraison|15.00|1|0.00|15.00|||\r\nREGLEMENT|460|575.00|||UKPWRTBAP|\r\n\";s:7:\"request\";s:422:\"compte=HOMEMADE&motpasse=h12589&magasin=WEB&enseigne=JINGHI&data=ENTETE%7CWEB%7C575.00%7C2%7CVENTE%7CVPC-WEB%7C4543%7CMY+ADDRESS%7C%7C%7C%7C%7C%7C%7C%7C%7C%7C%7C%7CPresta+%3A+369%7C%0D%0ALIGNE%7CW+152+AC07+LL003%7COS%7C419+SQUIRREL%7Csatchel+-+Taille+%3A+OS%7C560.00%7C1%7C0.00%7C560.00%7C%7C%7C%0D%0ALIGNE%7CFP%7C%7C%7CLivraison%7C15.00%7C1%7C0.00%7C15.00%7C%7C%7C%0D%0AREGLEMENT%7C460%7C575.00%7C%7C%7CUKPWRTBAP%7C%0D%0A\";s:5:\"error\";s:0:\"\";}}','2015-12-27 14:32:00','2015-12-27 14:32:04'),(370,5048,'TRANS','OK','ENTETE|POITOU|WEB|1|TRANS|VPC-WEB||OUI|\r\nLIGNE|M 152 PA05 LF014|44|687 OLIVE|ELASTICATED PANTS - Taille : 44|320.83|1||0.00|\r\n\r\n','a:2:{i:0;a:5:{s:6:\"status\";s:2:\"OK\";s:2:\"id\";s:4:\"5048\";s:9:\"post_data\";s:128:\"ENTETE|POITOU|WEB|1|TRANS|VPC-WEB||OUI|\r\nLIGNE|M 152 PA05 LF014|44|687 OLIVE|ELASTICATED PANTS - Taille : 44|320.83|1||0.00|\r\n\r\n\";s:7:\"request\";s:241:\"compte=HOMEMADE&motpasse=h12589&magasin=WEB&enseigne=JINGHI&data=ENTETE%7CPOITOU%7CWEB%7C1%7CTRANS%7CVPC-WEB%7C%7COUI%7C%0D%0ALIGNE%7CM+152+PA05+LF014%7C44%7C687+OLIVE%7CELASTICATED+PANTS+-+Taille+%3A+44%7C320.83%7C1%7C%7C0.00%7C%0D%0A%0D%0A\";s:5:\"error\";s:0:\"\";}i:1;a:5:{s:6:\"status\";s:2:\"OK\";s:2:\"id\";s:4:\"5049\";s:9:\"post_data\";s:250:\"ENTETE|WEB|350.83|2|VENTE|VPC-WEB|4544|MY ADDRESS||||||||||HT||Presta : 370|\r\nLIGNE|M 152 PA05 LF014|44|687 OLIVE|ELASTICATED PANTS - Taille : 44|320.83|1|0.00|320.83|||\r\nLIGNE|FP|||Livraison|30.00|1|0.00|30.00|||\r\nREGLEMENT|460|350.83|||PACTZTOTQ|\r\n\";s:7:\"request\";s:431:\"compte=HOMEMADE&motpasse=h12589&magasin=WEB&enseigne=JINGHI&data=ENTETE%7CWEB%7C350.83%7C2%7CVENTE%7CVPC-WEB%7C4544%7CMY+ADDRESS%7C%7C%7C%7C%7C%7C%7C%7C%7C%7CHT%7C%7CPresta+%3A+370%7C%0D%0ALIGNE%7CM+152+PA05+LF014%7C44%7C687+OLIVE%7CELASTICATED+PANTS+-+Taille+%3A+44%7C320.83%7C1%7C0.00%7C320.83%7C%7C%7C%0D%0ALIGNE%7CFP%7C%7C%7CLivraison%7C30.00%7C1%7C0.00%7C30.00%7C%7C%7C%0D%0AREGLEMENT%7C460%7C350.83%7C%7C%7CPACTZTOTQ%7C%0D%0A\";s:5:\"error\";s:0:\"\";}}','2015-12-28 17:15:59','2015-12-28 17:16:06'),(370,5049,'VENTE','OK','ENTETE|WEB|350.83|2|VENTE|VPC-WEB|4544|MY ADDRESS||||||||||HT||Presta : 370|\r\nLIGNE|M 152 PA05 LF014|44|687 OLIVE|ELASTICATED PANTS - Taille : 44|320.83|1|0.00|320.83|||\r\nLIGNE|FP|||Livraison|30.00|1|0.00|30.00|||\r\nREGLEMENT|460|350.83|||PACTZTOTQ|\r\n','a:2:{i:0;a:5:{s:6:\"status\";s:2:\"OK\";s:2:\"id\";s:4:\"5048\";s:9:\"post_data\";s:128:\"ENTETE|POITOU|WEB|1|TRANS|VPC-WEB||OUI|\r\nLIGNE|M 152 PA05 LF014|44|687 OLIVE|ELASTICATED PANTS - Taille : 44|320.83|1||0.00|\r\n\r\n\";s:7:\"request\";s:241:\"compte=HOMEMADE&motpasse=h12589&magasin=WEB&enseigne=JINGHI&data=ENTETE%7CPOITOU%7CWEB%7C1%7CTRANS%7CVPC-WEB%7C%7COUI%7C%0D%0ALIGNE%7CM+152+PA05+LF014%7C44%7C687+OLIVE%7CELASTICATED+PANTS+-+Taille+%3A+44%7C320.83%7C1%7C%7C0.00%7C%0D%0A%0D%0A\";s:5:\"error\";s:0:\"\";}i:1;a:5:{s:6:\"status\";s:2:\"OK\";s:2:\"id\";s:4:\"5049\";s:9:\"post_data\";s:250:\"ENTETE|WEB|350.83|2|VENTE|VPC-WEB|4544|MY ADDRESS||||||||||HT||Presta : 370|\r\nLIGNE|M 152 PA05 LF014|44|687 OLIVE|ELASTICATED PANTS - Taille : 44|320.83|1|0.00|320.83|||\r\nLIGNE|FP|||Livraison|30.00|1|0.00|30.00|||\r\nREGLEMENT|460|350.83|||PACTZTOTQ|\r\n\";s:7:\"request\";s:431:\"compte=HOMEMADE&motpasse=h12589&magasin=WEB&enseigne=JINGHI&data=ENTETE%7CWEB%7C350.83%7C2%7CVENTE%7CVPC-WEB%7C4544%7CMY+ADDRESS%7C%7C%7C%7C%7C%7C%7C%7C%7C%7CHT%7C%7CPresta+%3A+370%7C%0D%0ALIGNE%7CM+152+PA05+LF014%7C44%7C687+OLIVE%7CELASTICATED+PANTS+-+Taille+%3A+44%7C320.83%7C1%7C0.00%7C320.83%7C%7C%7C%0D%0ALIGNE%7CFP%7C%7C%7CLivraison%7C30.00%7C1%7C0.00%7C30.00%7C%7C%7C%0D%0AREGLEMENT%7C460%7C350.83%7C%7C%7CPACTZTOTQ%7C%0D%0A\";s:5:\"error\";s:0:\"\";}}','2015-12-28 17:15:59','2015-12-28 17:16:06'),(371,5050,'TRANS','OK','ENTETE|POITOU|WEB|1|TRANS|VPC-WEB||OUI|\r\nLIGNE|W 152 KN06 LK004|   XS|999 BLACK|RIB SWEATER - Taille : XS|530.00|1||0.00|\r\n\r\n','a:2:{i:0;a:5:{s:6:\"status\";s:2:\"OK\";s:2:\"id\";s:4:\"5050\";s:9:\"post_data\";s:125:\"ENTETE|POITOU|WEB|1|TRANS|VPC-WEB||OUI|\r\nLIGNE|W 152 KN06 LK004|   XS|999 BLACK|RIB SWEATER - Taille : XS|530.00|1||0.00|\r\n\r\n\";s:7:\"request\";s:238:\"compte=HOMEMADE&motpasse=h12589&magasin=WEB&enseigne=JINGHI&data=ENTETE%7CPOITOU%7CWEB%7C1%7CTRANS%7CVPC-WEB%7C%7COUI%7C%0D%0ALIGNE%7CW+152+KN06+LK004%7C+++XS%7C999+BLACK%7CRIB+SWEATER+-+Taille+%3A+XS%7C530.00%7C1%7C%7C0.00%7C%0D%0A%0D%0A\";s:5:\"error\";s:0:\"\";}i:1;a:5:{s:6:\"status\";s:2:\"OK\";s:2:\"id\";s:4:\"5051\";s:9:\"post_data\";s:245:\"ENTETE|WEB|560.00|2|VENTE|VPC-WEB|4545|MY ADDRESS||||||||||||Presta : 371|\r\nLIGNE|W 152 KN06 LK004|   XS|999 BLACK|RIB SWEATER - Taille : XS|530.00|1|0.00|530.00|||\r\nLIGNE|FP|||Livraison|30.00|1|0.00|30.00|||\r\nREGLEMENT|460|560.00|||EHIMEFLGX|\r\n\";s:7:\"request\";s:426:\"compte=HOMEMADE&motpasse=h12589&magasin=WEB&enseigne=JINGHI&data=ENTETE%7CWEB%7C560.00%7C2%7CVENTE%7CVPC-WEB%7C4545%7CMY+ADDRESS%7C%7C%7C%7C%7C%7C%7C%7C%7C%7C%7C%7CPresta+%3A+371%7C%0D%0ALIGNE%7CW+152+KN06+LK004%7C+++XS%7C999+BLACK%7CRIB+SWEATER+-+Taille+%3A+XS%7C530.00%7C1%7C0.00%7C530.00%7C%7C%7C%0D%0ALIGNE%7CFP%7C%7C%7CLivraison%7C30.00%7C1%7C0.00%7C30.00%7C%7C%7C%0D%0AREGLEMENT%7C460%7C560.00%7C%7C%7CEHIMEFLGX%7C%0D%0A\";s:5:\"error\";s:0:\"\";}}','2015-12-29 01:16:01','2015-12-29 01:16:07'),(371,5051,'VENTE','OK','ENTETE|WEB|560.00|2|VENTE|VPC-WEB|4545|MY ADDRESS||||||||||||Presta : 371|\r\nLIGNE|W 152 KN06 LK004|   XS|999 BLACK|RIB SWEATER - Taille : XS|530.00|1|0.00|530.00|||\r\nLIGNE|FP|||Livraison|30.00|1|0.00|30.00|||\r\nREGLEMENT|460|560.00|||EHIMEFLGX|\r\n','a:2:{i:0;a:5:{s:6:\"status\";s:2:\"OK\";s:2:\"id\";s:4:\"5050\";s:9:\"post_data\";s:125:\"ENTETE|POITOU|WEB|1|TRANS|VPC-WEB||OUI|\r\nLIGNE|W 152 KN06 LK004|   XS|999 BLACK|RIB SWEATER - Taille : XS|530.00|1||0.00|\r\n\r\n\";s:7:\"request\";s:238:\"compte=HOMEMADE&motpasse=h12589&magasin=WEB&enseigne=JINGHI&data=ENTETE%7CPOITOU%7CWEB%7C1%7CTRANS%7CVPC-WEB%7C%7COUI%7C%0D%0ALIGNE%7CW+152+KN06+LK004%7C+++XS%7C999+BLACK%7CRIB+SWEATER+-+Taille+%3A+XS%7C530.00%7C1%7C%7C0.00%7C%0D%0A%0D%0A\";s:5:\"error\";s:0:\"\";}i:1;a:5:{s:6:\"status\";s:2:\"OK\";s:2:\"id\";s:4:\"5051\";s:9:\"post_data\";s:245:\"ENTETE|WEB|560.00|2|VENTE|VPC-WEB|4545|MY ADDRESS||||||||||||Presta : 371|\r\nLIGNE|W 152 KN06 LK004|   XS|999 BLACK|RIB SWEATER - Taille : XS|530.00|1|0.00|530.00|||\r\nLIGNE|FP|||Livraison|30.00|1|0.00|30.00|||\r\nREGLEMENT|460|560.00|||EHIMEFLGX|\r\n\";s:7:\"request\";s:426:\"compte=HOMEMADE&motpasse=h12589&magasin=WEB&enseigne=JINGHI&data=ENTETE%7CWEB%7C560.00%7C2%7CVENTE%7CVPC-WEB%7C4545%7CMY+ADDRESS%7C%7C%7C%7C%7C%7C%7C%7C%7C%7C%7C%7CPresta+%3A+371%7C%0D%0ALIGNE%7CW+152+KN06+LK004%7C+++XS%7C999+BLACK%7CRIB+SWEATER+-+Taille+%3A+XS%7C530.00%7C1%7C0.00%7C530.00%7C%7C%7C%0D%0ALIGNE%7CFP%7C%7C%7CLivraison%7C30.00%7C1%7C0.00%7C30.00%7C%7C%7C%0D%0AREGLEMENT%7C460%7C560.00%7C%7C%7CEHIMEFLGX%7C%0D%0A\";s:5:\"error\";s:0:\"\";}}','2015-12-29 01:16:01','2015-12-29 01:16:07'),(372,5069,'TRANS','OK','ENTETE|POITOU|WEB|1|TRANS|VPC-WEB||OUI|\r\nLIGNE|W 152 SK02 LF011|40|962 GRAPHITE|FLARED SKIRT - Taille : 40|297.00|1||0.00|\r\n\r\n','a:2:{i:0;a:5:{s:6:\"status\";s:2:\"OK\";s:2:\"id\";s:4:\"5069\";s:9:\"post_data\";s:126:\"ENTETE|POITOU|WEB|1|TRANS|VPC-WEB||OUI|\r\nLIGNE|W 152 SK02 LF011|40|962 GRAPHITE|FLARED SKIRT - Taille : 40|297.00|1||0.00|\r\n\r\n\";s:7:\"request\";s:239:\"compte=HOMEMADE&motpasse=h12589&magasin=WEB&enseigne=JINGHI&data=ENTETE%7CPOITOU%7CWEB%7C1%7CTRANS%7CVPC-WEB%7C%7COUI%7C%0D%0ALIGNE%7CW+152+SK02+LF011%7C40%7C962+GRAPHITE%7CFLARED+SKIRT+-+Taille+%3A+40%7C297.00%7C1%7C%7C0.00%7C%0D%0A%0D%0A\";s:5:\"error\";s:0:\"\";}i:1;a:5:{s:6:\"status\";s:2:\"OK\";s:2:\"id\";s:4:\"5070\";s:9:\"post_data\";s:240:\"ENTETE|WEB|327.00|2|VENTE|VPC-WEB|4549|WORK||||||||||||Presta : 372|\r\nLIGNE|W 152 SK02 LF011|40|962 GRAPHITE|FLARED SKIRT - Taille : 40|297.00|1|0.00|297.00|||\r\nLIGNE|FP|||Livraison|30.00|1|0.00|30.00|||\r\nREGLEMENT|460|327.00|||IGGSGLQJN|\r\n\";s:7:\"request\";s:421:\"compte=HOMEMADE&motpasse=h12589&magasin=WEB&enseigne=JINGHI&data=ENTETE%7CWEB%7C327.00%7C2%7CVENTE%7CVPC-WEB%7C4549%7CWORK%7C%7C%7C%7C%7C%7C%7C%7C%7C%7C%7C%7CPresta+%3A+372%7C%0D%0ALIGNE%7CW+152+SK02+LF011%7C40%7C962+GRAPHITE%7CFLARED+SKIRT+-+Taille+%3A+40%7C297.00%7C1%7C0.00%7C297.00%7C%7C%7C%0D%0ALIGNE%7CFP%7C%7C%7CLivraison%7C30.00%7C1%7C0.00%7C30.00%7C%7C%7C%0D%0AREGLEMENT%7C460%7C327.00%7C%7C%7CIGGSGLQJN%7C%0D%0A\";s:5:\"error\";s:0:\"\";}}','2016-01-04 00:16:01','2016-01-04 00:16:06'),(372,5070,'VENTE','OK','ENTETE|WEB|327.00|2|VENTE|VPC-WEB|4549|WORK||||||||||||Presta : 372|\r\nLIGNE|W 152 SK02 LF011|40|962 GRAPHITE|FLARED SKIRT - Taille : 40|297.00|1|0.00|297.00|||\r\nLIGNE|FP|||Livraison|30.00|1|0.00|30.00|||\r\nREGLEMENT|460|327.00|||IGGSGLQJN|\r\n','a:2:{i:0;a:5:{s:6:\"status\";s:2:\"OK\";s:2:\"id\";s:4:\"5069\";s:9:\"post_data\";s:126:\"ENTETE|POITOU|WEB|1|TRANS|VPC-WEB||OUI|\r\nLIGNE|W 152 SK02 LF011|40|962 GRAPHITE|FLARED SKIRT - Taille : 40|297.00|1||0.00|\r\n\r\n\";s:7:\"request\";s:239:\"compte=HOMEMADE&motpasse=h12589&magasin=WEB&enseigne=JINGHI&data=ENTETE%7CPOITOU%7CWEB%7C1%7CTRANS%7CVPC-WEB%7C%7COUI%7C%0D%0ALIGNE%7CW+152+SK02+LF011%7C40%7C962+GRAPHITE%7CFLARED+SKIRT+-+Taille+%3A+40%7C297.00%7C1%7C%7C0.00%7C%0D%0A%0D%0A\";s:5:\"error\";s:0:\"\";}i:1;a:5:{s:6:\"status\";s:2:\"OK\";s:2:\"id\";s:4:\"5070\";s:9:\"post_data\";s:240:\"ENTETE|WEB|327.00|2|VENTE|VPC-WEB|4549|WORK||||||||||||Presta : 372|\r\nLIGNE|W 152 SK02 LF011|40|962 GRAPHITE|FLARED SKIRT - Taille : 40|297.00|1|0.00|297.00|||\r\nLIGNE|FP|||Livraison|30.00|1|0.00|30.00|||\r\nREGLEMENT|460|327.00|||IGGSGLQJN|\r\n\";s:7:\"request\";s:421:\"compte=HOMEMADE&motpasse=h12589&magasin=WEB&enseigne=JINGHI&data=ENTETE%7CWEB%7C327.00%7C2%7CVENTE%7CVPC-WEB%7C4549%7CWORK%7C%7C%7C%7C%7C%7C%7C%7C%7C%7C%7C%7CPresta+%3A+372%7C%0D%0ALIGNE%7CW+152+SK02+LF011%7C40%7C962+GRAPHITE%7CFLARED+SKIRT+-+Taille+%3A+40%7C297.00%7C1%7C0.00%7C297.00%7C%7C%7C%0D%0ALIGNE%7CFP%7C%7C%7CLivraison%7C30.00%7C1%7C0.00%7C30.00%7C%7C%7C%0D%0AREGLEMENT%7C460%7C327.00%7C%7C%7CIGGSGLQJN%7C%0D%0A\";s:5:\"error\";s:0:\"\";}}','2016-01-04 00:16:01','2016-01-04 00:16:06'),(373,5071,'TRANS','OK','ENTETE|POITOU|WEB|1|TRANS|VPC-WEB||OUI|\r\nLIGNE|W 152 SH06 LF028|40|060 CREAM|LONG SLEEVE TEE-SHIRT - Taille : 40|237.00|1||0.00|\r\n\r\n','a:2:{i:0;a:5:{s:6:\"status\";s:2:\"OK\";s:2:\"id\";s:4:\"5071\";s:9:\"post_data\";s:132:\"ENTETE|POITOU|WEB|1|TRANS|VPC-WEB||OUI|\r\nLIGNE|W 152 SH06 LF028|40|060 CREAM|LONG SLEEVE TEE-SHIRT - Taille : 40|237.00|1||0.00|\r\n\r\n\";s:7:\"request\";s:245:\"compte=HOMEMADE&motpasse=h12589&magasin=WEB&enseigne=JINGHI&data=ENTETE%7CPOITOU%7CWEB%7C1%7CTRANS%7CVPC-WEB%7C%7COUI%7C%0D%0ALIGNE%7CW+152+SH06+LF028%7C40%7C060+CREAM%7CLONG+SLEEVE+TEE-SHIRT+-+Taille+%3A+40%7C237.00%7C1%7C%7C0.00%7C%0D%0A%0D%0A\";s:5:\"error\";s:0:\"\";}i:1;a:5:{s:6:\"status\";s:2:\"OK\";s:2:\"id\";s:4:\"5072\";s:9:\"post_data\";s:254:\"ENTETE|WEB|252.00|2|VENTE|VPC-WEB|4550|WORK ADDRESS||||||||||||Presta : 373|\r\nLIGNE|W 152 SH06 LF028|40|060 CREAM|LONG SLEEVE TEE-SHIRT - Taille : 40|237.00|1|0.00|237.00|||\r\nLIGNE|FP|||Livraison|15.00|1|0.00|15.00|||\r\nREGLEMENT|460|252.00|||XBWTOHFWD|\r\n\";s:7:\"request\";s:435:\"compte=HOMEMADE&motpasse=h12589&magasin=WEB&enseigne=JINGHI&data=ENTETE%7CWEB%7C252.00%7C2%7CVENTE%7CVPC-WEB%7C4550%7CWORK+ADDRESS%7C%7C%7C%7C%7C%7C%7C%7C%7C%7C%7C%7CPresta+%3A+373%7C%0D%0ALIGNE%7CW+152+SH06+LF028%7C40%7C060+CREAM%7CLONG+SLEEVE+TEE-SHIRT+-+Taille+%3A+40%7C237.00%7C1%7C0.00%7C237.00%7C%7C%7C%0D%0ALIGNE%7CFP%7C%7C%7CLivraison%7C15.00%7C1%7C0.00%7C15.00%7C%7C%7C%0D%0AREGLEMENT%7C460%7C252.00%7C%7C%7CXBWTOHFWD%7C%0D%0A\";s:5:\"error\";s:0:\"\";}}','2016-01-04 00:32:01','2016-01-04 00:32:03'),(373,5072,'VENTE','OK','ENTETE|WEB|252.00|2|VENTE|VPC-WEB|4550|WORK ADDRESS||||||||||||Presta : 373|\r\nLIGNE|W 152 SH06 LF028|40|060 CREAM|LONG SLEEVE TEE-SHIRT - Taille : 40|237.00|1|0.00|237.00|||\r\nLIGNE|FP|||Livraison|15.00|1|0.00|15.00|||\r\nREGLEMENT|460|252.00|||XBWTOHFWD|\r\n','a:2:{i:0;a:5:{s:6:\"status\";s:2:\"OK\";s:2:\"id\";s:4:\"5071\";s:9:\"post_data\";s:132:\"ENTETE|POITOU|WEB|1|TRANS|VPC-WEB||OUI|\r\nLIGNE|W 152 SH06 LF028|40|060 CREAM|LONG SLEEVE TEE-SHIRT - Taille : 40|237.00|1||0.00|\r\n\r\n\";s:7:\"request\";s:245:\"compte=HOMEMADE&motpasse=h12589&magasin=WEB&enseigne=JINGHI&data=ENTETE%7CPOITOU%7CWEB%7C1%7CTRANS%7CVPC-WEB%7C%7COUI%7C%0D%0ALIGNE%7CW+152+SH06+LF028%7C40%7C060+CREAM%7CLONG+SLEEVE+TEE-SHIRT+-+Taille+%3A+40%7C237.00%7C1%7C%7C0.00%7C%0D%0A%0D%0A\";s:5:\"error\";s:0:\"\";}i:1;a:5:{s:6:\"status\";s:2:\"OK\";s:2:\"id\";s:4:\"5072\";s:9:\"post_data\";s:254:\"ENTETE|WEB|252.00|2|VENTE|VPC-WEB|4550|WORK ADDRESS||||||||||||Presta : 373|\r\nLIGNE|W 152 SH06 LF028|40|060 CREAM|LONG SLEEVE TEE-SHIRT - Taille : 40|237.00|1|0.00|237.00|||\r\nLIGNE|FP|||Livraison|15.00|1|0.00|15.00|||\r\nREGLEMENT|460|252.00|||XBWTOHFWD|\r\n\";s:7:\"request\";s:435:\"compte=HOMEMADE&motpasse=h12589&magasin=WEB&enseigne=JINGHI&data=ENTETE%7CWEB%7C252.00%7C2%7CVENTE%7CVPC-WEB%7C4550%7CWORK+ADDRESS%7C%7C%7C%7C%7C%7C%7C%7C%7C%7C%7C%7CPresta+%3A+373%7C%0D%0ALIGNE%7CW+152+SH06+LF028%7C40%7C060+CREAM%7CLONG+SLEEVE+TEE-SHIRT+-+Taille+%3A+40%7C237.00%7C1%7C0.00%7C237.00%7C%7C%7C%0D%0ALIGNE%7CFP%7C%7C%7CLivraison%7C15.00%7C1%7C0.00%7C15.00%7C%7C%7C%0D%0AREGLEMENT%7C460%7C252.00%7C%7C%7CXBWTOHFWD%7C%0D%0A\";s:5:\"error\";s:0:\"\";}}','2016-01-04 00:32:01','2016-01-04 00:32:03'),(374,5073,'TRANS','OK','ENTETE|POITOU|WEB|1|TRANS|VPC-WEB||OUI|\r\nLIGNE|M 152 CO02 LF021|46|687 OLIVE|TRENCH COAT - Taille : 46|597.00|1||0.00|\r\n\r\n','a:2:{i:0;a:5:{s:6:\"status\";s:2:\"OK\";s:2:\"id\";s:4:\"5073\";s:9:\"post_data\";s:122:\"ENTETE|POITOU|WEB|1|TRANS|VPC-WEB||OUI|\r\nLIGNE|M 152 CO02 LF021|46|687 OLIVE|TRENCH COAT - Taille : 46|597.00|1||0.00|\r\n\r\n\";s:7:\"request\";s:235:\"compte=HOMEMADE&motpasse=h12589&magasin=WEB&enseigne=JINGHI&data=ENTETE%7CPOITOU%7CWEB%7C1%7CTRANS%7CVPC-WEB%7C%7COUI%7C%0D%0ALIGNE%7CM+152+CO02+LF021%7C46%7C687+OLIVE%7CTRENCH+COAT+-+Taille+%3A+46%7C597.00%7C1%7C%7C0.00%7C%0D%0A%0D%0A\";s:5:\"error\";s:0:\"\";}i:1;a:5:{s:6:\"status\";s:2:\"OK\";s:2:\"id\";s:4:\"5074\";s:9:\"post_data\";s:237:\"ENTETE|WEB|612.00|2|VENTE|VPC-WEB|4551|WORK ||||||||||||Presta : 374|\r\nLIGNE|M 152 CO02 LF021|46|687 OLIVE|TRENCH COAT - Taille : 46|597.00|1|0.00|597.00|||\r\nLIGNE|FP|||Livraison|15.00|1|0.00|15.00|||\r\nREGLEMENT|460|612.00|||JLHOORHUZ|\r\n\";s:7:\"request\";s:418:\"compte=HOMEMADE&motpasse=h12589&magasin=WEB&enseigne=JINGHI&data=ENTETE%7CWEB%7C612.00%7C2%7CVENTE%7CVPC-WEB%7C4551%7CWORK+%7C%7C%7C%7C%7C%7C%7C%7C%7C%7C%7C%7CPresta+%3A+374%7C%0D%0ALIGNE%7CM+152+CO02+LF021%7C46%7C687+OLIVE%7CTRENCH+COAT+-+Taille+%3A+46%7C597.00%7C1%7C0.00%7C597.00%7C%7C%7C%0D%0ALIGNE%7CFP%7C%7C%7CLivraison%7C15.00%7C1%7C0.00%7C15.00%7C%7C%7C%0D%0AREGLEMENT%7C460%7C612.00%7C%7C%7CJLHOORHUZ%7C%0D%0A\";s:5:\"error\";s:0:\"\";}}','2016-01-04 00:48:01','2016-01-04 00:48:04'),(374,5074,'VENTE','OK','ENTETE|WEB|612.00|2|VENTE|VPC-WEB|4551|WORK ||||||||||||Presta : 374|\r\nLIGNE|M 152 CO02 LF021|46|687 OLIVE|TRENCH COAT - Taille : 46|597.00|1|0.00|597.00|||\r\nLIGNE|FP|||Livraison|15.00|1|0.00|15.00|||\r\nREGLEMENT|460|612.00|||JLHOORHUZ|\r\n','a:2:{i:0;a:5:{s:6:\"status\";s:2:\"OK\";s:2:\"id\";s:4:\"5073\";s:9:\"post_data\";s:122:\"ENTETE|POITOU|WEB|1|TRANS|VPC-WEB||OUI|\r\nLIGNE|M 152 CO02 LF021|46|687 OLIVE|TRENCH COAT - Taille : 46|597.00|1||0.00|\r\n\r\n\";s:7:\"request\";s:235:\"compte=HOMEMADE&motpasse=h12589&magasin=WEB&enseigne=JINGHI&data=ENTETE%7CPOITOU%7CWEB%7C1%7CTRANS%7CVPC-WEB%7C%7COUI%7C%0D%0ALIGNE%7CM+152+CO02+LF021%7C46%7C687+OLIVE%7CTRENCH+COAT+-+Taille+%3A+46%7C597.00%7C1%7C%7C0.00%7C%0D%0A%0D%0A\";s:5:\"error\";s:0:\"\";}i:1;a:5:{s:6:\"status\";s:2:\"OK\";s:2:\"id\";s:4:\"5074\";s:9:\"post_data\";s:237:\"ENTETE|WEB|612.00|2|VENTE|VPC-WEB|4551|WORK ||||||||||||Presta : 374|\r\nLIGNE|M 152 CO02 LF021|46|687 OLIVE|TRENCH COAT - Taille : 46|597.00|1|0.00|597.00|||\r\nLIGNE|FP|||Livraison|15.00|1|0.00|15.00|||\r\nREGLEMENT|460|612.00|||JLHOORHUZ|\r\n\";s:7:\"request\";s:418:\"compte=HOMEMADE&motpasse=h12589&magasin=WEB&enseigne=JINGHI&data=ENTETE%7CWEB%7C612.00%7C2%7CVENTE%7CVPC-WEB%7C4551%7CWORK+%7C%7C%7C%7C%7C%7C%7C%7C%7C%7C%7C%7CPresta+%3A+374%7C%0D%0ALIGNE%7CM+152+CO02+LF021%7C46%7C687+OLIVE%7CTRENCH+COAT+-+Taille+%3A+46%7C597.00%7C1%7C0.00%7C597.00%7C%7C%7C%0D%0ALIGNE%7CFP%7C%7C%7CLivraison%7C15.00%7C1%7C0.00%7C15.00%7C%7C%7C%0D%0AREGLEMENT%7C460%7C612.00%7C%7C%7CJLHOORHUZ%7C%0D%0A\";s:5:\"error\";s:0:\"\";}}','2016-01-04 00:48:01','2016-01-04 00:48:04'),(375,5075,'TRANS','OK','ENTETE|POITOU|WEB|1|TRANS|VPC-WEB||OUI|\r\nLIGNE|W 152 CO17 LF020|38|432 FAWN|TRENCH COAT - Taille : 38|477.00|1||0.00|\r\n\r\n','a:2:{i:0;a:5:{s:6:\"status\";s:2:\"OK\";s:2:\"id\";s:4:\"5075\";s:9:\"post_data\";s:121:\"ENTETE|POITOU|WEB|1|TRANS|VPC-WEB||OUI|\r\nLIGNE|W 152 CO17 LF020|38|432 FAWN|TRENCH COAT - Taille : 38|477.00|1||0.00|\r\n\r\n\";s:7:\"request\";s:234:\"compte=HOMEMADE&motpasse=h12589&magasin=WEB&enseigne=JINGHI&data=ENTETE%7CPOITOU%7CWEB%7C1%7CTRANS%7CVPC-WEB%7C%7COUI%7C%0D%0ALIGNE%7CW+152+CO17+LF020%7C38%7C432+FAWN%7CTRENCH+COAT+-+Taille+%3A+38%7C477.00%7C1%7C%7C0.00%7C%0D%0A%0D%0A\";s:5:\"error\";s:0:\"\";}i:1;a:5:{s:6:\"status\";s:2:\"OK\";s:2:\"id\";s:4:\"5076\";s:9:\"post_data\";s:241:\"ENTETE|WEB|507.00|2|VENTE|VPC-WEB|4552|MY ADDRESS||||||||||||Presta : 375|\r\nLIGNE|W 152 CO17 LF020|38|432 FAWN|TRENCH COAT - Taille : 38|477.00|1|0.00|477.00|||\r\nLIGNE|FP|||Livraison|30.00|1|0.00|30.00|||\r\nREGLEMENT|460|507.00|||GNYTFOPGQ|\r\n\";s:7:\"request\";s:422:\"compte=HOMEMADE&motpasse=h12589&magasin=WEB&enseigne=JINGHI&data=ENTETE%7CWEB%7C507.00%7C2%7CVENTE%7CVPC-WEB%7C4552%7CMY+ADDRESS%7C%7C%7C%7C%7C%7C%7C%7C%7C%7C%7C%7CPresta+%3A+375%7C%0D%0ALIGNE%7CW+152+CO17+LF020%7C38%7C432+FAWN%7CTRENCH+COAT+-+Taille+%3A+38%7C477.00%7C1%7C0.00%7C477.00%7C%7C%7C%0D%0ALIGNE%7CFP%7C%7C%7CLivraison%7C30.00%7C1%7C0.00%7C30.00%7C%7C%7C%0D%0AREGLEMENT%7C460%7C507.00%7C%7C%7CGNYTFOPGQ%7C%0D%0A\";s:5:\"error\";s:0:\"\";}}','2016-01-04 01:16:01','2016-01-04 01:16:03'),(375,5076,'VENTE','OK','ENTETE|WEB|507.00|2|VENTE|VPC-WEB|4552|MY ADDRESS||||||||||||Presta : 375|\r\nLIGNE|W 152 CO17 LF020|38|432 FAWN|TRENCH COAT - Taille : 38|477.00|1|0.00|477.00|||\r\nLIGNE|FP|||Livraison|30.00|1|0.00|30.00|||\r\nREGLEMENT|460|507.00|||GNYTFOPGQ|\r\n','a:2:{i:0;a:5:{s:6:\"status\";s:2:\"OK\";s:2:\"id\";s:4:\"5075\";s:9:\"post_data\";s:121:\"ENTETE|POITOU|WEB|1|TRANS|VPC-WEB||OUI|\r\nLIGNE|W 152 CO17 LF020|38|432 FAWN|TRENCH COAT - Taille : 38|477.00|1||0.00|\r\n\r\n\";s:7:\"request\";s:234:\"compte=HOMEMADE&motpasse=h12589&magasin=WEB&enseigne=JINGHI&data=ENTETE%7CPOITOU%7CWEB%7C1%7CTRANS%7CVPC-WEB%7C%7COUI%7C%0D%0ALIGNE%7CW+152+CO17+LF020%7C38%7C432+FAWN%7CTRENCH+COAT+-+Taille+%3A+38%7C477.00%7C1%7C%7C0.00%7C%0D%0A%0D%0A\";s:5:\"error\";s:0:\"\";}i:1;a:5:{s:6:\"status\";s:2:\"OK\";s:2:\"id\";s:4:\"5076\";s:9:\"post_data\";s:241:\"ENTETE|WEB|507.00|2|VENTE|VPC-WEB|4552|MY ADDRESS||||||||||||Presta : 375|\r\nLIGNE|W 152 CO17 LF020|38|432 FAWN|TRENCH COAT - Taille : 38|477.00|1|0.00|477.00|||\r\nLIGNE|FP|||Livraison|30.00|1|0.00|30.00|||\r\nREGLEMENT|460|507.00|||GNYTFOPGQ|\r\n\";s:7:\"request\";s:422:\"compte=HOMEMADE&motpasse=h12589&magasin=WEB&enseigne=JINGHI&data=ENTETE%7CWEB%7C507.00%7C2%7CVENTE%7CVPC-WEB%7C4552%7CMY+ADDRESS%7C%7C%7C%7C%7C%7C%7C%7C%7C%7C%7C%7CPresta+%3A+375%7C%0D%0ALIGNE%7CW+152+CO17+LF020%7C38%7C432+FAWN%7CTRENCH+COAT+-+Taille+%3A+38%7C477.00%7C1%7C0.00%7C477.00%7C%7C%7C%0D%0ALIGNE%7CFP%7C%7C%7CLivraison%7C30.00%7C1%7C0.00%7C30.00%7C%7C%7C%0D%0AREGLEMENT%7C460%7C507.00%7C%7C%7CGNYTFOPGQ%7C%0D%0A\";s:5:\"error\";s:0:\"\";}}','2016-01-04 01:16:01','2016-01-04 01:16:03'),(376,5077,'TRANS','OK','ENTETE|POITOU|WEB|1|TRANS|VPC-WEB||OUI|\r\nLIGNE|W 153 DR06 LF002|36|999 BLACK|TRENCH DRESS - Taille : 36|477.00|1||0.00|\r\n\r\n','a:2:{i:0;a:5:{s:6:\"status\";s:2:\"OK\";s:2:\"id\";s:4:\"5077\";s:9:\"post_data\";s:123:\"ENTETE|POITOU|WEB|1|TRANS|VPC-WEB||OUI|\r\nLIGNE|W 153 DR06 LF002|36|999 BLACK|TRENCH DRESS - Taille : 36|477.00|1||0.00|\r\n\r\n\";s:7:\"request\";s:236:\"compte=HOMEMADE&motpasse=h12589&magasin=WEB&enseigne=JINGHI&data=ENTETE%7CPOITOU%7CWEB%7C1%7CTRANS%7CVPC-WEB%7C%7COUI%7C%0D%0ALIGNE%7CW+153+DR06+LF002%7C36%7C999+BLACK%7CTRENCH+DRESS+-+Taille+%3A+36%7C477.00%7C1%7C%7C0.00%7C%0D%0A%0D%0A\";s:5:\"error\";s:0:\"\";}i:1;a:5:{s:6:\"status\";s:2:\"OK\";s:2:\"id\";s:4:\"5078\";s:9:\"post_data\";s:242:\"ENTETE|WEB|477.00|2|VENTE|VPC-WEB|2194|MON ADRESSE||||||||||||Presta : 376|\r\nLIGNE|W 153 DR06 LF002|36|999 BLACK|TRENCH DRESS - Taille : 36|477.00|1|0.00|477.00|||\r\nLIGNE|FP|||Livraison|0.00|1|0.00|0.00|||\r\nREGLEMENT|460|477.00|||MUQBLDUMM|\r\n\";s:7:\"request\";s:423:\"compte=HOMEMADE&motpasse=h12589&magasin=WEB&enseigne=JINGHI&data=ENTETE%7CWEB%7C477.00%7C2%7CVENTE%7CVPC-WEB%7C2194%7CMON+ADRESSE%7C%7C%7C%7C%7C%7C%7C%7C%7C%7C%7C%7CPresta+%3A+376%7C%0D%0ALIGNE%7CW+153+DR06+LF002%7C36%7C999+BLACK%7CTRENCH+DRESS+-+Taille+%3A+36%7C477.00%7C1%7C0.00%7C477.00%7C%7C%7C%0D%0ALIGNE%7CFP%7C%7C%7CLivraison%7C0.00%7C1%7C0.00%7C0.00%7C%7C%7C%0D%0AREGLEMENT%7C460%7C477.00%7C%7C%7CMUQBLDUMM%7C%0D%0A\";s:5:\"error\";s:0:\"\";}}','2016-01-04 03:00:06','2016-01-04 03:00:08'),(376,5078,'VENTE','OK','ENTETE|WEB|477.00|2|VENTE|VPC-WEB|2194|MON ADRESSE||||||||||||Presta : 376|\r\nLIGNE|W 153 DR06 LF002|36|999 BLACK|TRENCH DRESS - Taille : 36|477.00|1|0.00|477.00|||\r\nLIGNE|FP|||Livraison|0.00|1|0.00|0.00|||\r\nREGLEMENT|460|477.00|||MUQBLDUMM|\r\n','a:2:{i:0;a:5:{s:6:\"status\";s:2:\"OK\";s:2:\"id\";s:4:\"5077\";s:9:\"post_data\";s:123:\"ENTETE|POITOU|WEB|1|TRANS|VPC-WEB||OUI|\r\nLIGNE|W 153 DR06 LF002|36|999 BLACK|TRENCH DRESS - Taille : 36|477.00|1||0.00|\r\n\r\n\";s:7:\"request\";s:236:\"compte=HOMEMADE&motpasse=h12589&magasin=WEB&enseigne=JINGHI&data=ENTETE%7CPOITOU%7CWEB%7C1%7CTRANS%7CVPC-WEB%7C%7COUI%7C%0D%0ALIGNE%7CW+153+DR06+LF002%7C36%7C999+BLACK%7CTRENCH+DRESS+-+Taille+%3A+36%7C477.00%7C1%7C%7C0.00%7C%0D%0A%0D%0A\";s:5:\"error\";s:0:\"\";}i:1;a:5:{s:6:\"status\";s:2:\"OK\";s:2:\"id\";s:4:\"5078\";s:9:\"post_data\";s:242:\"ENTETE|WEB|477.00|2|VENTE|VPC-WEB|2194|MON ADRESSE||||||||||||Presta : 376|\r\nLIGNE|W 153 DR06 LF002|36|999 BLACK|TRENCH DRESS - Taille : 36|477.00|1|0.00|477.00|||\r\nLIGNE|FP|||Livraison|0.00|1|0.00|0.00|||\r\nREGLEMENT|460|477.00|||MUQBLDUMM|\r\n\";s:7:\"request\";s:423:\"compte=HOMEMADE&motpasse=h12589&magasin=WEB&enseigne=JINGHI&data=ENTETE%7CWEB%7C477.00%7C2%7CVENTE%7CVPC-WEB%7C2194%7CMON+ADRESSE%7C%7C%7C%7C%7C%7C%7C%7C%7C%7C%7C%7CPresta+%3A+376%7C%0D%0ALIGNE%7CW+153+DR06+LF002%7C36%7C999+BLACK%7CTRENCH+DRESS+-+Taille+%3A+36%7C477.00%7C1%7C0.00%7C477.00%7C%7C%7C%0D%0ALIGNE%7CFP%7C%7C%7CLivraison%7C0.00%7C1%7C0.00%7C0.00%7C%7C%7C%0D%0AREGLEMENT%7C460%7C477.00%7C%7C%7CMUQBLDUMM%7C%0D%0A\";s:5:\"error\";s:0:\"\";}}','2016-01-04 03:00:06','2016-01-04 03:00:08'),(379,5079,'TRANS','OK','ENTETE|POITOU|WEB|1|TRANS|VPC-WEB||OUI|\r\nLIGNE|M 152 PA01 LF003|44|795 MIDNIGHT BLUE|PLEATED PANTS - Taille : 44|249.00|1||0.00|\r\n\r\n','a:2:{i:0;a:5:{s:6:\"status\";s:2:\"OK\";s:2:\"id\";s:4:\"5079\";s:9:\"post_data\";s:132:\"ENTETE|POITOU|WEB|1|TRANS|VPC-WEB||OUI|\r\nLIGNE|M 152 PA01 LF003|44|795 MIDNIGHT BLUE|PLEATED PANTS - Taille : 44|249.00|1||0.00|\r\n\r\n\";s:7:\"request\";s:245:\"compte=HOMEMADE&motpasse=h12589&magasin=WEB&enseigne=JINGHI&data=ENTETE%7CPOITOU%7CWEB%7C1%7CTRANS%7CVPC-WEB%7C%7COUI%7C%0D%0ALIGNE%7CM+152+PA01+LF003%7C44%7C795+MIDNIGHT+BLUE%7CPLEATED+PANTS+-+Taille+%3A+44%7C249.00%7C1%7C%7C0.00%7C%0D%0A%0D%0A\";s:5:\"error\";s:0:\"\";}i:1;a:5:{s:6:\"status\";s:2:\"OK\";s:2:\"id\";s:4:\"5082\";s:9:\"post_data\";s:254:\"ENTETE|WEB|279.00|2|VENTE|VPC-WEB|4553|MY ADDRESS||||||||||HT||Presta : 379|\r\nLIGNE|M 152 PA01 LF003|44|795 MIDNIGHT BLUE|PLEATED PANTS - Taille : 44|249.00|1|0.00|249.00|||\r\nLIGNE|FP|||Livraison|30.00|1|0.00|30.00|||\r\nREGLEMENT|460|279.00|||GUYPUVIGS|\r\n\";s:7:\"request\";s:435:\"compte=HOMEMADE&motpasse=h12589&magasin=WEB&enseigne=JINGHI&data=ENTETE%7CWEB%7C279.00%7C2%7CVENTE%7CVPC-WEB%7C4553%7CMY+ADDRESS%7C%7C%7C%7C%7C%7C%7C%7C%7C%7CHT%7C%7CPresta+%3A+379%7C%0D%0ALIGNE%7CM+152+PA01+LF003%7C44%7C795+MIDNIGHT+BLUE%7CPLEATED+PANTS+-+Taille+%3A+44%7C249.00%7C1%7C0.00%7C249.00%7C%7C%7C%0D%0ALIGNE%7CFP%7C%7C%7CLivraison%7C30.00%7C1%7C0.00%7C30.00%7C%7C%7C%0D%0AREGLEMENT%7C460%7C279.00%7C%7C%7CGUYPUVIGS%7C%0D%0A\";s:5:\"error\";s:0:\"\";}}','2016-01-04 06:00:42','2016-01-04 06:00:56'),(379,5080,'TRANS','OK','ENTETE|POITOU|WEB|1|TRANS|VPC-WEB||OUI|\r\nLIGNE|M 152 PA01 LF003|44|795 MIDNIGHT BLUE|PLEATED PANTS - Taille : 44|249.00|1||0.00|\r\n\r\n','a:2:{i:0;a:5:{s:6:\"status\";s:2:\"OK\";s:2:\"id\";s:4:\"5080\";s:9:\"post_data\";s:132:\"ENTETE|POITOU|WEB|1|TRANS|VPC-WEB||OUI|\r\nLIGNE|M 152 PA01 LF003|44|795 MIDNIGHT BLUE|PLEATED PANTS - Taille : 44|249.00|1||0.00|\r\n\r\n\";s:7:\"request\";s:245:\"compte=HOMEMADE&motpasse=h12589&magasin=WEB&enseigne=JINGHI&data=ENTETE%7CPOITOU%7CWEB%7C1%7CTRANS%7CVPC-WEB%7C%7COUI%7C%0D%0ALIGNE%7CM+152+PA01+LF003%7C44%7C795+MIDNIGHT+BLUE%7CPLEATED+PANTS+-+Taille+%3A+44%7C249.00%7C1%7C%7C0.00%7C%0D%0A%0D%0A\";s:5:\"error\";s:0:\"\";}i:1;a:5:{s:6:\"status\";s:2:\"OK\";s:2:\"id\";s:4:\"5081\";s:9:\"post_data\";s:254:\"ENTETE|WEB|279.00|2|VENTE|VPC-WEB|4553|MY ADDRESS||||||||||HT||Presta : 379|\r\nLIGNE|M 152 PA01 LF003|44|795 MIDNIGHT BLUE|PLEATED PANTS - Taille : 44|249.00|1|0.00|249.00|||\r\nLIGNE|FP|||Livraison|30.00|1|0.00|30.00|||\r\nREGLEMENT|460|279.00|||GUYPUVIGS|\r\n\";s:7:\"request\";s:435:\"compte=HOMEMADE&motpasse=h12589&magasin=WEB&enseigne=JINGHI&data=ENTETE%7CWEB%7C279.00%7C2%7CVENTE%7CVPC-WEB%7C4553%7CMY+ADDRESS%7C%7C%7C%7C%7C%7C%7C%7C%7C%7CHT%7C%7CPresta+%3A+379%7C%0D%0ALIGNE%7CM+152+PA01+LF003%7C44%7C795+MIDNIGHT+BLUE%7CPLEATED+PANTS+-+Taille+%3A+44%7C249.00%7C1%7C0.00%7C249.00%7C%7C%7C%0D%0ALIGNE%7CFP%7C%7C%7CLivraison%7C30.00%7C1%7C0.00%7C30.00%7C%7C%7C%0D%0AREGLEMENT%7C460%7C279.00%7C%7C%7CGUYPUVIGS%7C%0D%0A\";s:5:\"error\";s:0:\"\";}}','2016-01-04 06:00:43','2016-01-04 06:00:56'),(379,5081,'VENTE','OK','ENTETE|WEB|279.00|2|VENTE|VPC-WEB|4553|MY ADDRESS||||||||||HT||Presta : 379|\r\nLIGNE|M 152 PA01 LF003|44|795 MIDNIGHT BLUE|PLEATED PANTS - Taille : 44|249.00|1|0.00|249.00|||\r\nLIGNE|FP|||Livraison|30.00|1|0.00|30.00|||\r\nREGLEMENT|460|279.00|||GUYPUVIGS|\r\n','a:2:{i:0;a:5:{s:6:\"status\";s:2:\"OK\";s:2:\"id\";s:4:\"5080\";s:9:\"post_data\";s:132:\"ENTETE|POITOU|WEB|1|TRANS|VPC-WEB||OUI|\r\nLIGNE|M 152 PA01 LF003|44|795 MIDNIGHT BLUE|PLEATED PANTS - Taille : 44|249.00|1||0.00|\r\n\r\n\";s:7:\"request\";s:245:\"compte=HOMEMADE&motpasse=h12589&magasin=WEB&enseigne=JINGHI&data=ENTETE%7CPOITOU%7CWEB%7C1%7CTRANS%7CVPC-WEB%7C%7COUI%7C%0D%0ALIGNE%7CM+152+PA01+LF003%7C44%7C795+MIDNIGHT+BLUE%7CPLEATED+PANTS+-+Taille+%3A+44%7C249.00%7C1%7C%7C0.00%7C%0D%0A%0D%0A\";s:5:\"error\";s:0:\"\";}i:1;a:5:{s:6:\"status\";s:2:\"OK\";s:2:\"id\";s:4:\"5081\";s:9:\"post_data\";s:254:\"ENTETE|WEB|279.00|2|VENTE|VPC-WEB|4553|MY ADDRESS||||||||||HT||Presta : 379|\r\nLIGNE|M 152 PA01 LF003|44|795 MIDNIGHT BLUE|PLEATED PANTS - Taille : 44|249.00|1|0.00|249.00|||\r\nLIGNE|FP|||Livraison|30.00|1|0.00|30.00|||\r\nREGLEMENT|460|279.00|||GUYPUVIGS|\r\n\";s:7:\"request\";s:435:\"compte=HOMEMADE&motpasse=h12589&magasin=WEB&enseigne=JINGHI&data=ENTETE%7CWEB%7C279.00%7C2%7CVENTE%7CVPC-WEB%7C4553%7CMY+ADDRESS%7C%7C%7C%7C%7C%7C%7C%7C%7C%7CHT%7C%7CPresta+%3A+379%7C%0D%0ALIGNE%7CM+152+PA01+LF003%7C44%7C795+MIDNIGHT+BLUE%7CPLEATED+PANTS+-+Taille+%3A+44%7C249.00%7C1%7C0.00%7C249.00%7C%7C%7C%0D%0ALIGNE%7CFP%7C%7C%7CLivraison%7C30.00%7C1%7C0.00%7C30.00%7C%7C%7C%0D%0AREGLEMENT%7C460%7C279.00%7C%7C%7CGUYPUVIGS%7C%0D%0A\";s:5:\"error\";s:0:\"\";}}','2016-01-04 06:00:43','2016-01-04 06:00:56'),(379,5082,'VENTE','OK','ENTETE|WEB|279.00|2|VENTE|VPC-WEB|4553|MY ADDRESS||||||||||HT||Presta : 379|\r\nLIGNE|M 152 PA01 LF003|44|795 MIDNIGHT BLUE|PLEATED PANTS - Taille : 44|249.00|1|0.00|249.00|||\r\nLIGNE|FP|||Livraison|30.00|1|0.00|30.00|||\r\nREGLEMENT|460|279.00|||GUYPUVIGS|\r\n','a:2:{i:0;a:5:{s:6:\"status\";s:2:\"OK\";s:2:\"id\";s:4:\"5079\";s:9:\"post_data\";s:132:\"ENTETE|POITOU|WEB|1|TRANS|VPC-WEB||OUI|\r\nLIGNE|M 152 PA01 LF003|44|795 MIDNIGHT BLUE|PLEATED PANTS - Taille : 44|249.00|1||0.00|\r\n\r\n\";s:7:\"request\";s:245:\"compte=HOMEMADE&motpasse=h12589&magasin=WEB&enseigne=JINGHI&data=ENTETE%7CPOITOU%7CWEB%7C1%7CTRANS%7CVPC-WEB%7C%7COUI%7C%0D%0ALIGNE%7CM+152+PA01+LF003%7C44%7C795+MIDNIGHT+BLUE%7CPLEATED+PANTS+-+Taille+%3A+44%7C249.00%7C1%7C%7C0.00%7C%0D%0A%0D%0A\";s:5:\"error\";s:0:\"\";}i:1;a:5:{s:6:\"status\";s:2:\"OK\";s:2:\"id\";s:4:\"5082\";s:9:\"post_data\";s:254:\"ENTETE|WEB|279.00|2|VENTE|VPC-WEB|4553|MY ADDRESS||||||||||HT||Presta : 379|\r\nLIGNE|M 152 PA01 LF003|44|795 MIDNIGHT BLUE|PLEATED PANTS - Taille : 44|249.00|1|0.00|249.00|||\r\nLIGNE|FP|||Livraison|30.00|1|0.00|30.00|||\r\nREGLEMENT|460|279.00|||GUYPUVIGS|\r\n\";s:7:\"request\";s:435:\"compte=HOMEMADE&motpasse=h12589&magasin=WEB&enseigne=JINGHI&data=ENTETE%7CWEB%7C279.00%7C2%7CVENTE%7CVPC-WEB%7C4553%7CMY+ADDRESS%7C%7C%7C%7C%7C%7C%7C%7C%7C%7CHT%7C%7CPresta+%3A+379%7C%0D%0ALIGNE%7CM+152+PA01+LF003%7C44%7C795+MIDNIGHT+BLUE%7CPLEATED+PANTS+-+Taille+%3A+44%7C249.00%7C1%7C0.00%7C249.00%7C%7C%7C%0D%0ALIGNE%7CFP%7C%7C%7CLivraison%7C30.00%7C1%7C0.00%7C30.00%7C%7C%7C%0D%0AREGLEMENT%7C460%7C279.00%7C%7C%7CGUYPUVIGS%7C%0D%0A\";s:5:\"error\";s:0:\"\";}}','2016-01-04 06:00:42','2016-01-04 06:00:56'),(380,5088,'TRANS','OK','ENTETE|POITOU|WEB|1|TRANS|VPC-WEB||OUI|\r\nLIGNE|M 152 SH02 LF024|48|001 CHALK|Long shirt - Taille : 48|210.00|1||0.00|\r\n\r\n','a:2:{i:0;a:5:{s:6:\"status\";s:2:\"OK\";s:2:\"id\";s:4:\"5088\";s:9:\"post_data\";s:121:\"ENTETE|POITOU|WEB|1|TRANS|VPC-WEB||OUI|\r\nLIGNE|M 152 SH02 LF024|48|001 CHALK|Long shirt - Taille : 48|210.00|1||0.00|\r\n\r\n\";s:7:\"request\";s:234:\"compte=HOMEMADE&motpasse=h12589&magasin=WEB&enseigne=JINGHI&data=ENTETE%7CPOITOU%7CWEB%7C1%7CTRANS%7CVPC-WEB%7C%7COUI%7C%0D%0ALIGNE%7CM+152+SH02+LF024%7C48%7C001+CHALK%7CLong+shirt+-+Taille+%3A+48%7C210.00%7C1%7C%7C0.00%7C%0D%0A%0D%0A\";s:5:\"error\";s:0:\"\";}i:1;a:5:{s:6:\"status\";s:2:\"OK\";s:2:\"id\";s:4:\"5089\";s:9:\"post_data\";s:243:\"ENTETE|WEB|240.00|2|VENTE|VPC-WEB|4556|MY ADDRESS||||||||||HT||Presta : 380|\r\nLIGNE|M 152 SH02 LF024|48|001 CHALK|Long shirt - Taille : 48|210.00|1|0.00|210.00|||\r\nLIGNE|FP|||Livraison|30.00|1|0.00|30.00|||\r\nREGLEMENT|460|240.00|||UIMBZYKWC|\r\n\";s:7:\"request\";s:424:\"compte=HOMEMADE&motpasse=h12589&magasin=WEB&enseigne=JINGHI&data=ENTETE%7CWEB%7C240.00%7C2%7CVENTE%7CVPC-WEB%7C4556%7CMY+ADDRESS%7C%7C%7C%7C%7C%7C%7C%7C%7C%7CHT%7C%7CPresta+%3A+380%7C%0D%0ALIGNE%7CM+152+SH02+LF024%7C48%7C001+CHALK%7CLong+shirt+-+Taille+%3A+48%7C210.00%7C1%7C0.00%7C210.00%7C%7C%7C%0D%0ALIGNE%7CFP%7C%7C%7CLivraison%7C30.00%7C1%7C0.00%7C30.00%7C%7C%7C%0D%0AREGLEMENT%7C460%7C240.00%7C%7C%7CUIMBZYKWC%7C%0D%0A\";s:5:\"error\";s:0:\"\";}}','2016-01-04 11:49:40','2016-01-04 11:49:43'),(380,5089,'VENTE','OK','ENTETE|WEB|240.00|2|VENTE|VPC-WEB|4556|MY ADDRESS||||||||||HT||Presta : 380|\r\nLIGNE|M 152 SH02 LF024|48|001 CHALK|Long shirt - Taille : 48|210.00|1|0.00|210.00|||\r\nLIGNE|FP|||Livraison|30.00|1|0.00|30.00|||\r\nREGLEMENT|460|240.00|||UIMBZYKWC|\r\n','a:2:{i:0;a:5:{s:6:\"status\";s:2:\"OK\";s:2:\"id\";s:4:\"5088\";s:9:\"post_data\";s:121:\"ENTETE|POITOU|WEB|1|TRANS|VPC-WEB||OUI|\r\nLIGNE|M 152 SH02 LF024|48|001 CHALK|Long shirt - Taille : 48|210.00|1||0.00|\r\n\r\n\";s:7:\"request\";s:234:\"compte=HOMEMADE&motpasse=h12589&magasin=WEB&enseigne=JINGHI&data=ENTETE%7CPOITOU%7CWEB%7C1%7CTRANS%7CVPC-WEB%7C%7COUI%7C%0D%0ALIGNE%7CM+152+SH02+LF024%7C48%7C001+CHALK%7CLong+shirt+-+Taille+%3A+48%7C210.00%7C1%7C%7C0.00%7C%0D%0A%0D%0A\";s:5:\"error\";s:0:\"\";}i:1;a:5:{s:6:\"status\";s:2:\"OK\";s:2:\"id\";s:4:\"5089\";s:9:\"post_data\";s:243:\"ENTETE|WEB|240.00|2|VENTE|VPC-WEB|4556|MY ADDRESS||||||||||HT||Presta : 380|\r\nLIGNE|M 152 SH02 LF024|48|001 CHALK|Long shirt - Taille : 48|210.00|1|0.00|210.00|||\r\nLIGNE|FP|||Livraison|30.00|1|0.00|30.00|||\r\nREGLEMENT|460|240.00|||UIMBZYKWC|\r\n\";s:7:\"request\";s:424:\"compte=HOMEMADE&motpasse=h12589&magasin=WEB&enseigne=JINGHI&data=ENTETE%7CWEB%7C240.00%7C2%7CVENTE%7CVPC-WEB%7C4556%7CMY+ADDRESS%7C%7C%7C%7C%7C%7C%7C%7C%7C%7CHT%7C%7CPresta+%3A+380%7C%0D%0ALIGNE%7CM+152+SH02+LF024%7C48%7C001+CHALK%7CLong+shirt+-+Taille+%3A+48%7C210.00%7C1%7C0.00%7C210.00%7C%7C%7C%0D%0ALIGNE%7CFP%7C%7C%7CLivraison%7C30.00%7C1%7C0.00%7C30.00%7C%7C%7C%0D%0AREGLEMENT%7C460%7C240.00%7C%7C%7CUIMBZYKWC%7C%0D%0A\";s:5:\"error\";s:0:\"\";}}','2016-01-04 11:49:40','2016-01-04 11:49:43'),(386,5083,'TRANS','OK','ENTETE|POITOU|WEB|2|TRANS|VPC-WEB||OUI|\r\nLIGNE|M 152 KN11 LK004|OS|999 BLACK|KNITTED SCARF - Taille : OS|318.00|1||0.00|\r\n\r\n','a:3:{i:0;a:5:{s:6:\"status\";s:2:\"OK\";s:2:\"id\";s:4:\"5083\";s:9:\"post_data\";s:124:\"ENTETE|POITOU|WEB|2|TRANS|VPC-WEB||OUI|\r\nLIGNE|M 152 KN11 LK004|OS|999 BLACK|KNITTED SCARF - Taille : OS|318.00|1||0.00|\r\n\r\n\";s:7:\"request\";s:237:\"compte=HOMEMADE&motpasse=h12589&magasin=WEB&enseigne=JINGHI&data=ENTETE%7CPOITOU%7CWEB%7C2%7CTRANS%7CVPC-WEB%7C%7COUI%7C%0D%0ALIGNE%7CM+152+KN11+LK004%7COS%7C999+BLACK%7CKNITTED+SCARF+-+Taille+%3A+OS%7C318.00%7C1%7C%7C0.00%7C%0D%0A%0D%0A\";s:5:\"error\";s:0:\"\";}i:1;a:5:{s:6:\"status\";s:2:\"OK\";s:2:\"id\";s:4:\"5084\";s:9:\"post_data\";s:129:\"ENTETE|POITOU|WEB|2|TRANS|VPC-WEB||OUI|\r\nLIGNE|M 152 SH02 LF024|50|795 MIDNIGHT BLUE|Long shirt - Taille : 50|210.00|1||0.00|\r\n\r\n\";s:7:\"request\";s:242:\"compte=HOMEMADE&motpasse=h12589&magasin=WEB&enseigne=JINGHI&data=ENTETE%7CPOITOU%7CWEB%7C2%7CTRANS%7CVPC-WEB%7C%7COUI%7C%0D%0ALIGNE%7CM+152+SH02+LF024%7C50%7C795+MIDNIGHT+BLUE%7CLong+shirt+-+Taille+%3A+50%7C210.00%7C1%7C%7C0.00%7C%0D%0A%0D%0A\";s:5:\"error\";s:0:\"\";}i:2;a:5:{s:6:\"status\";s:2:\"OK\";s:2:\"id\";s:4:\"5085\";s:9:\"post_data\";s:341:\"ENTETE|WEB|558.00|3|VENTE|VPC-WEB|4554|NORWAY WORK||||||||||HT||Presta : 386|\r\nLIGNE|M 152 SH02 LF024|50|795 MIDNIGHT BLUE|Long shirt - Taille : 50|210.00|1|0.00|210.00|||\r\nLIGNE|M 152 KN11 LK004|OS|999 BLACK|KNITTED SCARF - Taille : OS|318.00|1|0.00|318.00|||\r\nLIGNE|FP|||Livraison|30.00|1|0.00|30.00|||\r\nREGLEMENT|460|558.00|||CLWYEKRCU|\r\n\";s:7:\"request\";s:550:\"compte=HOMEMADE&motpasse=h12589&magasin=WEB&enseigne=JINGHI&data=ENTETE%7CWEB%7C558.00%7C3%7CVENTE%7CVPC-WEB%7C4554%7CNORWAY+WORK%7C%7C%7C%7C%7C%7C%7C%7C%7C%7CHT%7C%7CPresta+%3A+386%7C%0D%0ALIGNE%7CM+152+SH02+LF024%7C50%7C795+MIDNIGHT+BLUE%7CLong+shirt+-+Taille+%3A+50%7C210.00%7C1%7C0.00%7C210.00%7C%7C%7C%0D%0ALIGNE%7CM+152+KN11+LK004%7COS%7C999+BLACK%7CKNITTED+SCARF+-+Taille+%3A+OS%7C318.00%7C1%7C0.00%7C318.00%7C%7C%7C%0D%0ALIGNE%7CFP%7C%7C%7CLivraison%7C30.00%7C1%7C0.00%7C30.00%7C%7C%7C%0D%0AREGLEMENT%7C460%7C558.00%7C%7C%7CCLWYEKRCU%7C%0D%0A\";s:5:\"error\";s:0:\"\";}}','2016-01-04 07:48:10','2016-01-04 07:48:30'),(386,5084,'TRANS','OK','ENTETE|POITOU|WEB|2|TRANS|VPC-WEB||OUI|\r\nLIGNE|M 152 SH02 LF024|50|795 MIDNIGHT BLUE|Long shirt - Taille : 50|210.00|1||0.00|\r\n\r\n','a:3:{i:0;a:5:{s:6:\"status\";s:2:\"OK\";s:2:\"id\";s:4:\"5083\";s:9:\"post_data\";s:124:\"ENTETE|POITOU|WEB|2|TRANS|VPC-WEB||OUI|\r\nLIGNE|M 152 KN11 LK004|OS|999 BLACK|KNITTED SCARF - Taille : OS|318.00|1||0.00|\r\n\r\n\";s:7:\"request\";s:237:\"compte=HOMEMADE&motpasse=h12589&magasin=WEB&enseigne=JINGHI&data=ENTETE%7CPOITOU%7CWEB%7C2%7CTRANS%7CVPC-WEB%7C%7COUI%7C%0D%0ALIGNE%7CM+152+KN11+LK004%7COS%7C999+BLACK%7CKNITTED+SCARF+-+Taille+%3A+OS%7C318.00%7C1%7C%7C0.00%7C%0D%0A%0D%0A\";s:5:\"error\";s:0:\"\";}i:1;a:5:{s:6:\"status\";s:2:\"OK\";s:2:\"id\";s:4:\"5084\";s:9:\"post_data\";s:129:\"ENTETE|POITOU|WEB|2|TRANS|VPC-WEB||OUI|\r\nLIGNE|M 152 SH02 LF024|50|795 MIDNIGHT BLUE|Long shirt - Taille : 50|210.00|1||0.00|\r\n\r\n\";s:7:\"request\";s:242:\"compte=HOMEMADE&motpasse=h12589&magasin=WEB&enseigne=JINGHI&data=ENTETE%7CPOITOU%7CWEB%7C2%7CTRANS%7CVPC-WEB%7C%7COUI%7C%0D%0ALIGNE%7CM+152+SH02+LF024%7C50%7C795+MIDNIGHT+BLUE%7CLong+shirt+-+Taille+%3A+50%7C210.00%7C1%7C%7C0.00%7C%0D%0A%0D%0A\";s:5:\"error\";s:0:\"\";}i:2;a:5:{s:6:\"status\";s:2:\"OK\";s:2:\"id\";s:4:\"5085\";s:9:\"post_data\";s:341:\"ENTETE|WEB|558.00|3|VENTE|VPC-WEB|4554|NORWAY WORK||||||||||HT||Presta : 386|\r\nLIGNE|M 152 SH02 LF024|50|795 MIDNIGHT BLUE|Long shirt - Taille : 50|210.00|1|0.00|210.00|||\r\nLIGNE|M 152 KN11 LK004|OS|999 BLACK|KNITTED SCARF - Taille : OS|318.00|1|0.00|318.00|||\r\nLIGNE|FP|||Livraison|30.00|1|0.00|30.00|||\r\nREGLEMENT|460|558.00|||CLWYEKRCU|\r\n\";s:7:\"request\";s:550:\"compte=HOMEMADE&motpasse=h12589&magasin=WEB&enseigne=JINGHI&data=ENTETE%7CWEB%7C558.00%7C3%7CVENTE%7CVPC-WEB%7C4554%7CNORWAY+WORK%7C%7C%7C%7C%7C%7C%7C%7C%7C%7CHT%7C%7CPresta+%3A+386%7C%0D%0ALIGNE%7CM+152+SH02+LF024%7C50%7C795+MIDNIGHT+BLUE%7CLong+shirt+-+Taille+%3A+50%7C210.00%7C1%7C0.00%7C210.00%7C%7C%7C%0D%0ALIGNE%7CM+152+KN11+LK004%7COS%7C999+BLACK%7CKNITTED+SCARF+-+Taille+%3A+OS%7C318.00%7C1%7C0.00%7C318.00%7C%7C%7C%0D%0ALIGNE%7CFP%7C%7C%7CLivraison%7C30.00%7C1%7C0.00%7C30.00%7C%7C%7C%0D%0AREGLEMENT%7C460%7C558.00%7C%7C%7CCLWYEKRCU%7C%0D%0A\";s:5:\"error\";s:0:\"\";}}','2016-01-04 07:48:10','2016-01-04 07:48:30'),(386,5085,'VENTE','OK','ENTETE|WEB|558.00|3|VENTE|VPC-WEB|4554|NORWAY WORK||||||||||HT||Presta : 386|\r\nLIGNE|M 152 SH02 LF024|50|795 MIDNIGHT BLUE|Long shirt - Taille : 50|210.00|1|0.00|210.00|||\r\nLIGNE|M 152 KN11 LK004|OS|999 BLACK|KNITTED SCARF - Taille : OS|318.00|1|0.00|318.00|||\r\nLIGNE|FP|||Livraison|30.00|1|0.00|30.00|||\r\nREGLEMENT|460|558.00|||CLWYEKRCU|\r\n','a:3:{i:0;a:5:{s:6:\"status\";s:2:\"OK\";s:2:\"id\";s:4:\"5083\";s:9:\"post_data\";s:124:\"ENTETE|POITOU|WEB|2|TRANS|VPC-WEB||OUI|\r\nLIGNE|M 152 KN11 LK004|OS|999 BLACK|KNITTED SCARF - Taille : OS|318.00|1||0.00|\r\n\r\n\";s:7:\"request\";s:237:\"compte=HOMEMADE&motpasse=h12589&magasin=WEB&enseigne=JINGHI&data=ENTETE%7CPOITOU%7CWEB%7C2%7CTRANS%7CVPC-WEB%7C%7COUI%7C%0D%0ALIGNE%7CM+152+KN11+LK004%7COS%7C999+BLACK%7CKNITTED+SCARF+-+Taille+%3A+OS%7C318.00%7C1%7C%7C0.00%7C%0D%0A%0D%0A\";s:5:\"error\";s:0:\"\";}i:1;a:5:{s:6:\"status\";s:2:\"OK\";s:2:\"id\";s:4:\"5084\";s:9:\"post_data\";s:129:\"ENTETE|POITOU|WEB|2|TRANS|VPC-WEB||OUI|\r\nLIGNE|M 152 SH02 LF024|50|795 MIDNIGHT BLUE|Long shirt - Taille : 50|210.00|1||0.00|\r\n\r\n\";s:7:\"request\";s:242:\"compte=HOMEMADE&motpasse=h12589&magasin=WEB&enseigne=JINGHI&data=ENTETE%7CPOITOU%7CWEB%7C2%7CTRANS%7CVPC-WEB%7C%7COUI%7C%0D%0ALIGNE%7CM+152+SH02+LF024%7C50%7C795+MIDNIGHT+BLUE%7CLong+shirt+-+Taille+%3A+50%7C210.00%7C1%7C%7C0.00%7C%0D%0A%0D%0A\";s:5:\"error\";s:0:\"\";}i:2;a:5:{s:6:\"status\";s:2:\"OK\";s:2:\"id\";s:4:\"5085\";s:9:\"post_data\";s:341:\"ENTETE|WEB|558.00|3|VENTE|VPC-WEB|4554|NORWAY WORK||||||||||HT||Presta : 386|\r\nLIGNE|M 152 SH02 LF024|50|795 MIDNIGHT BLUE|Long shirt - Taille : 50|210.00|1|0.00|210.00|||\r\nLIGNE|M 152 KN11 LK004|OS|999 BLACK|KNITTED SCARF - Taille : OS|318.00|1|0.00|318.00|||\r\nLIGNE|FP|||Livraison|30.00|1|0.00|30.00|||\r\nREGLEMENT|460|558.00|||CLWYEKRCU|\r\n\";s:7:\"request\";s:550:\"compte=HOMEMADE&motpasse=h12589&magasin=WEB&enseigne=JINGHI&data=ENTETE%7CWEB%7C558.00%7C3%7CVENTE%7CVPC-WEB%7C4554%7CNORWAY+WORK%7C%7C%7C%7C%7C%7C%7C%7C%7C%7CHT%7C%7CPresta+%3A+386%7C%0D%0ALIGNE%7CM+152+SH02+LF024%7C50%7C795+MIDNIGHT+BLUE%7CLong+shirt+-+Taille+%3A+50%7C210.00%7C1%7C0.00%7C210.00%7C%7C%7C%0D%0ALIGNE%7CM+152+KN11+LK004%7COS%7C999+BLACK%7CKNITTED+SCARF+-+Taille+%3A+OS%7C318.00%7C1%7C0.00%7C318.00%7C%7C%7C%0D%0ALIGNE%7CFP%7C%7C%7CLivraison%7C30.00%7C1%7C0.00%7C30.00%7C%7C%7C%0D%0AREGLEMENT%7C460%7C558.00%7C%7C%7CCLWYEKRCU%7C%0D%0A\";s:5:\"error\";s:0:\"\";}}','2016-01-04 07:48:10','2016-01-04 07:48:30'),(387,5086,'TRANS','OK','ENTETE|POITOU|WEB|1|TRANS|VPC-WEB||OUI|\r\nLIGNE|M 152 PA05 LF002|44|682 LICHEN|ELASTICATED PANTS - Taille : 44|225.00|1||0.00|\r\n\r\n','a:2:{i:0;a:5:{s:6:\"status\";s:2:\"OK\";s:2:\"id\";s:4:\"5086\";s:9:\"post_data\";s:129:\"ENTETE|POITOU|WEB|1|TRANS|VPC-WEB||OUI|\r\nLIGNE|M 152 PA05 LF002|44|682 LICHEN|ELASTICATED PANTS - Taille : 44|225.00|1||0.00|\r\n\r\n\";s:7:\"request\";s:242:\"compte=HOMEMADE&motpasse=h12589&magasin=WEB&enseigne=JINGHI&data=ENTETE%7CPOITOU%7CWEB%7C1%7CTRANS%7CVPC-WEB%7C%7COUI%7C%0D%0ALIGNE%7CM+152+PA05+LF002%7C44%7C682+LICHEN%7CELASTICATED+PANTS+-+Taille+%3A+44%7C225.00%7C1%7C%7C0.00%7C%0D%0A%0D%0A\";s:5:\"error\";s:0:\"\";}i:1;a:5:{s:6:\"status\";s:2:\"OK\";s:2:\"id\";s:4:\"5087\";s:9:\"post_data\";s:243:\"ENTETE|WEB|240.00|2|VENTE|VPC-WEB|4456|WORK||||||||||||Presta : 387|\r\nLIGNE|M 152 PA05 LF002|44|682 LICHEN|ELASTICATED PANTS - Taille : 44|225.00|1|0.00|225.00|||\r\nLIGNE|FP|||Livraison|15.00|1|0.00|15.00|||\r\nREGLEMENT|460|240.00|||NNZZGOUGW|\r\n\";s:7:\"request\";s:424:\"compte=HOMEMADE&motpasse=h12589&magasin=WEB&enseigne=JINGHI&data=ENTETE%7CWEB%7C240.00%7C2%7CVENTE%7CVPC-WEB%7C4456%7CWORK%7C%7C%7C%7C%7C%7C%7C%7C%7C%7C%7C%7CPresta+%3A+387%7C%0D%0ALIGNE%7CM+152+PA05+LF002%7C44%7C682+LICHEN%7CELASTICATED+PANTS+-+Taille+%3A+44%7C225.00%7C1%7C0.00%7C225.00%7C%7C%7C%0D%0ALIGNE%7CFP%7C%7C%7CLivraison%7C15.00%7C1%7C0.00%7C15.00%7C%7C%7C%0D%0AREGLEMENT%7C460%7C240.00%7C%7C%7CNNZZGOUGW%7C%0D%0A\";s:5:\"error\";s:0:\"\";}}','2016-01-04 08:00:00','2016-01-04 08:00:15'),(387,5087,'VENTE','OK','ENTETE|WEB|240.00|2|VENTE|VPC-WEB|4456|WORK||||||||||||Presta : 387|\r\nLIGNE|M 152 PA05 LF002|44|682 LICHEN|ELASTICATED PANTS - Taille : 44|225.00|1|0.00|225.00|||\r\nLIGNE|FP|||Livraison|15.00|1|0.00|15.00|||\r\nREGLEMENT|460|240.00|||NNZZGOUGW|\r\n','a:2:{i:0;a:5:{s:6:\"status\";s:2:\"OK\";s:2:\"id\";s:4:\"5086\";s:9:\"post_data\";s:129:\"ENTETE|POITOU|WEB|1|TRANS|VPC-WEB||OUI|\r\nLIGNE|M 152 PA05 LF002|44|682 LICHEN|ELASTICATED PANTS - Taille : 44|225.00|1||0.00|\r\n\r\n\";s:7:\"request\";s:242:\"compte=HOMEMADE&motpasse=h12589&magasin=WEB&enseigne=JINGHI&data=ENTETE%7CPOITOU%7CWEB%7C1%7CTRANS%7CVPC-WEB%7C%7COUI%7C%0D%0ALIGNE%7CM+152+PA05+LF002%7C44%7C682+LICHEN%7CELASTICATED+PANTS+-+Taille+%3A+44%7C225.00%7C1%7C%7C0.00%7C%0D%0A%0D%0A\";s:5:\"error\";s:0:\"\";}i:1;a:5:{s:6:\"status\";s:2:\"OK\";s:2:\"id\";s:4:\"5087\";s:9:\"post_data\";s:243:\"ENTETE|WEB|240.00|2|VENTE|VPC-WEB|4456|WORK||||||||||||Presta : 387|\r\nLIGNE|M 152 PA05 LF002|44|682 LICHEN|ELASTICATED PANTS - Taille : 44|225.00|1|0.00|225.00|||\r\nLIGNE|FP|||Livraison|15.00|1|0.00|15.00|||\r\nREGLEMENT|460|240.00|||NNZZGOUGW|\r\n\";s:7:\"request\";s:424:\"compte=HOMEMADE&motpasse=h12589&magasin=WEB&enseigne=JINGHI&data=ENTETE%7CWEB%7C240.00%7C2%7CVENTE%7CVPC-WEB%7C4456%7CWORK%7C%7C%7C%7C%7C%7C%7C%7C%7C%7C%7C%7CPresta+%3A+387%7C%0D%0ALIGNE%7CM+152+PA05+LF002%7C44%7C682+LICHEN%7CELASTICATED+PANTS+-+Taille+%3A+44%7C225.00%7C1%7C0.00%7C225.00%7C%7C%7C%0D%0ALIGNE%7CFP%7C%7C%7CLivraison%7C15.00%7C1%7C0.00%7C15.00%7C%7C%7C%0D%0AREGLEMENT%7C460%7C240.00%7C%7C%7CNNZZGOUGW%7C%0D%0A\";s:5:\"error\";s:0:\"\";}}','2016-01-04 08:00:00','2016-01-04 08:00:15'),(389,5090,'TRANS','OK','ENTETE|POITOU|WEB|1|TRANS|VPC-WEB||OUI|\r\nLIGNE|W 152 KN12 LK006|OS|665 OYSTER|grande ','a:2:{i:0;a:5:{s:6:\"status\";s:2:\"OK\";s:2:\"id\";s:4:\"5090\";s:9:\"post_data\";s:135:\"ENTETE|POITOU|WEB|1|TRANS|VPC-WEB||OUI|\r\nLIGNE|W 152 KN12 LK006|OS|665 OYSTER|grande ','2016-01-04 12:48:00','2016-01-04 12:48:02'),(389,5091,'VENTE','OK','ENTETE|WEB|342.00|2|VENTE|VPC-WEB|4557|MON ADRESSE||||||||||||Presta : 389|\r\nLIGNE|W 152 KN12 LK006|OS|665 OYSTER|grande ','a:2:{i:0;a:5:{s:6:\"status\";s:2:\"OK\";s:2:\"id\";s:4:\"5090\";s:9:\"post_data\";s:135:\"ENTETE|POITOU|WEB|1|TRANS|VPC-WEB||OUI|\r\nLIGNE|W 152 KN12 LK006|OS|665 OYSTER|grande ','2016-01-04 12:48:00','2016-01-04 12:48:03'),(390,5093,'TRANS','OK','ENTETE|POITOU|WEB|2|TRANS|VPC-WEB||OUI|\r\nLIGNE|W 152 KN06 LK004| M|999 BLACK|RIB SWEATER - Taille : M|318.00|1||0.00|\r\n\r\n','a:3:{i:0;a:5:{s:6:\"status\";s:2:\"OK\";s:2:\"id\";s:4:\"5093\";s:9:\"post_data\";s:121:\"ENTETE|POITOU|WEB|2|TRANS|VPC-WEB||OUI|\r\nLIGNE|W 152 KN06 LK004| M|999 BLACK|RIB SWEATER - Taille : M|318.00|1||0.00|\r\n\r\n\";s:7:\"request\";s:234:\"compte=HOMEMADE&motpasse=h12589&magasin=WEB&enseigne=JINGHI&data=ENTETE%7CPOITOU%7CWEB%7C2%7CTRANS%7CVPC-WEB%7C%7COUI%7C%0D%0ALIGNE%7CW+152+KN06+LK004%7C+M%7C999+BLACK%7CRIB+SWEATER+-+Taille+%3A+M%7C318.00%7C1%7C%7C0.00%7C%0D%0A%0D%0A\";s:5:\"error\";s:0:\"\";}i:1;a:5:{s:6:\"status\";s:2:\"OK\";s:2:\"id\";s:4:\"5094\";s:9:\"post_data\";s:122:\"ENTETE|POITOU|WEB|2|TRANS|VPC-WEB||OUI|\r\nLIGNE|W 152 KN06 LK004|  S|999 BLACK|RIB SWEATER - Taille : S|318.00|1||0.00|\r\n\r\n\";s:7:\"request\";s:235:\"compte=HOMEMADE&motpasse=h12589&magasin=WEB&enseigne=JINGHI&data=ENTETE%7CPOITOU%7CWEB%7C2%7CTRANS%7CVPC-WEB%7C%7COUI%7C%0D%0ALIGNE%7CW+152+KN06+LK004%7C++S%7C999+BLACK%7CRIB+SWEATER+-+Taille+%3A+S%7C318.00%7C1%7C%7C0.00%7C%0D%0A%0D%0A\";s:5:\"error\";s:0:\"\";}i:2;a:5:{s:6:\"status\";s:2:\"OK\";s:2:\"id\";s:4:\"5095\";s:9:\"post_data\";s:319:\"ENTETE|WEB|651.00|3|VENTE|VPC-WEB|4558|F||||||||||||Presta : 390|\r\nLIGNE|W 152 KN06 LK004|  S|999 BLACK|RIB SWEATER - Taille : S|318.00|1|0.00|318.00|||\r\nLIGNE|W 152 KN06 LK004| M|999 BLACK|RIB SWEATER - Taille : M|318.00|1|0.00|318.00|||\r\nLIGNE|FP|||Livraison|15.00|1|0.00|15.00|||\r\nREGLEMENT|460|651.00|||YSMECFEWW|\r\n\";s:7:\"request\";s:528:\"compte=HOMEMADE&motpasse=h12589&magasin=WEB&enseigne=JINGHI&data=ENTETE%7CWEB%7C651.00%7C3%7CVENTE%7CVPC-WEB%7C4558%7CF%7C%7C%7C%7C%7C%7C%7C%7C%7C%7C%7C%7CPresta+%3A+390%7C%0D%0ALIGNE%7CW+152+KN06+LK004%7C++S%7C999+BLACK%7CRIB+SWEATER+-+Taille+%3A+S%7C318.00%7C1%7C0.00%7C318.00%7C%7C%7C%0D%0ALIGNE%7CW+152+KN06+LK004%7C+M%7C999+BLACK%7CRIB+SWEATER+-+Taille+%3A+M%7C318.00%7C1%7C0.00%7C318.00%7C%7C%7C%0D%0ALIGNE%7CFP%7C%7C%7CLivraison%7C15.00%7C1%7C0.00%7C15.00%7C%7C%7C%0D%0AREGLEMENT%7C460%7C651.00%7C%7C%7CYSMECFEWW%7C%0D%0A\";s:5:\"error\";s:0:\"\";}}','2016-01-04 13:32:01','2016-01-04 13:32:04'),(390,5094,'TRANS','OK','ENTETE|POITOU|WEB|2|TRANS|VPC-WEB||OUI|\r\nLIGNE|W 152 KN06 LK004|  S|999 BLACK|RIB SWEATER - Taille : S|318.00|1||0.00|\r\n\r\n','a:3:{i:0;a:5:{s:6:\"status\";s:2:\"OK\";s:2:\"id\";s:4:\"5093\";s:9:\"post_data\";s:121:\"ENTETE|POITOU|WEB|2|TRANS|VPC-WEB||OUI|\r\nLIGNE|W 152 KN06 LK004| M|999 BLACK|RIB SWEATER - Taille : M|318.00|1||0.00|\r\n\r\n\";s:7:\"request\";s:234:\"compte=HOMEMADE&motpasse=h12589&magasin=WEB&enseigne=JINGHI&data=ENTETE%7CPOITOU%7CWEB%7C2%7CTRANS%7CVPC-WEB%7C%7COUI%7C%0D%0ALIGNE%7CW+152+KN06+LK004%7C+M%7C999+BLACK%7CRIB+SWEATER+-+Taille+%3A+M%7C318.00%7C1%7C%7C0.00%7C%0D%0A%0D%0A\";s:5:\"error\";s:0:\"\";}i:1;a:5:{s:6:\"status\";s:2:\"OK\";s:2:\"id\";s:4:\"5094\";s:9:\"post_data\";s:122:\"ENTETE|POITOU|WEB|2|TRANS|VPC-WEB||OUI|\r\nLIGNE|W 152 KN06 LK004|  S|999 BLACK|RIB SWEATER - Taille : S|318.00|1||0.00|\r\n\r\n\";s:7:\"request\";s:235:\"compte=HOMEMADE&motpasse=h12589&magasin=WEB&enseigne=JINGHI&data=ENTETE%7CPOITOU%7CWEB%7C2%7CTRANS%7CVPC-WEB%7C%7COUI%7C%0D%0ALIGNE%7CW+152+KN06+LK004%7C++S%7C999+BLACK%7CRIB+SWEATER+-+Taille+%3A+S%7C318.00%7C1%7C%7C0.00%7C%0D%0A%0D%0A\";s:5:\"error\";s:0:\"\";}i:2;a:5:{s:6:\"status\";s:2:\"OK\";s:2:\"id\";s:4:\"5095\";s:9:\"post_data\";s:319:\"ENTETE|WEB|651.00|3|VENTE|VPC-WEB|4558|F||||||||||||Presta : 390|\r\nLIGNE|W 152 KN06 LK004|  S|999 BLACK|RIB SWEATER - Taille : S|318.00|1|0.00|318.00|||\r\nLIGNE|W 152 KN06 LK004| M|999 BLACK|RIB SWEATER - Taille : M|318.00|1|0.00|318.00|||\r\nLIGNE|FP|||Livraison|15.00|1|0.00|15.00|||\r\nREGLEMENT|460|651.00|||YSMECFEWW|\r\n\";s:7:\"request\";s:528:\"compte=HOMEMADE&motpasse=h12589&magasin=WEB&enseigne=JINGHI&data=ENTETE%7CWEB%7C651.00%7C3%7CVENTE%7CVPC-WEB%7C4558%7CF%7C%7C%7C%7C%7C%7C%7C%7C%7C%7C%7C%7CPresta+%3A+390%7C%0D%0ALIGNE%7CW+152+KN06+LK004%7C++S%7C999+BLACK%7CRIB+SWEATER+-+Taille+%3A+S%7C318.00%7C1%7C0.00%7C318.00%7C%7C%7C%0D%0ALIGNE%7CW+152+KN06+LK004%7C+M%7C999+BLACK%7CRIB+SWEATER+-+Taille+%3A+M%7C318.00%7C1%7C0.00%7C318.00%7C%7C%7C%0D%0ALIGNE%7CFP%7C%7C%7CLivraison%7C15.00%7C1%7C0.00%7C15.00%7C%7C%7C%0D%0AREGLEMENT%7C460%7C651.00%7C%7C%7CYSMECFEWW%7C%0D%0A\";s:5:\"error\";s:0:\"\";}}','2016-01-04 13:32:01','2016-01-04 13:32:04'),(390,5095,'VENTE','OK','ENTETE|WEB|651.00|3|VENTE|VPC-WEB|4558|F||||||||||||Presta : 390|\r\nLIGNE|W 152 KN06 LK004|  S|999 BLACK|RIB SWEATER - Taille : S|318.00|1|0.00|318.00|||\r\nLIGNE|W 152 KN06 LK004| M|999 BLACK|RIB SWEATER - Taille : M|318.00|1|0.00|318.00|||\r\nLIGNE|FP|||Livraison|15.00|1|0.00|15.00|||\r\nREGLEMENT|460|651.00|||YSMECFEWW|\r\n','a:3:{i:0;a:5:{s:6:\"status\";s:2:\"OK\";s:2:\"id\";s:4:\"5093\";s:9:\"post_data\";s:121:\"ENTETE|POITOU|WEB|2|TRANS|VPC-WEB||OUI|\r\nLIGNE|W 152 KN06 LK004| M|999 BLACK|RIB SWEATER - Taille : M|318.00|1||0.00|\r\n\r\n\";s:7:\"request\";s:234:\"compte=HOMEMADE&motpasse=h12589&magasin=WEB&enseigne=JINGHI&data=ENTETE%7CPOITOU%7CWEB%7C2%7CTRANS%7CVPC-WEB%7C%7COUI%7C%0D%0ALIGNE%7CW+152+KN06+LK004%7C+M%7C999+BLACK%7CRIB+SWEATER+-+Taille+%3A+M%7C318.00%7C1%7C%7C0.00%7C%0D%0A%0D%0A\";s:5:\"error\";s:0:\"\";}i:1;a:5:{s:6:\"status\";s:2:\"OK\";s:2:\"id\";s:4:\"5094\";s:9:\"post_data\";s:122:\"ENTETE|POITOU|WEB|2|TRANS|VPC-WEB||OUI|\r\nLIGNE|W 152 KN06 LK004|  S|999 BLACK|RIB SWEATER - Taille : S|318.00|1||0.00|\r\n\r\n\";s:7:\"request\";s:235:\"compte=HOMEMADE&motpasse=h12589&magasin=WEB&enseigne=JINGHI&data=ENTETE%7CPOITOU%7CWEB%7C2%7CTRANS%7CVPC-WEB%7C%7COUI%7C%0D%0ALIGNE%7CW+152+KN06+LK004%7C++S%7C999+BLACK%7CRIB+SWEATER+-+Taille+%3A+S%7C318.00%7C1%7C%7C0.00%7C%0D%0A%0D%0A\";s:5:\"error\";s:0:\"\";}i:2;a:5:{s:6:\"status\";s:2:\"OK\";s:2:\"id\";s:4:\"5095\";s:9:\"post_data\";s:319:\"ENTETE|WEB|651.00|3|VENTE|VPC-WEB|4558|F||||||||||||Presta : 390|\r\nLIGNE|W 152 KN06 LK004|  S|999 BLACK|RIB SWEATER - Taille : S|318.00|1|0.00|318.00|||\r\nLIGNE|W 152 KN06 LK004| M|999 BLACK|RIB SWEATER - Taille : M|318.00|1|0.00|318.00|||\r\nLIGNE|FP|||Livraison|15.00|1|0.00|15.00|||\r\nREGLEMENT|460|651.00|||YSMECFEWW|\r\n\";s:7:\"request\";s:528:\"compte=HOMEMADE&motpasse=h12589&magasin=WEB&enseigne=JINGHI&data=ENTETE%7CWEB%7C651.00%7C3%7CVENTE%7CVPC-WEB%7C4558%7CF%7C%7C%7C%7C%7C%7C%7C%7C%7C%7C%7C%7CPresta+%3A+390%7C%0D%0ALIGNE%7CW+152+KN06+LK004%7C++S%7C999+BLACK%7CRIB+SWEATER+-+Taille+%3A+S%7C318.00%7C1%7C0.00%7C318.00%7C%7C%7C%0D%0ALIGNE%7CW+152+KN06+LK004%7C+M%7C999+BLACK%7CRIB+SWEATER+-+Taille+%3A+M%7C318.00%7C1%7C0.00%7C318.00%7C%7C%7C%0D%0ALIGNE%7CFP%7C%7C%7CLivraison%7C15.00%7C1%7C0.00%7C15.00%7C%7C%7C%0D%0AREGLEMENT%7C460%7C651.00%7C%7C%7CYSMECFEWW%7C%0D%0A\";s:5:\"error\";s:0:\"\";}}','2016-01-04 13:32:01','2016-01-04 13:32:04'),(391,5101,'TRANS','OK','ENTETE|POITOU|WEB|2|TRANS|VPC-WEB||OUI|\r\nLIGNE|W 152 SH06 LF028|38|060 CREAM|LONG SLEEVE TEE-SHIRT - Taille : 38|237.00|1||0.00|\r\n\r\n','a:3:{i:0;a:5:{s:6:\"status\";s:2:\"OK\";s:2:\"id\";s:4:\"5101\";s:9:\"post_data\";s:132:\"ENTETE|POITOU|WEB|2|TRANS|VPC-WEB||OUI|\r\nLIGNE|W 152 SH06 LF028|38|060 CREAM|LONG SLEEVE TEE-SHIRT - Taille : 38|237.00|1||0.00|\r\n\r\n\";s:7:\"request\";s:245:\"compte=HOMEMADE&motpasse=h12589&magasin=WEB&enseigne=JINGHI&data=ENTETE%7CPOITOU%7CWEB%7C2%7CTRANS%7CVPC-WEB%7C%7COUI%7C%0D%0ALIGNE%7CW+152+SH06+LF028%7C38%7C060+CREAM%7CLONG+SLEEVE+TEE-SHIRT+-+Taille+%3A+38%7C237.00%7C1%7C%7C0.00%7C%0D%0A%0D%0A\";s:5:\"error\";s:0:\"\";}i:1;a:5:{s:6:\"status\";s:2:\"OK\";s:2:\"id\";s:4:\"5102\";s:9:\"post_data\";s:125:\"ENTETE|POITOU|WEB|2|TRANS|VPC-WEB||OUI|\r\nLIGNE|W 152 SH26 LF024|40|795 MIDNIGHT BLUE|BLOUSE - Taille : 40|192.00|1||0.00|\r\n\r\n\";s:7:\"request\";s:238:\"compte=HOMEMADE&motpasse=h12589&magasin=WEB&enseigne=JINGHI&data=ENTETE%7CPOITOU%7CWEB%7C2%7CTRANS%7CVPC-WEB%7C%7COUI%7C%0D%0ALIGNE%7CW+152+SH26+LF024%7C40%7C795+MIDNIGHT+BLUE%7CBLOUSE+-+Taille+%3A+40%7C192.00%7C1%7C%7C0.00%7C%0D%0A%0D%0A\";s:5:\"error\";s:0:\"\";}i:2;a:5:{s:6:\"status\";s:2:\"OK\";s:2:\"id\";s:4:\"5103\";s:9:\"post_data\";s:342:\"ENTETE|WEB|444.00|3|VENTE|VPC-WEB|2763|MY ADDRESS||||||||||||Presta : 391|\r\nLIGNE|W 152 SH26 LF024|40|795 MIDNIGHT BLUE|BLOUSE - Taille : 40|192.00|1|0.00|192.00|||\r\nLIGNE|W 152 SH06 LF028|38|060 CREAM|LONG SLEEVE TEE-SHIRT - Taille : 38|237.00|1|0.00|237.00|||\r\nLIGNE|FP|||Livraison|15.00|1|0.00|15.00|||\r\nREGLEMENT|460|444.00|||ATOWSOCNJ|\r\n\";s:7:\"request\";s:551:\"compte=HOMEMADE&motpasse=h12589&magasin=WEB&enseigne=JINGHI&data=ENTETE%7CWEB%7C444.00%7C3%7CVENTE%7CVPC-WEB%7C2763%7CMY+ADDRESS%7C%7C%7C%7C%7C%7C%7C%7C%7C%7C%7C%7CPresta+%3A+391%7C%0D%0ALIGNE%7CW+152+SH26+LF024%7C40%7C795+MIDNIGHT+BLUE%7CBLOUSE+-+Taille+%3A+40%7C192.00%7C1%7C0.00%7C192.00%7C%7C%7C%0D%0ALIGNE%7CW+152+SH06+LF028%7C38%7C060+CREAM%7CLONG+SLEEVE+TEE-SHIRT+-+Taille+%3A+38%7C237.00%7C1%7C0.00%7C237.00%7C%7C%7C%0D%0ALIGNE%7CFP%7C%7C%7CLivraison%7C15.00%7C1%7C0.00%7C15.00%7C%7C%7C%0D%0AREGLEMENT%7C460%7C444.00%7C%7C%7CATOWSOCNJ%7C%0D%0A\";s:5:\"error\";s:0:\"\";}}','2016-01-04 14:16:08','2016-01-04 14:16:11'),(391,5102,'TRANS','OK','ENTETE|POITOU|WEB|2|TRANS|VPC-WEB||OUI|\r\nLIGNE|W 152 SH26 LF024|40|795 MIDNIGHT BLUE|BLOUSE - Taille : 40|192.00|1||0.00|\r\n\r\n','a:3:{i:0;a:5:{s:6:\"status\";s:2:\"OK\";s:2:\"id\";s:4:\"5101\";s:9:\"post_data\";s:132:\"ENTETE|POITOU|WEB|2|TRANS|VPC-WEB||OUI|\r\nLIGNE|W 152 SH06 LF028|38|060 CREAM|LONG SLEEVE TEE-SHIRT - Taille : 38|237.00|1||0.00|\r\n\r\n\";s:7:\"request\";s:245:\"compte=HOMEMADE&motpasse=h12589&magasin=WEB&enseigne=JINGHI&data=ENTETE%7CPOITOU%7CWEB%7C2%7CTRANS%7CVPC-WEB%7C%7COUI%7C%0D%0ALIGNE%7CW+152+SH06+LF028%7C38%7C060+CREAM%7CLONG+SLEEVE+TEE-SHIRT+-+Taille+%3A+38%7C237.00%7C1%7C%7C0.00%7C%0D%0A%0D%0A\";s:5:\"error\";s:0:\"\";}i:1;a:5:{s:6:\"status\";s:2:\"OK\";s:2:\"id\";s:4:\"5102\";s:9:\"post_data\";s:125:\"ENTETE|POITOU|WEB|2|TRANS|VPC-WEB||OUI|\r\nLIGNE|W 152 SH26 LF024|40|795 MIDNIGHT BLUE|BLOUSE - Taille : 40|192.00|1||0.00|\r\n\r\n\";s:7:\"request\";s:238:\"compte=HOMEMADE&motpasse=h12589&magasin=WEB&enseigne=JINGHI&data=ENTETE%7CPOITOU%7CWEB%7C2%7CTRANS%7CVPC-WEB%7C%7COUI%7C%0D%0ALIGNE%7CW+152+SH26+LF024%7C40%7C795+MIDNIGHT+BLUE%7CBLOUSE+-+Taille+%3A+40%7C192.00%7C1%7C%7C0.00%7C%0D%0A%0D%0A\";s:5:\"error\";s:0:\"\";}i:2;a:5:{s:6:\"status\";s:2:\"OK\";s:2:\"id\";s:4:\"5103\";s:9:\"post_data\";s:342:\"ENTETE|WEB|444.00|3|VENTE|VPC-WEB|2763|MY ADDRESS||||||||||||Presta : 391|\r\nLIGNE|W 152 SH26 LF024|40|795 MIDNIGHT BLUE|BLOUSE - Taille : 40|192.00|1|0.00|192.00|||\r\nLIGNE|W 152 SH06 LF028|38|060 CREAM|LONG SLEEVE TEE-SHIRT - Taille : 38|237.00|1|0.00|237.00|||\r\nLIGNE|FP|||Livraison|15.00|1|0.00|15.00|||\r\nREGLEMENT|460|444.00|||ATOWSOCNJ|\r\n\";s:7:\"request\";s:551:\"compte=HOMEMADE&motpasse=h12589&magasin=WEB&enseigne=JINGHI&data=ENTETE%7CWEB%7C444.00%7C3%7CVENTE%7CVPC-WEB%7C2763%7CMY+ADDRESS%7C%7C%7C%7C%7C%7C%7C%7C%7C%7C%7C%7CPresta+%3A+391%7C%0D%0ALIGNE%7CW+152+SH26+LF024%7C40%7C795+MIDNIGHT+BLUE%7CBLOUSE+-+Taille+%3A+40%7C192.00%7C1%7C0.00%7C192.00%7C%7C%7C%0D%0ALIGNE%7CW+152+SH06+LF028%7C38%7C060+CREAM%7CLONG+SLEEVE+TEE-SHIRT+-+Taille+%3A+38%7C237.00%7C1%7C0.00%7C237.00%7C%7C%7C%0D%0ALIGNE%7CFP%7C%7C%7CLivraison%7C15.00%7C1%7C0.00%7C15.00%7C%7C%7C%0D%0AREGLEMENT%7C460%7C444.00%7C%7C%7CATOWSOCNJ%7C%0D%0A\";s:5:\"error\";s:0:\"\";}}','2016-01-04 14:16:08','2016-01-04 14:16:11'),(391,5103,'VENTE','OK','ENTETE|WEB|444.00|3|VENTE|VPC-WEB|2763|MY ADDRESS||||||||||||Presta : 391|\r\nLIGNE|W 152 SH26 LF024|40|795 MIDNIGHT BLUE|BLOUSE - Taille : 40|192.00|1|0.00|192.00|||\r\nLIGNE|W 152 SH06 LF028|38|060 CREAM|LONG SLEEVE TEE-SHIRT - Taille : 38|237.00|1|0.00|237.00|||\r\nLIGNE|FP|||Livraison|15.00|1|0.00|15.00|||\r\nREGLEMENT|460|444.00|||ATOWSOCNJ|\r\n','a:3:{i:0;a:5:{s:6:\"status\";s:2:\"OK\";s:2:\"id\";s:4:\"5101\";s:9:\"post_data\";s:132:\"ENTETE|POITOU|WEB|2|TRANS|VPC-WEB||OUI|\r\nLIGNE|W 152 SH06 LF028|38|060 CREAM|LONG SLEEVE TEE-SHIRT - Taille : 38|237.00|1||0.00|\r\n\r\n\";s:7:\"request\";s:245:\"compte=HOMEMADE&motpasse=h12589&magasin=WEB&enseigne=JINGHI&data=ENTETE%7CPOITOU%7CWEB%7C2%7CTRANS%7CVPC-WEB%7C%7COUI%7C%0D%0ALIGNE%7CW+152+SH06+LF028%7C38%7C060+CREAM%7CLONG+SLEEVE+TEE-SHIRT+-+Taille+%3A+38%7C237.00%7C1%7C%7C0.00%7C%0D%0A%0D%0A\";s:5:\"error\";s:0:\"\";}i:1;a:5:{s:6:\"status\";s:2:\"OK\";s:2:\"id\";s:4:\"5102\";s:9:\"post_data\";s:125:\"ENTETE|POITOU|WEB|2|TRANS|VPC-WEB||OUI|\r\nLIGNE|W 152 SH26 LF024|40|795 MIDNIGHT BLUE|BLOUSE - Taille : 40|192.00|1||0.00|\r\n\r\n\";s:7:\"request\";s:238:\"compte=HOMEMADE&motpasse=h12589&magasin=WEB&enseigne=JINGHI&data=ENTETE%7CPOITOU%7CWEB%7C2%7CTRANS%7CVPC-WEB%7C%7COUI%7C%0D%0ALIGNE%7CW+152+SH26+LF024%7C40%7C795+MIDNIGHT+BLUE%7CBLOUSE+-+Taille+%3A+40%7C192.00%7C1%7C%7C0.00%7C%0D%0A%0D%0A\";s:5:\"error\";s:0:\"\";}i:2;a:5:{s:6:\"status\";s:2:\"OK\";s:2:\"id\";s:4:\"5103\";s:9:\"post_data\";s:342:\"ENTETE|WEB|444.00|3|VENTE|VPC-WEB|2763|MY ADDRESS||||||||||||Presta : 391|\r\nLIGNE|W 152 SH26 LF024|40|795 MIDNIGHT BLUE|BLOUSE - Taille : 40|192.00|1|0.00|192.00|||\r\nLIGNE|W 152 SH06 LF028|38|060 CREAM|LONG SLEEVE TEE-SHIRT - Taille : 38|237.00|1|0.00|237.00|||\r\nLIGNE|FP|||Livraison|15.00|1|0.00|15.00|||\r\nREGLEMENT|460|444.00|||ATOWSOCNJ|\r\n\";s:7:\"request\";s:551:\"compte=HOMEMADE&motpasse=h12589&magasin=WEB&enseigne=JINGHI&data=ENTETE%7CWEB%7C444.00%7C3%7CVENTE%7CVPC-WEB%7C2763%7CMY+ADDRESS%7C%7C%7C%7C%7C%7C%7C%7C%7C%7C%7C%7CPresta+%3A+391%7C%0D%0ALIGNE%7CW+152+SH26+LF024%7C40%7C795+MIDNIGHT+BLUE%7CBLOUSE+-+Taille+%3A+40%7C192.00%7C1%7C0.00%7C192.00%7C%7C%7C%0D%0ALIGNE%7CW+152+SH06+LF028%7C38%7C060+CREAM%7CLONG+SLEEVE+TEE-SHIRT+-+Taille+%3A+38%7C237.00%7C1%7C0.00%7C237.00%7C%7C%7C%0D%0ALIGNE%7CFP%7C%7C%7CLivraison%7C15.00%7C1%7C0.00%7C15.00%7C%7C%7C%0D%0AREGLEMENT%7C460%7C444.00%7C%7C%7CATOWSOCNJ%7C%0D%0A\";s:5:\"error\";s:0:\"\";}}','2016-01-04 14:16:08','2016-01-04 14:16:11'),(392,5107,'TRANS','OK','ENTETE|POITOU|WEB|1|TRANS|VPC-WEB||OUI|\r\nLIGNE|W 152 PA19 LD001|40|761 INDIGO|TWISTED PANTS - Taille : 40|288.00|1||0.00|\r\n\r\n','a:2:{i:0;a:5:{s:6:\"status\";s:2:\"OK\";s:2:\"id\";s:4:\"5107\";s:9:\"post_data\";s:125:\"ENTETE|POITOU|WEB|1|TRANS|VPC-WEB||OUI|\r\nLIGNE|W 152 PA19 LD001|40|761 INDIGO|TWISTED PANTS - Taille : 40|288.00|1||0.00|\r\n\r\n\";s:7:\"request\";s:238:\"compte=HOMEMADE&motpasse=h12589&magasin=WEB&enseigne=JINGHI&data=ENTETE%7CPOITOU%7CWEB%7C1%7CTRANS%7CVPC-WEB%7C%7COUI%7C%0D%0ALIGNE%7CW+152+PA19+LD001%7C40%7C761+INDIGO%7CTWISTED+PANTS+-+Taille+%3A+40%7C288.00%7C1%7C%7C0.00%7C%0D%0A%0D%0A\";s:5:\"error\";s:0:\"\";}i:1;a:5:{s:6:\"status\";s:2:\"OK\";s:2:\"id\";s:4:\"5108\";s:9:\"post_data\";s:247:\"ENTETE|WEB|318.00|2|VENTE|VPC-WEB|4559|MY ADDRESS||||||||||HT||Presta : 392|\r\nLIGNE|W 152 PA19 LD001|40|761 INDIGO|TWISTED PANTS - Taille : 40|288.00|1|0.00|288.00|||\r\nLIGNE|FP|||Livraison|30.00|1|0.00|30.00|||\r\nREGLEMENT|460|318.00|||KSKAAEHEV|\r\n\";s:7:\"request\";s:428:\"compte=HOMEMADE&motpasse=h12589&magasin=WEB&enseigne=JINGHI&data=ENTETE%7CWEB%7C318.00%7C2%7CVENTE%7CVPC-WEB%7C4559%7CMY+ADDRESS%7C%7C%7C%7C%7C%7C%7C%7C%7C%7CHT%7C%7CPresta+%3A+392%7C%0D%0ALIGNE%7CW+152+PA19+LD001%7C40%7C761+INDIGO%7CTWISTED+PANTS+-+Taille+%3A+40%7C288.00%7C1%7C0.00%7C288.00%7C%7C%7C%0D%0ALIGNE%7CFP%7C%7C%7CLivraison%7C30.00%7C1%7C0.00%7C30.00%7C%7C%7C%0D%0AREGLEMENT%7C460%7C318.00%7C%7C%7CKSKAAEHEV%7C%0D%0A\";s:5:\"error\";s:0:\"\";}}','2016-01-04 16:16:00','2016-01-04 16:16:03'),(392,5108,'VENTE','OK','ENTETE|WEB|318.00|2|VENTE|VPC-WEB|4559|MY ADDRESS||||||||||HT||Presta : 392|\r\nLIGNE|W 152 PA19 LD001|40|761 INDIGO|TWISTED PANTS - Taille : 40|288.00|1|0.00|288.00|||\r\nLIGNE|FP|||Livraison|30.00|1|0.00|30.00|||\r\nREGLEMENT|460|318.00|||KSKAAEHEV|\r\n','a:2:{i:0;a:5:{s:6:\"status\";s:2:\"OK\";s:2:\"id\";s:4:\"5107\";s:9:\"post_data\";s:125:\"ENTETE|POITOU|WEB|1|TRANS|VPC-WEB||OUI|\r\nLIGNE|W 152 PA19 LD001|40|761 INDIGO|TWISTED PANTS - Taille : 40|288.00|1||0.00|\r\n\r\n\";s:7:\"request\";s:238:\"compte=HOMEMADE&motpasse=h12589&magasin=WEB&enseigne=JINGHI&data=ENTETE%7CPOITOU%7CWEB%7C1%7CTRANS%7CVPC-WEB%7C%7COUI%7C%0D%0ALIGNE%7CW+152+PA19+LD001%7C40%7C761+INDIGO%7CTWISTED+PANTS+-+Taille+%3A+40%7C288.00%7C1%7C%7C0.00%7C%0D%0A%0D%0A\";s:5:\"error\";s:0:\"\";}i:1;a:5:{s:6:\"status\";s:2:\"OK\";s:2:\"id\";s:4:\"5108\";s:9:\"post_data\";s:247:\"ENTETE|WEB|318.00|2|VENTE|VPC-WEB|4559|MY ADDRESS||||||||||HT||Presta : 392|\r\nLIGNE|W 152 PA19 LD001|40|761 INDIGO|TWISTED PANTS - Taille : 40|288.00|1|0.00|288.00|||\r\nLIGNE|FP|||Livraison|30.00|1|0.00|30.00|||\r\nREGLEMENT|460|318.00|||KSKAAEHEV|\r\n\";s:7:\"request\";s:428:\"compte=HOMEMADE&motpasse=h12589&magasin=WEB&enseigne=JINGHI&data=ENTETE%7CWEB%7C318.00%7C2%7CVENTE%7CVPC-WEB%7C4559%7CMY+ADDRESS%7C%7C%7C%7C%7C%7C%7C%7C%7C%7CHT%7C%7CPresta+%3A+392%7C%0D%0ALIGNE%7CW+152+PA19+LD001%7C40%7C761+INDIGO%7CTWISTED+PANTS+-+Taille+%3A+40%7C288.00%7C1%7C0.00%7C288.00%7C%7C%7C%0D%0ALIGNE%7CFP%7C%7C%7CLivraison%7C30.00%7C1%7C0.00%7C30.00%7C%7C%7C%0D%0AREGLEMENT%7C460%7C318.00%7C%7C%7CKSKAAEHEV%7C%0D%0A\";s:5:\"error\";s:0:\"\";}}','2016-01-04 16:16:00','2016-01-04 16:16:03'),(393,5113,'VENTE','OK','ENTETE|WEB|246.00|2|VENTE|VPC-WEB|4560|MY ADDRESS||||||||||||Presta : 393|\r\nLIGNE|M 152 PA05 LF014|50|999 BLACK|ELASTICATED PANTS - Taille : 50|231.00|1|0.00|231.00|||\r\nLIGNE|FP|||Livraison|15.00|1|0.00|15.00|||\r\nREGLEMENT|460|246.00|||PGXUNGWAN|\r\n','a:1:{i:0;a:5:{s:6:\"status\";s:2:\"OK\";s:2:\"id\";s:4:\"5113\";s:9:\"post_data\";s:248:\"ENTETE|WEB|246.00|2|VENTE|VPC-WEB|4560|MY ADDRESS||||||||||||Presta : 393|\r\nLIGNE|M 152 PA05 LF014|50|999 BLACK|ELASTICATED PANTS - Taille : 50|231.00|1|0.00|231.00|||\r\nLIGNE|FP|||Livraison|15.00|1|0.00|15.00|||\r\nREGLEMENT|460|246.00|||PGXUNGWAN|\r\n\";s:7:\"request\";s:429:\"compte=HOMEMADE&motpasse=h12589&magasin=WEB&enseigne=JINGHI&data=ENTETE%7CWEB%7C246.00%7C2%7CVENTE%7CVPC-WEB%7C4560%7CMY+ADDRESS%7C%7C%7C%7C%7C%7C%7C%7C%7C%7C%7C%7CPresta+%3A+393%7C%0D%0ALIGNE%7CM+152+PA05+LF014%7C50%7C999+BLACK%7CELASTICATED+PANTS+-+Taille+%3A+50%7C231.00%7C1%7C0.00%7C231.00%7C%7C%7C%0D%0ALIGNE%7CFP%7C%7C%7CLivraison%7C15.00%7C1%7C0.00%7C15.00%7C%7C%7C%0D%0AREGLEMENT%7C460%7C246.00%7C%7C%7CPGXUNGWAN%7C%0D%0A\";s:5:\"error\";s:0:\"\";}}','2016-01-04 17:16:04','2016-01-04 17:16:05'),(394,5117,'VENTE','OK','ENTETE|WEB|477.00|2|VENTE|VPC-WEB|4561|MY ADDRESS||||||||||HT||Presta : 394|\r\nLIGNE|W 152 SK05 LF015|36|999 BLACK|LONG HIGH WAISTED SKIRT - Taille : 36|447.00|1|0.00|447.00|||\r\nLIGNE|FP|||Livraison|30.00|1|0.00|30.00|||\r\nREGLEMENT|460|477.00|||JFPDTWNPX|\r\n','a:1:{i:0;a:5:{s:6:\"status\";s:2:\"OK\";s:2:\"id\";s:4:\"5117\";s:9:\"post_data\";s:256:\"ENTETE|WEB|477.00|2|VENTE|VPC-WEB|4561|MY ADDRESS||||||||||HT||Presta : 394|\r\nLIGNE|W 152 SK05 LF015|36|999 BLACK|LONG HIGH WAISTED SKIRT - Taille : 36|447.00|1|0.00|447.00|||\r\nLIGNE|FP|||Livraison|30.00|1|0.00|30.00|||\r\nREGLEMENT|460|477.00|||JFPDTWNPX|\r\n\";s:7:\"request\";s:437:\"compte=HOMEMADE&motpasse=h12589&magasin=WEB&enseigne=JINGHI&data=ENTETE%7CWEB%7C477.00%7C2%7CVENTE%7CVPC-WEB%7C4561%7CMY+ADDRESS%7C%7C%7C%7C%7C%7C%7C%7C%7C%7CHT%7C%7CPresta+%3A+394%7C%0D%0ALIGNE%7CW+152+SK05+LF015%7C36%7C999+BLACK%7CLONG+HIGH+WAISTED+SKIRT+-+Taille+%3A+36%7C447.00%7C1%7C0.00%7C447.00%7C%7C%7C%0D%0ALIGNE%7CFP%7C%7C%7CLivraison%7C30.00%7C1%7C0.00%7C30.00%7C%7C%7C%0D%0AREGLEMENT%7C460%7C477.00%7C%7C%7CJFPDTWNPX%7C%0D%0A\";s:5:\"error\";s:0:\"\";}}','2016-01-04 18:32:01','2016-01-04 18:32:02'),(395,5119,'TRANS','OK','ENTETE|POITOU|WEB|2|TRANS|VPC-WEB||OUI|\r\nLIGNE|M 152 PA05 LF014|46|999 BLACK|pantalon ','a:3:{i:0;a:5:{s:6:\"status\";s:2:\"OK\";s:2:\"id\";s:4:\"5119\";s:9:\"post_data\";s:129:\"ENTETE|POITOU|WEB|2|TRANS|VPC-WEB||OUI|\r\nLIGNE|M 152 PA05 LF014|46|999 BLACK|pantalon ','2016-01-04 22:00:07','2016-01-04 22:00:11'),(395,5120,'TRANS','OK','ENTETE|POITOU|WEB|2|TRANS|VPC-WEB||OUI|\r\nLIGNE|M 152 JA04 LF002|46|999 BLACK|veste souple - Taille : 46|387.00|1||0.00|\r\n\r\n','a:3:{i:0;a:5:{s:6:\"status\";s:2:\"OK\";s:2:\"id\";s:4:\"5119\";s:9:\"post_data\";s:129:\"ENTETE|POITOU|WEB|2|TRANS|VPC-WEB||OUI|\r\nLIGNE|M 152 PA05 LF014|46|999 BLACK|pantalon ','2016-01-04 22:00:07','2016-01-04 22:00:11'),(395,5121,'VENTE','OK','ENTETE|WEB|787.00|3|VENTE|VPC-WEB|2903|MON ADRESSE||||||||||||Presta : 395|\r\nLIGNE|M 152 JA04 LF002|46|999 BLACK|veste souple - Taille : 46|387.00|1|0.00|387.00|||\r\nLIGNE|M 152 PA05 LF014|46|999 BLACK|pantalon ','a:3:{i:0;a:5:{s:6:\"status\";s:2:\"OK\";s:2:\"id\";s:4:\"5119\";s:9:\"post_data\";s:129:\"ENTETE|POITOU|WEB|2|TRANS|VPC-WEB||OUI|\r\nLIGNE|M 152 PA05 LF014|46|999 BLACK|pantalon ','2016-01-04 22:00:07','2016-01-04 22:00:11'),(396,5122,'TRANS','OK','ENTETE|POITOU|WEB|1|TRANS|VPC-WEB||OUI|\r\nLIGNE|M 152 AC03 LL001|85|465 HAZELNUT|Ceinture large - Taille : 85|141.00|1||0.00|\r\n\r\n','a:2:{i:0;a:5:{s:6:\"status\";s:2:\"OK\";s:2:\"id\";s:4:\"5122\";s:9:\"post_data\";s:128:\"ENTETE|POITOU|WEB|1|TRANS|VPC-WEB||OUI|\r\nLIGNE|M 152 AC03 LL001|85|465 HAZELNUT|Ceinture large - Taille : 85|141.00|1||0.00|\r\n\r\n\";s:7:\"request\";s:241:\"compte=HOMEMADE&motpasse=h12589&magasin=WEB&enseigne=JINGHI&data=ENTETE%7CPOITOU%7CWEB%7C1%7CTRANS%7CVPC-WEB%7C%7COUI%7C%0D%0ALIGNE%7CM+152+AC03+LL001%7C85%7C465+HAZELNUT%7CCeinture+large+-+Taille+%3A+85%7C141.00%7C1%7C%7C0.00%7C%0D%0A%0D%0A\";s:5:\"error\";s:0:\"\";}i:1;a:5:{s:6:\"status\";s:2:\"OK\";s:2:\"id\";s:4:\"5123\";s:9:\"post_data\";s:249:\"ENTETE|WEB|156.00|2|VENTE|VPC-WEB|4562|MON ADRESSE||||||||||||Presta : 396|\r\nLIGNE|M 152 AC03 LL001|85|465 HAZELNUT|Ceinture large - Taille : 85|141.00|1|0.00|141.00|||\r\nLIGNE|FP|||Livraison|15.00|1|0.00|15.00|||\r\nREGLEMENT|460|156.00|||MRKAZGXJM|\r\n\";s:7:\"request\";s:430:\"compte=HOMEMADE&motpasse=h12589&magasin=WEB&enseigne=JINGHI&data=ENTETE%7CWEB%7C156.00%7C2%7CVENTE%7CVPC-WEB%7C4562%7CMON+ADRESSE%7C%7C%7C%7C%7C%7C%7C%7C%7C%7C%7C%7CPresta+%3A+396%7C%0D%0ALIGNE%7CM+152+AC03+LL001%7C85%7C465+HAZELNUT%7CCeinture+large+-+Taille+%3A+85%7C141.00%7C1%7C0.00%7C141.00%7C%7C%7C%0D%0ALIGNE%7CFP%7C%7C%7CLivraison%7C15.00%7C1%7C0.00%7C15.00%7C%7C%7C%0D%0AREGLEMENT%7C460%7C156.00%7C%7C%7CMRKAZGXJM%7C%0D%0A\";s:5:\"error\";s:0:\"\";}}','2016-01-05 10:48:00','2016-01-05 10:48:04'),(396,5123,'VENTE','OK','ENTETE|WEB|156.00|2|VENTE|VPC-WEB|4562|MON ADRESSE||||||||||||Presta : 396|\r\nLIGNE|M 152 AC03 LL001|85|465 HAZELNUT|Ceinture large - Taille : 85|141.00|1|0.00|141.00|||\r\nLIGNE|FP|||Livraison|15.00|1|0.00|15.00|||\r\nREGLEMENT|460|156.00|||MRKAZGXJM|\r\n','a:2:{i:0;a:5:{s:6:\"status\";s:2:\"OK\";s:2:\"id\";s:4:\"5122\";s:9:\"post_data\";s:128:\"ENTETE|POITOU|WEB|1|TRANS|VPC-WEB||OUI|\r\nLIGNE|M 152 AC03 LL001|85|465 HAZELNUT|Ceinture large - Taille : 85|141.00|1||0.00|\r\n\r\n\";s:7:\"request\";s:241:\"compte=HOMEMADE&motpasse=h12589&magasin=WEB&enseigne=JINGHI&data=ENTETE%7CPOITOU%7CWEB%7C1%7CTRANS%7CVPC-WEB%7C%7COUI%7C%0D%0ALIGNE%7CM+152+AC03+LL001%7C85%7C465+HAZELNUT%7CCeinture+large+-+Taille+%3A+85%7C141.00%7C1%7C%7C0.00%7C%0D%0A%0D%0A\";s:5:\"error\";s:0:\"\";}i:1;a:5:{s:6:\"status\";s:2:\"OK\";s:2:\"id\";s:4:\"5123\";s:9:\"post_data\";s:249:\"ENTETE|WEB|156.00|2|VENTE|VPC-WEB|4562|MON ADRESSE||||||||||||Presta : 396|\r\nLIGNE|M 152 AC03 LL001|85|465 HAZELNUT|Ceinture large - Taille : 85|141.00|1|0.00|141.00|||\r\nLIGNE|FP|||Livraison|15.00|1|0.00|15.00|||\r\nREGLEMENT|460|156.00|||MRKAZGXJM|\r\n\";s:7:\"request\";s:430:\"compte=HOMEMADE&motpasse=h12589&magasin=WEB&enseigne=JINGHI&data=ENTETE%7CWEB%7C156.00%7C2%7CVENTE%7CVPC-WEB%7C4562%7CMON+ADRESSE%7C%7C%7C%7C%7C%7C%7C%7C%7C%7C%7C%7CPresta+%3A+396%7C%0D%0ALIGNE%7CM+152+AC03+LL001%7C85%7C465+HAZELNUT%7CCeinture+large+-+Taille+%3A+85%7C141.00%7C1%7C0.00%7C141.00%7C%7C%7C%0D%0ALIGNE%7CFP%7C%7C%7CLivraison%7C15.00%7C1%7C0.00%7C15.00%7C%7C%7C%0D%0AREGLEMENT%7C460%7C156.00%7C%7C%7CMRKAZGXJM%7C%0D%0A\";s:5:\"error\";s:0:\"\";}}','2016-01-05 10:48:00','2016-01-05 10:48:05'),(397,5135,'TRANS','OK','ENTETE|POITOU|WEB|1|TRANS|VPC-WEB||OUI|\r\nLIGNE|W 153 SH31 LF024|38|999 BLACK|ASYMMETRICAL SHIRT - Taille : 38|189.00|1||0.00|\r\n\r\n','a:2:{i:0;a:5:{s:6:\"status\";s:2:\"OK\";s:2:\"id\";s:4:\"5135\";s:9:\"post_data\";s:129:\"ENTETE|POITOU|WEB|1|TRANS|VPC-WEB||OUI|\r\nLIGNE|W 153 SH31 LF024|38|999 BLACK|ASYMMETRICAL SHIRT - Taille : 38|189.00|1||0.00|\r\n\r\n\";s:7:\"request\";s:242:\"compte=HOMEMADE&motpasse=h12589&magasin=WEB&enseigne=JINGHI&data=ENTETE%7CPOITOU%7CWEB%7C1%7CTRANS%7CVPC-WEB%7C%7COUI%7C%0D%0ALIGNE%7CW+153+SH31+LF024%7C38%7C999+BLACK%7CASYMMETRICAL+SHIRT+-+Taille+%3A+38%7C189.00%7C1%7C%7C0.00%7C%0D%0A%0D%0A\";s:5:\"error\";s:0:\"\";}i:1;a:5:{s:6:\"status\";s:2:\"OK\";s:2:\"id\";s:4:\"5136\";s:9:\"post_data\";s:249:\"ENTETE|WEB|204.00|2|VENTE|VPC-WEB|4563|MY ADDRESS||||||||||||Presta : 397|\r\nLIGNE|W 153 SH31 LF024|38|999 BLACK|ASYMMETRICAL SHIRT - Taille : 38|189.00|1|0.00|189.00|||\r\nLIGNE|FP|||Livraison|15.00|1|0.00|15.00|||\r\nREGLEMENT|460|204.00|||XJJETFHRG|\r\n\";s:7:\"request\";s:430:\"compte=HOMEMADE&motpasse=h12589&magasin=WEB&enseigne=JINGHI&data=ENTETE%7CWEB%7C204.00%7C2%7CVENTE%7CVPC-WEB%7C4563%7CMY+ADDRESS%7C%7C%7C%7C%7C%7C%7C%7C%7C%7C%7C%7CPresta+%3A+397%7C%0D%0ALIGNE%7CW+153+SH31+LF024%7C38%7C999+BLACK%7CASYMMETRICAL+SHIRT+-+Taille+%3A+38%7C189.00%7C1%7C0.00%7C189.00%7C%7C%7C%0D%0ALIGNE%7CFP%7C%7C%7CLivraison%7C15.00%7C1%7C0.00%7C15.00%7C%7C%7C%0D%0AREGLEMENT%7C460%7C204.00%7C%7C%7CXJJETFHRG%7C%0D%0A\";s:5:\"error\";s:0:\"\";}}','2016-01-05 15:00:01','2016-01-05 15:00:03'),(397,5136,'VENTE','OK','ENTETE|WEB|204.00|2|VENTE|VPC-WEB|4563|MY ADDRESS||||||||||||Presta : 397|\r\nLIGNE|W 153 SH31 LF024|38|999 BLACK|ASYMMETRICAL SHIRT - Taille : 38|189.00|1|0.00|189.00|||\r\nLIGNE|FP|||Livraison|15.00|1|0.00|15.00|||\r\nREGLEMENT|460|204.00|||XJJETFHRG|\r\n','a:2:{i:0;a:5:{s:6:\"status\";s:2:\"OK\";s:2:\"id\";s:4:\"5135\";s:9:\"post_data\";s:129:\"ENTETE|POITOU|WEB|1|TRANS|VPC-WEB||OUI|\r\nLIGNE|W 153 SH31 LF024|38|999 BLACK|ASYMMETRICAL SHIRT - Taille : 38|189.00|1||0.00|\r\n\r\n\";s:7:\"request\";s:242:\"compte=HOMEMADE&motpasse=h12589&magasin=WEB&enseigne=JINGHI&data=ENTETE%7CPOITOU%7CWEB%7C1%7CTRANS%7CVPC-WEB%7C%7COUI%7C%0D%0ALIGNE%7CW+153+SH31+LF024%7C38%7C999+BLACK%7CASYMMETRICAL+SHIRT+-+Taille+%3A+38%7C189.00%7C1%7C%7C0.00%7C%0D%0A%0D%0A\";s:5:\"error\";s:0:\"\";}i:1;a:5:{s:6:\"status\";s:2:\"OK\";s:2:\"id\";s:4:\"5136\";s:9:\"post_data\";s:249:\"ENTETE|WEB|204.00|2|VENTE|VPC-WEB|4563|MY ADDRESS||||||||||||Presta : 397|\r\nLIGNE|W 153 SH31 LF024|38|999 BLACK|ASYMMETRICAL SHIRT - Taille : 38|189.00|1|0.00|189.00|||\r\nLIGNE|FP|||Livraison|15.00|1|0.00|15.00|||\r\nREGLEMENT|460|204.00|||XJJETFHRG|\r\n\";s:7:\"request\";s:430:\"compte=HOMEMADE&motpasse=h12589&magasin=WEB&enseigne=JINGHI&data=ENTETE%7CWEB%7C204.00%7C2%7CVENTE%7CVPC-WEB%7C4563%7CMY+ADDRESS%7C%7C%7C%7C%7C%7C%7C%7C%7C%7C%7C%7CPresta+%3A+397%7C%0D%0ALIGNE%7CW+153+SH31+LF024%7C38%7C999+BLACK%7CASYMMETRICAL+SHIRT+-+Taille+%3A+38%7C189.00%7C1%7C0.00%7C189.00%7C%7C%7C%0D%0ALIGNE%7CFP%7C%7C%7CLivraison%7C15.00%7C1%7C0.00%7C15.00%7C%7C%7C%0D%0AREGLEMENT%7C460%7C204.00%7C%7C%7CXJJETFHRG%7C%0D%0A\";s:5:\"error\";s:0:\"\";}}','2016-01-05 15:00:01','2016-01-05 15:00:04'),(398,5138,'TRANS','OK','ENTETE|POITOU|WEB|1|TRANS|VPC-WEB||OUI|\r\nLIGNE|W 152 SH26 LF024|36|001 CHALK|BLOUSE - Taille : 36|192.00|1||0.00|\r\n\r\n','a:2:{i:0;a:5:{s:6:\"status\";s:2:\"OK\";s:2:\"id\";s:4:\"5138\";s:9:\"post_data\";s:117:\"ENTETE|POITOU|WEB|1|TRANS|VPC-WEB||OUI|\r\nLIGNE|W 152 SH26 LF024|36|001 CHALK|BLOUSE - Taille : 36|192.00|1||0.00|\r\n\r\n\";s:7:\"request\";s:230:\"compte=HOMEMADE&motpasse=h12589&magasin=WEB&enseigne=JINGHI&data=ENTETE%7CPOITOU%7CWEB%7C1%7CTRANS%7CVPC-WEB%7C%7COUI%7C%0D%0ALIGNE%7CW+152+SH26+LF024%7C36%7C001+CHALK%7CBLOUSE+-+Taille+%3A+36%7C192.00%7C1%7C%7C0.00%7C%0D%0A%0D%0A\";s:5:\"error\";s:0:\"\";}i:1;a:5:{s:6:\"status\";s:2:\"OK\";s:2:\"id\";s:4:\"5139\";s:9:\"post_data\";s:237:\"ENTETE|WEB|207.00|2|VENTE|VPC-WEB|4564|MY ADDRESS||||||||||||Presta : 398|\r\nLIGNE|W 152 SH26 LF024|36|001 CHALK|BLOUSE - Taille : 36|192.00|1|0.00|192.00|||\r\nLIGNE|FP|||Livraison|15.00|1|0.00|15.00|||\r\nREGLEMENT|460|207.00|||TGHDKEPVF|\r\n\";s:7:\"request\";s:418:\"compte=HOMEMADE&motpasse=h12589&magasin=WEB&enseigne=JINGHI&data=ENTETE%7CWEB%7C207.00%7C2%7CVENTE%7CVPC-WEB%7C4564%7CMY+ADDRESS%7C%7C%7C%7C%7C%7C%7C%7C%7C%7C%7C%7CPresta+%3A+398%7C%0D%0ALIGNE%7CW+152+SH26+LF024%7C36%7C001+CHALK%7CBLOUSE+-+Taille+%3A+36%7C192.00%7C1%7C0.00%7C192.00%7C%7C%7C%0D%0ALIGNE%7CFP%7C%7C%7CLivraison%7C15.00%7C1%7C0.00%7C15.00%7C%7C%7C%0D%0AREGLEMENT%7C460%7C207.00%7C%7C%7CTGHDKEPVF%7C%0D%0A\";s:5:\"error\";s:0:\"\";}}','2016-01-05 16:16:05','2016-01-05 16:16:10'),(398,5139,'VENTE','OK','ENTETE|WEB|207.00|2|VENTE|VPC-WEB|4564|MY ADDRESS||||||||||||Presta : 398|\r\nLIGNE|W 152 SH26 LF024|36|001 CHALK|BLOUSE - Taille : 36|192.00|1|0.00|192.00|||\r\nLIGNE|FP|||Livraison|15.00|1|0.00|15.00|||\r\nREGLEMENT|460|207.00|||TGHDKEPVF|\r\n','a:2:{i:0;a:5:{s:6:\"status\";s:2:\"OK\";s:2:\"id\";s:4:\"5138\";s:9:\"post_data\";s:117:\"ENTETE|POITOU|WEB|1|TRANS|VPC-WEB||OUI|\r\nLIGNE|W 152 SH26 LF024|36|001 CHALK|BLOUSE - Taille : 36|192.00|1||0.00|\r\n\r\n\";s:7:\"request\";s:230:\"compte=HOMEMADE&motpasse=h12589&magasin=WEB&enseigne=JINGHI&data=ENTETE%7CPOITOU%7CWEB%7C1%7CTRANS%7CVPC-WEB%7C%7COUI%7C%0D%0ALIGNE%7CW+152+SH26+LF024%7C36%7C001+CHALK%7CBLOUSE+-+Taille+%3A+36%7C192.00%7C1%7C%7C0.00%7C%0D%0A%0D%0A\";s:5:\"error\";s:0:\"\";}i:1;a:5:{s:6:\"status\";s:2:\"OK\";s:2:\"id\";s:4:\"5139\";s:9:\"post_data\";s:237:\"ENTETE|WEB|207.00|2|VENTE|VPC-WEB|4564|MY ADDRESS||||||||||||Presta : 398|\r\nLIGNE|W 152 SH26 LF024|36|001 CHALK|BLOUSE - Taille : 36|192.00|1|0.00|192.00|||\r\nLIGNE|FP|||Livraison|15.00|1|0.00|15.00|||\r\nREGLEMENT|460|207.00|||TGHDKEPVF|\r\n\";s:7:\"request\";s:418:\"compte=HOMEMADE&motpasse=h12589&magasin=WEB&enseigne=JINGHI&data=ENTETE%7CWEB%7C207.00%7C2%7CVENTE%7CVPC-WEB%7C4564%7CMY+ADDRESS%7C%7C%7C%7C%7C%7C%7C%7C%7C%7C%7C%7CPresta+%3A+398%7C%0D%0ALIGNE%7CW+152+SH26+LF024%7C36%7C001+CHALK%7CBLOUSE+-+Taille+%3A+36%7C192.00%7C1%7C0.00%7C192.00%7C%7C%7C%0D%0ALIGNE%7CFP%7C%7C%7CLivraison%7C15.00%7C1%7C0.00%7C15.00%7C%7C%7C%0D%0AREGLEMENT%7C460%7C207.00%7C%7C%7CTGHDKEPVF%7C%0D%0A\";s:5:\"error\";s:0:\"\";}}','2016-01-05 16:16:05','2016-01-05 16:16:10'),(399,5141,'TRANS','OK','ENTETE|POITOU|WEB|1|TRANS|VPC-WEB||OUI|\r\nLIGNE|M 152 JA04 LF002|44|999 BLACK|SOFT JACKET - Taille : 44|414.00|1||0.00|\r\n\r\n','a:2:{i:0;a:5:{s:6:\"status\";s:2:\"OK\";s:2:\"id\";s:4:\"5141\";s:9:\"post_data\";s:122:\"ENTETE|POITOU|WEB|1|TRANS|VPC-WEB||OUI|\r\nLIGNE|M 152 JA04 LF002|44|999 BLACK|SOFT JACKET - Taille : 44|414.00|1||0.00|\r\n\r\n\";s:7:\"request\";s:235:\"compte=HOMEMADE&motpasse=h12589&magasin=WEB&enseigne=JINGHI&data=ENTETE%7CPOITOU%7CWEB%7C1%7CTRANS%7CVPC-WEB%7C%7COUI%7C%0D%0ALIGNE%7CM+152+JA04+LF002%7C44%7C999+BLACK%7CSOFT+JACKET+-+Taille+%3A+44%7C414.00%7C1%7C%7C0.00%7C%0D%0A%0D%0A\";s:5:\"error\";s:0:\"\";}i:1;a:5:{s:6:\"status\";s:2:\"OK\";s:2:\"id\";s:4:\"5142\";s:9:\"post_data\";s:244:\"ENTETE|WEB|444.00|2|VENTE|VPC-WEB|4565|MY ADDRESS||||||||||HT||Presta : 399|\r\nLIGNE|M 152 JA04 LF002|44|999 BLACK|SOFT JACKET - Taille : 44|414.00|1|0.00|414.00|||\r\nLIGNE|FP|||Livraison|30.00|1|0.00|30.00|||\r\nREGLEMENT|460|444.00|||ZHCAOXJBC|\r\n\";s:7:\"request\";s:425:\"compte=HOMEMADE&motpasse=h12589&magasin=WEB&enseigne=JINGHI&data=ENTETE%7CWEB%7C444.00%7C2%7CVENTE%7CVPC-WEB%7C4565%7CMY+ADDRESS%7C%7C%7C%7C%7C%7C%7C%7C%7C%7CHT%7C%7CPresta+%3A+399%7C%0D%0ALIGNE%7CM+152+JA04+LF002%7C44%7C999+BLACK%7CSOFT+JACKET+-+Taille+%3A+44%7C414.00%7C1%7C0.00%7C414.00%7C%7C%7C%0D%0ALIGNE%7CFP%7C%7C%7CLivraison%7C30.00%7C1%7C0.00%7C30.00%7C%7C%7C%0D%0AREGLEMENT%7C460%7C444.00%7C%7C%7CZHCAOXJBC%7C%0D%0A\";s:5:\"error\";s:0:\"\";}}','2016-01-05 16:32:00','2016-01-05 16:32:02'),(399,5142,'VENTE','OK','ENTETE|WEB|444.00|2|VENTE|VPC-WEB|4565|MY ADDRESS||||||||||HT||Presta : 399|\r\nLIGNE|M 152 JA04 LF002|44|999 BLACK|SOFT JACKET - Taille : 44|414.00|1|0.00|414.00|||\r\nLIGNE|FP|||Livraison|30.00|1|0.00|30.00|||\r\nREGLEMENT|460|444.00|||ZHCAOXJBC|\r\n','a:2:{i:0;a:5:{s:6:\"status\";s:2:\"OK\";s:2:\"id\";s:4:\"5141\";s:9:\"post_data\";s:122:\"ENTETE|POITOU|WEB|1|TRANS|VPC-WEB||OUI|\r\nLIGNE|M 152 JA04 LF002|44|999 BLACK|SOFT JACKET - Taille : 44|414.00|1||0.00|\r\n\r\n\";s:7:\"request\";s:235:\"compte=HOMEMADE&motpasse=h12589&magasin=WEB&enseigne=JINGHI&data=ENTETE%7CPOITOU%7CWEB%7C1%7CTRANS%7CVPC-WEB%7C%7COUI%7C%0D%0ALIGNE%7CM+152+JA04+LF002%7C44%7C999+BLACK%7CSOFT+JACKET+-+Taille+%3A+44%7C414.00%7C1%7C%7C0.00%7C%0D%0A%0D%0A\";s:5:\"error\";s:0:\"\";}i:1;a:5:{s:6:\"status\";s:2:\"OK\";s:2:\"id\";s:4:\"5142\";s:9:\"post_data\";s:244:\"ENTETE|WEB|444.00|2|VENTE|VPC-WEB|4565|MY ADDRESS||||||||||HT||Presta : 399|\r\nLIGNE|M 152 JA04 LF002|44|999 BLACK|SOFT JACKET - Taille : 44|414.00|1|0.00|414.00|||\r\nLIGNE|FP|||Livraison|30.00|1|0.00|30.00|||\r\nREGLEMENT|460|444.00|||ZHCAOXJBC|\r\n\";s:7:\"request\";s:425:\"compte=HOMEMADE&motpasse=h12589&magasin=WEB&enseigne=JINGHI&data=ENTETE%7CWEB%7C444.00%7C2%7CVENTE%7CVPC-WEB%7C4565%7CMY+ADDRESS%7C%7C%7C%7C%7C%7C%7C%7C%7C%7CHT%7C%7CPresta+%3A+399%7C%0D%0ALIGNE%7CM+152+JA04+LF002%7C44%7C999+BLACK%7CSOFT+JACKET+-+Taille+%3A+44%7C414.00%7C1%7C0.00%7C414.00%7C%7C%7C%0D%0ALIGNE%7CFP%7C%7C%7CLivraison%7C30.00%7C1%7C0.00%7C30.00%7C%7C%7C%0D%0AREGLEMENT%7C460%7C444.00%7C%7C%7CZHCAOXJBC%7C%0D%0A\";s:5:\"error\";s:0:\"\";}}','2016-01-05 16:32:00','2016-01-05 16:32:02'),(400,5143,'TRANS','OK','ENTETE|POITOU|WEB|1|TRANS|VPC-WEB||OUI|\r\nLIGNE|M 152 CO05 LF043|48|999 BLACK|KAFTAN - Taille : 48|603.00|1||0.00|\r\n\r\n','a:2:{i:0;a:5:{s:6:\"status\";s:2:\"OK\";s:2:\"id\";s:4:\"5143\";s:9:\"post_data\";s:117:\"ENTETE|POITOU|WEB|1|TRANS|VPC-WEB||OUI|\r\nLIGNE|M 152 CO05 LF043|48|999 BLACK|KAFTAN - Taille : 48|603.00|1||0.00|\r\n\r\n\";s:7:\"request\";s:230:\"compte=HOMEMADE&motpasse=h12589&magasin=WEB&enseigne=JINGHI&data=ENTETE%7CPOITOU%7CWEB%7C1%7CTRANS%7CVPC-WEB%7C%7COUI%7C%0D%0ALIGNE%7CM+152+CO05+LF043%7C48%7C999+BLACK%7CKAFTAN+-+Taille+%3A+48%7C603.00%7C1%7C%7C0.00%7C%0D%0A%0D%0A\";s:5:\"error\";s:0:\"\";}i:1;a:5:{s:6:\"status\";s:2:\"OK\";s:2:\"id\";s:4:\"5144\";s:9:\"post_data\";s:239:\"ENTETE|WEB|633.00|2|VENTE|VPC-WEB|4566|MY ADDRESS||||||||||HT||Presta : 400|\r\nLIGNE|M 152 CO05 LF043|48|999 BLACK|KAFTAN - Taille : 48|603.00|1|0.00|603.00|||\r\nLIGNE|FP|||Livraison|30.00|1|0.00|30.00|||\r\nREGLEMENT|460|633.00|||LEYNQSYMK|\r\n\";s:7:\"request\";s:420:\"compte=HOMEMADE&motpasse=h12589&magasin=WEB&enseigne=JINGHI&data=ENTETE%7CWEB%7C633.00%7C2%7CVENTE%7CVPC-WEB%7C4566%7CMY+ADDRESS%7C%7C%7C%7C%7C%7C%7C%7C%7C%7CHT%7C%7CPresta+%3A+400%7C%0D%0ALIGNE%7CM+152+CO05+LF043%7C48%7C999+BLACK%7CKAFTAN+-+Taille+%3A+48%7C603.00%7C1%7C0.00%7C603.00%7C%7C%7C%0D%0ALIGNE%7CFP%7C%7C%7CLivraison%7C30.00%7C1%7C0.00%7C30.00%7C%7C%7C%0D%0AREGLEMENT%7C460%7C633.00%7C%7C%7CLEYNQSYMK%7C%0D%0A\";s:5:\"error\";s:0:\"\";}}','2016-01-05 17:00:01','2016-01-05 17:00:03'),(400,5144,'VENTE','OK','ENTETE|WEB|633.00|2|VENTE|VPC-WEB|4566|MY ADDRESS||||||||||HT||Presta : 400|\r\nLIGNE|M 152 CO05 LF043|48|999 BLACK|KAFTAN - Taille : 48|603.00|1|0.00|603.00|||\r\nLIGNE|FP|||Livraison|30.00|1|0.00|30.00|||\r\nREGLEMENT|460|633.00|||LEYNQSYMK|\r\n','a:2:{i:0;a:5:{s:6:\"status\";s:2:\"OK\";s:2:\"id\";s:4:\"5143\";s:9:\"post_data\";s:117:\"ENTETE|POITOU|WEB|1|TRANS|VPC-WEB||OUI|\r\nLIGNE|M 152 CO05 LF043|48|999 BLACK|KAFTAN - Taille : 48|603.00|1||0.00|\r\n\r\n\";s:7:\"request\";s:230:\"compte=HOMEMADE&motpasse=h12589&magasin=WEB&enseigne=JINGHI&data=ENTETE%7CPOITOU%7CWEB%7C1%7CTRANS%7CVPC-WEB%7C%7COUI%7C%0D%0ALIGNE%7CM+152+CO05+LF043%7C48%7C999+BLACK%7CKAFTAN+-+Taille+%3A+48%7C603.00%7C1%7C%7C0.00%7C%0D%0A%0D%0A\";s:5:\"error\";s:0:\"\";}i:1;a:5:{s:6:\"status\";s:2:\"OK\";s:2:\"id\";s:4:\"5144\";s:9:\"post_data\";s:239:\"ENTETE|WEB|633.00|2|VENTE|VPC-WEB|4566|MY ADDRESS||||||||||HT||Presta : 400|\r\nLIGNE|M 152 CO05 LF043|48|999 BLACK|KAFTAN - Taille : 48|603.00|1|0.00|603.00|||\r\nLIGNE|FP|||Livraison|30.00|1|0.00|30.00|||\r\nREGLEMENT|460|633.00|||LEYNQSYMK|\r\n\";s:7:\"request\";s:420:\"compte=HOMEMADE&motpasse=h12589&magasin=WEB&enseigne=JINGHI&data=ENTETE%7CWEB%7C633.00%7C2%7CVENTE%7CVPC-WEB%7C4566%7CMY+ADDRESS%7C%7C%7C%7C%7C%7C%7C%7C%7C%7CHT%7C%7CPresta+%3A+400%7C%0D%0ALIGNE%7CM+152+CO05+LF043%7C48%7C999+BLACK%7CKAFTAN+-+Taille+%3A+48%7C603.00%7C1%7C0.00%7C603.00%7C%7C%7C%0D%0ALIGNE%7CFP%7C%7C%7CLivraison%7C30.00%7C1%7C0.00%7C30.00%7C%7C%7C%0D%0AREGLEMENT%7C460%7C633.00%7C%7C%7CLEYNQSYMK%7C%0D%0A\";s:5:\"error\";s:0:\"\";}}','2016-01-05 17:00:01','2016-01-05 17:00:03'),(401,5146,'TRANS','OK','ENTETE|POITOU|WEB|1|TRANS|VPC-WEB||OUI|\r\nLIGNE|W 152 CO15 LF015|36|999 BLACK|manteau crois','a:2:{i:0;a:5:{s:6:\"status\";s:2:\"OK\";s:2:\"id\";s:4:\"5146\";s:9:\"post_data\";s:125:\"ENTETE|POITOU|WEB|1|TRANS|VPC-WEB||OUI|\r\nLIGNE|W 152 CO15 LF015|36|999 BLACK|manteau crois','2016-01-05 17:48:32','2016-01-05 17:48:35'),(401,5147,'VENTE','OK','ENTETE|WEB|672.00|2|VENTE|VPC-WEB|4567|COM||||||||||||Presta : 401|\r\nLIGNE|W 152 CO15 LF015|36|999 BLACK|manteau crois','a:2:{i:0;a:5:{s:6:\"status\";s:2:\"OK\";s:2:\"id\";s:4:\"5146\";s:9:\"post_data\";s:125:\"ENTETE|POITOU|WEB|1|TRANS|VPC-WEB||OUI|\r\nLIGNE|W 152 CO15 LF015|36|999 BLACK|manteau crois','2016-01-05 17:48:32','2016-01-05 17:48:35'),(402,5149,'TRANS','OK','ENTETE|POITOU|WEB|1|TRANS|VPC-WEB||OUI|\r\nLIGNE|M 152 BL01 LF021|48|999 BLACK|SHORT PARKA - Taille : 48|510.00|1||0.00|\r\n\r\n','a:2:{i:0;a:5:{s:6:\"status\";s:2:\"OK\";s:2:\"id\";s:4:\"5149\";s:9:\"post_data\";s:122:\"ENTETE|POITOU|WEB|1|TRANS|VPC-WEB||OUI|\r\nLIGNE|M 152 BL01 LF021|48|999 BLACK|SHORT PARKA - Taille : 48|510.00|1||0.00|\r\n\r\n\";s:7:\"request\";s:235:\"compte=HOMEMADE&motpasse=h12589&magasin=WEB&enseigne=JINGHI&data=ENTETE%7CPOITOU%7CWEB%7C1%7CTRANS%7CVPC-WEB%7C%7COUI%7C%0D%0ALIGNE%7CM+152+BL01+LF021%7C48%7C999+BLACK%7CSHORT+PARKA+-+Taille+%3A+48%7C510.00%7C1%7C%7C0.00%7C%0D%0A%0D%0A\";s:5:\"error\";s:0:\"\";}i:1;a:5:{s:6:\"status\";s:2:\"OK\";s:2:\"id\";s:4:\"5150\";s:9:\"post_data\";s:240:\"ENTETE|WEB|540.00|2|VENTE|VPC-WEB|4568|BK APT||||||||||HT||Presta : 402|\r\nLIGNE|M 152 BL01 LF021|48|999 BLACK|SHORT PARKA - Taille : 48|510.00|1|0.00|510.00|||\r\nLIGNE|FP|||Livraison|30.00|1|0.00|30.00|||\r\nREGLEMENT|460|540.00|||SZQJHAEKL|\r\n\";s:7:\"request\";s:421:\"compte=HOMEMADE&motpasse=h12589&magasin=WEB&enseigne=JINGHI&data=ENTETE%7CWEB%7C540.00%7C2%7CVENTE%7CVPC-WEB%7C4568%7CBK+APT%7C%7C%7C%7C%7C%7C%7C%7C%7C%7CHT%7C%7CPresta+%3A+402%7C%0D%0ALIGNE%7CM+152+BL01+LF021%7C48%7C999+BLACK%7CSHORT+PARKA+-+Taille+%3A+48%7C510.00%7C1%7C0.00%7C510.00%7C%7C%7C%0D%0ALIGNE%7CFP%7C%7C%7CLivraison%7C30.00%7C1%7C0.00%7C30.00%7C%7C%7C%0D%0AREGLEMENT%7C460%7C540.00%7C%7C%7CSZQJHAEKL%7C%0D%0A\";s:5:\"error\";s:0:\"\";}}','2016-01-05 21:31:59','2016-01-05 21:32:04'),