-- Table structure for table `ps_alias`
--

CREATE TABLE `ps_alias` (
  `id_alias` int(10) unsigned NOT NULL AUTO_INCREMENT,
  `alias` varchar(255) NOT NULL,
  `search` varchar(255) NOT NULL,
  `active` tinyint(1) NOT NULL DEFAULT '1',
  PRIMARY KEY (`id_alias`),
  UNIQUE KEY `alias` (`alias`)
) ENGINE=InnoDB AUTO_INCREMENT=3 DEFAULT CHARSET=utf8;

--
-- Dumping data for table `ps_alias`
--

INSERT INTO `ps_alias` VALUES (1,'bloose','blouse',1),(2,'blues','blouse',1);

--
-- Table structure for table `ps_attachment`
--

CREATE TABLE `ps_attachment` (
  `id_attachment` int(10) unsigned NOT NULL AUTO_INCREMENT,
  `file` varchar(40) NOT NULL,
  `file_name` varchar(128) NOT NULL,
  `file_size` bigint(10) unsigned NOT NULL DEFAULT '0',
  `mime` varchar(128) NOT NULL,
  PRIMARY KEY (`id_attachment`)
) ENGINE=InnoDB DEFAULT CHARSET=utf8;

--
-- Dumping data for table `ps_attachment`
--


--
-- Table structure for table `ps_attachment_lang`
--

CREATE TABLE `ps_attachment_lang` (
  `id_attachment` int(10) unsigned NOT NULL AUTO_INCREMENT,
  `id_lang` int(10) unsigned NOT NULL,
  `name` varchar(32) DEFAULT NULL,
  `description` text,
  PRIMARY KEY (`id_attachment`,`id_lang`)
) ENGINE=InnoDB DEFAULT CHARSET=utf8;

--
-- Dumping data for table `ps_attachment_lang`
--


--
-- Table structure for table `ps_attribute`
--

CREATE TABLE `ps_attribute` (
  `id_attribute` int(10) unsigned NOT NULL AUTO_INCREMENT,
  `id_attribute_group` int(10) unsigned NOT NULL,
  `color` varchar(32) DEFAULT NULL,
  `position` int(10) unsigned NOT NULL DEFAULT '0',
  PRIMARY KEY (`id_attribute`),
  KEY `attribute_group` (`id_attribute_group`)
) ENGINE=InnoDB AUTO_INCREMENT=30 DEFAULT CHARSET=utf8;

--
-- Dumping data for table `ps_attribute`
--

INSERT INTO `ps_attribute` VALUES (1,1,'',0),(2,1,'',1),(3,1,'',2),(4,1,'',3),(5,1,'',4),(6,1,'',27),(7,1,'',16),(8,1,'',17),(9,1,'',18),(10,1,'',14),(11,1,'',11),(12,1,'',12),(13,1,'',13),(14,1,'',15),(15,1,'',19),(16,1,'',21),(17,1,'',22),(18,1,'',23),(19,1,'',24),(20,1,'',6),(21,1,'',8),(22,1,'',5),(23,1,'',10),(24,1,'',25),(25,1,'',26),(26,1,'',28),(27,1,'',7),(28,1,'',9),(29,1,'',20);

--
-- Table structure for table `ps_attribute_group`
--

CREATE TABLE `ps_attribute_group` (
  `id_attribute_group` int(10) unsigned NOT NULL AUTO_INCREMENT,
  `is_color_group` tinyint(1) NOT NULL DEFAULT '0',
  `group_type` enum('select','radio','color') NOT NULL DEFAULT 'select',
  `position` int(10) unsigned NOT NULL DEFAULT '0',
  PRIMARY KEY (`id_attribute_group`)
) ENGINE=InnoDB AUTO_INCREMENT=2 DEFAULT CHARSET=utf8;

--
-- Dumping data for table `ps_attribute_group`
--

INSERT INTO `ps_attribute_group` VALUES (1,0,'select',0);

--
-- Table structure for table `ps_attribute_group_lang`
--

CREATE TABLE `ps_attribute_group_lang` (
  `id_attribute_group` int(10) unsigned NOT NULL,
  `id_lang` int(10) unsigned NOT NULL,
  `name` varchar(128) NOT NULL,
  `public_name` varchar(64) NOT NULL,
  PRIMARY KEY (`id_attribute_group`,`id_lang`)
) ENGINE=InnoDB DEFAULT CHARSET=utf8;

--
-- Dumping data for table `ps_attribute_group_lang`
--

INSERT INTO `ps_attribute_group_lang` VALUES (1,1,'Taille','Taille'),(1,3,'Taille','Taille');

--
-- Table structure for table `ps_attribute_group_shop`
--

CREATE TABLE `ps_attribute_group_shop` (
  `id_attribute_group` int(11) unsigned NOT NULL,
  `id_shop` int(11) unsigned NOT NULL,
  PRIMARY KEY (`id_attribute_group`,`id_shop`),
  KEY `id_shop` (`id_shop`)
) ENGINE=InnoDB DEFAULT CHARSET=utf8;

--
-- Dumping data for table `ps_attribute_group_shop`
--

INSERT INTO `ps_attribute_group_shop` VALUES (1,1);

--
-- Table structure for table `ps_attribute_impact`
--

CREATE TABLE `ps_attribute_impact` (
  `id_attribute_impact` int(10) unsigned NOT NULL AUTO_INCREMENT,
  `id_product` int(11) unsigned NOT NULL,
  `id_attribute` int(11) unsigned NOT NULL,
  `weight` decimal(20,6) NOT NULL,
  `price` decimal(17,2) NOT NULL,
  PRIMARY KEY (`id_attribute_impact`),
  UNIQUE KEY `id_product` (`id_product`,`id_attribute`)
) ENGINE=InnoDB DEFAULT CHARSET=utf8;

--
-- Dumping data for table `ps_attribute_impact`
--


--
-- Table structure for table `ps_attribute_lang`
--

CREATE TABLE `ps_attribute_lang` (
  `id_attribute` int(10) unsigned NOT NULL,
  `id_lang` int(10) unsigned NOT NULL,
  `name` varchar(128) NOT NULL,
  PRIMARY KEY (`id_attribute`,`id_lang`),
  KEY `id_lang` (`id_lang`,`name`)
) ENGINE=InnoDB DEFAULT CHARSET=utf8;

--
-- Dumping data for table `ps_attribute_lang`
--

INSERT INTO `ps_attribute_lang` VALUES (26,1,'.'),(22,1,'34'),(20,1,'36'),(27,1,'37'),(21,1,'38'),(28,1,'39'),(23,1,'40'),(11,1,'41'),(12,1,'42'),(5,1,'42132'),(13,1,'43'),(10,1,'44'),(14,1,'45'),(7,1,'46'),(8,1,'48'),(9,1,'50'),(15,1,'52'),(24,1,'7'),(25,1,'8'),(1,1,'85'),(6,1,'9'),(2,1,'90'),(3,1,'95'),(18,1,'L'),(17,1,'M'),(4,1,'OS'),(16,1,'S'),(19,1,'XL'),(29,1,'XS'),(26,3,'.'),(22,3,'34'),(20,3,'36'),(27,3,'37'),(21,3,'38'),(28,3,'39'),(23,3,'40'),(11,3,'41'),(12,3,'42'),(5,3,'42132'),(13,3,'43'),(10,3,'44'),(14,3,'45'),(7,3,'46'),(8,3,'48'),(9,3,'50'),(15,3,'52'),(24,3,'7'),(25,3,'8'),(1,3,'85'),(6,3,'9'),(2,3,'90'),(3,3,'95'),(18,3,'L'),(17,3,'M'),(4,3,'OS'),(16,3,'S'),(19,3,'XL'),(29,3,'XS');

--
-- Table structure for table `ps_attribute_shop`
--

CREATE TABLE `ps_attribute_shop` (
  `id_attribute` int(11) unsigned NOT NULL,
  `id_shop` int(11) unsigned NOT NULL,
  PRIMARY KEY (`id_attribute`,`id_shop`),
  KEY `id_shop` (`id_shop`)
) ENGINE=InnoDB DEFAULT CHARSET=utf8;

--
-- Dumping data for table `ps_attribute_shop`
--

INSERT INTO `ps_attribute_shop` VALUES (1,1),(2,1),(3,1),(4,1),(5,1),(6,1),(7,1),(8,1),(9,1),(10,1),(11,1),(12,1),(13,1),(14,1),(15,1),(16,1),(17,1),(18,1),(19,1),(20,1),(21,1),(22,1),(23,1),(24,1),(25,1),(26,1),(27,1),(28,1),(29,1);

--
-- Table structure for table `ps_badge`
--

CREATE TABLE `ps_badge` (
  `id_badge` int(11) NOT NULL AUTO_INCREMENT,
  `id_ps_badge` int(11) NOT NULL,
  `type` varchar(32) NOT NULL,
  `id_group` int(11) NOT NULL,
  `group_position` int(11) NOT NULL,
  `scoring` int(11) NOT NULL,
  `awb` int(11) DEFAULT '0',
  `validated` tinyint(1) unsigned NOT NULL DEFAULT '0',
  PRIMARY KEY (`id_badge`)
) ENGINE=InnoDB AUTO_INCREMENT=239 DEFAULT CHARSET=utf8;

--
-- Dumping data for table `ps_badge`
--

INSERT INTO `ps_badge` VALUES (1,123,'feature',41,1,5,1,0),(2,124,'feature',41,2,10,1,0),(3,125,'feature',41,3,15,1,0),(4,126,'feature',41,4,20,1,0),(5,127,'feature',41,1,5,1,0),(6,128,'feature',41,2,10,1,0),(7,129,'feature',41,3,15,1,0),(8,130,'feature',41,4,20,1,0),(9,139,'feature',41,1,5,1,0),(10,140,'feature',41,2,10,1,0),(11,141,'feature',41,3,15,1,0),(12,142,'feature',41,4,20,1,0),(13,143,'feature',41,1,5,1,0),(14,144,'feature',41,2,10,1,0),(15,145,'feature',41,3,15,1,0),(16,146,'feature',41,4,20,1,0),(17,147,'feature',41,1,5,1,0),(18,148,'feature',41,2,10,1,0),(19,149,'feature',41,3,15,1,0),(20,150,'feature',41,4,20,1,0),(21,159,'feature',41,1,5,1,0),(22,160,'feature',41,2,10,1,0),(23,161,'feature',41,3,15,1,0),(24,162,'feature',41,4,20,1,0),(25,163,'feature',41,1,5,1,0),(26,164,'feature',41,2,10,1,0),(27,165,'feature',41,3,15,1,0),(28,166,'feature',41,4,20,1,0),(29,167,'feature',41,1,5,1,1),(30,168,'feature',41,2,10,1,0),(31,169,'feature',41,3,15,1,0),(32,170,'feature',41,4,20,1,0),(33,175,'feature',41,1,5,1,0),(34,176,'feature',41,2,10,1,0),(35,177,'feature',41,3,15,1,0),(36,178,'feature',41,4,20,1,0),(37,179,'feature',41,1,5,1,0),(38,180,'feature',41,2,10,1,0),(39,181,'feature',41,3,15,1,0),(40,182,'feature',41,4,20,1,0),(41,183,'feature',41,1,5,1,0),(42,184,'feature',41,2,10,1,0),(43,185,'feature',41,3,15,1,0),(44,186,'feature',41,4,20,1,0),(45,187,'feature',41,1,5,1,0),(46,188,'feature',41,2,10,1,0),(47,189,'feature',41,3,15,1,0),(48,190,'feature',41,4,20,1,0),(49,191,'feature',41,1,5,1,0),(50,192,'feature',41,2,10,1,0),(51,193,'feature',41,1,5,1,1),(52,194,'feature',41,2,10,1,0),(53,195,'feature',41,1,5,1,0),(54,196,'feature',41,2,10,1,0),(55,197,'feature',41,1,5,1,0),(56,198,'feature',41,2,10,1,0),(57,199,'feature',41,3,15,1,0),(58,200,'feature',41,4,20,1,0),(59,201,'feature',41,1,5,1,0),(60,202,'feature',41,1,5,1,0),(61,203,'feature',41,2,10,1,0),(62,206,'feature',41,1,5,1,0),(63,207,'feature',41,2,10,1,0),(64,208,'feature',41,3,15,1,0),(65,209,'feature',41,4,20,1,0),(66,214,'feature',41,1,5,1,0),(67,215,'feature',41,2,10,1,0),(68,216,'feature',41,3,15,1,0),(69,217,'feature',41,4,20,1,0),(70,218,'feature',41,1,5,1,0),(71,219,'feature',41,2,10,1,0),(72,220,'feature',41,3,15,1,0),(73,221,'feature',41,4,20,1,0),(74,222,'feature',41,1,5,1,0),(75,223,'feature',41,3,15,1,0),(76,224,'feature',41,4,20,1,0),(77,225,'feature',41,1,5,1,0),(78,226,'feature',41,2,10,1,0),(79,227,'feature',41,3,15,1,0),(80,228,'feature',41,4,20,1,0),(81,233,'feature',41,1,5,1,0),(82,234,'feature',41,2,10,1,0),(83,235,'feature',41,3,15,1,0),(84,236,'feature',41,4,20,1,0),(85,249,'feature',41,1,5,1,0),(86,250,'feature',41,2,10,1,0),(87,251,'feature',41,3,15,1,0),(88,252,'feature',41,4,20,1,0),(89,253,'feature',41,1,5,1,0),(90,254,'feature',41,2,10,1,0),(91,255,'feature',41,3,15,1,0),(92,256,'feature',41,4,20,1,0),(93,261,'feature',41,1,5,1,0),(94,262,'feature',41,2,10,1,0),(95,263,'feature',41,3,15,1,1),(96,264,'feature',41,4,20,1,1),(97,269,'feature',41,1,5,1,0),(98,270,'feature',41,2,10,1,0),(99,271,'feature',41,3,15,1,0),(100,272,'feature',41,4,20,1,0),(101,273,'feature',41,1,5,1,0),(102,274,'feature',41,2,10,1,0),(103,275,'feature',41,3,15,1,0),(104,276,'feature',41,4,20,1,0),(105,277,'feature',41,1,5,1,0),(106,278,'feature',41,2,10,1,0),(107,279,'feature',41,3,15,1,0),(108,280,'feature',41,4,20,1,0),(109,281,'feature',41,1,5,1,0),(110,282,'feature',41,2,10,1,0),(111,283,'feature',41,3,15,1,0),(112,284,'feature',41,4,20,1,0),(113,285,'feature',41,1,5,1,0),(114,286,'feature',41,2,10,1,0),(115,287,'feature',41,3,15,1,0),(116,288,'feature',41,4,20,1,0),(117,289,'feature',41,1,5,1,0),(118,290,'feature',41,2,10,1,0),(119,291,'feature',41,3,15,1,0),(120,292,'feature',41,4,20,1,0),(121,1,'feature',1,1,10,0,1),(122,2,'feature',2,1,10,0,0),(123,3,'feature',2,2,15,0,0),(124,4,'feature',3,1,15,0,1),(125,5,'feature',3,2,15,0,0),(126,6,'feature',4,1,15,0,1),(127,7,'feature',4,2,15,0,1),(128,8,'feature',5,1,5,0,1),(129,9,'feature',5,2,10,0,0),(130,10,'feature',6,1,15,0,0),(131,11,'feature',6,2,10,0,0),(132,12,'feature',6,3,10,0,0),(133,13,'feature',5,3,10,0,0),(134,14,'feature',5,4,15,0,0),(135,15,'feature',5,5,20,0,0),(136,16,'feature',5,6,20,0,0),(137,17,'achievement',7,1,5,0,1),(138,18,'achievement',7,2,10,0,1),(139,19,'feature',8,1,15,0,0),(140,20,'feature',8,2,15,0,0),(141,21,'feature',9,1,15,0,0),(142,22,'feature',10,1,10,0,0),(143,23,'feature',10,2,10,0,0),(144,24,'feature',10,3,10,0,0),(145,25,'feature',10,4,10,0,0),(146,26,'feature',10,5,10,0,0),(147,27,'feature',4,3,10,0,0),(148,28,'feature',3,3,10,0,0),(149,29,'achievement',11,1,5,0,1),(150,30,'achievement',11,2,10,0,0),(151,31,'achievement',11,3,15,0,0),(152,32,'achievement',11,4,20,0,0),(153,33,'achievement',11,5,25,0,0),(154,34,'achievement',11,6,30,0,0),(155,35,'achievement',7,3,15,0,0),(156,36,'achievement',7,4,20,0,0),(157,37,'achievement',7,5,25,0,0),(158,38,'achievement',7,6,30,0,0),(159,39,'achievement',12,1,5,0,1),(160,40,'achievement',12,2,10,0,1),(161,41,'achievement',12,3,15,0,0),(162,42,'achievement',12,4,20,0,0),(163,43,'achievement',12,5,25,0,0),(164,44,'achievement',12,6,30,0,0),(165,45,'achievement',13,1,5,0,1),(166,46,'achievement',13,2,10,0,1),(167,47,'achievement',13,3,15,0,0),(168,48,'achievement',13,4,20,0,0),(169,49,'achievement',13,5,25,0,0),(170,50,'achievement',13,6,30,0,0),(171,51,'achievement',14,1,5,0,1),(172,52,'achievement',14,2,10,0,0),(173,53,'achievement',14,3,15,0,0),(174,54,'achievement',14,4,20,0,0),(175,55,'achievement',14,5,25,0,0),(176,56,'achievement',14,6,30,0,0),(177,57,'achievement',15,1,5,0,0),(178,58,'achievement',15,2,10,0,0),(179,59,'achievement',15,3,15,0,0),(180,60,'achievement',15,4,20,0,0),(181,61,'achievement',15,5,25,0,0),(182,62,'achievement',15,6,30,0,0),(183,63,'achievement',16,1,5,0,1),(184,64,'achievement',16,2,10,0,0),(185,65,'achievement',16,3,15,0,0),(186,66,'achievement',16,4,20,0,0),(187,67,'achievement',16,5,25,0,0),(188,68,'achievement',16,6,30,0,0),(189,69,'international',17,1,10,0,0),(190,70,'international',18,1,10,0,0),(191,71,'international',19,1,10,0,0),(192,72,'international',20,1,10,0,0),(193,73,'international',21,1,10,0,0),(194,74,'international',22,1,10,0,0),(195,75,'international',23,1,10,0,0),(196,83,'international',31,1,10,0,0),(197,84,'international',25,1,10,0,0),(198,86,'international',33,1,10,0,0),(199,87,'international',34,1,10,0,0),(200,88,'feature',35,1,5,0,1),(201,89,'feature',35,2,10,0,0),(202,90,'feature',35,3,10,0,0),(203,91,'feature',35,4,10,0,0),(204,92,'feature',35,5,10,0,0),(205,93,'feature',35,6,10,0,0),(206,94,'feature',36,1,5,0,1),(207,95,'feature',36,2,5,0,0),(208,96,'feature',36,3,10,0,0),(209,97,'feature',36,4,10,0,0),(210,98,'feature',36,5,20,0,0),(211,99,'feature',36,6,20,0,0),(212,100,'feature',8,3,15,0,0),(213,101,'achievement',37,1,5,0,0),(214,102,'achievement',37,2,5,0,0),(215,103,'achievement',37,3,10,0,0),(216,104,'achievement',37,4,10,0,0),(217,105,'achievement',37,5,15,0,0),(218,106,'achievement',37,6,15,0,0),(219,107,'achievement',38,1,10,0,0),(220,108,'achievement',38,2,10,0,0),(221,109,'achievement',38,3,15,0,0),(222,110,'achievement',38,4,20,0,0),(223,111,'achievement',38,5,25,0,0),(224,112,'achievement',38,6,30,0,0),(225,113,'achievement',39,1,10,0,0),(226,114,'achievement',39,2,20,0,0),(227,115,'achievement',39,3,30,0,0),(228,116,'achievement',39,4,40,0,0),(229,117,'achievement',39,5,50,0,0),(230,118,'achievement',39,6,50,0,0),(231,119,'feature',40,1,10,0,0),(232,120,'feature',40,2,15,0,0),(233,121,'feature',40,3,20,0,0),(234,122,'feature',40,4,25,0,0),(235,293,'feature',41,1,5,1,0),(236,294,'feature',41,2,10,1,0),(237,295,'feature',41,3,15,1,0),(238,296,'feature',41,4,20,1,0);

--
-- Table structure for table `ps_badge_lang`
--

CREATE TABLE `ps_badge_lang` (
  `id_badge` int(11) NOT NULL,
  `id_lang` int(11) NOT NULL,
  `name` varchar(64) DEFAULT NULL,
  `description` varchar(255) DEFAULT NULL,
  `group_name` varchar(255) DEFAULT NULL,
  PRIMARY KEY (`id_badge`,`id_lang`)
) ENGINE=InnoDB DEFAULT CHARSET=utf8;

--
-- Dumping data for table `ps_badge_lang`
--

INSERT INTO `ps_badge_lang` VALUES (1,1,'Adyen installé','Vous avez installé le module Adyen','Partenaires'),(1,2,'Adyen installé','Vous avez installé le module Adyen','Partenaires'),(1,3,'Adyen installé','Vous avez installé le module Adyen','Partenaires'),(1,4,'Adyen installé','Vous avez installé le module Adyen','Partenaires'),(1,5,'Adyen installé','Vous avez installé le module Adyen','Partenaires'),(2,1,'Adyen configuré','Vous avez configuré le module Adyen','Partenaires'),(2,2,'Adyen configuré','Vous avez configuré le module Adyen','Partenaires'),(2,3,'Adyen configuré','Vous avez configuré le module Adyen','Partenaires'),(2,4,'Adyen configuré','Vous avez configuré le module Adyen','Partenaires'),(2,5,'Adyen configuré','Vous avez configuré le module Adyen','Partenaires'),(3,1,'Adyen actif','Votre module Adyen est utilisé','Partenaires'),(3,2,'Adyen actif','Votre module Adyen est utilisé','Partenaires'),(3,3,'Adyen actif','Votre module Adyen est utilisé','Partenaires'),(3,4,'Adyen actif','Votre module Adyen est utilisé','Partenaires'),(3,5,'Adyen actif','Votre module Adyen est utilisé','Partenaires'),(4,1,'Adyen très actif','Votre module Adyen est très utilisé','Partenaires'),(4,2,'Adyen très actif','Votre module Adyen est très utilisé','Partenaires'),(4,3,'Adyen très actif','Votre module Adyen est très utilisé','Partenaires'),(4,4,'Adyen très actif','Votre module Adyen est très utilisé','Partenaires'),(4,5,'Adyen très actif','Votre module Adyen est très utilisé','Partenaires'),(5,1,'Ecopresto installé','Vous avez installé le module Ecopresto','Partenaires'),(5,2,'Ecopresto installé','Vous avez installé le module Ecopresto','Partenaires'),(5,3,'Ecopresto installé','Vous avez installé le module Ecopresto','Partenaires'),(5,4,'Ecopresto installé','Vous avez installé le module Ecopresto','Partenaires'),(5,5,'Ecopresto installé','Vous avez installé le module Ecopresto','Partenaires'),(6,1,'Ecopresto configuré','Vous avez configuré le module Ecopresto','Partenaires'),(6,2,'Ecopresto configuré','Vous avez configuré le module Ecopresto','Partenaires'),(6,3,'Ecopresto configuré','Vous avez configuré le module Ecopresto','Partenaires'),(6,4,'Ecopresto configuré','Vous avez configuré le module Ecopresto','Partenaires'),(6,5,'Ecopresto configuré','Vous avez configuré le module Ecopresto','Partenaires'),(7,1,'Ecopresto actif','Votre module Ecopresto est actif','Partenaires'),(7,2,'Ecopresto actif','Votre module Ecopresto est actif','Partenaires'),(7,3,'Ecopresto actif','Votre module Ecopresto est actif','Partenaires'),(7,4,'Ecopresto actif','Votre module Ecopresto est actif','Partenaires'),(7,5,'Ecopresto actif','Votre module Ecopresto est actif','Partenaires'),(8,1,'Ecopresto très actif','Votre module Ecopresto est très actif','Partenaires'),(8,2,'Ecopresto très actif','Votre module Ecopresto est très actif','Partenaires'),(8,3,'Ecopresto très actif','Votre module Ecopresto est très actif','Partenaires'),(8,4,'Ecopresto très actif','Votre module Ecopresto est très actif','Partenaires'),(8,5,'Ecopresto très actif','Votre module Ecopresto est très actif','Partenaires'),(9,1,'HiPay installé','Vous avez installé le module HiPay','Partenaires'),(9,2,'HiPay installé','Vous avez installé le module HiPay','Partenaires'),(9,3,'HiPay installé','Vous avez installé le module HiPay','Partenaires'),(9,4,'HiPay installé','Vous avez installé le module HiPay','Partenaires'),(9,5,'HiPay installé','Vous avez installé le module HiPay','Partenaires'),(10,1,'HiPay configuré','Module HiPay configured','Partenaires'),(10,2,'HiPay configuré','Module HiPay configured','Partenaires'),(10,3,'HiPay configuré','Module HiPay configured','Partenaires'),(10,4,'HiPay configuré','Module HiPay configured','Partenaires'),(10,5,'HiPay configuré','Module HiPay configured','Partenaires'),(11,1,'HiPay actif','Votre module HiPay est actif','Partenaires'),(11,2,'HiPay actif','Votre module HiPay est actif','Partenaires'),(11,3,'HiPay actif','Votre module HiPay est actif','Partenaires'),(11,4,'HiPay actif','Votre module HiPay est actif','Partenaires'),(11,5,'HiPay actif','Votre module HiPay est actif','Partenaires'),(12,1,'HiPay très actif','Votre module HiPay est très actif','Partenaires'),(12,2,'HiPay très actif','Votre module HiPay est très actif','Partenaires'),(12,3,'HiPay très actif','Votre module HiPay est très actif','Partenaires'),(12,4,'HiPay très actif','Votre module HiPay est très actif','Partenaires'),(12,5,'HiPay très actif','Votre module HiPay est très actif','Partenaires'),(13,1,'Ogone installé','Vous avez installé le module Ogone','Partenaires'),(13,2,'Ogone installé','Vous avez installé le module Ogone','Partenaires'),(13,3,'Ogone installé','Vous avez installé le module Ogone','Partenaires'),(13,4,'Ogone installé','Vous avez installé le module Ogone','Partenaires'),(13,5,'Ogone installé','Vous avez installé le module Ogone','Partenaires'),(14,1,'Ogone configuré','Vous avez configuré le module Ogone','Partenaires'),(14,2,'Ogone configuré','Vous avez configuré le module Ogone','Partenaires'),(14,3,'Ogone configuré','Vous avez configuré le module Ogone','Partenaires'),(14,4,'Ogone configuré','Vous avez configuré le module Ogone','Partenaires'),(14,5,'Ogone configuré','Vous avez configuré le module Ogone','Partenaires'),(15,1,'Ogone actif','Le module Ogone est actif','Partenaires'),(15,2,'Ogone actif','Le module Ogone est actif','Partenaires'),(15,3,'Ogone actif','Le module Ogone est actif','Partenaires'),(15,4,'Ogone actif','Le module Ogone est actif','Partenaires'),(15,5,'Ogone actif','Le module Ogone est actif','Partenaires'),(16,1,'Ogone très actif','Le module Ogone est très actif','Partenaires'),(16,2,'Ogone très actif','Le module Ogone est très actif','Partenaires'),(16,3,'Ogone très actif','Le module Ogone est très actif','Partenaires'),(16,4,'Ogone très actif','Le module Ogone est très actif','Partenaires'),(16,5,'Ogone très actif','Le module Ogone est très actif','Partenaires'),(17,1,'PayPal installé','Vous avez installé le module PayPal','Partenaires'),(17,2,'PayPal installé','Vous avez installé le module PayPal','Partenaires'),(17,3,'PayPal installé','Vous avez installé le module PayPal','Partenaires'),(17,4,'PayPal installé','Vous avez installé le module PayPal','Partenaires'),(17,5,'PayPal installé','Vous avez installé le module PayPal','Partenaires'),(18,1,'PayPal configuré','Vous avez configuré le module PayPal','Partenaires'),(18,2,'PayPal configuré','Vous avez configuré le module PayPal','Partenaires'),(18,3,'PayPal configuré','Vous avez configuré le module PayPal','Partenaires'),(18,4,'PayPal configuré','Vous avez configuré le module PayPal','Partenaires'),(18,5,'PayPal configuré','Vous avez configuré le module PayPal','Partenaires'),(19,1,'PayPal actif','Le module PayPal est actif','Partenaires'),(19,2,'PayPal actif','Le module PayPal est actif','Partenaires'),(19,3,'PayPal actif','Le module PayPal est actif','Partenaires'),(19,4,'PayPal actif','Le module PayPal est actif','Partenaires'),(19,5,'PayPal actif','Le module PayPal est actif','Partenaires'),(20,1,'PayPal très actif','Le module PayPal est très actif','Partenaires'),(20,2,'PayPal très actif','Le module PayPal est très actif','Partenaires'),(20,3,'PayPal très actif','Le module PayPal est très actif','Partenaires'),(20,4,'PayPal très actif','Le module PayPal est très actif','Partenaires'),(20,5,'PayPal très actif','Le module PayPal est très actif','Partenaires'),(21,1,'Shopgate installé','Vous avez installé le module Shopgate','Partenaires'),(21,2,'Shopgate installé','Vous avez installé le module Shopgate','Partenaires'),(21,3,'Shopgate installé','Vous avez installé le module Shopgate','Partenaires'),(21,4,'Shopgate installé','Vous avez installé le module Shopgate','Partenaires'),(21,5,'Shopgate installé','Vous avez installé le module Shopgate','Partenaires'),(22,1,'Shopgate configuré','Vous avez configuré le modul Shopgate','Partenaires'),(22,2,'Shopgate configuré','Vous avez configuré le modul Shopgate','Partenaires'),(22,3,'Shopgate configuré','Vous avez configuré le modul Shopgate','Partenaires'),(22,4,'Shopgate configuré','Vous avez configuré le modul Shopgate','Partenaires'),(22,5,'Shopgate configuré','Vous avez configuré le modul Shopgate','Partenaires'),(23,1,'Shopgate actif','Le module Shopgate est actif','Partenaires'),(23,2,'Shopgate actif','Le module Shopgate est actif','Partenaires'),(23,3,'Shopgate actif','Le module Shopgate est actif','Partenaires'),(23,4,'Shopgate actif','Le module Shopgate est actif','Partenaires'),(23,5,'Shopgate actif','Le module Shopgate est actif','Partenaires'),(24,1,'Shopgate très actif','Le module Shopgate est très actif','Partenaires'),(24,2,'Shopgate très actif','Le module Shopgate est très actif','Partenaires'),(24,3,'Shopgate très actif','Le module Shopgate est très actif','Partenaires'),(24,4,'Shopgate très actif','Le module Shopgate est très actif','Partenaires'),(24,5,'Shopgate très actif','Le module Shopgate est très actif','Partenaires'),(25,1,'Skrill installé','Vous avez installé le module Skrill','Partenaires'),(25,2,'Skrill installé','Vous avez installé le module Skrill','Partenaires'),(25,3,'Skrill installé','Vous avez installé le module Skrill','Partenaires'),(25,4,'Skrill installé','Vous avez installé le module Skrill','Partenaires'),(25,5,'Skrill installé','Vous avez installé le module Skrill','Partenaires'),(26,1,'Skrill configuré','Vous avez configuré le module Skrill','Partenaires'),(26,2,'Skrill configuré','Vous avez configuré le module Skrill','Partenaires'),(26,3,'Skrill configuré','Vous avez configuré le module Skrill','Partenaires'),(26,4,'Skrill configuré','Vous avez configuré le module Skrill','Partenaires'),(26,5,'Skrill configuré','Vous avez configuré le module Skrill','Partenaires'),(27,1,'Skrill actif','Le module Skrill est actif','Partenaires'),(27,2,'Skrill actif','Le module Skrill est actif','Partenaires'),(27,3,'Skrill actif','Le module Skrill est actif','Partenaires'),(27,4,'Skrill actif','Le module Skrill est actif','Partenaires'),(27,5,'Skrill actif','Le module Skrill est actif','Partenaires'),(28,1,'Skrill très actif','Le module Skrill est très actif','Partenaires'),(28,2,'Skrill très actif','Le module Skrill est très actif','Partenaires'),(28,3,'Skrill très actif','Le module Skrill est très actif','Partenaires'),(28,4,'Skrill très actif','Le module Skrill est très actif','Partenaires'),(28,5,'Skrill très actif','Le module Skrill est très actif','Partenaires'),(29,1,'So Colissimo installé','Vous avez installé le module So Colissimo ','Partenaires'),(29,2,'So Colissimo installé','Vous avez installé le module So Colissimo ','Partenaires'),(29,3,'So Colissimo installé','Vous avez installé le module So Colissimo ','Partenaires'),(29,4,'So Colissimo installé','Vous avez installé le module So Colissimo ','Partenaires'),(29,5,'So Colissimo installé','Vous avez installé le module So Colissimo ','Partenaires'),(30,1,'So Colissimo configuré','Vous avez configuré le module So Colissimo','Partenaires'),(30,2,'So Colissimo configuré','Vous avez configuré le module So Colissimo','Partenaires'),(30,3,'So Colissimo configuré','Vous avez configuré le module So Colissimo','Partenaires'),(30,4,'So Colissimo configuré','Vous avez configuré le module So Colissimo','Partenaires'),(30,5,'So Colissimo configuré','Vous avez configuré le module So Colissimo','Partenaires'),(31,1,'So Colissimo actif','Le module So Colissimo est actif','Partenaires'),(31,2,'So Colissimo actif','Le module So Colissimo est actif','Partenaires'),(31,3,'So Colissimo actif','Le module So Colissimo est actif','Partenaires'),(31,4,'So Colissimo actif','Le module So Colissimo est actif','Partenaires'),(31,5,'So Colissimo actif','Le module So Colissimo est actif','Partenaires'),(32,1,'So Colissimo très actif ','Le module So Colissimo est très actif\r\n','Partenaires'),(32,2,'So Colissimo très actif ','Le module So Colissimo est très actif\r\n','Partenaires'),(32,3,'So Colissimo très actif ','Le module So Colissimo est très actif\r\n','Partenaires'),(32,4,'So Colissimo très actif ','Le module So Colissimo est très actif\r\n','Partenaires'),(32,5,'So Colissimo très actif ','Le module So Colissimo est très actif\r\n','Partenaires'),(33,1,'Fia-Net Certissim installé','Vous avez installé le module Fia-Net Certissim','Partenaires'),(33,2,'Fia-Net Certissim installé','Vous avez installé le module Fia-Net Certissim','Partenaires'),(33,3,'Fia-Net Certissim installé','Vous avez installé le module Fia-Net Certissim','Partenaires'),(33,4,'Fia-Net Certissim installé','Vous avez installé le module Fia-Net Certissim','Partenaires'),(33,5,'Fia-Net Certissim installé','Vous avez installé le module Fia-Net Certissim','Partenaires'),(34,1,'Fia-Net Certissim configuré','Vous avez configuré le module Fia-Net Certissim','Partenaires'),(34,2,'Fia-Net Certissim configuré','Vous avez configuré le module Fia-Net Certissim','Partenaires'),(34,3,'Fia-Net Certissim configuré','Vous avez configuré le module Fia-Net Certissim','Partenaires'),(34,4,'Fia-Net Certissim configuré','Vous avez configuré le module Fia-Net Certissim','Partenaires'),(34,5,'Fia-Net Certissim configuré','Vous avez configuré le module Fia-Net Certissim','Partenaires'),(35,1,'Fia-Net Certissim actif','Le module Fia-Net Certissim est actif !','Partenaires'),(35,2,'Fia-Net Certissim actif','Le module Fia-Net Certissim est actif !','Partenaires'),(35,3,'Fia-Net Certissim actif','Le module Fia-Net Certissim est actif !','Partenaires'),(35,4,'Fia-Net Certissim actif','Le module Fia-Net Certissim est actif !','Partenaires'),(35,5,'Fia-Net Certissim actif','Le module Fia-Net Certissim est actif !','Partenaires'),(36,1,'Fia-Net Certissim très actif','Le module Fia-Net Certissim est très actif','Partenaires'),(36,2,'Fia-Net Certissim très actif','Le module Fia-Net Certissim est très actif','Partenaires'),(36,3,'Fia-Net Certissim très actif','Le module Fia-Net Certissim est très actif','Partenaires'),(36,4,'Fia-Net Certissim très actif','Le module Fia-Net Certissim est très actif','Partenaires'),(36,5,'Fia-Net Certissim très actif','Le module Fia-Net Certissim est très actif','Partenaires'),(37,1,'Kwixo installé','Vous avez installé le module Kwixo','Partenaires'),(37,2,'Kwixo installé','Vous avez installé le module Kwixo','Partenaires'),(37,3,'Kwixo installé','Vous avez installé le module Kwixo','Partenaires'),(37,4,'Kwixo installé','Vous avez installé le module Kwixo','Partenaires'),(37,5,'Kwixo installé','Vous avez installé le module Kwixo','Partenaires'),(38,1,'Kwixo configuré','Vous avez configuré le module Kwixo','Partenaires'),(38,2,'Kwixo configuré','Vous avez configuré le module Kwixo','Partenaires'),(38,3,'Kwixo configuré','Vous avez configuré le module Kwixo','Partenaires'),(38,4,'Kwixo configuré','Vous avez configuré le module Kwixo','Partenaires'),(38,5,'Kwixo configuré','Vous avez configuré le module Kwixo','Partenaires'),(39,1,'Kwixo actif','Le module Kwixo est actif','Partenaires'),(39,2,'Kwixo actif','Le module Kwixo est actif','Partenaires'),(39,3,'Kwixo actif','Le module Kwixo est actif','Partenaires'),(39,4,'Kwixo actif','Le module Kwixo est actif','Partenaires'),(39,5,'Kwixo actif','Le module Kwixo est actif','Partenaires'),(40,1,'Kwixo très actif','Le module Kwixo est très actif','Partenaires'),(40,2,'Kwixo très actif','Le module Kwixo est très actif','Partenaires'),(40,3,'Kwixo très actif','Le module Kwixo est très actif','Partenaires'),(40,4,'Kwixo très actif','Le module Kwixo est très actif','Partenaires'),(40,5,'Kwixo très actif','Le module Kwixo est très actif','Partenaires'),(41,1,'Mondial Relay installé','Vous avez installé le module Mondial Relay','Partenaires'),(41,2,'Mondial Relay installé','Vous avez installé le module Mondial Relay','Partenaires'),(41,3,'Mondial Relay installé','Vous avez installé le module Mondial Relay','Partenaires'),(41,4,'Mondial Relay installé','Vous avez installé le module Mondial Relay','Partenaires'),(41,5,'Mondial Relay installé','Vous avez installé le module Mondial Relay','Partenaires'),(42,1,'Mondial Relay configuré','Vous avez configuré le module Mondial Relay','Partenaires'),(42,2,'Mondial Relay configuré','Vous avez configuré le module Mondial Relay','Partenaires'),(42,3,'Mondial Relay configuré','Vous avez configuré le module Mondial Relay','Partenaires'),(42,4,'Mondial Relay configuré','Vous avez configuré le module Mondial Relay','Partenaires'),(42,5,'Mondial Relay configuré','Vous avez configuré le module Mondial Relay','Partenaires'),(43,1,'Mondial Relay actif','Le module Mondial Relay est actif','Partenaires'),(43,2,'Mondial Relay actif','Le module Mondial Relay est actif','Partenaires'),(43,3,'Mondial Relay actif','Le module Mondial Relay est actif','Partenaires'),(43,4,'Mondial Relay actif','Le module Mondial Relay est actif','Partenaires'),(43,5,'Mondial Relay actif','Le module Mondial Relay est actif','Partenaires'),(44,1,'Mondial Relay très actif','Le module Mondial Relay est très actif','Partenaires'),(44,2,'Mondial Relay très actif','Le module Mondial Relay est très actif','Partenaires'),(44,3,'Mondial Relay très actif','Le module Mondial Relay est très actif','Partenaires'),(44,4,'Mondial Relay très actif','Le module Mondial Relay est très actif','Partenaires'),(44,5,'Mondial Relay très actif','Le module Mondial Relay est très actif','Partenaires'),(45,1,'Neteven installé','Vous avez installé le module Neteven','Partenaires'),(45,2,'Neteven installé','Vous avez installé le module Neteven','Partenaires'),(45,3,'Neteven installé','Vous avez installé le module Neteven','Partenaires'),(45,4,'Neteven installé','Vous avez installé le module Neteven','Partenaires'),(45,5,'Neteven installé','Vous avez installé le module Neteven','Partenaires'),(46,1,'Neteven configuré','Vous avez configuré le module Neteven','Partenaires'),(46,2,'Neteven configuré','Vous avez configuré le module Neteven','Partenaires'),(46,3,'Neteven configuré','Vous avez configuré le module Neteven','Partenaires'),(46,4,'Neteven configuré','Vous avez configuré le module Neteven','Partenaires'),(46,5,'Neteven configuré','Vous avez configuré le module Neteven','Partenaires'),(47,1,'Neteven actif','Le module Neteven est actif','Partenaires'),(47,2,'Neteven actif','Le module Neteven est actif','Partenaires'),(47,3,'Neteven actif','Le module Neteven est actif','Partenaires'),(47,4,'Neteven actif','Le module Neteven est actif','Partenaires'),(47,5,'Neteven actif','Le module Neteven est actif','Partenaires'),(48,1,'Neteven très actif','Le module Neteven est très actif','Partenaires'),(48,2,'Neteven très actif','Le module Neteven est très actif','Partenaires'),(48,3,'Neteven très actif','Le module Neteven est très actif','Partenaires'),(48,4,'Neteven très actif','Le module Neteven est très actif','Partenaires'),(48,5,'Neteven très actif','Le module Neteven est très actif','Partenaires'),(49,1,'Prediggo installé','Vous avez installé le module Prediggo','Partenaires'),(49,2,'Prediggo installé','Vous avez installé le module Prediggo','Partenaires'),(49,3,'Prediggo installé','Vous avez installé le module Prediggo','Partenaires'),(49,4,'Prediggo installé','Vous avez installé le module Prediggo','Partenaires'),(49,5,'Prediggo installé','Vous avez installé le module Prediggo','Partenaires'),(50,1,'Prediggo configuré','Vous avez configuré le module Prediggo ','Partenaires'),(50,2,'Prediggo configuré','Vous avez configuré le module Prediggo ','Partenaires'),(50,3,'Prediggo configuré','Vous avez configuré le module Prediggo ','Partenaires'),(50,4,'Prediggo configuré','Vous avez configuré le module Prediggo ','Partenaires'),(50,5,'Prediggo configuré','Vous avez configuré le module Prediggo ','Partenaires'),(51,1,'SendinBlue installé','Vous avez installé le module SendinBlue','Partenaires'),(51,2,'SendinBlue installé','Vous avez installé le module SendinBlue','Partenaires'),(51,3,'SendinBlue installé','Vous avez installé le module SendinBlue','Partenaires'),(51,4,'SendinBlue installé','Vous avez installé le module SendinBlue','Partenaires'),(51,5,'SendinBlue installé','Vous avez installé le module SendinBlue','Partenaires'),(52,1,'SendinBlue configuré','Vous avez configuré le module SendinBlue','Partenaires'),(52,2,'SendinBlue configuré','Vous avez configuré le module SendinBlue','Partenaires'),(52,3,'SendinBlue configuré','Vous avez configuré le module SendinBlue','Partenaires'),(52,4,'SendinBlue configuré','Vous avez configuré le module SendinBlue','Partenaires'),(52,5,'SendinBlue configuré','Vous avez configuré le module SendinBlue','Partenaires'),(53,1,'Shopping Flux installé','Vous avez installé le module Shopping Flux','Partenaires'),(53,2,'Shopping Flux installé','Vous avez installé le module Shopping Flux','Partenaires'),(53,3,'Shopping Flux installé','Vous avez installé le module Shopping Flux','Partenaires'),(53,4,'Shopping Flux installé','Vous avez installé le module Shopping Flux','Partenaires'),(53,5,'Shopping Flux installé','Vous avez installé le module Shopping Flux','Partenaires'),(54,1,'Shopping Flux configuré','Vous avez configuré le module Shopping Flux','Partenaires'),(54,2,'Shopping Flux configuré','Vous avez configuré le module Shopping Flux','Partenaires'),(54,3,'Shopping Flux configuré','Vous avez configuré le module Shopping Flux','Partenaires'),(54,4,'Shopping Flux configuré','Vous avez configuré le module Shopping Flux','Partenaires'),(54,5,'Shopping Flux configuré','Vous avez configuré le module Shopping Flux','Partenaires'),(55,1,'TNT installé','Vous avez installé le module TNT','Partenaires'),(55,2,'TNT installé','Vous avez installé le module TNT','Partenaires'),(55,3,'TNT installé','Vous avez installé le module TNT','Partenaires'),(55,4,'TNT installé','Vous avez installé le module TNT','Partenaires'),(55,5,'TNT installé','Vous avez installé le module TNT','Partenaires'),(56,1,'TNT configuré','Vous avez configuré le module TNT','Partenaires'),(56,2,'TNT configuré','Vous avez configuré le module TNT','Partenaires'),(56,3,'TNT configuré','Vous avez configuré le module TNT','Partenaires'),(56,4,'TNT configuré','Vous avez configuré le module TNT','Partenaires'),(56,5,'TNT configuré','Vous avez configuré le module TNT','Partenaires'),(57,1,'TNT actif','Le module TNT est actif','Partenaires'),(57,2,'TNT actif','Le module TNT est actif','Partenaires'),(57,3,'TNT actif','Le module TNT est actif','Partenaires'),(57,4,'TNT actif','Le module TNT est actif','Partenaires'),(57,5,'TNT actif','Le module TNT est actif','Partenaires'),(58,1,'TNT très actif','Le module TNT est très actif','Partenaires'),(58,2,'TNT très actif','Le module TNT est très actif','Partenaires'),(58,3,'TNT très actif','Le module TNT est très actif','Partenaires'),(58,4,'TNT très actif','Le module TNT est très actif','Partenaires'),(58,5,'TNT très actif','Le module TNT est très actif','Partenaires'),(59,1,'Trustpilot installé','Vous avez installé le module Trustpilot','Partenaires'),(59,2,'Trustpilot installé','Vous avez installé le module Trustpilot','Partenaires'),(59,3,'Trustpilot installé','Vous avez installé le module Trustpilot','Partenaires'),(59,4,'Trustpilot installé','Vous avez installé le module Trustpilot','Partenaires'),(59,5,'Trustpilot installé','Vous avez installé le module Trustpilot','Partenaires'),(60,1,'Twenga installé','Vous avez installé le module Twenga','Partenaires'),(60,2,'Twenga installé','Vous avez installé le module Twenga','Partenaires'),(60,3,'Twenga installé','Vous avez installé le module Twenga','Partenaires'),(60,4,'Twenga installé','Vous avez installé le module Twenga','Partenaires'),(60,5,'Twenga installé','Vous avez installé le module Twenga','Partenaires'),(61,1,'Twenga configuré','Vous avez configuré le module Twenga\r\n','Partenaires'),(61,2,'Twenga configuré','Vous avez configuré le module Twenga\r\n','Partenaires'),(61,3,'Twenga configuré','Vous avez configuré le module Twenga\r\n','Partenaires'),(61,4,'Twenga configuré','Vous avez configuré le module Twenga\r\n','Partenaires'),(61,5,'Twenga configuré','Vous avez configuré le module Twenga\r\n','Partenaires'),(62,1,'TextMaster installé','Vous avez installé le module TextMaster','Partenaires'),(62,2,'TextMaster installé','Vous avez installé le module TextMaster','Partenaires'),(62,3,'TextMaster installé','Vous avez installé le module TextMaster','Partenaires'),(62,4,'TextMaster installé','Vous avez installé le module TextMaster','Partenaires'),(62,5,'TextMaster installé','Vous avez installé le module TextMaster','Partenaires'),(63,1,'TextMaster configuré','Vous avez configuré le module TextMaster ','Partenaires'),(63,2,'TextMaster configuré','Vous avez configuré le module TextMaster ','Partenaires'),(63,3,'TextMaster configuré','Vous avez configuré le module TextMaster ','Partenaires'),(63,4,'TextMaster configuré','Vous avez configuré le module TextMaster ','Partenaires'),(63,5,'TextMaster configuré','Vous avez configuré le module TextMaster ','Partenaires'),(64,1,' TextMaster actif','Le module TextMaster est actif','Partenaires'),(64,2,' TextMaster actif','Le module TextMaster est actif','Partenaires'),(64,3,' TextMaster actif','Le module TextMaster est actif','Partenaires'),(64,4,' TextMaster actif','Le module TextMaster est actif','Partenaires'),(64,5,' TextMaster actif','Le module TextMaster est actif','Partenaires'),(65,1,'TextMaster très actif','Le module TextMaster est très actif','Partenaires'),(65,2,'TextMaster très actif','Le module TextMaster est très actif','Partenaires'),(65,3,'TextMaster très actif','Le module TextMaster est très actif','Partenaires'),(65,4,'TextMaster très actif','Le module TextMaster est très actif','Partenaires'),(65,5,'TextMaster très actif','Le module TextMaster est très actif','Partenaires'),(66,1,'FIA-NET Sceau de Confiance installé','Vous avez installé le module FIA-NET Sceau de Confiance','Partenaires'),(66,2,'FIA-NET Sceau de Confiance installé','Vous avez installé le module FIA-NET Sceau de Confiance','Partenaires'),(66,3,'FIA-NET Sceau de Confiance installé','Vous avez installé le module FIA-NET Sceau de Confiance','Partenaires'),(66,4,'FIA-NET Sceau de Confiance installé','Vous avez installé le module FIA-NET Sceau de Confiance','Partenaires'),(66,5,'FIA-NET Sceau de Confiance installé','Vous avez installé le module FIA-NET Sceau de Confiance','Partenaires'),(67,1,'FIA-NET Sceau de Confiance configuré','Vous avez configuré le module FIA-NET Sceau de Confiance','Partenaires'),(67,2,'FIA-NET Sceau de Confiance configuré','Vous avez configuré le module FIA-NET Sceau de Confiance','Partenaires'),(67,3,'FIA-NET Sceau de Confiance configuré','Vous avez configuré le module FIA-NET Sceau de Confiance','Partenaires'),(67,4,'FIA-NET Sceau de Confiance configuré','Vous avez configuré le module FIA-NET Sceau de Confiance','Partenaires'),(67,5,'FIA-NET Sceau de Confiance configuré','Vous avez configuré le module FIA-NET Sceau de Confiance','Partenaires'),(68,1,'FIA-NET Sceau de Confiance actif','Le module FIA-NET Sceau de Confiance est actif','Partenaires'),(68,2,'FIA-NET Sceau de Confiance actif','Le module FIA-NET Sceau de Confiance est actif','Partenaires'),(68,3,'FIA-NET Sceau de Confiance actif','Le module FIA-NET Sceau de Confiance est actif','Partenaires'),(68,4,'FIA-NET Sceau de Confiance actif','Le module FIA-NET Sceau de Confiance est actif','Partenaires'),(68,5,'FIA-NET Sceau de Confiance actif','Le module FIA-NET Sceau de Confiance est actif','Partenaires'),(69,1,'FIA-NET Sceau de Confiance très actif','Le module FIA-NET Sceau de Confiance est très actif','Partenaires'),(69,2,'FIA-NET Sceau de Confiance très actif','Le module FIA-NET Sceau de Confiance est très actif','Partenaires'),(69,3,'FIA-NET Sceau de Confiance très actif','Le module FIA-NET Sceau de Confiance est très actif','Partenaires'),(69,4,'FIA-NET Sceau de Confiance très actif','Le module FIA-NET Sceau de Confiance est très actif','Partenaires'),(69,5,'FIA-NET Sceau de Confiance très actif','Le module FIA-NET Sceau de Confiance est très actif','Partenaires'),(70,1,'Kwixo installé','Vous avez installé le module Kwixo','Partenaires'),(70,2,'Kwixo installé','Vous avez installé le module Kwixo','Partenaires'),(70,3,'Kwixo installé','Vous avez installé le module Kwixo','Partenaires'),(70,4,'Kwixo installé','Vous avez installé le module Kwixo','Partenaires'),(70,5,'Kwixo installé','Vous avez installé le module Kwixo','Partenaires'),(71,1,'Kwixo configuré','Vous avez configuré le module Kwixo','Partenaires'),(71,2,'Kwixo configuré','Vous avez configuré le module Kwixo','Partenaires'),(71,3,'Kwixo configuré','Vous avez configuré le module Kwixo','Partenaires'),(71,4,'Kwixo configuré','Vous avez configuré le module Kwixo','Partenaires'),(71,5,'Kwixo configuré','Vous avez configuré le module Kwixo','Partenaires'),(72,1,'Kwixo actif','Le module Kwixo est actif','Partenaires'),(72,2,'Kwixo actif','Le module Kwixo est actif','Partenaires'),(72,3,'Kwixo actif','Le module Kwixo est actif','Partenaires'),(72,4,'Kwixo actif','Le module Kwixo est actif','Partenaires'),(72,5,'Kwixo actif','Le module Kwixo est actif','Partenaires'),(73,1,'Kwixo très actif','Le module Kwixo est très actif','Partenaires'),(73,2,'Kwixo très actif','Le module Kwixo est très actif','Partenaires'),(73,3,'Kwixo très actif','Le module Kwixo est très actif','Partenaires'),(73,4,'Kwixo très actif','Le module Kwixo est très actif','Partenaires'),(73,5,'Kwixo très actif','Le module Kwixo est très actif','Partenaires'),(74,1,'Paymill installé','Vous avez installé le module Paymill','Partenaires'),(74,2,'Paymill installé','Vous avez installé le module Paymill','Partenaires'),(74,3,'Paymill installé','Vous avez installé le module Paymill','Partenaires'),(74,4,'Paymill installé','Vous avez installé le module Paymill','Partenaires'),(74,5,'Paymill installé','Vous avez installé le module Paymill','Partenaires'),(75,1,'Paymill actif','Le module Paymill est actif','Partenaires'),(75,2,'Paymill actif','Le module Paymill est actif','Partenaires'),(75,3,'Paymill actif','Le module Paymill est actif','Partenaires'),(75,4,'Paymill actif','Le module Paymill est actif','Partenaires'),(75,5,'Paymill actif','Le module Paymill est actif','Partenaires'),(76,1,'Paymill très actif','Le module Paymill est très actif','Partenaires'),(76,2,'Paymill très actif','Le module Paymill est très actif','Partenaires'),(76,3,'Paymill très actif','Le module Paymill est très actif','Partenaires'),(76,4,'Paymill très actif','Le module Paymill est très actif','Partenaires'),(76,5,'Paymill très actif','Le module Paymill est très actif','Partenaires'),(77,1,'Syspay installé','Vous avez installé le module Syspay','Partenaires'),(77,2,'Syspay installé','Vous avez installé le module Syspay','Partenaires'),(77,3,'Syspay installé','Vous avez installé le module Syspay','Partenaires'),(77,4,'Syspay installé','Vous avez installé le module Syspay','Partenaires'),(77,5,'Syspay installé','Vous avez installé le module Syspay','Partenaires'),(78,1,'Syspay configuré','Vous avez configuré le module Syspay','Partenaires'),(78,2,'Syspay configuré','Vous avez configuré le module Syspay','Partenaires'),(78,3,'Syspay configuré','Vous avez configuré le module Syspay','Partenaires'),(78,4,'Syspay configuré','Vous avez configuré le module Syspay','Partenaires'),(78,5,'Syspay configuré','Vous avez configuré le module Syspay','Partenaires'),(79,1,'Syspay actif','Le module Syspay est actif','Partenaires'),(79,2,'Syspay actif','Le module Syspay est actif','Partenaires'),(79,3,'Syspay actif','Le module Syspay est actif','Partenaires'),(79,4,'Syspay actif','Le module Syspay est actif','Partenaires'),(79,5,'Syspay actif','Le module Syspay est actif','Partenaires'),(80,1,'Syspay très actif','Le module Syspay est très actif','Partenaires'),(80,2,'Syspay très actif','Le module Syspay est très actif','Partenaires'),(80,3,'Syspay très actif','Le module Syspay est très actif','Partenaires'),(80,4,'Syspay très actif','Le module Syspay est très actif','Partenaires'),(80,5,'Syspay très actif','Le module Syspay est très actif','Partenaires'),(81,1,'Authorize Aim installé','Vous avez installé le module Authorize Aim','Partenaires'),(81,2,'Authorize Aim installé','Vous avez installé le module Authorize Aim','Partenaires'),(81,3,'Authorize Aim installé','Vous avez installé le module Authorize Aim','Partenaires'),(81,4,'Authorize Aim installé','Vous avez installé le module Authorize Aim','Partenaires'),(81,5,'Authorize Aim installé','Vous avez installé le module Authorize Aim','Partenaires'),(82,1,'Authorize Aim configuré','Vous avez configuré le module Authorize Aim','Partenaires'),(82,2,'Authorize Aim configuré','Vous avez configuré le module Authorize Aim','Partenaires'),(82,3,'Authorize Aim configuré','Vous avez configuré le module Authorize Aim','Partenaires'),(82,4,'Authorize Aim configuré','Vous avez configuré le module Authorize Aim','Partenaires'),(82,5,'Authorize Aim configuré','Vous avez configuré le module Authorize Aim','Partenaires'),(83,1,'Authorize Aim actif','Le module Authorize Aim est actif','Partenaires'),(83,2,'Authorize Aim actif','Le module Authorize Aim est actif','Partenaires'),(83,3,'Authorize Aim actif','Le module Authorize Aim est actif','Partenaires'),(83,4,'Authorize Aim actif','Le module Authorize Aim est actif','Partenaires'),(83,5,'Authorize Aim actif','Le module Authorize Aim est actif','Partenaires'),(84,1,'Authorize Aim très actif','Le module Authorize Aim est très actif','Partenaires'),(84,2,'Authorize Aim très actif','Le module Authorize Aim est très actif','Partenaires'),(84,3,'Authorize Aim très actif','Le module Authorize Aim est très actif','Partenaires'),(84,4,'Authorize Aim très actif','Le module Authorize Aim est très actif','Partenaires'),(84,5,'Authorize Aim très actif','Le module Authorize Aim est très actif','Partenaires'),(85,1,'Ebay installé','Vous avez installé le module Ebay','Partenaires'),(85,2,'Ebay installé','Vous avez installé le module Ebay','Partenaires'),(85,3,'Ebay installé','Vous avez installé le module Ebay','Partenaires'),(85,4,'Ebay installé','Vous avez installé le module Ebay','Partenaires'),(85,5,'Ebay installé','Vous avez installé le module Ebay','Partenaires'),(86,1,'Ebay configuré','Vous avez configuré le module Ebay','Partenaires'),(86,2,'Ebay configuré','Vous avez configuré le module Ebay','Partenaires'),(86,3,'Ebay configuré','Vous avez configuré le module Ebay','Partenaires'),(86,4,'Ebay configuré','Vous avez configuré le module Ebay','Partenaires'),(86,5,'Ebay configuré','Vous avez configuré le module Ebay','Partenaires'),(87,1,'Ebay actif','Le module Ebay est actif','Partenaires'),(87,2,'Ebay actif','Le module Ebay est actif','Partenaires'),(87,3,'Ebay actif','Le module Ebay est actif','Partenaires'),(87,4,'Ebay actif','Le module Ebay est actif','Partenaires'),(87,5,'Ebay actif','Le module Ebay est actif','Partenaires'),(88,1,'Ebay très actif','Le module Ebay est très actif','Partenaires'),(88,2,'Ebay très actif','Le module Ebay est très actif','Partenaires'),(88,3,'Ebay très actif','Le module Ebay est très actif','Partenaires'),(88,4,'Ebay très actif','Le module Ebay est très actif','Partenaires'),(88,5,'Ebay très actif','Le module Ebay est très actif','Partenaires'),(89,1,'PayPlug installé','Vous avez installé le module PayPlug','Partenaires'),(89,2,'PayPlug installé','Vous avez installé le module PayPlug','Partenaires'),(89,3,'PayPlug installé','Vous avez installé le module PayPlug','Partenaires'),(89,4,'PayPlug installé','Vous avez installé le module PayPlug','Partenaires'),(89,5,'PayPlug installé','Vous avez installé le module PayPlug','Partenaires'),(90,1,'PayPlug configuré','Vous avez configuré le module PayPlug','Partenaires'),(90,2,'PayPlug configuré','Vous avez configuré le module PayPlug','Partenaires'),(90,3,'PayPlug configuré','Vous avez configuré le module PayPlug','Partenaires'),(90,4,'PayPlug configuré','Vous avez configuré le module PayPlug','Partenaires'),(90,5,'PayPlug configuré','Vous avez configuré le module PayPlug','Partenaires'),(91,1,'PayPlug actif','Le module PayPlug est actif','Partenaires'),(91,2,'PayPlug actif','Le module PayPlug est actif','Partenaires'),(91,3,'PayPlug actif','Le module PayPlug est actif','Partenaires'),(91,4,'PayPlug actif','Le module PayPlug est actif','Partenaires'),(91,5,'PayPlug actif','Le module PayPlug est actif','Partenaires'),(92,1,'PayPlug très actif','Le module PayPlug est très actif','Partenaires'),(92,2,'PayPlug très actif','Le module PayPlug est très actif','Partenaires'),(92,3,'PayPlug très actif','Le module PayPlug est très actif','Partenaires'),(92,4,'PayPlug très actif','Le module PayPlug est très actif','Partenaires'),(92,5,'PayPlug très actif','Le module PayPlug est très actif','Partenaires'),(93,1,'Affinity Items installé','Vous avez installé le module Affinity Items','Partenaires'),(93,2,'Affinity Items installé','Vous avez installé le module Affinity Items','Partenaires'),(93,3,'Affinity Items installé','Vous avez installé le module Affinity Items','Partenaires'),(93,4,'Affinity Items installé','Vous avez installé le module Affinity Items','Partenaires'),(93,5,'Affinity Items installé','Vous avez installé le module Affinity Items','Partenaires'),(94,1,'Affinity Items configuré','Vous avez configuré le module Affinity Items','Partenaires'),(94,2,'Affinity Items configuré','Vous avez configuré le module Affinity Items','Partenaires'),(94,3,'Affinity Items configuré','Vous avez configuré le module Affinity Items','Partenaires'),(94,4,'Affinity Items configuré','Vous avez configuré le module Affinity Items','Partenaires'),(94,5,'Affinity Items configuré','Vous avez configuré le module Affinity Items','Partenaires'),(95,1,'Affinity Items actif','Le module Affinity Items est actif','Partenaires'),(95,2,'Affinity Items actif','Le module Affinity Items est actif','Partenaires'),(95,3,'Affinity Items actif','Le module Affinity Items est actif','Partenaires'),(95,4,'Affinity Items actif','Le module Affinity Items est actif','Partenaires'),(95,5,'Affinity Items actif','Le module Affinity Items est actif','Partenaires'),(96,1,'Affinity Items très actif','Le module Affinity Items est très actif','Partenaires'),(96,2,'Affinity Items très actif','Le module Affinity Items est très actif','Partenaires'),(96,3,'Affinity Items très actif','Le module Affinity Items est très actif','Partenaires'),(96,4,'Affinity Items très actif','Le module Affinity Items est très actif','Partenaires'),(96,5,'Affinity Items très actif','Le module Affinity Items est très actif','Partenaires'),(97,1,'DPD Poland installé','Vous avez installé le module DPD Poland','Partenaires'),(97,2,'DPD Poland installé','Vous avez installé le module DPD Poland','Partenaires'),(97,3,'DPD Poland installé','Vous avez installé le module DPD Poland','Partenaires'),(97,4,'DPD Poland installé','Vous avez installé le module DPD Poland','Partenaires'),(97,5,'DPD Poland installé','Vous avez installé le module DPD Poland','Partenaires'),(98,1,'DPD Poland configuré','Vous avez configuré le module DPD Poland','Partenaires'),(98,2,'DPD Poland configuré','Vous avez configuré le module DPD Poland','Partenaires'),(98,3,'DPD Poland configuré','Vous avez configuré le module DPD Poland','Partenaires'),(98,4,'DPD Poland configuré','Vous avez configuré le module DPD Poland','Partenaires'),(98,5,'DPD Poland configuré','Vous avez configuré le module DPD Poland','Partenaires'),(99,1,'DPD Poland actif','Le module DPD Poland est actif','Partenaires'),(99,2,'DPD Poland actif','Le module DPD Poland est actif','Partenaires'),(99,3,'DPD Poland actif','Le module DPD Poland est actif','Partenaires'),(99,4,'DPD Poland actif','Le module DPD Poland est actif','Partenaires'),(99,5,'DPD Poland actif','Le module DPD Poland est actif','Partenaires'),(100,1,'DPD Poland très actif','Le module DPD Poland est très actif','Partenaires'),(100,2,'DPD Poland très actif','Le module DPD Poland est très actif','Partenaires'),(100,3,'DPD Poland très actif','Le module DPD Poland est très actif','Partenaires'),(100,4,'DPD Poland très actif','Le module DPD Poland est très actif','Partenaires'),(100,5,'DPD Poland très actif','Le module DPD Poland est très actif','Partenaires'),(101,1,'Envoimoinscher installé','Vous avez installé le module Envoimoinscher','Partenaires'),(101,2,'Envoimoinscher installé','Vous avez installé le module Envoimoinscher','Partenaires'),(101,3,'Envoimoinscher installé','Vous avez installé le module Envoimoinscher','Partenaires'),(101,4,'Envoimoinscher installé','Vous avez installé le module Envoimoinscher','Partenaires'),(101,5,'Envoimoinscher installé','Vous avez installé le module Envoimoinscher','Partenaires'),(102,1,'Envoimoinscher configuré','Vous avez configuré le module Envoimoinscher','Partenaires'),(102,2,'Envoimoinscher configuré','Vous avez configuré le module Envoimoinscher','Partenaires'),(102,3,'Envoimoinscher configuré','Vous avez configuré le module Envoimoinscher','Partenaires'),(102,4,'Envoimoinscher configuré','Vous avez configuré le module Envoimoinscher','Partenaires'),(102,5,'Envoimoinscher configuré','Vous avez configuré le module Envoimoinscher','Partenaires'),(103,1,'Envoimoinscher actif','Le module Envoimoinscher est actif','Partenaires'),(103,2,'Envoimoinscher actif','Le module Envoimoinscher est actif','Partenaires'),(103,3,'Envoimoinscher actif','Le module Envoimoinscher est actif','Partenaires'),(103,4,'Envoimoinscher actif','Le module Envoimoinscher est actif','Partenaires'),(103,5,'Envoimoinscher actif','Le module Envoimoinscher est actif','Partenaires'),(104,1,'Envoimoinscher très actif','Le module Envoimoinscher est très actif','Partenaires'),(104,2,'Envoimoinscher très actif','Le module Envoimoinscher est très actif','Partenaires'),(104,3,'Envoimoinscher très actif','Le module Envoimoinscher est très actif','Partenaires'),(104,4,'Envoimoinscher très actif','Le module Envoimoinscher est très actif','Partenaires'),(104,5,'Envoimoinscher très actif','Le module Envoimoinscher est très actif','Partenaires'),(105,1,'Klik&Pay installé','Vous avez installé le module Klik&Pay','Partenaires'),(105,2,'Klik&Pay installé','Vous avez installé le module Klik&Pay','Partenaires'),(105,3,'Klik&Pay installé','Vous avez installé le module Klik&Pay','Partenaires'),(105,4,'Klik&Pay installé','Vous avez installé le module Klik&Pay','Partenaires'),(105,5,'Klik&Pay installé','Vous avez installé le module Klik&Pay','Partenaires'),(106,1,'Klik&Pay configuré','Vous avez configuré le module Klik&Pay','Partenaires'),(106,2,'Klik&Pay configuré','Vous avez configuré le module Klik&Pay','Partenaires'),(106,3,'Klik&Pay configuré','Vous avez configuré le module Klik&Pay','Partenaires'),(106,4,'Klik&Pay configuré','Vous avez configuré le module Klik&Pay','Partenaires'),(106,5,'Klik&Pay configuré','Vous avez configuré le module Klik&Pay','Partenaires'),(107,1,'Klik&Pay actif','Le module Klik&Pay est actif','Partenaires'),(107,2,'Klik&Pay actif','Le module Klik&Pay est actif','Partenaires'),(107,3,'Klik&Pay actif','Le module Klik&Pay est actif','Partenaires'),(107,4,'Klik&Pay actif','Le module Klik&Pay est actif','Partenaires'),(107,5,'Klik&Pay actif','Le module Klik&Pay est actif','Partenaires'),(108,1,'Klik&Pay très actif','Le module Klik&Pay est très actif','Partenaires'),(108,2,'Klik&Pay très actif','Le module Klik&Pay est très actif','Partenaires'),(108,3,'Klik&Pay très actif','Le module Klik&Pay est très actif','Partenaires'),(108,4,'Klik&Pay très actif','Le module Klik&Pay est très actif','Partenaires'),(108,5,'Klik&Pay très actif','Le module Klik&Pay est très actif','Partenaires'),(109,1,'Clickline installé','Vous avez installé le module Clickline','Partenaires'),(109,2,'Clickline installé','Vous avez installé le module Clickline','Partenaires'),(109,3,'Clickline installé','Vous avez installé le module Clickline','Partenaires'),(109,4,'Clickline installé','Vous avez installé le module Clickline','Partenaires'),(109,5,'Clickline installé','Vous avez installé le module Clickline','Partenaires'),(110,1,'Clickline configuré','Vous avez configuré le module Clickline','Partenaires'),(110,2,'Clickline configuré','Vous avez configuré le module Clickline','Partenaires'),(110,3,'Clickline configuré','Vous avez configuré le module Clickline','Partenaires'),(110,4,'Clickline configuré','Vous avez configuré le module Clickline','Partenaires'),(110,5,'Clickline configuré','Vous avez configuré le module Clickline','Partenaires'),(111,1,'Clickline actif','Le module Clickline est actif','Partenaires'),(111,2,'Clickline actif','Le module Clickline est actif','Partenaires'),(111,3,'Clickline actif','Le module Clickline est actif','Partenaires'),(111,4,'Clickline actif','Le module Clickline est actif','Partenaires'),(111,5,'Clickline actif','Le module Clickline est actif','Partenaires'),(112,1,'Clickline très actif','Le module Clickline est très actif','Partenaires'),(112,2,'Clickline très actif','Le module Clickline est très actif','Partenaires'),(112,3,'Clickline très actif','Le module Clickline est très actif','Partenaires'),(112,4,'Clickline très actif','Le module Clickline est très actif','Partenaires'),(112,5,'Clickline très actif','Le module Clickline est très actif','Partenaires'),(113,1,'CDiscount installé','Vous avez installé le module CDiscount','Partenaires'),(113,2,'CDiscount installé','Vous avez installé le module CDiscount','Partenaires'),(113,3,'CDiscount installé','Vous avez installé le module CDiscount','Partenaires'),(113,4,'CDiscount installé','Vous avez installé le module CDiscount','Partenaires'),(113,5,'CDiscount installé','Vous avez installé le module CDiscount','Partenaires'),(114,1,'CDiscount configuré','Vous avez configuré le module CDiscount','Partenaires'),(114,2,'CDiscount configuré','Vous avez configuré le module CDiscount','Partenaires'),(114,3,'CDiscount configuré','Vous avez configuré le module CDiscount','Partenaires'),(114,4,'CDiscount configuré','Vous avez configuré le module CDiscount','Partenaires'),(114,5,'CDiscount configuré','Vous avez configuré le module CDiscount','Partenaires'),(115,1,'CDiscount actif','Le module CDiscount est actif','Partenaires'),(115,2,'CDiscount actif','Le module CDiscount est actif','Partenaires'),(115,3,'CDiscount actif','Le module CDiscount est actif','Partenaires'),(115,4,'CDiscount actif','Le module CDiscount est actif','Partenaires'),(115,5,'CDiscount actif','Le module CDiscount est actif','Partenaires'),(116,1,'CDiscount très actif','Le module CDiscount est très actif','Partenaires'),(116,2,'CDiscount très actif','Le module CDiscount est très actif','Partenaires'),(116,3,'CDiscount très actif','Le module CDiscount est très actif','Partenaires'),(116,4,'CDiscount très actif','Le module CDiscount est très actif','Partenaires'),(116,5,'CDiscount très actif','Le module CDiscount est très actif','Partenaires'),(117,1,'illicoPresta installé','Vous avez installé le module illicoPresta','Partenaires'),(117,2,'illicoPresta installé','Vous avez installé le module illicoPresta','Partenaires'),(117,3,'illicoPresta installé','Vous avez installé le module illicoPresta','Partenaires'),(117,4,'illicoPresta installé','Vous avez installé le module illicoPresta','Partenaires'),(117,5,'illicoPresta installé','Vous avez installé le module illicoPresta','Partenaires'),(118,1,'illicoPresta configuré','Vous avez configuré le module illicoPresta','Partenaires'),(118,2,'illicoPresta configuré','Vous avez configuré le module illicoPresta','Partenaires'),(118,3,'illicoPresta configuré','Vous avez configuré le module illicoPresta','Partenaires'),(118,4,'illicoPresta configuré','Vous avez configuré le module illicoPresta','Partenaires'),(118,5,'illicoPresta configuré','Vous avez configuré le module illicoPresta','Partenaires'),(119,1,'illicoPresta actif','Le module illicoPresta est actif','Partenaires'),(119,2,'illicoPresta actif','Le module illicoPresta est actif','Partenaires'),(119,3,'illicoPresta actif','Le module illicoPresta est actif','Partenaires'),(119,4,'illicoPresta actif','Le module illicoPresta est actif','Partenaires'),(119,5,'illicoPresta actif','Le module illicoPresta est actif','Partenaires'),(120,1,'illicoPresta très actif','Le module illicoPresta est très actif','Partenaires'),(120,2,'illicoPresta très actif','Le module illicoPresta est très actif','Partenaires'),(120,3,'illicoPresta très actif','Le module illicoPresta est très actif','Partenaires'),(120,4,'illicoPresta très actif','Le module illicoPresta est très actif','Partenaires'),(120,5,'illicoPresta très actif','Le module illicoPresta est très actif','Partenaires'),(121,1,'Référencement','Vous avez activé la réécriture d\'URL via l\'onglet \"Préférences > SEO et URLs\".','Référencement'),(121,2,'Référencement','Vous avez activé la réécriture d\'URL via l\'onglet \"Préférences > SEO et URLs\".','Référencement'),(121,3,'Référencement','Vous avez activé la réécriture d\'URL via l\'onglet \"Préférences > SEO et URLs\".','Référencement'),(121,4,'Référencement','Vous avez activé la réécriture d\'URL via l\'onglet \"Préférences > SEO et URLs\".','Référencement'),(121,5,'Référencement','Vous avez activé la réécriture d\'URL via l\'onglet \"Préférences > SEO et URLs\".','Référencement'),(122,1,'Performances','Vous avez activé CCC (Concaténation, Compression et mise en Cache), Rijndael et Smarty via l\'onglet \"Paramètres avancés > Performances\".','Performances'),(122,2,'Performances','Vous avez activé CCC (Concaténation, Compression et mise en Cache), Rijndael et Smarty via l\'onglet \"Paramètres avancés > Performances\".','Performances'),(122,3,'Performances','Vous avez activé CCC (Concaténation, Compression et mise en Cache), Rijndael et Smarty via l\'onglet \"Paramètres avancés > Performances\".','Performances'),(122,4,'Performances','Vous avez activé CCC (Concaténation, Compression et mise en Cache), Rijndael et Smarty via l\'onglet \"Paramètres avancés > Performances\".','Performances'),(122,5,'Performances','Vous avez activé CCC (Concaténation, Compression et mise en Cache), Rijndael et Smarty via l\'onglet \"Paramètres avancés > Performances\".','Performances'),(123,1,'Performances','Vous avez activé des serveurs de médias via l\'onglet \" Paramètres avancés > Performances\". ','Performances'),(123,2,'Performances','Vous avez activé des serveurs de médias via l\'onglet \" Paramètres avancés > Performances\". ','Performances'),(123,3,'Performances','Vous avez activé des serveurs de médias via l\'onglet \" Paramètres avancés > Performances\". ','Performances'),(123,4,'Performances','Vous avez activé des serveurs de médias via l\'onglet \" Paramètres avancés > Performances\". ','Performances'),(123,5,'Performances','Vous avez activé des serveurs de médias via l\'onglet \" Paramètres avancés > Performances\". ','Performances'),(124,1,'Moyens de paiement','Vous avez configuré une méthode de paiement sur votre boutique.','Moyens de paiement'),(124,2,'Moyens de paiement','Vous avez configuré une méthode de paiement sur votre boutique.','Moyens de paiement'),(124,3,'Moyens de paiement','Vous avez configuré une méthode de paiement sur votre boutique.','Moyens de paiement'),(124,4,'Moyens de paiement','Vous avez configuré une méthode de paiement sur votre boutique.','Moyens de paiement'),(124,5,'Moyens de paiement','Vous avez configuré une méthode de paiement sur votre boutique.','Moyens de paiement'),(125,1,'Moyens de paiement','Vous offrez 2 méthodes de paiement différentes à vos clients.','Moyens de paiement'),(125,2,'Moyens de paiement','Vous offrez 2 méthodes de paiement différentes à vos clients.','Moyens de paiement'),(125,3,'Moyens de paiement','Vous offrez 2 méthodes de paiement différentes à vos clients.','Moyens de paiement'),(125,4,'Moyens de paiement','Vous offrez 2 méthodes de paiement différentes à vos clients.','Moyens de paiement'),(125,5,'Moyens de paiement','Vous offrez 2 méthodes de paiement différentes à vos clients.','Moyens de paiement'),(126,1,'Solutions de transport','Vous avez configuré un transporteur sur votre boutique.','Solutions de transport'),(126,2,'Solutions de transport','Vous avez configuré un transporteur sur votre boutique.','Solutions de transport'),(126,3,'Solutions de transport','Vous avez configuré un transporteur sur votre boutique.','Solutions de transport'),(126,4,'Solutions de transport','Vous avez configuré un transporteur sur votre boutique.','Solutions de transport'),(126,5,'Solutions de transport','Vous avez configuré un transporteur sur votre boutique.','Solutions de transport'),(127,1,'Solutions de transport','Vous proposez 2 solutions de livraison (transporteurs) à vos clients.','Solutions de transport'),(127,2,'Solutions de transport','Vous proposez 2 solutions de livraison (transporteurs) à vos clients.','Solutions de transport'),(127,3,'Solutions de transport','Vous proposez 2 solutions de livraison (transporteurs) à vos clients.','Solutions de transport'),(127,4,'Solutions de transport','Vous proposez 2 solutions de livraison (transporteurs) à vos clients.','Solutions de transport'),(127,5,'Solutions de transport','Vous proposez 2 solutions de livraison (transporteurs) à vos clients.','Solutions de transport'),(128,1,'Taille de catalogue','Vous avez créé le premier produit dans votre catalogue.','Taille de catalogue'),(128,2,'Taille de catalogue','Vous avez créé le premier produit dans votre catalogue.','Taille de catalogue'),(128,3,'Taille de catalogue','Vous avez créé le premier produit dans votre catalogue.','Taille de catalogue'),(128,4,'Taille de catalogue','Vous avez créé le premier produit dans votre catalogue.','Taille de catalogue'),(128,5,'Taille de catalogue','Vous avez créé le premier produit dans votre catalogue.','Taille de catalogue'),(129,1,'Taille de catalogue','Vous avez 10 produits au sein de votre catalogue.','Taille de catalogue'),(129,2,'Taille de catalogue','Vous avez 10 produits au sein de votre catalogue.','Taille de catalogue'),(129,3,'Taille de catalogue','Vous avez 10 produits au sein de votre catalogue.','Taille de catalogue'),(129,4,'Taille de catalogue','Vous avez 10 produits au sein de votre catalogue.','Taille de catalogue'),(129,5,'Taille de catalogue','Vous avez 10 produits au sein de votre catalogue.','Taille de catalogue'),(130,1,'Points de contact','Vous avez configuré votre numéro de téléphone en guise de point de contact.','Points de contact'),(130,2,'Points de contact','Vous avez configuré votre numéro de téléphone en guise de point de contact.','Points de contact'),(130,3,'Points de contact','Vous avez configuré votre numéro de téléphone en guise de point de contact.','Points de contact'),(130,4,'Points de contact','Vous avez configuré votre numéro de téléphone en guise de point de contact.','Points de contact'),(130,5,'Points de contact','Vous avez configuré votre numéro de téléphone en guise de point de contact.','Points de contact'),(131,1,'Points de contact','Vous avez configuré une troisième adresse via votre formulaire de contact.','Points de contact'),(131,2,'Points de contact','Vous avez configuré une troisième adresse via votre formulaire de contact.','Points de contact'),(131,3,'Points de contact','Vous avez configuré une troisième adresse via votre formulaire de contact.','Points de contact'),(131,4,'Points de contact','Vous avez configuré une troisième adresse via votre formulaire de contact.','Points de contact'),(131,5,'Points de contact','Vous avez configuré une troisième adresse via votre formulaire de contact.','Points de contact'),(132,1,'Points de contact','5 services différents peuvent être contactés via votre formulaire de contact.','Points de contact'),(132,2,'Points de contact','5 services différents peuvent être contactés via votre formulaire de contact.','Points de contact'),(132,3,'Points de contact','5 services différents peuvent être contactés via votre formulaire de contact.','Points de contact'),(132,4,'Points de contact','5 services différents peuvent être contactés via votre formulaire de contact.','Points de contact'),(132,5,'Points de contact','5 services différents peuvent être contactés via votre formulaire de contact.','Points de contact'),(133,1,'Taille de catalogue','Vous avez 100 produits au sein de votre catalogue.','Taille de catalogue'),(133,2,'Taille de catalogue','Vous avez 100 produits au sein de votre catalogue.','Taille de catalogue'),(133,3,'Taille de catalogue','Vous avez 100 produits au sein de votre catalogue.','Taille de catalogue'),(133,4,'Taille de catalogue','Vous avez 100 produits au sein de votre catalogue.','Taille de catalogue'),(133,5,'Taille de catalogue','Vous avez 100 produits au sein de votre catalogue.','Taille de catalogue'),(134,1,'Taille de catalogue','Vous avez 1 000 produits au sein de votre catalogue.','Taille de catalogue'),(134,2,'Taille de catalogue','Vous avez 1 000 produits au sein de votre catalogue.','Taille de catalogue'),(134,3,'Taille de catalogue','Vous avez 1 000 produits au sein de votre catalogue.','Taille de catalogue'),(134,4,'Taille de catalogue','Vous avez 1 000 produits au sein de votre catalogue.','Taille de catalogue'),(134,5,'Taille de catalogue','Vous avez 1 000 produits au sein de votre catalogue.','Taille de catalogue'),(135,1,'Taille de catalogue','Vous avez 10 000 produits au sein de votre catalogue.','Taille de catalogue'),(135,2,'Taille de catalogue','Vous avez 10 000 produits au sein de votre catalogue.','Taille de catalogue'),(135,3,'Taille de catalogue','Vous avez 10 000 produits au sein de votre catalogue.','Taille de catalogue'),(135,4,'Taille de catalogue','Vous avez 10 000 produits au sein de votre catalogue.','Taille de catalogue'),(135,5,'Taille de catalogue','Vous avez 10 000 produits au sein de votre catalogue.','Taille de catalogue'),(136,1,'Taille de catalogue','Vous avez 100 000 produits au sein de votre catalogue.','Taille de catalogue'),(136,2,'Taille de catalogue','Vous avez 100 000 produits au sein de votre catalogue.','Taille de catalogue'),(136,3,'Taille de catalogue','Vous avez 100 000 produits au sein de votre catalogue.','Taille de catalogue'),(136,4,'Taille de catalogue','Vous avez 100 000 produits au sein de votre catalogue.','Taille de catalogue'),(136,5,'Taille de catalogue','Vous avez 100 000 produits au sein de votre catalogue.','Taille de catalogue'),(137,1,'Expérience','Vous avez installé PrestaShop !','Expérience'),(137,2,'Expérience','Vous avez installé PrestaShop !','Expérience'),(137,3,'Expérience','Vous avez installé PrestaShop !','Expérience'),(137,4,'Expérience','Vous avez installé PrestaShop !','Expérience'),(137,5,'Expérience','Vous avez installé PrestaShop !','Expérience'),(138,1,'Expérience','Vous avez démarré avec PrestaShop il y a une semaine !','Expérience'),(138,2,'Expérience','Vous avez démarré avec PrestaShop il y a une semaine !','Expérience'),(138,3,'Expérience','Vous avez démarré avec PrestaShop il y a une semaine !','Expérience'),(138,4,'Expérience','Vous avez démarré avec PrestaShop il y a une semaine !','Expérience'),(138,5,'Expérience','Vous avez démarré avec PrestaShop il y a une semaine !','Expérience'),(139,1,'Personnalisation','Vous avez ajouté votre logo.','Personnalisation'),(139,2,'Personnalisation','Vous avez ajouté votre logo.','Personnalisation'),(139,3,'Personnalisation','Vous avez ajouté votre logo.','Personnalisation'),(139,4,'Personnalisation','Vous avez ajouté votre logo.','Personnalisation'),(139,5,'Personnalisation','Vous avez ajouté votre logo.','Personnalisation'),(140,1,'Personnalisation','Vous avez installé un nouveau thème graphique.','Personnalisation'),(140,2,'Personnalisation','Vous avez installé un nouveau thème graphique.','Personnalisation'),(140,3,'Personnalisation','Vous avez installé un nouveau thème graphique.','Personnalisation'),(140,4,'Personnalisation','Vous avez installé un nouveau thème graphique.','Personnalisation'),(140,5,'Personnalisation','Vous avez installé un nouveau thème graphique.','Personnalisation'),(141,1,'Addons','Vous avez connecté votre back-office à la plateforme Addons grâce à votre compte PrestaShop Addons.','Addons'),(141,2,'Addons','Vous avez connecté votre back-office à la plateforme Addons grâce à votre compte PrestaShop Addons.','Addons'),(141,3,'Addons','Vous avez connecté votre back-office à la plateforme Addons grâce à votre compte PrestaShop Addons.','Addons'),(141,4,'Addons','Vous avez connecté votre back-office à la plateforme Addons grâce à votre compte PrestaShop Addons.','Addons'),(141,5,'Addons','Vous avez connecté votre back-office à la plateforme Addons grâce à votre compte PrestaShop Addons.','Addons'),(142,1,'Multi-boutiques','Vous avez activé le multi-boutiques.','Multi-boutiques'),(142,2,'Multi-boutiques','Vous avez activé le multi-boutiques.','Multi-boutiques'),(142,3,'Multi-boutiques','Vous avez activé le multi-boutiques.','Multi-boutiques'),(142,4,'Multi-boutiques','Vous avez activé le multi-boutiques.','Multi-boutiques'),(142,5,'Multi-boutiques','Vous avez activé le multi-boutiques.','Multi-boutiques'),(143,1,'Multi-boutiques','Vous gérez 2 boutiques différentes via la fonctionnalité de multi-boutiques.','Multi-boutiques'),(143,2,'Multi-boutiques','Vous gérez 2 boutiques différentes via la fonctionnalité de multi-boutiques.','Multi-boutiques'),(143,3,'Multi-boutiques','Vous gérez 2 boutiques différentes via la fonctionnalité de multi-boutiques.','Multi-boutiques'),(143,4,'Multi-boutiques','Vous gérez 2 boutiques différentes via la fonctionnalité de multi-boutiques.','Multi-boutiques'),(143,5,'Multi-boutiques','Vous gérez 2 boutiques différentes via la fonctionnalité de multi-boutiques.','Multi-boutiques'),(144,1,'Multi-boutiques','Vous gérez 2 groupes de boutiques grâce à la fonctionnalité du multi-boutiques.','Multi-boutiques'),(144,2,'Multi-boutiques','Vous gérez 2 groupes de boutiques grâce à la fonctionnalité du multi-boutiques.','Multi-boutiques'),(144,3,'Multi-boutiques','Vous gérez 2 groupes de boutiques grâce à la fonctionnalité du multi-boutiques.','Multi-boutiques'),(144,4,'Multi-boutiques','Vous gérez 2 groupes de boutiques grâce à la fonctionnalité du multi-boutiques.','Multi-boutiques'),(144,5,'Multi-boutiques','Vous gérez 2 groupes de boutiques grâce à la fonctionnalité du multi-boutiques.','Multi-boutiques'),(145,1,'Multi-boutiques','Vous gérez 5 boutiques différentes via la fonctionnalité de multi-boutiques.','Multi-boutiques'),(145,2,'Multi-boutiques','Vous gérez 5 boutiques différentes via la fonctionnalité de multi-boutiques.','Multi-boutiques'),(145,3,'Multi-boutiques','Vous gérez 5 boutiques différentes via la fonctionnalité de multi-boutiques.','Multi-boutiques'),(145,4,'Multi-boutiques','Vous gérez 5 boutiques différentes via la fonctionnalité de multi-boutiques.','Multi-boutiques'),(145,5,'Multi-boutiques','Vous gérez 5 boutiques différentes via la fonctionnalité de multi-boutiques.','Multi-boutiques'),(146,1,'Multi-boutiques','Vous gérez 5 groupes de boutiques grâce à la fonctionnalité du multi-boutiques.','Multi-boutiques'),(146,2,'Multi-boutiques','Vous gérez 5 groupes de boutiques grâce à la fonctionnalité du multi-boutiques.','Multi-boutiques'),(146,3,'Multi-boutiques','Vous gérez 5 groupes de boutiques grâce à la fonctionnalité du multi-boutiques.','Multi-boutiques'),(146,4,'Multi-boutiques','Vous gérez 5 groupes de boutiques grâce à la fonctionnalité du multi-boutiques.','Multi-boutiques'),(146,5,'Multi-boutiques','Vous gérez 5 groupes de boutiques grâce à la fonctionnalité du multi-boutiques.','Multi-boutiques'),(147,1,'Solutions de transport','Vous proposez 3 solutions de livraison différentes (transporteurs) à vos clients.','Solutions de transport'),(147,2,'Solutions de transport','Vous proposez 3 solutions de livraison différentes (transporteurs) à vos clients.','Solutions de transport'),(147,3,'Solutions de transport','Vous proposez 3 solutions de livraison différentes (transporteurs) à vos clients.','Solutions de transport'),(147,4,'Solutions de transport','Vous proposez 3 solutions de livraison différentes (transporteurs) à vos clients.','Solutions de transport'),(147,5,'Solutions de transport','Vous proposez 3 solutions de livraison différentes (transporteurs) à vos clients.','Solutions de transport'),(148,1,'Moyens de paiement','Vous offrez 3 méthodes de paiement différentes à vos clients.','Moyens de paiement'),(148,2,'Moyens de paiement','Vous offrez 3 méthodes de paiement différentes à vos clients.','Moyens de paiement'),(148,3,'Moyens de paiement','Vous offrez 3 méthodes de paiement différentes à vos clients.','Moyens de paiement'),(148,4,'Moyens de paiement','Vous offrez 3 méthodes de paiement différentes à vos clients.','Moyens de paiement'),(148,5,'Moyens de paiement','Vous offrez 3 méthodes de paiement différentes à vos clients.','Moyens de paiement'),(149,1,'Chiffre d\'affaires','Vous remportez ce badge lorsque vous atteignez un chiffre d\'affaires de 100 EUR.','Chiffre d\'affaires'),(149,2,'Chiffre d\'affaires','Vous remportez ce badge lorsque vous atteignez un chiffre d\'affaires de 100 EUR.','Chiffre d\'affaires'),(149,3,'Chiffre d\'affaires','Vous remportez ce badge lorsque vous atteignez un chiffre d\'affaires de 100 EUR.','Chiffre d\'affaires'),(149,4,'Chiffre d\'affaires','Vous remportez ce badge lorsque vous atteignez un chiffre d\'affaires de 100 EUR.','Chiffre d\'affaires'),(149,5,'Chiffre d\'affaires','Vous remportez ce badge lorsque vous atteignez un chiffre d\'affaires de 100 EUR.','Chiffre d\'affaires'),(150,1,'Chiffre d\'affaires','Vous remportez ce badge lorsque vous atteignez un chiffre d\'affaires de 1000 EUR.','Chiffre d\'affaires'),(150,2,'Chiffre d\'affaires','Vous remportez ce badge lorsque vous atteignez un chiffre d\'affaires de 1000 EUR.','Chiffre d\'affaires'),(150,3,'Chiffre d\'affaires','Vous remportez ce badge lorsque vous atteignez un chiffre d\'affaires de 1000 EUR.','Chiffre d\'affaires'),(150,4,'Chiffre d\'affaires','Vous remportez ce badge lorsque vous atteignez un chiffre d\'affaires de 1000 EUR.','Chiffre d\'affaires'),(150,5,'Chiffre d\'affaires','Vous remportez ce badge lorsque vous atteignez un chiffre d\'affaires de 1000 EUR.','Chiffre d\'affaires'),(151,1,'Chiffre d\'affaires','Vous remportez ce badge lorsque vous atteignez un chiffre d\'affaires de 10 000 EUR.','Chiffre d\'affaires'),(151,2,'Chiffre d\'affaires','Vous remportez ce badge lorsque vous atteignez un chiffre d\'affaires de 10 000 EUR.','Chiffre d\'affaires'),(151,3,'Chiffre d\'affaires','Vous remportez ce badge lorsque vous atteignez un chiffre d\'affaires de 10 000 EUR.','Chiffre d\'affaires'),(151,4,'Chiffre d\'affaires','Vous remportez ce badge lorsque vous atteignez un chiffre d\'affaires de 10 000 EUR.','Chiffre d\'affaires'),(151,5,'Chiffre d\'affaires','Vous remportez ce badge lorsque vous atteignez un chiffre d\'affaires de 10 000 EUR.','Chiffre d\'affaires'),(152,1,'Chiffre d\'affaires','Vous remportez ce badge lorsque vous atteignez un chiffre d\'affaires de 100 000 EUR.','Chiffre d\'affaires'),(152,2,'Chiffre d\'affaires','Vous remportez ce badge lorsque vous atteignez un chiffre d\'affaires de 100 000 EUR.','Chiffre d\'affaires'),(152,3,'Chiffre d\'affaires','Vous remportez ce badge lorsque vous atteignez un chiffre d\'affaires de 100 000 EUR.','Chiffre d\'affaires'),(152,4,'Chiffre d\'affaires','Vous remportez ce badge lorsque vous atteignez un chiffre d\'affaires de 100 000 EUR.','Chiffre d\'affaires'),(152,5,'Chiffre d\'affaires','Vous remportez ce badge lorsque vous atteignez un chiffre d\'affaires de 100 000 EUR.','Chiffre d\'affaires'),(153,1,'Chiffre d\'affaires','Vous remportez ce badge lorsque vous atteignez un chiffre d\'affaires de 1 000 000 EUR','Chiffre d\'affaires'),(153,2,'Chiffre d\'affaires','Vous remportez ce badge lorsque vous atteignez un chiffre d\'affaires de 1 000 000 EUR','Chiffre d\'affaires'),(153,3,'Chiffre d\'affaires','Vous remportez ce badge lorsque vous atteignez un chiffre d\'affaires de 1 000 000 EUR','Chiffre d\'affaires'),(153,4,'Chiffre d\'affaires','Vous remportez ce badge lorsque vous atteignez un chiffre d\'affaires de 1 000 000 EUR','Chiffre d\'affaires'),(153,5,'Chiffre d\'affaires','Vous remportez ce badge lorsque vous atteignez un chiffre d\'affaires de 1 000 000 EUR','Chiffre d\'affaires'),(154,1,'Chiffre d\'affaires','Vous remportez ce badge lorsque vous atteignez un chiffre d\'affaires de 10 000 000 EUR.','Chiffre d\'affaires'),(154,2,'Chiffre d\'affaires','Vous remportez ce badge lorsque vous atteignez un chiffre d\'affaires de 10 000 000 EUR.','Chiffre d\'affaires'),(154,3,'Chiffre d\'affaires','Vous remportez ce badge lorsque vous atteignez un chiffre d\'affaires de 10 000 000 EUR.','Chiffre d\'affaires'),(154,4,'Chiffre d\'affaires','Vous remportez ce badge lorsque vous atteignez un chiffre d\'affaires de 10 000 000 EUR.','Chiffre d\'affaires'),(154,5,'Chiffre d\'affaires','Vous remportez ce badge lorsque vous atteignez un chiffre d\'affaires de 10 000 000 EUR.','Chiffre d\'affaires'),(155,1,'Expérience','Déjà un mois que vous avez installé PrestaShop !','Expérience'),(155,2,'Expérience','Déjà un mois que vous avez installé PrestaShop !','Expérience'),(155,3,'Expérience','Déjà un mois que vous avez installé PrestaShop !','Expérience'),(155,4,'Expérience','Déjà un mois que vous avez installé PrestaShop !','Expérience'),(155,5,'Expérience','Déjà un mois que vous avez installé PrestaShop !','Expérience'),(156,1,'Expérience','Vous avez installé PrestaShop il y a 6 mois !','Expérience'),(156,2,'Expérience','Vous avez installé PrestaShop il y a 6 mois !','Expérience'),(156,3,'Expérience','Vous avez installé PrestaShop il y a 6 mois !','Expérience'),(156,4,'Expérience','Vous avez installé PrestaShop il y a 6 mois !','Expérience'),(156,5,'Expérience','Vous avez installé PrestaShop il y a 6 mois !','Expérience'),(157,1,'Expérience','Vous avez installé PrestaShop il y a un an !','Expérience'),(157,2,'Expérience','Vous avez installé PrestaShop il y a un an !','Expérience'),(157,3,'Expérience','Vous avez installé PrestaShop il y a un an !','Expérience'),(157,4,'Expérience','Vous avez installé PrestaShop il y a un an !','Expérience'),(157,5,'Expérience','Vous avez installé PrestaShop il y a un an !','Expérience'),(158,1,'Expérience','Vous avez installé PrestaShop il y a deux ans !','Expérience'),(158,2,'Expérience','Vous avez installé PrestaShop il y a deux ans !','Expérience'),(158,3,'Expérience','Vous avez installé PrestaShop il y a deux ans !','Expérience'),(158,4,'Expérience','Vous avez installé PrestaShop il y a deux ans !','Expérience'),(158,5,'Expérience','Vous avez installé PrestaShop il y a deux ans !','Expérience'),(159,1,'Visiteurs','Vous avez accueilli 10 visiteurs !','Visiteurs'),(159,2,'Visiteurs','Vous avez accueilli 10 visiteurs !','Visiteurs'),(159,3,'Visiteurs','Vous avez accueilli 10 visiteurs !','Visiteurs'),(159,4,'Visiteurs','Vous avez accueilli 10 visiteurs !','Visiteurs'),(159,5,'Visiteurs','Vous avez accueilli 10 visiteurs !','Visiteurs'),(160,1,'Visiteurs','Vous avez accueilli 100 visiteurs !','Visiteurs'),(160,2,'Visiteurs','Vous avez accueilli 100 visiteurs !','Visiteurs'),(160,3,'Visiteurs','Vous avez accueilli 100 visiteurs !','Visiteurs'),(160,4,'Visiteurs','Vous avez accueilli 100 visiteurs !','Visiteurs'),(160,5,'Visiteurs','Vous avez accueilli 100 visiteurs !','Visiteurs'),(161,1,'Visiteurs','Vous avez accueilli 1 000 visiteurs !','Visiteurs'),(161,2,'Visiteurs','Vous avez accueilli 1 000 visiteurs !','Visiteurs'),(161,3,'Visiteurs','Vous avez accueilli 1 000 visiteurs !','Visiteurs'),(161,4,'Visiteurs','Vous avez accueilli 1 000 visiteurs !','Visiteurs'),(161,5,'Visiteurs','Vous avez accueilli 1 000 visiteurs !','Visiteurs'),(162,1,'Visiteurs','Vous avez accueilli 10 000 visiteurs !','Visiteurs'),(162,2,'Visiteurs','Vous avez accueilli 10 000 visiteurs !','Visiteurs'),(162,3,'Visiteurs','Vous avez accueilli 10 000 visiteurs !','Visiteurs'),(162,4,'Visiteurs','Vous avez accueilli 10 000 visiteurs !','Visiteurs'),(162,5,'Visiteurs','Vous avez accueilli 10 000 visiteurs !','Visiteurs'),(163,1,'Visiteurs','Vous avez accueilli 100 000 visiteurs !','Visiteurs'),(163,2,'Visiteurs','Vous avez accueilli 100 000 visiteurs !','Visiteurs'),(163,3,'Visiteurs','Vous avez accueilli 100 000 visiteurs !','Visiteurs'),(163,4,'Visiteurs','Vous avez accueilli 100 000 visiteurs !','Visiteurs'),(163,5,'Visiteurs','Vous avez accueilli 100 000 visiteurs !','Visiteurs'),(164,1,'Visiteurs','Vous avez accueilli un million de visiteurs !','Visiteurs'),(164,2,'Visiteurs','Vous avez accueilli un million de visiteurs !','Visiteurs'),(164,3,'Visiteurs','Vous avez accueilli un million de visiteurs !','Visiteurs'),(164,4,'Visiteurs','Vous avez accueilli un million de visiteurs !','Visiteurs'),(164,5,'Visiteurs','Vous avez accueilli un million de visiteurs !','Visiteurs'),(165,1,'Paniers','2 paniers ont été créés par vos visiteurs.','Paniers'),(165,2,'Paniers','2 paniers ont été créés par vos visiteurs.','Paniers'),(165,3,'Paniers','2 paniers ont été créés par vos visiteurs.','Paniers'),(165,4,'Paniers','2 paniers ont été créés par vos visiteurs.','Paniers'),(165,5,'Paniers','2 paniers ont été créés par vos visiteurs.','Paniers'),(166,1,'Paniers','10 paniers ont été créés par vos visiteurs.','Paniers'),(166,2,'Paniers','10 paniers ont été créés par vos visiteurs.','Paniers'),(166,3,'Paniers','10 paniers ont été créés par vos visiteurs.','Paniers'),(166,4,'Paniers','10 paniers ont été créés par vos visiteurs.','Paniers'),(166,5,'Paniers','10 paniers ont été créés par vos visiteurs.','Paniers'),(167,1,'Paniers','100 paniers ont été créés par vos visiteurs.','Paniers'),(167,2,'Paniers','100 paniers ont été créés par vos visiteurs.','Paniers'),(167,3,'Paniers','100 paniers ont été créés par vos visiteurs.','Paniers'),(167,4,'Paniers','100 paniers ont été créés par vos visiteurs.','Paniers'),(167,5,'Paniers','100 paniers ont été créés par vos visiteurs.','Paniers'),(168,1,'Paniers','1 000 paniers ont été créés par vos visiteurs.','Paniers'),(168,2,'Paniers','1 000 paniers ont été créés par vos visiteurs.','Paniers'),(168,3,'Paniers','1 000 paniers ont été créés par vos visiteurs.','Paniers'),(168,4,'Paniers','1 000 paniers ont été créés par vos visiteurs.','Paniers'),(168,5,'Paniers','1 000 paniers ont été créés par vos visiteurs.','Paniers'),(169,1,'Paniers','10 000 paniers ont été créés par vos visiteurs.','Paniers'),(169,2,'Paniers','10 000 paniers ont été créés par vos visiteurs.','Paniers'),(169,3,'Paniers','10 000 paniers ont été créés par vos visiteurs.','Paniers'),(169,4,'Paniers','10 000 paniers ont été créés par vos visiteurs.','Paniers'),(169,5,'Paniers','10 000 paniers ont été créés par vos visiteurs.','Paniers'),(170,1,'Paniers','100 000 paniers ont été créés par vos visiteurs.','Paniers'),(170,2,'Paniers','100 000 paniers ont été créés par vos visiteurs.','Paniers'),(170,3,'Paniers','100 000 paniers ont été créés par vos visiteurs.','Paniers'),(170,4,'Paniers','100 000 paniers ont été créés par vos visiteurs.','Paniers'),(170,5,'Paniers','100 000 paniers ont été créés par vos visiteurs.','Paniers'),(171,1,'Commandes','Vous avez reçu votre première commande.','Commandes'),(171,2,'Commandes','Vous avez reçu votre première commande.','Commandes'),(171,3,'Commandes','Vous avez reçu votre première commande.','Commandes'),(171,4,'Commandes','Vous avez reçu votre première commande.','Commandes'),(171,5,'Commandes','Vous avez reçu votre première commande.','Commandes'),(172,1,'Commandes','10 commandes ont été passées sur votre boutique.','Commandes'),(172,2,'Commandes','10 commandes ont été passées sur votre boutique.','Commandes'),(172,3,'Commandes','10 commandes ont été passées sur votre boutique.','Commandes'),(172,4,'Commandes','10 commandes ont été passées sur votre boutique.','Commandes'),(172,5,'Commandes','10 commandes ont été passées sur votre boutique.','Commandes'),(173,1,'Commandes','100 commandes ont été passées sur votre boutique.','Commandes'),(173,2,'Commandes','100 commandes ont été passées sur votre boutique.','Commandes'),(173,3,'Commandes','100 commandes ont été passées sur votre boutique.','Commandes'),(173,4,'Commandes','100 commandes ont été passées sur votre boutique.','Commandes'),(173,5,'Commandes','100 commandes ont été passées sur votre boutique.','Commandes'),(174,1,'Commandes','1 000 commandes ont été passées sur votre boutique. Bravo !','Commandes'),(174,2,'Commandes','1 000 commandes ont été passées sur votre boutique. Bravo !','Commandes'),(174,3,'Commandes','1 000 commandes ont été passées sur votre boutique. Bravo !','Commandes'),(174,4,'Commandes','1 000 commandes ont été passées sur votre boutique. Bravo !','Commandes'),(174,5,'Commandes','1 000 commandes ont été passées sur votre boutique. Bravo !','Commandes'),(175,1,'Commandes','10 000 commandes ont été passées sur votre boutique, félicitations !','Commandes'),(175,2,'Commandes','10 000 commandes ont été passées sur votre boutique, félicitations !','Commandes'),(175,3,'Commandes','10 000 commandes ont été passées sur votre boutique, félicitations !','Commandes'),(175,4,'Commandes','10 000 commandes ont été passées sur votre boutique, félicitations !','Commandes'),(175,5,'Commandes','10 000 commandes ont été passées sur votre boutique, félicitations !','Commandes'),(176,1,'Commandes','100 000 commandes ont été passées sur votre boutique.','Commandes'),(176,2,'Commandes','100 000 commandes ont été passées sur votre boutique.','Commandes'),(176,3,'Commandes','100 000 commandes ont été passées sur votre boutique.','Commandes'),(176,4,'Commandes','100 000 commandes ont été passées sur votre boutique.','Commandes'),(176,5,'Commandes','100 000 commandes ont été passées sur votre boutique.','Commandes'),(177,1,'Messages Clients','Vous avez reçu votre premier message client.','Messages Clients'),(177,2,'Messages Clients','Vous avez reçu votre premier message client.','Messages Clients'),(177,3,'Messages Clients','Vous avez reçu votre premier message client.','Messages Clients'),(177,4,'Messages Clients','Vous avez reçu votre premier message client.','Messages Clients'),(177,5,'Messages Clients','Vous avez reçu votre premier message client.','Messages Clients'),(178,1,'Messages Clients','Vous avez reçu 10 messages clients.','Messages Clients'),(178,2,'Messages Clients','Vous avez reçu 10 messages clients.','Messages Clients'),(178,3,'Messages Clients','Vous avez reçu 10 messages clients.','Messages Clients'),(178,4,'Messages Clients','Vous avez reçu 10 messages clients.','Messages Clients'),(178,5,'Messages Clients','Vous avez reçu 10 messages clients.','Messages Clients'),(179,1,'Messages Clients','Vous avez reçu 100 messages clients.','Messages Clients'),(179,2,'Messages Clients','Vous avez reçu 100 messages clients.','Messages Clients'),(179,3,'Messages Clients','Vous avez reçu 100 messages clients.','Messages Clients'),(179,4,'Messages Clients','Vous avez reçu 100 messages clients.','Messages Clients'),(179,5,'Messages Clients','Vous avez reçu 100 messages clients.','Messages Clients'),(180,1,'Messages Clients','Vous avez reçu 1 000 messages clients.','Messages Clients'),(180,2,'Messages Clients','Vous avez reçu 1 000 messages clients.','Messages Clients'),(180,3,'Messages Clients','Vous avez reçu 1 000 messages clients.','Messages Clients'),(180,4,'Messages Clients','Vous avez reçu 1 000 messages clients.','Messages Clients'),(180,5,'Messages Clients','Vous avez reçu 1 000 messages clients.','Messages Clients'),(181,1,'Messages Clients','Vous avez reçu 10 000 messages clients.','Messages Clients'),(181,2,'Messages Clients','Vous avez reçu 10 000 messages clients.','Messages Clients'),(181,3,'Messages Clients','Vous avez reçu 10 000 messages clients.','Messages Clients'),(181,4,'Messages Clients','Vous avez reçu 10 000 messages clients.','Messages Clients'),(181,5,'Messages Clients','Vous avez reçu 10 000 messages clients.','Messages Clients'),(182,1,'Messages Clients','Vous avez reçu 100 000 messages clients.','Messages Clients'),(182,2,'Messages Clients','Vous avez reçu 100 000 messages clients.','Messages Clients'),(182,3,'Messages Clients','Vous avez reçu 100 000 messages clients.','Messages Clients'),(182,4,'Messages Clients','Vous avez reçu 100 000 messages clients.','Messages Clients'),(182,5,'Messages Clients','Vous avez reçu 100 000 messages clients.','Messages Clients'),(183,1,'Clients','Votre premier client vient de s\'inscrire à votre boutique !','Clients'),(183,2,'Clients','Votre premier client vient de s\'inscrire à votre boutique !','Clients'),(183,3,'Clients','Votre premier client vient de s\'inscrire à votre boutique !','Clients'),(183,4,'Clients','Votre premier client vient de s\'inscrire à votre boutique !','Clients'),(183,5,'Clients','Votre premier client vient de s\'inscrire à votre boutique !','Clients'),(184,1,'Clients','Vous avez plus de 10 clients inscrits sur votre boutique.','Clients'),(184,2,'Clients','Vous avez plus de 10 clients inscrits sur votre boutique.','Clients'),(184,3,'Clients','Vous avez plus de 10 clients inscrits sur votre boutique.','Clients'),(184,4,'Clients','Vous avez plus de 10 clients inscrits sur votre boutique.','Clients'),(184,5,'Clients','Vous avez plus de 10 clients inscrits sur votre boutique.','Clients'),(185,1,'Clients','Vous avez plus de 100 clients inscrits sur votre boutique.','Clients'),(185,2,'Clients','Vous avez plus de 100 clients inscrits sur votre boutique.','Clients'),(185,3,'Clients','Vous avez plus de 100 clients inscrits sur votre boutique.','Clients'),(185,4,'Clients','Vous avez plus de 100 clients inscrits sur votre boutique.','Clients'),(185,5,'Clients','Vous avez plus de 100 clients inscrits sur votre boutique.','Clients'),(186,1,'Clients','Vous avez plus de 1 000 clients inscrits sur votre boutique.','Clients'),(186,2,'Clients','Vous avez plus de 1 000 clients inscrits sur votre boutique.','Clients'),(186,3,'Clients','Vous avez plus de 1 000 clients inscrits sur votre boutique.','Clients'),(186,4,'Clients','Vous avez plus de 1 000 clients inscrits sur votre boutique.','Clients'),(186,5,'Clients','Vous avez plus de 1 000 clients inscrits sur votre boutique.','Clients'),(187,1,'Clients','Vous avez plus de 10 000 clients inscrits sur votre boutique.','Clients'),(187,2,'Clients','Vous avez plus de 10 000 clients inscrits sur votre boutique.','Clients'),(187,3,'Clients','Vous avez plus de 10 000 clients inscrits sur votre boutique.','Clients'),(187,4,'Clients','Vous avez plus de 10 000 clients inscrits sur votre boutique.','Clients'),(187,5,'Clients','Vous avez plus de 10 000 clients inscrits sur votre boutique.','Clients'),(188,1,'Clients','Vous avez plus de 100 000 clients inscrits sur votre boutique.','Clients'),(188,2,'Clients','Vous avez plus de 100 000 clients inscrits sur votre boutique.','Clients'),(188,3,'Clients','Vous avez plus de 100 000 clients inscrits sur votre boutique.','Clients'),(188,4,'Clients','Vous avez plus de 100 000 clients inscrits sur votre boutique.','Clients'),(188,5,'Clients','Vous avez plus de 100 000 clients inscrits sur votre boutique.','Clients'),(189,1,'Europe de l\'Ouest','Vous avez réalisé votre première vente en Europe de l\'Ouest !','Europe de l\'Ouest'),(189,2,'Europe de l\'Ouest','Vous avez réalisé votre première vente en Europe de l\'Ouest !','Europe de l\'Ouest'),(189,3,'Europe de l\'Ouest','Vous avez réalisé votre première vente en Europe de l\'Ouest !','Europe de l\'Ouest'),(189,4,'Europe de l\'Ouest','Vous avez réalisé votre première vente en Europe de l\'Ouest !','Europe de l\'Ouest'),(189,5,'Europe de l\'Ouest','Vous avez réalisé votre première vente en Europe de l\'Ouest !','Europe de l\'Ouest'),(190,1,'Europe du Sud','Vous avez réalisé votre première vente en Europe du Sud !','Europe du Sud'),(190,2,'Europe du Sud','Vous avez réalisé votre première vente en Europe du Sud !','Europe du Sud'),(190,3,'Europe du Sud','Vous avez réalisé votre première vente en Europe du Sud !','Europe du Sud'),(190,4,'Europe du Sud','Vous avez réalisé votre première vente en Europe du Sud !','Europe du Sud'),(190,5,'Europe du Sud','Vous avez réalisé votre première vente en Europe du Sud !','Europe du Sud'),(191,1,'Europe de l\'Est','Vous avez réalisé votre première vente en Europe de l\'Est !','Europe de l\'Est'),(191,2,'Europe de l\'Est','Vous avez réalisé votre première vente en Europe de l\'Est !','Europe de l\'Est'),(191,3,'Europe de l\'Est','Vous avez réalisé votre première vente en Europe de l\'Est !','Europe de l\'Est'),(191,4,'Europe de l\'Est','Vous avez réalisé votre première vente en Europe de l\'Est !','Europe de l\'Est'),(191,5,'Europe de l\'Est','Vous avez réalisé votre première vente en Europe de l\'Est !','Europe de l\'Est'),(192,1,'Europe Centrale','Vous avez réalisé votre première vente en Europe Centrale !','Europe Centrale'),(192,2,'Europe Centrale','Vous avez réalisé votre première vente en Europe Centrale !','Europe Centrale'),(192,3,'Europe Centrale','Vous avez réalisé votre première vente en Europe Centrale !','Europe Centrale'),(192,4,'Europe Centrale','Vous avez réalisé votre première vente en Europe Centrale !','Europe Centrale'),(192,5,'Europe Centrale','Vous avez réalisé votre première vente en Europe Centrale !','Europe Centrale'),(193,1,'Europe du Nord','Vous avez réalisé votre première vente en Europe du Nord !','Europe du Nord'),(193,2,'Europe du Nord','Vous avez réalisé votre première vente en Europe du Nord !','Europe du Nord'),(193,3,'Europe du Nord','Vous avez réalisé votre première vente en Europe du Nord !','Europe du Nord'),(193,4,'Europe du Nord','Vous avez réalisé votre première vente en Europe du Nord !','Europe du Nord'),(193,5,'Europe du Nord','Vous avez réalisé votre première vente en Europe du Nord !','Europe du Nord'),(194,1,'Amérique du Nord','Vous avez réalisé votre première vente en Amérique du Nord','Amérique du Nord'),(194,2,'Amérique du Nord','Vous avez réalisé votre première vente en Amérique du Nord','Amérique du Nord'),(194,3,'Amérique du Nord','Vous avez réalisé votre première vente en Amérique du Nord','Amérique du Nord'),(194,4,'Amérique du Nord','Vous avez réalisé votre première vente en Amérique du Nord','Amérique du Nord'),(194,5,'Amérique du Nord','Vous avez réalisé votre première vente en Amérique du Nord','Amérique du Nord'),(195,1,'Océanie','Vous avez réalisé votre première vente en Océanie','Océanie'),(195,2,'Océanie','Vous avez réalisé votre première vente en Océanie','Océanie'),(195,3,'Océanie','Vous avez réalisé votre première vente en Océanie','Océanie'),(195,4,'Océanie','Vous avez réalisé votre première vente en Océanie','Océanie'),(195,5,'Océanie','Vous avez réalisé votre première vente en Océanie','Océanie'),(196,1,'Asie','Vous avez réalisé votre première vente en Asie','Asie'),(196,2,'Asie','Vous avez réalisé votre première vente en Asie','Asie'),(196,3,'Asie','Vous avez réalisé votre première vente en Asie','Asie'),(196,4,'Asie','Vous avez réalisé votre première vente en Asie','Asie'),(196,5,'Asie','Vous avez réalisé votre première vente en Asie','Asie'),(197,1,'Amérique du Sud','Vous avez réalisé votre première vente en Amérique du Sud','Amérique du Sud'),(197,2,'Amérique du Sud','Vous avez réalisé votre première vente en Amérique du Sud','Amérique du Sud'),(197,3,'Amérique du Sud','Vous avez réalisé votre première vente en Amérique du Sud','Amérique du Sud'),(197,4,'Amérique du Sud','Vous avez réalisé votre première vente en Amérique du Sud','Amérique du Sud'),(197,5,'Amérique du Sud','Vous avez réalisé votre première vente en Amérique du Sud','Amérique du Sud'),(198,1,'Afrique','Vous avez réalisé votre première vente en Afrique','Afrique'),(198,2,'Afrique','Vous avez réalisé votre première vente en Afrique','Afrique'),(198,3,'Afrique','Vous avez réalisé votre première vente en Afrique','Afrique'),(198,4,'Afrique','Vous avez réalisé votre première vente en Afrique','Afrique'),(198,5,'Afrique','Vous avez réalisé votre première vente en Afrique','Afrique'),(199,1,'Maghreb','Vous avez réalisé votre première vente au Maghreb','Maghreb'),(199,2,'Maghreb','Vous avez réalisé votre première vente au Maghreb','Maghreb'),(199,3,'Maghreb','Vous avez réalisé votre première vente au Maghreb','Maghreb'),(199,4,'Maghreb','Vous avez réalisé votre première vente au Maghreb','Maghreb'),(199,5,'Maghreb','Vous avez réalisé votre première vente au Maghreb','Maghreb'),(200,1,'Equipe','1er compte d\'employé ajouté à votre boutique','Equipe'),(200,2,'Equipe','1er compte d\'employé ajouté à votre boutique','Equipe'),(200,3,'Equipe','1er compte d\'employé ajouté à votre boutique','Equipe'),(200,4,'Equipe','1er compte d\'employé ajouté à votre boutique','Equipe'),(200,5,'Equipe','1er compte d\'employé ajouté à votre boutique','Equipe'),(201,1,'Equipe','3 comptes d\'employé ajoutés à votre boutique','Equipe'),(201,2,'Equipe','3 comptes d\'employé ajoutés à votre boutique','Equipe'),(201,3,'Equipe','3 comptes d\'employé ajoutés à votre boutique','Equipe'),(201,4,'Equipe','3 comptes d\'employé ajoutés à votre boutique','Equipe'),(201,5,'Equipe','3 comptes d\'employé ajoutés à votre boutique','Equipe'),(202,1,'Equipe','5 comptes d\'employé ajoutés à votre boutique','Equipe'),(202,2,'Equipe','5 comptes d\'employé ajoutés à votre boutique','Equipe'),(202,3,'Equipe','5 comptes d\'employé ajoutés à votre boutique','Equipe'),(202,4,'Equipe','5 comptes d\'employé ajoutés à votre boutique','Equipe'),(202,5,'Equipe','5 comptes d\'employé ajoutés à votre boutique','Equipe'),(203,1,'Equipe','10 comptes d\'employé ajoutés à votre boutique','Equipe'),(203,2,'Equipe','10 comptes d\'employé ajoutés à votre boutique','Equipe'),(203,3,'Equipe','10 comptes d\'employé ajoutés à votre boutique','Equipe'),(203,4,'Equipe','10 comptes d\'employé ajoutés à votre boutique','Equipe'),(203,5,'Equipe','10 comptes d\'employé ajoutés à votre boutique','Equipe'),(204,1,'Equipe','20 comptes d\'employé ajoutés à votre boutique','Equipe'),(204,2,'Equipe','20 comptes d\'employé ajoutés à votre boutique','Equipe'),(204,3,'Equipe','20 comptes d\'employé ajoutés à votre boutique','Equipe'),(204,4,'Equipe','20 comptes d\'employé ajoutés à votre boutique','Equipe'),(204,5,'Equipe','20 comptes d\'employé ajoutés à votre boutique','Equipe'),(205,1,'Equipe','40 comptes d\'employé ajoutés à votre boutique','Equipe'),(205,2,'Equipe','40 comptes d\'employé ajoutés à votre boutique','Equipe'),(205,3,'Equipe','40 comptes d\'employé ajoutés à votre boutique','Equipe'),(205,4,'Equipe','40 comptes d\'employé ajoutés à votre boutique','Equipe'),(205,5,'Equipe','40 comptes d\'employé ajoutés à votre boutique','Equipe'),(206,1,'Photos produits','1re photo de produits ajoutée à votre catalogue','Photos produits'),(206,2,'Photos produits','1re photo de produits ajoutée à votre catalogue','Photos produits'),(206,3,'Photos produits','1re photo de produits ajoutée à votre catalogue','Photos produits'),(206,4,'Photos produits','1re photo de produits ajoutée à votre catalogue','Photos produits'),(206,5,'Photos produits','1re photo de produits ajoutée à votre catalogue','Photos produits'),(207,1,'Photos produits','50 photos de produits ajoutées à votre catalogue','Photos produits'),(207,2,'Photos produits','50 photos de produits ajoutées à votre catalogue','Photos produits'),(207,3,'Photos produits','50 photos de produits ajoutées à votre catalogue','Photos produits'),(207,4,'Photos produits','50 photos de produits ajoutées à votre catalogue','Photos produits'),(207,5,'Photos produits','50 photos de produits ajoutées à votre catalogue','Photos produits'),(208,1,'Photos produits','100 photos de produits ajoutées à votre catalogue','Photos produits'),(208,2,'Photos produits','100 photos de produits ajoutées à votre catalogue','Photos produits'),(208,3,'Photos produits','100 photos de produits ajoutées à votre catalogue','Photos produits'),(208,4,'Photos produits','100 photos de produits ajoutées à votre catalogue','Photos produits'),(208,5,'Photos produits','100 photos de produits ajoutées à votre catalogue','Photos produits'),(209,1,'Photos produits','1 000 photos de produits ajoutées à votre catalogue','Photos produits'),(209,2,'Photos produits','1 000 photos de produits ajoutées à votre catalogue','Photos produits'),(209,3,'Photos produits','1 000 photos de produits ajoutées à votre catalogue','Photos produits'),(209,4,'Photos produits','1 000 photos de produits ajoutées à votre catalogue','Photos produits'),(209,5,'Photos produits','1 000 photos de produits ajoutées à votre catalogue','Photos produits'),(210,1,'Photos produits','10 000 photos de produits ajoutées à votre catalogue','Photos produits'),(210,2,'Photos produits','10 000 photos de produits ajoutées à votre catalogue','Photos produits'),(210,3,'Photos produits','10 000 photos de produits ajoutées à votre catalogue','Photos produits'),(210,4,'Photos produits','10 000 photos de produits ajoutées à votre catalogue','Photos produits'),(210,5,'Photos produits','10 000 photos de produits ajoutées à votre catalogue','Photos produits'),(211,1,'Photos produits','50 000 photos de produits ajoutées à votre catalogue','Photos produits'),(211,2,'Photos produits','50 000 photos de produits ajoutées à votre catalogue','Photos produits'),(211,3,'Photos produits','50 000 photos de produits ajoutées à votre catalogue','Photos produits'),(211,4,'Photos produits','50 000 photos de produits ajoutées à votre catalogue','Photos produits'),(211,5,'Photos produits','50 000 photos de produits ajoutées à votre catalogue','Photos produits'),(212,1,'Personnalisation','1re page CMS ajoutée à votre catalogue','Personnalisation'),(212,2,'Personnalisation','1re page CMS ajoutée à votre catalogue','Personnalisation'),(212,3,'Personnalisation','1re page CMS ajoutée à votre catalogue','Personnalisation'),(212,4,'Personnalisation','1re page CMS ajoutée à votre catalogue','Personnalisation'),(212,5,'Personnalisation','1re page CMS ajoutée à votre catalogue','Personnalisation'),(213,1,'Règles panier','1re règle de promotion configurée sur votre boutique','Règles panier'),(213,2,'Règles panier','1re règle de promotion configurée sur votre boutique','Règles panier'),(213,3,'Règles panier','1re règle de promotion configurée sur votre boutique','Règles panier'),(213,4,'Règles panier','1re règle de promotion configurée sur votre boutique','Règles panier'),(213,5,'Règles panier','1re règle de promotion configurée sur votre boutique','Règles panier'),(214,1,'Règles panier','Vous avez 10 règles de promotion configurées sur votre boutique','Règles panier'),(214,2,'Règles panier','Vous avez 10 règles de promotion configurées sur votre boutique','Règles panier'),(214,3,'Règles panier','Vous avez 10 règles de promotion configurées sur votre boutique','Règles panier'),(214,4,'Règles panier','Vous avez 10 règles de promotion configurées sur votre boutique','Règles panier'),(214,5,'Règles panier','Vous avez 10 règles de promotion configurées sur votre boutique','Règles panier'),(215,1,'Règles panier','Vous avez 100 règles de promotion configurées sur votre boutique','Règles panier'),(215,2,'Règles panier','Vous avez 100 règles de promotion configurées sur votre boutique','Règles panier'),(215,3,'Règles panier','Vous avez 100 règles de promotion configurées sur votre boutique','Règles panier'),(215,4,'Règles panier','Vous avez 100 règles de promotion configurées sur votre boutique','Règles panier'),(215,5,'Règles panier','Vous avez 100 règles de promotion configurées sur votre boutique','Règles panier'),(216,1,'Règles panier','Vous avez 500 règles de promotion configurées sur votre boutique','Règles panier'),(216,2,'Règles panier','Vous avez 500 règles de promotion configurées sur votre boutique','Règles panier'),(216,3,'Règles panier','Vous avez 500 règles de promotion configurées sur votre boutique','Règles panier'),(216,4,'Règles panier','Vous avez 500 règles de promotion configurées sur votre boutique','Règles panier'),(216,5,'Règles panier','Vous avez 500 règles de promotion configurées sur votre boutique','Règles panier'),(217,1,'Règles panier','Vous avez 1 000 règles de promotion configurées sur votre boutique','Règles panier'),(217,2,'Règles panier','Vous avez 1 000 règles de promotion configurées sur votre boutique','Règles panier'),(217,3,'Règles panier','Vous avez 1 000 règles de promotion configurées sur votre boutique','Règles panier'),(217,4,'Règles panier','Vous avez 1 000 règles de promotion configurées sur votre boutique','Règles panier'),(217,5,'Règles panier','Vous avez 1 000 règles de promotion configurées sur votre boutique','Règles panier'),(218,1,'Règles panier','Vous avez 5 000 règles de promotion configurées sur votre boutique','Règles panier'),(218,2,'Règles panier','Vous avez 5 000 règles de promotion configurées sur votre boutique','Règles panier'),(218,3,'Règles panier','Vous avez 5 000 règles de promotion configurées sur votre boutique','Règles panier'),(218,4,'Règles panier','Vous avez 5 000 règles de promotion configurées sur votre boutique','Règles panier'),(218,5,'Règles panier','Vous avez 5 000 règles de promotion configurées sur votre boutique','Règles panier'),(219,1,'Commandes à l\'étranger','Première commande passée par un client international sur votre boutique.','Commandes à l\'étranger'),(219,2,'Commandes à l\'étranger','Première commande passée par un client international sur votre boutique.','Commandes à l\'étranger'),(219,3,'Commandes à l\'étranger','Première commande passée par un client international sur votre boutique.','Commandes à l\'étranger'),(219,4,'Commandes à l\'étranger','Première commande passée par un client international sur votre boutique.','Commandes à l\'étranger'),(219,5,'Commandes à l\'étranger','Première commande passée par un client international sur votre boutique.','Commandes à l\'étranger'),(220,1,'Commandes à l\'étranger','10 commandes passées par des clients internationaux sur votre boutique.','Commandes à l\'étranger'),(220,2,'Commandes à l\'étranger','10 commandes passées par des clients internationaux sur votre boutique.','Commandes à l\'étranger'),(220,3,'Commandes à l\'étranger','10 commandes passées par des clients internationaux sur votre boutique.','Commandes à l\'étranger'),(220,4,'Commandes à l\'étranger','10 commandes passées par des clients internationaux sur votre boutique.','Commandes à l\'étranger'),(220,5,'Commandes à l\'étranger','10 commandes passées par des clients internationaux sur votre boutique.','Commandes à l\'étranger'),(221,1,'Commandes à l\'étranger','100 commandes passées par des clients internationaux sur votre boutique !','Commandes à l\'étranger'),(221,2,'Commandes à l\'étranger','100 commandes passées par des clients internationaux sur votre boutique !','Commandes à l\'étranger'),(221,3,'Commandes à l\'étranger','100 commandes passées par des clients internationaux sur votre boutique !','Commandes à l\'étranger'),(221,4,'Commandes à l\'étranger','100 commandes passées par des clients internationaux sur votre boutique !','Commandes à l\'étranger'),(221,5,'Commandes à l\'étranger','100 commandes passées par des clients internationaux sur votre boutique !','Commandes à l\'étranger'),(222,1,'Commandes à l\'étranger','1 000 commandes passées par des clients internationaux sur votre boutique !','Commandes à l\'étranger'),(222,2,'Commandes à l\'étranger','1 000 commandes passées par des clients internationaux sur votre boutique !','Commandes à l\'étranger'),(222,3,'Commandes à l\'étranger','1 000 commandes passées par des clients internationaux sur votre boutique !','Commandes à l\'étranger'),(222,4,'Commandes à l\'étranger','1 000 commandes passées par des clients internationaux sur votre boutique !','Commandes à l\'étranger'),(222,5,'Commandes à l\'étranger','1 000 commandes passées par des clients internationaux sur votre boutique !','Commandes à l\'étranger'),(223,1,'Commandes à l\'étranger','5 000 commandes passées par des clients internationaux sur votre boutique !','Commandes à l\'étranger'),(223,2,'Commandes à l\'étranger','5 000 commandes passées par des clients internationaux sur votre boutique !','Commandes à l\'étranger'),(223,3,'Commandes à l\'étranger','5 000 commandes passées par des clients internationaux sur votre boutique !','Commandes à l\'étranger'),(223,4,'Commandes à l\'étranger','5 000 commandes passées par des clients internationaux sur votre boutique !','Commandes à l\'étranger'),(223,5,'Commandes à l\'étranger','5 000 commandes passées par des clients internationaux sur votre boutique !','Commandes à l\'étranger'),(224,1,'Commandes à l\'étranger','10 000 commandes passées par des clients internationaux sur votre boutique','Commandes à l\'étranger'),(224,2,'Commandes à l\'étranger','10 000 commandes passées par des clients internationaux sur votre boutique','Commandes à l\'étranger'),(224,3,'Commandes à l\'étranger','10 000 commandes passées par des clients internationaux sur votre boutique','Commandes à l\'étranger'),(224,4,'Commandes à l\'étranger','10 000 commandes passées par des clients internationaux sur votre boutique','Commandes à l\'étranger'),(224,5,'Commandes à l\'étranger','10 000 commandes passées par des clients internationaux sur votre boutique','Commandes à l\'étranger'),(225,1,'Boutique Physique','Premier magasin configuré sur votre boutique','Boutique Physique'),(225,2,'Boutique Physique','Premier magasin configuré sur votre boutique','Boutique Physique'),(225,3,'Boutique Physique','Premier magasin configuré sur votre boutique','Boutique Physique'),(225,4,'Boutique Physique','Premier magasin configuré sur votre boutique','Boutique Physique'),(225,5,'Boutique Physique','Premier magasin configuré sur votre boutique','Boutique Physique'),(226,1,'Boutique Physique','Vous avez 2 magasins configurés sur votre boutique','Boutique Physique'),(226,2,'Boutique Physique','Vous avez 2 magasins configurés sur votre boutique','Boutique Physique'),(226,3,'Boutique Physique','Vous avez 2 magasins configurés sur votre boutique','Boutique Physique'),(226,4,'Boutique Physique','Vous avez 2 magasins configurés sur votre boutique','Boutique Physique'),(226,5,'Boutique Physique','Vous avez 2 magasins configurés sur votre boutique','Boutique Physique'),(227,1,'Boutique Physique','Vous avez 5 magasins configurés sur votre boutique','Boutique Physique'),(227,2,'Boutique Physique','Vous avez 5 magasins configurés sur votre boutique','Boutique Physique'),(227,3,'Boutique Physique','Vous avez 5 magasins configurés sur votre boutique','Boutique Physique'),(227,4,'Boutique Physique','Vous avez 5 magasins configurés sur votre boutique','Boutique Physique'),(227,5,'Boutique Physique','Vous avez 5 magasins configurés sur votre boutique','Boutique Physique'),(228,1,'Boutique Physique','Vous avez 10 magasins configurés sur votre boutique','Boutique Physique'),(228,2,'Boutique Physique','Vous avez 10 magasins configurés sur votre boutique','Boutique Physique'),(228,3,'Boutique Physique','Vous avez 10 magasins configurés sur votre boutique','Boutique Physique'),(228,4,'Boutique Physique','Vous avez 10 magasins configurés sur votre boutique','Boutique Physique'),(228,5,'Boutique Physique','Vous avez 10 magasins configurés sur votre boutique','Boutique Physique'),(229,1,'Boutique Physique','Vous avez 20 magasins configurés sur votre boutique','Boutique Physique'),(229,2,'Boutique Physique','Vous avez 20 magasins configurés sur votre boutique','Boutique Physique'),(229,3,'Boutique Physique','Vous avez 20 magasins configurés sur votre boutique','Boutique Physique'),(229,4,'Boutique Physique','Vous avez 20 magasins configurés sur votre boutique','Boutique Physique'),(229,5,'Boutique Physique','Vous avez 20 magasins configurés sur votre boutique','Boutique Physique'),(230,1,'Boutique Physique','Vous avez 50 magasins configurés sur votre boutique','Boutique Physique'),(230,2,'Boutique Physique','Vous avez 50 magasins configurés sur votre boutique','Boutique Physique'),(230,3,'Boutique Physique','Vous avez 50 magasins configurés sur votre boutique','Boutique Physique'),(230,4,'Boutique Physique','Vous avez 50 magasins configurés sur votre boutique','Boutique Physique'),(230,5,'Boutique Physique','Vous avez 50 magasins configurés sur votre boutique','Boutique Physique'),(231,1,'Webservice x1','1er compte webservice ajouté à votre boutique\r\n','WebService'),(231,2,'Webservice x1','1er compte webservice ajouté à votre boutique\r\n','WebService'),(231,3,'Webservice x1','1er compte webservice ajouté à votre boutique\r\n','WebService'),(231,4,'Webservice x1','1er compte webservice ajouté à votre boutique\r\n','WebService'),(231,5,'Webservice x1','1er compte webservice ajouté à votre boutique\r\n','WebService'),(232,1,'Webservice x2','2 comptes webservice ajoutés à votre boutique','WebService'),(232,2,'Webservice x2','2 comptes webservice ajoutés à votre boutique','WebService'),(232,3,'Webservice x2','2 comptes webservice ajoutés à votre boutique','WebService'),(232,4,'Webservice x2','2 comptes webservice ajoutés à votre boutique','WebService'),(232,5,'Webservice x2','2 comptes webservice ajoutés à votre boutique','WebService'),(233,1,'Webservice x3','3 comptes webservice ajoutés à votre boutique','WebService'),(233,2,'Webservice x3','3 comptes webservice ajoutés à votre boutique','WebService'),(233,3,'Webservice x3','3 comptes webservice ajoutés à votre boutique','WebService'),(233,4,'Webservice x3','3 comptes webservice ajoutés à votre boutique','WebService'),(233,5,'Webservice x3','3 comptes webservice ajoutés à votre boutique','WebService'),(234,1,'Webservice x4','4 comptes webservice ajoutés à votre boutique','WebService'),(234,2,'Webservice x4','4 comptes webservice ajoutés à votre boutique','WebService'),(234,3,'Webservice x4','4 comptes webservice ajoutés à votre boutique','WebService'),(234,4,'Webservice x4','4 comptes webservice ajoutés à votre boutique','WebService'),(234,5,'Webservice x4','4 comptes webservice ajoutés à votre boutique','WebService'),(235,1,'NetReviews installé','Vous avez installé le module NetReviews','Partenaires'),(235,3,'NetReviews installé','Vous avez installé le module NetReviews','Partenaires'),(235,4,'NetReviews installé','Vous avez installé le module NetReviews','Partenaires'),(235,5,'NetReviews installé','Vous avez installé le module NetReviews','Partenaires'),(236,1,'NetReviews configuré','Vous avez configuré le module NetReviews','Partenaires'),(236,3,'NetReviews configuré','Vous avez configuré le module NetReviews','Partenaires'),(236,4,'NetReviews configuré','Vous avez configuré le module NetReviews','Partenaires'),(236,5,'NetReviews configuré','Vous avez configuré le module NetReviews','Partenaires'),(237,1,'NetReviews actif','Le module NetReviews est actif','Partenaires'),(237,3,'NetReviews actif','Le module NetReviews est actif','Partenaires'),(237,4,'NetReviews actif','Le module NetReviews est actif','Partenaires'),(237,5,'NetReviews actif','Le module NetReviews est actif','Partenaires'),(238,1,'NetReviews très actif','Le module NetReviews est très actif','Partenaires'),(238,3,'NetReviews très actif','Le module NetReviews est très actif','Partenaires'),(238,4,'NetReviews très actif','Le module NetReviews est très actif','Partenaires'),(238,5,'NetReviews très actif','Le module NetReviews est très actif','Partenaires');

--
-- Table structure for table `ps_belvg_preorder_order`
--

CREATE TABLE `ps_belvg_preorder_order` (
  `id_preorder_order` int(10) unsigned NOT NULL AUTO_INCREMENT,
  `id_order` int(10) unsigned NOT NULL,
  `active` tinyint(1) unsigned NOT NULL DEFAULT '1',
  `date_add` datetime NOT NULL,
  `date_upd` datetime NOT NULL,
  PRIMARY KEY (`id_preorder_order`)
) ENGINE=InnoDB AUTO_INCREMENT=40 DEFAULT CHARSET=utf8;

--
-- Dumping data for table `ps_belvg_preorder_order`
--

INSERT INTO `ps_belvg_preorder_order` VALUES (1,12,1,'2015-01-17 12:08:51','2015-01-17 12:08:51'),(2,16,0,'2015-01-24 05:17:10','2015-01-24 05:17:10'),(3,18,0,'2015-01-24 05:51:42','2015-01-24 05:51:42'),(4,19,0,'2015-01-25 09:18:06','2015-01-25 09:18:06'),(5,21,1,'2015-02-04 11:15:12','2015-02-04 11:15:12'),(6,22,1,'2015-02-04 03:28:07','2015-02-04 03:28:07'),(7,23,1,'2015-02-04 03:41:49','2015-02-04 03:41:49'),(8,24,1,'2015-02-04 10:15:43','2015-02-04 10:15:43'),(9,25,1,'2015-02-07 11:41:19','2015-02-07 11:41:19'),(10,26,1,'2015-02-08 04:50:55','2015-02-08 04:50:55'),(11,27,1,'2015-02-09 12:39:19','2015-02-09 12:39:19'),(12,28,0,'2015-02-10 06:24:37','2015-02-10 06:24:37'),(13,29,0,'2015-02-11 02:42:14','2015-02-11 02:42:14'),(14,30,1,'2015-02-12 07:11:00','2015-02-12 07:11:00'),(15,31,1,'2015-02-12 07:12:09','2015-02-12 07:12:09'),(16,32,1,'2015-02-12 08:40:04','2015-02-12 08:40:04'),(17,33,1,'2015-02-12 08:43:38','2015-02-12 08:43:38'),(18,34,1,'2015-02-12 09:41:18','2015-02-12 09:41:18'),(19,35,1,'2015-02-12 09:51:19','2015-02-12 09:51:19'),(20,36,1,'2015-02-12 09:54:57','2015-02-12 09:54:57'),(21,37,1,'2015-02-12 10:15:44','2015-02-12 10:15:44'),(22,38,1,'2015-02-12 10:28:39','2015-02-12 10:28:39'),(23,39,1,'2015-02-12 10:59:01','2015-02-12 10:59:01'),(24,40,1,'2015-02-12 11:10:21','2015-02-12 11:10:21'),(25,272,1,'2015-09-14 06:17:11','2015-09-14 06:17:11'),(26,273,1,'2015-09-15 10:50:54','2015-09-15 10:50:54'),(27,274,1,'2015-09-15 04:18:03','2015-09-15 04:18:03'),(28,275,1,'2015-09-17 05:09:05','2015-09-17 05:09:05'),(29,276,1,'2015-09-17 08:27:09','2015-09-17 08:27:09'),(30,277,1,'2015-09-18 06:23:36','2015-09-18 06:23:36'),(31,278,1,'2015-09-19 02:55:23','2015-09-19 02:55:23'),(32,279,1,'2015-09-19 03:27:13','2015-09-19 03:27:13'),(33,280,1,'2015-09-19 03:27:19','2015-09-19 03:27:19'),(34,281,1,'2015-09-20 03:12:34','2015-09-20 03:12:34'),(35,282,1,'2015-09-21 03:06:30','2015-09-21 03:06:30'),(36,286,1,'2015-09-25 11:40:00','2015-09-25 11:40:00'),(37,288,1,'2015-09-26 08:02:52','2015-09-26 08:02:52'),(38,291,1,'2015-09-28 01:01:50','2015-09-28 01:01:50'),(39,294,0,'2015-10-01 10:12:41','2015-10-01 10:12:41');

--
-- Table structure for table `ps_belvg_preorder_order_product`
--

CREATE TABLE `ps_belvg_preorder_order_product` (
  `id_preorder_order_product` int(10) unsigned NOT NULL AUTO_INCREMENT,
  `id_preorder_order` int(10) unsigned NOT NULL,
  `id_belvg_preorder_product` int(10) unsigned NOT NULL,
  `product_id` int(10) unsigned NOT NULL,
  `product_attribute_id` int(10) unsigned NOT NULL,
  `active` tinyint(1) unsigned NOT NULL DEFAULT '1',
  `date_add` datetime NOT NULL,
  `date_upd` datetime NOT NULL,
  PRIMARY KEY (`id_preorder_order_product`)
) ENGINE=InnoDB AUTO_INCREMENT=46 DEFAULT CHARSET=utf8;

--
-- Dumping data for table `ps_belvg_preorder_order_product`
--

INSERT INTO `ps_belvg_preorder_order_product` VALUES (1,1,4,13,0,1,'2015-01-17 12:08:51','2015-01-17 12:08:51'),(2,2,32,6,5,1,'2015-01-24 05:17:10','2015-01-24 05:17:10'),(3,3,37,236,0,1,'2015-01-24 05:51:42','2015-01-24 05:51:42'),(4,4,45,237,767,1,'2015-01-25 09:18:06','2015-01-25 09:18:06'),(5,5,1281,8,12,1,'2015-02-04 11:15:13','2015-02-04 11:15:13'),(6,6,12,8,12,1,'2015-02-04 03:28:07','2015-02-04 03:28:07'),(7,7,686,208,686,1,'2015-02-04 03:41:49','2015-02-04 03:41:49'),(8,8,248,72,248,1,'2015-02-04 10:15:43','2015-02-04 10:15:43'),(9,9,589,178,589,1,'2015-02-07 11:41:19','2015-02-07 11:41:19'),(10,10,437,126,437,1,'2015-02-08 04:50:55','2015-02-08 04:50:55'),(11,11,310,91,310,1,'2015-02-09 12:39:19','2015-02-09 12:39:19'),(12,12,2,3,2,1,'2015-02-10 06:24:37','2015-02-10 06:24:37'),(13,13,2,3,2,1,'2015-02-11 02:42:14','2015-02-11 02:42:14'),(14,14,792,3,2,1,'2015-02-12 07:11:00','2015-02-12 07:11:00'),(15,15,794,3,2,1,'2015-02-12 07:12:09','2015-02-12 07:12:09'),(16,16,799,3,2,1,'2015-02-12 08:40:04','2015-02-12 08:40:04'),(17,17,799,3,2,1,'2015-02-12 08:43:38','2015-02-12 08:43:38'),(18,18,799,3,2,1,'2015-02-12 09:41:18','2015-02-12 09:41:18'),(19,19,799,3,2,1,'2015-02-12 09:51:19','2015-02-12 09:51:19'),(20,20,799,3,2,1,'2015-02-12 09:54:57','2015-02-12 09:54:57'),(21,21,799,3,2,1,'2015-02-12 10:15:44','2015-02-12 10:15:44'),(22,22,799,3,2,1,'2015-02-12 10:28:39','2015-02-12 10:28:39'),(23,23,799,3,2,1,'2015-02-12 10:59:01','2015-02-12 10:59:01'),(24,24,799,3,2,1,'2015-02-12 11:10:21','2015-02-12 11:10:21'),(25,25,2071,1035,567,1,'2015-09-14 06:17:11','2015-09-14 06:17:11'),(26,25,1950,968,360,1,'2015-09-14 06:17:11','2015-09-14 06:17:11'),(27,26,2219,1131,869,1,'2015-09-15 10:50:54','2015-09-15 10:50:54'),(28,27,2148,1101,783,1,'2015-09-15 04:18:03','2015-09-15 04:18:03'),(29,28,1890,893,209,1,'2015-09-17 05:09:05','2015-09-17 05:09:05'),(30,29,1913,904,243,1,'2015-09-17 08:27:09','2015-09-17 08:27:09'),(31,30,2007,996,446,1,'2015-09-18 06:23:36','2015-09-18 06:23:36'),(32,31,1982,987,418,1,'2015-09-19 02:55:23','2015-09-19 02:55:23'),(33,31,1977,982,406,1,'2015-09-19 02:55:23','2015-09-19 02:55:23'),(34,31,1951,968,361,1,'2015-09-19 02:55:23','2015-09-19 02:55:23'),(35,32,1997,992,433,1,'2015-09-19 03:27:13','2015-09-19 03:27:13'),(36,32,1945,956,336,1,'2015-09-19 03:27:13','2015-09-19 03:27:13'),(37,32,1948,967,358,1,'2015-09-19 03:27:13','2015-09-19 03:27:13'),(38,33,1778,827,24,1,'2015-09-19 03:27:19','2015-09-19 03:27:19'),(39,34,2703,876,160,1,'2015-09-20 03:12:34','2015-09-20 03:12:34'),(40,35,2513,1016,504,1,'2015-09-21 03:06:30','2015-09-21 03:06:30'),(41,36,2401,1090,749,1,'2015-09-25 11:40:00','2015-09-25 11:40:00'),(42,37,2399,1090,747,1,'2015-09-26 08:02:52','2015-09-26 08:02:52'),(43,38,1944,955,335,1,'2015-09-28 01:01:50','2015-09-28 01:01:50'),(44,38,2043,1018,510,1,'2015-09-28 01:01:50','2015-09-28 01:01:50'),(45,39,2235,1140,894,1,'2015-10-01 10:12:41','2015-10-01 10:12:41');

--
-- Table structure for table `ps_belvg_preorder_product`
--

CREATE TABLE `ps_belvg_preorder_product` (
  `id_belvg_preorder_product` int(10) unsigned NOT NULL AUTO_INCREMENT,
  `id_product` int(10) unsigned NOT NULL,
  `id_product_attribute` int(10) unsigned NOT NULL DEFAULT '0',
  `id_shop` int(11) unsigned NOT NULL,
  `quantity` int(10) NOT NULL DEFAULT '1000',
  `expire_datetime` datetime NOT NULL,
  `date_avaliable` varchar(10) NOT NULL,
  `hourcombo` int(2) NOT NULL,
  `mincombo` int(2) NOT NULL,
  `seccombo` int(2) NOT NULL,
  `countdown_active` tinyint(1) unsigned NOT NULL DEFAULT '0',
  `active` tinyint(1) unsigned NOT NULL DEFAULT '0',
  `date_add` datetime NOT NULL,
  `date_upd` datetime NOT NULL,
  PRIMARY KEY (`id_belvg_preorder_product`,`id_product`,`id_product_attribute`,`id_shop`),
  UNIQUE KEY `BELVG_UNIQ_PP_INDEX` (`id_product`,`id_product_attribute`,`id_shop`)
) ENGINE=InnoDB AUTO_INCREMENT=3046 DEFAULT CHARSET=utf8;

--
-- Dumping data for table `ps_belvg_preorder_product`
--

INSERT INTO `ps_belvg_preorder_product` VALUES (1,2,1,1,3,'2015-03-05 00:00:00','',0,0,0,0,0,'2015-01-28 18:03:01','2015-01-28 18:03:01'),(3,4,3,1,2,'2015-03-05 00:00:00','',0,0,0,1,1,'2015-01-28 18:03:01','2015-01-28 18:03:01'),(5,6,5,1,1,'2015-03-05 00:00:00','',0,0,0,1,1,'2015-01-28 18:03:01','2015-01-28 18:03:01'),(6,6,6,1,1,'2015-03-05 00:00:00','',0,0,0,1,1,'2015-01-28 18:03:01','2015-01-28 18:03:01'),(8,7,8,1,2,'2015-03-05 00:00:00','',0,0,0,0,0,'2015-01-28 18:03:01','2015-01-28 18:03:01'),(10,8,10,1,2,'2015-03-05 00:00:00','',0,0,0,0,0,'2015-01-28 18:03:01','2015-01-28 18:03:01'),(13,9,13,1,2,'2015-03-05 00:00:00','',0,0,0,1,1,'2015-01-28 18:03:01','2015-01-28 18:03:01'),(14,9,14,1,2,'2015-03-05 00:00:00','',0,0,0,1,1,'2015-01-28 18:03:01','2015-01-28 18:03:01'),(15,10,15,1,2,'2015-03-05 00:00:00','',0,0,0,1,1,'2015-01-28 18:03:01','2015-01-28 18:03:01'),(16,10,16,1,3,'2015-03-05 00:00:00','',0,0,0,1,1,'2015-01-28 18:03:01','2015-01-28 18:03:01'),(17,10,17,1,3,'2015-03-05 00:00:00','',0,0,0,1,1,'2015-01-28 18:03:01','2015-01-28 18:03:01'),(18,10,18,1,2,'2015-03-05 00:00:00','',0,0,0,1,1,'2015-01-28 18:03:01','2015-01-28 18:03:01'),(19,11,19,1,1,'2015-03-05 00:00:00','',0,0,0,1,1,'2015-01-28 18:03:01','2015-01-28 18:03:01'),(20,11,20,1,2,'2015-03-05 00:00:00','',0,0,0,1,1,'2015-01-28 18:03:01','2015-01-28 18:03:01'),(21,11,21,1,1,'2015-03-05 00:00:00','',0,0,0,1,1,'2015-01-28 18:03:01','2015-01-28 18:03:01'),(22,12,22,1,1,'2015-03-05 00:00:00','',0,0,0,1,1,'2015-01-28 18:03:01','2015-01-28 18:03:01'),(23,12,23,1,2,'2015-03-05 00:00:00','',0,0,0,1,1,'2015-01-28 18:03:01','2015-01-28 18:03:01'),(24,12,24,1,1,'2015-03-05 00:00:00','',0,0,0,1,1,'2015-01-28 18:03:01','2015-01-28 18:03:01'),(25,13,25,1,2,'2015-03-05 00:00:00','',0,0,0,1,1,'2015-01-28 18:03:01','2015-01-28 18:03:01'),(26,13,26,1,2,'2015-03-05 00:00:00','',0,0,0,1,1,'2015-01-28 18:03:01','2015-01-28 18:03:01'),(27,14,27,1,2,'2015-03-05 00:00:00','',0,0,0,1,1,'2015-01-28 18:03:01','2015-01-28 18:03:01'),(28,14,28,1,3,'2015-03-05 00:00:00','',0,0,0,1,1,'2015-01-28 18:03:01','2015-01-28 18:03:01'),(29,14,29,1,3,'2015-03-05 00:00:00','',0,0,0,1,1,'2015-01-28 18:03:01','2015-01-28 18:03:01'),(30,14,30,1,2,'2015-03-05 00:00:00','',0,0,0,1,1,'2015-01-28 18:03:01','2015-01-28 18:03:01'),(31,15,31,1,1,'2015-03-05 00:00:00','',0,0,0,1,1,'2015-01-28 18:03:01','2015-01-28 18:03:01'),(32,15,32,1,2,'2015-03-05 00:00:00','',0,0,0,1,1,'2015-01-28 18:03:01','2015-01-28 18:03:01'),(33,15,33,1,2,'2015-03-05 00:00:00','',0,0,0,1,1,'2015-01-28 18:03:01','2015-01-28 18:03:01'),(34,15,34,1,2,'2015-03-05 00:00:00','',0,0,0,1,1,'2015-01-28 18:03:01','2015-01-28 18:03:01'),(35,15,35,1,1,'2015-03-05 00:00:00','',0,0,0,1,1,'2015-01-28 18:03:01','2015-01-28 18:03:01'),(36,16,36,1,1,'2015-03-05 00:00:00','',0,0,0,0,0,'2015-01-28 18:03:01','2015-01-28 18:03:01'),(37,16,37,1,2,'2015-03-05 00:00:00','',0,0,0,0,0,'2015-01-28 18:03:01','2015-01-28 18:03:01'),(38,16,38,1,2,'2015-03-05 00:00:00','',0,0,0,0,0,'2015-01-28 18:03:01','2015-01-28 18:03:01'),(40,17,40,1,2,'2015-03-05 00:00:00','',0,0,0,1,1,'2015-01-28 18:03:01','2015-01-28 18:03:01'),(41,17,41,1,2,'2015-03-05 00:00:00','',0,0,0,1,1,'2015-01-28 18:03:01','2015-01-28 18:03:01'),(42,17,42,1,2,'2015-03-05 00:00:00','',0,0,0,1,1,'2015-01-28 18:03:01','2015-01-28 18:03:01'),(43,17,43,1,1,'2015-03-05 00:00:00','',0,0,0,1,1,'2015-01-28 18:03:01','2015-01-28 18:03:01'),(44,18,44,1,2,'2015-03-05 00:00:00','',0,0,0,1,1,'2015-01-28 18:03:01','2015-01-28 18:03:01'),(45,18,45,1,2,'2015-03-05 00:00:00','',0,0,0,1,1,'2015-01-28 18:03:01','2015-01-28 18:03:01'),(46,18,46,1,2,'2015-03-05 00:00:00','',0,0,0,1,1,'2015-01-28 18:03:01','2015-01-28 18:03:01'),(47,18,47,1,1,'2015-03-05 00:00:00','',0,0,0,1,1,'2015-01-28 18:03:01','2015-01-28 18:03:01'),(48,19,48,1,2,'2015-03-05 00:00:00','',0,0,0,1,1,'2015-01-28 18:03:01','2015-01-28 18:03:01'),(49,19,49,1,2,'2015-03-05 00:00:00','',0,0,0,1,1,'2015-01-28 18:03:01','2015-01-28 18:03:01'),(50,19,50,1,2,'2015-03-05 00:00:00','',0,0,0,1,1,'2015-01-28 18:03:01','2015-01-28 18:03:01'),(51,20,51,1,1,'2015-03-05 00:00:00','',0,0,0,1,1,'2015-01-28 18:03:01','2015-01-28 18:03:01'),(52,20,52,1,2,'2015-03-05 00:00:00','',0,0,0,1,1,'2015-01-28 18:03:01','2015-01-28 18:03:01'),(53,20,53,1,1,'2015-03-05 00:00:00','',0,0,0,1,1,'2015-01-28 18:03:01','2015-01-28 18:03:01'),(54,21,54,1,2,'2015-03-05 00:00:00','',0,0,0,1,1,'2015-01-28 18:03:01','2015-01-28 18:03:01'),(55,21,55,1,2,'2015-03-05 00:00:00','',0,0,0,1,1,'2015-01-28 18:03:01','2015-01-28 18:03:01'),(56,21,56,1,2,'2015-03-05 00:00:00','',0,0,0,1,1,'2015-01-28 18:03:01','2015-01-28 18:03:01'),(57,21,57,1,2,'2015-03-05 00:00:00','',0,0,0,1,1,'2015-01-28 18:03:01','2015-01-28 18:03:01'),(58,22,58,1,3,'2015-03-05 00:00:00','',0,0,0,1,1,'2015-01-28 18:03:01','2015-01-28 18:03:01'),(59,22,59,1,4,'2015-03-05 00:00:00','',0,0,0,1,1,'2015-01-28 18:03:01','2015-01-28 18:03:01'),(60,22,60,1,4,'2015-03-05 00:00:00','',0,0,0,1,1,'2015-01-28 18:03:01','2015-01-28 18:03:01'),(61,22,61,1,3,'2015-03-05 00:00:00','',0,0,0,1,1,'2015-01-28 18:03:01','2015-01-28 18:03:01'),(62,23,62,1,2,'2015-03-05 00:00:00','',0,0,0,1,1,'2015-01-28 18:03:01','2015-01-28 18:03:01'),(63,23,63,1,3,'2015-03-05 00:00:00','',0,0,0,1,1,'2015-01-28 18:03:01','2015-01-28 18:03:01'),(64,23,64,1,3,'2015-03-05 00:00:00','',0,0,0,1,1,'2015-01-28 18:03:01','2015-01-28 18:03:01'),(65,23,65,1,2,'2015-03-05 00:00:00','',0,0,0,1,1,'2015-01-28 18:03:01','2015-01-28 18:03:01'),(66,24,66,1,2,'2015-03-05 00:00:00','',0,0,0,1,1,'2015-01-28 18:03:01','2015-01-28 18:03:01'),(67,24,67,1,3,'2015-03-05 00:00:00','',0,0,0,1,1,'2015-01-28 18:03:01','2015-01-28 18:03:01'),(68,24,68,1,3,'2015-03-05 00:00:00','',0,0,0,1,1,'2015-01-28 18:03:01','2015-01-28 18:03:01'),(69,24,69,1,2,'2015-03-05 00:00:00','',0,0,0,1,1,'2015-01-28 18:03:01','2015-01-28 18:03:01'),(70,25,70,1,1,'2015-03-05 00:00:00','',0,0,0,1,1,'2015-01-28 18:03:01','2015-01-28 18:03:01'),(71,25,71,1,1,'2015-03-05 00:00:00','',0,0,0,1,1,'2015-01-28 18:03:01','2015-01-28 18:03:01'),(72,25,72,1,1,'2015-03-05 00:00:00','',0,0,0,1,1,'2015-01-28 18:03:01','2015-01-28 18:03:01'),(73,26,73,1,5,'2015-03-05 00:00:00','',0,0,0,1,1,'2015-01-28 18:03:01','2015-01-28 18:03:01'),(74,26,74,1,5,'2015-03-05 00:00:00','',0,0,0,1,1,'2015-01-28 18:03:01','2015-01-28 18:03:01'),(75,26,75,1,5,'2015-03-05 00:00:00','',0,0,0,1,1,'2015-01-28 18:03:01','2015-01-28 18:03:01'),(76,26,76,1,3,'2015-03-05 00:00:00','',0,0,0,1,1,'2015-01-28 18:03:01','2015-01-28 18:03:01'),(77,27,77,1,1,'2015-03-05 00:00:00','',0,0,0,1,1,'2015-01-28 18:03:01','2015-01-28 18:03:01'),(78,27,78,1,2,'2015-03-05 00:00:00','',0,0,0,1,1,'2015-01-28 18:03:01','2015-01-28 18:03:01'),(79,27,79,1,1,'2015-03-05 00:00:00','',0,0,0,1,1,'2015-01-28 18:03:01','2015-01-28 18:03:01'),(80,28,80,1,5,'2015-03-05 00:00:00','',0,0,0,1,1,'2015-01-28 18:03:01','2015-01-28 18:03:01'),(81,28,81,1,5,'2015-03-05 00:00:00','',0,0,0,1,1,'2015-01-28 18:03:01','2015-01-28 18:03:01'),(82,28,82,1,5,'2015-03-05 00:00:00','',0,0,0,1,1,'2015-01-28 18:03:01','2015-01-28 18:03:01'),(83,28,83,1,2,'2015-03-05 00:00:00','',0,0,0,1,1,'2015-01-28 18:03:01','2015-01-28 18:03:01'),(84,29,84,1,3,'2015-03-05 00:00:00','',0,0,0,1,1,'2015-01-28 18:03:01','2015-01-28 18:03:01'),(85,29,85,1,3,'2015-03-05 00:00:00','',0,0,0,1,1,'2015-01-28 18:03:01','2015-01-28 18:03:01'),(86,29,86,1,3,'2015-03-05 00:00:00','',0,0,0,1,1,'2015-01-28 18:03:01','2015-01-28 18:03:01'),(87,30,87,1,2,'2015-03-05 00:00:00','',0,0,0,1,1,'2015-01-28 18:03:01','2015-01-28 18:03:01'),(88,30,88,1,2,'2015-03-05 00:00:00','',0,0,0,1,1,'2015-01-28 18:03:01','2015-01-28 18:03:01'),(89,30,89,1,2,'2015-03-05 00:00:00','',0,0,0,1,1,'2015-01-28 18:03:01','2015-01-28 18:03:01'),(90,31,90,1,2,'2015-03-05 00:00:00','',0,0,0,1,1,'2015-01-28 18:03:01','2015-01-28 18:03:01'),(91,31,91,1,2,'2015-03-05 00:00:00','',0,0,0,1,1,'2015-01-28 18:03:01','2015-01-28 18:03:01'),(92,31,92,1,2,'2015-03-05 00:00:00','',0,0,0,1,1,'2015-01-28 18:03:01','2015-01-28 18:03:01'),(93,31,93,1,1,'2015-03-05 00:00:00','',0,0,0,1,1,'2015-01-28 18:03:01','2015-01-28 18:03:01'),(94,32,94,1,1,'2015-03-05 00:00:00','',0,0,0,1,1,'2015-01-28 18:03:01','2015-01-28 18:03:01'),(95,32,95,1,1,'2015-03-05 00:00:00','',0,0,0,1,1,'2015-01-28 18:03:01','2015-01-28 18:03:01'),(96,33,96,1,1,'2015-03-05 00:00:00','',0,0,0,1,1,'2015-01-28 18:03:01','2015-01-28 18:03:01'),(97,33,97,1,1,'2015-03-05 00:00:00','',0,0,0,1,1,'2015-01-28 18:03:01','2015-01-28 18:03:01'),(98,34,98,1,1,'2015-03-05 00:00:00','',0,0,0,1,1,'2015-01-28 18:03:01','2015-01-28 18:03:01'),(99,34,99,1,2,'2015-03-05 00:00:00','',0,0,0,1,1,'2015-01-28 18:03:01','2015-01-28 18:03:01'),(100,34,100,1,2,'2015-03-05 00:00:00','',0,0,0,1,1,'2015-01-28 18:03:01','2015-01-28 18:03:01'),(101,34,101,1,2,'2015-03-05 00:00:00','',0,0,0,1,1,'2015-01-28 18:03:01','2015-01-28 18:03:01'),(102,34,102,1,1,'2015-03-05 00:00:00','',0,0,0,1,1,'2015-01-28 18:03:01','2015-01-28 18:03:01'),(103,35,103,1,2,'2015-03-05 00:00:00','',0,0,0,1,1,'2015-01-28 18:03:01','2015-01-28 18:03:01'),(104,35,104,1,3,'2015-03-05 00:00:00','',0,0,0,1,1,'2015-01-28 18:03:01','2015-01-28 18:03:01'),(105,35,105,1,3,'2015-03-05 00:00:00','',0,0,0,1,1,'2015-01-28 18:03:01','2015-01-28 18:03:01'),(106,35,106,1,3,'2015-03-05 00:00:00','',0,0,0,1,1,'2015-01-28 18:03:01','2015-01-28 18:03:01'),(107,35,107,1,2,'2015-03-05 00:00:00','',0,0,0,1,1,'2015-01-28 18:03:01','2015-01-28 18:03:01'),(108,36,108,1,2,'2015-03-05 00:00:00','',0,0,0,1,1,'2015-01-28 18:03:01','2015-01-28 18:03:01'),(109,36,109,1,3,'2015-03-05 00:00:00','',0,0,0,1,1,'2015-01-28 18:03:01','2015-01-28 18:03:01'),(110,36,110,1,3,'2015-03-05 00:00:00','',0,0,0,1,1,'2015-01-28 18:03:01','2015-01-28 18:03:01'),(111,36,111,1,3,'2015-03-05 00:00:00','',0,0,0,1,1,'2015-01-28 18:03:01','2015-01-28 18:03:01'),(112,36,112,1,2,'2015-03-05 00:00:00','',0,0,0,1,1,'2015-01-28 18:03:01','2015-01-28 18:03:01'),(113,37,113,1,2,'2015-03-05 00:00:00','',0,0,0,1,1,'2015-01-28 18:03:01','2015-01-28 18:03:01'),(114,37,114,1,3,'2015-03-05 00:00:00','',0,0,0,1,1,'2015-01-28 18:03:01','2015-01-28 18:03:01'),(115,37,115,1,3,'2015-03-05 00:00:00','',0,0,0,1,1,'2015-01-28 18:03:01','2015-01-28 18:03:01'),(116,37,116,1,3,'2015-03-05 00:00:00','',0,0,0,1,1,'2015-01-28 18:03:01','2015-01-28 18:03:01'),(117,37,117,1,2,'2015-03-05 00:00:00','',0,0,0,1,1,'2015-01-28 18:03:01','2015-01-28 18:03:01'),(118,38,118,1,1,'2015-03-05 00:00:00','',0,0,0,1,1,'2015-01-28 18:03:01','2015-01-28 18:03:01'),(119,38,119,1,1,'2015-03-05 00:00:00','',0,0,0,1,1,'2015-01-28 18:03:01','2015-01-28 18:03:01'),(120,38,120,1,1,'2015-03-05 00:00:00','',0,0,0,1,1,'2015-01-28 18:03:01','2015-01-28 18:03:01'),(121,38,121,1,1,'2015-03-05 00:00:00','',0,0,0,1,1,'2015-01-28 18:03:01','2015-01-28 18:03:01'),(122,39,122,1,1,'2015-03-05 00:00:00','',0,0,0,1,1,'2015-01-28 18:03:01','2015-01-28 18:03:01'),(123,39,123,1,2,'2015-03-05 00:00:00','',0,0,0,1,1,'2015-01-28 18:03:01','2015-01-28 18:03:01'),(124,39,124,1,2,'2015-03-05 00:00:00','',0,0,0,1,1,'2015-01-28 18:03:01','2015-01-28 18:03:01'),(125,39,125,1,2,'2015-03-05 00:00:00','',0,0,0,1,1,'2015-01-28 18:03:01','2015-01-28 18:03:01'),(126,39,126,1,1,'2015-03-05 00:00:00','',0,0,0,1,1,'2015-01-28 18:03:01','2015-01-28 18:03:01'),(127,40,127,1,1,'2015-03-05 00:00:00','',0,0,0,1,1,'2015-01-28 18:03:01','2015-01-28 18:03:01'),(128,40,128,1,2,'2015-03-05 00:00:00','',0,0,0,1,1,'2015-01-28 18:03:01','2015-01-28 18:03:01'),(129,40,129,1,2,'2015-03-05 00:00:00','',0,0,0,1,1,'2015-01-28 18:03:01','2015-01-28 18:03:01'),(130,40,130,1,2,'2015-03-05 00:00:00','',0,0,0,1,1,'2015-01-28 18:03:01','2015-01-28 18:03:01'),(131,40,131,1,1,'2015-03-05 00:00:00','',0,0,0,1,1,'2015-01-28 18:03:01','2015-01-28 18:03:01'),(132,41,132,1,1,'2015-03-05 00:00:00','',0,0,0,1,1,'2015-01-28 18:03:01','2015-01-28 18:03:01'),(133,41,133,1,2,'2015-03-05 00:00:00','',0,0,0,1,1,'2015-01-28 18:03:01','2015-01-28 18:03:01'),(134,41,134,1,2,'2015-03-05 00:00:00','',0,0,0,1,1,'2015-01-28 18:03:01','2015-01-28 18:03:01'),(135,41,135,1,2,'2015-03-05 00:00:00','',0,0,0,1,1,'2015-01-28 18:03:01','2015-01-28 18:03:01'),(136,41,136,1,1,'2015-03-05 00:00:00','',0,0,0,1,1,'2015-01-28 18:03:01','2015-01-28 18:03:01'),(142,43,142,1,1,'2015-03-05 00:00:00','',0,0,0,1,1,'2015-01-28 18:03:01','2015-01-28 18:03:01'),(143,43,143,1,2,'2015-03-05 00:00:00','',0,0,0,1,1,'2015-01-28 18:03:01','2015-01-28 18:03:01'),(144,43,144,1,1,'2015-03-05 00:00:00','',0,0,0,1,1,'2015-01-28 18:03:01','2015-01-28 18:03:01'),(145,43,145,1,1,'2015-03-05 00:00:00','',0,0,0,1,1,'2015-01-28 18:03:01','2015-01-28 18:03:01'),(146,44,146,1,1,'2015-03-05 00:00:00','',0,0,0,1,1,'2015-01-28 18:03:01','2015-01-28 18:03:01'),(147,44,147,1,2,'2015-03-05 00:00:00','',0,0,0,1,1,'2015-01-28 18:03:01','2015-01-28 18:03:01'),(148,44,148,1,2,'2015-03-05 00:00:00','',0,0,0,1,1,'2015-01-28 18:03:01','2015-01-28 18:03:01'),(149,44,149,1,1,'2015-03-05 00:00:00','',0,0,0,1,1,'2015-01-28 18:03:01','2015-01-28 18:03:01'),(150,45,150,1,3,'2015-03-05 00:00:00','',0,0,0,1,1,'2015-01-28 18:03:01','2015-01-28 18:03:01'),(151,45,151,1,4,'2015-03-05 00:00:00','',0,0,0,1,1,'2015-01-28 18:03:01','2015-01-28 18:03:01'),(152,45,152,1,4,'2015-03-05 00:00:00','',0,0,0,1,1,'2015-01-28 18:03:01','2015-01-28 18:03:01'),(153,45,153,1,3,'2015-03-05 00:00:00','',0,0,0,1,1,'2015-01-28 18:03:01','2015-01-28 18:03:01'),(154,46,154,1,1,'2015-03-05 00:00:00','',0,0,0,1,1,'2015-01-28 18:03:01','2015-01-28 18:03:01'),(155,46,155,1,2,'2015-03-05 00:00:00','',0,0,0,1,1,'2015-01-28 18:03:01','2015-01-28 18:03:01'),(156,46,156,1,2,'2015-03-05 00:00:00','',0,0,0,1,1,'2015-01-28 18:03:01','2015-01-28 18:03:01'),(157,46,157,1,1,'2015-03-05 00:00:00','',0,0,0,1,1,'2015-01-28 18:03:01','2015-01-28 18:03:01'),(158,47,158,1,1,'2015-03-05 00:00:00','',0,0,0,1,1,'2015-01-28 18:03:01','2015-01-28 18:03:01'),(159,47,159,1,2,'2015-03-05 00:00:00','',0,0,0,1,1,'2015-01-28 18:03:01','2015-01-28 18:03:01'),(160,47,160,1,1,'2015-03-05 00:00:00','',0,0,0,1,1,'2015-01-28 18:03:01','2015-01-28 18:03:01'),(161,48,161,1,4,'2015-03-05 00:00:00','',0,0,0,1,1,'2015-01-28 18:03:01','2015-01-28 18:03:01'),(162,48,162,1,4,'2015-03-05 00:00:00','',0,0,0,1,1,'2015-01-28 18:03:01','2015-01-28 18:03:01'),(163,48,163,1,2,'2015-03-05 00:00:00','',0,0,0,1,1,'2015-01-28 18:03:01','2015-01-28 18:03:01'),(164,49,164,1,4,'2015-03-05 00:00:00','',0,0,0,1,1,'2015-01-28 18:03:01','2015-01-28 18:03:01'),(165,49,165,1,4,'2015-03-05 00:00:00','',0,0,0,1,1,'2015-01-28 18:03:01','2015-01-28 18:03:01'),(166,49,166,1,2,'2015-03-05 00:00:00','',0,0,0,1,1,'2015-01-28 18:03:01','2015-01-28 18:03:01'),(169,51,169,1,5,'2015-03-05 00:00:00','',0,0,0,1,1,'2015-01-28 18:03:01','2015-01-28 18:03:01'),(170,51,170,1,-1,'2015-03-05 00:00:00','',0,0,0,1,1,'2015-01-28 18:03:01','2015-01-28 18:03:01'),(171,52,171,1,2,'2015-03-05 00:00:00','',0,0,0,1,1,'2015-01-28 18:03:01','2015-01-28 18:03:01'),(172,52,172,1,2,'2015-03-05 00:00:00','',0,0,0,1,1,'2015-01-28 18:03:01','2015-01-28 18:03:01'),(173,53,173,1,1,'2015-03-05 00:00:00','',0,0,0,1,1,'2015-01-28 18:03:01','2015-01-28 18:03:01'),(174,53,174,1,2,'2015-03-05 00:00:00','',0,0,0,1,1,'2015-01-28 18:03:01','2015-01-28 18:03:01'),(175,53,175,1,1,'2015-03-05 00:00:00','',0,0,0,1,1,'2015-01-28 18:03:01','2015-01-28 18:03:01'),(176,54,176,1,1,'2015-03-05 00:00:00','',0,0,0,1,1,'2015-01-28 18:03:01','2015-01-28 18:03:01'),(177,54,177,1,2,'2015-03-05 00:00:00','',0,0,0,1,1,'2015-01-28 18:03:01','2015-01-28 18:03:01'),(178,54,178,1,1,'2015-03-05 00:00:00','',0,0,0,1,1,'2015-01-28 18:03:01','2015-01-28 18:03:01'),(179,55,179,1,1,'2015-03-05 00:00:00','',0,0,0,1,1,'2015-01-28 18:03:01','2015-01-28 18:03:01'),(180,55,180,1,2,'2015-03-05 00:00:00','',0,0,0,1,1,'2015-01-28 18:03:01','2015-01-28 18:03:01'),(181,55,181,1,1,'2015-03-05 00:00:00','',0,0,0,1,1,'2015-01-28 18:03:01','2015-01-28 18:03:01'),(182,56,182,1,2,'2015-03-05 00:00:00','',0,0,0,1,1,'2015-01-28 18:03:01','2015-01-28 18:03:01'),(183,56,183,1,3,'2015-03-05 00:00:00','',0,0,0,1,1,'2015-01-28 18:03:01','2015-01-28 18:03:01'),(184,56,184,1,2,'2015-03-05 00:00:00','',0,0,0,1,1,'2015-01-28 18:03:01','2015-01-28 18:03:01'),(185,57,185,1,2,'2015-03-05 00:00:00','',0,0,0,1,1,'2015-01-28 18:03:01','2015-01-28 18:03:01'),(186,57,186,1,2,'2015-03-05 00:00:00','',0,0,0,1,1,'2015-01-28 18:03:01','2015-01-28 18:03:01'),(187,57,187,1,2,'2015-03-05 00:00:00','',0,0,0,1,1,'2015-01-28 18:03:01','2015-01-28 18:03:01'),(188,58,188,1,2,'2015-03-05 00:00:00','',0,0,0,1,1,'2015-01-28 18:03:01','2015-01-28 18:03:01'),(189,58,189,1,2,'2015-03-05 00:00:00','',0,0,0,1,1,'2015-01-28 18:03:01','2015-01-28 18:03:01'),(190,58,190,1,2,'2015-03-05 00:00:00','',0,0,0,1,1,'2015-01-28 18:03:01','2015-01-28 18:03:01'),(191,58,191,1,2,'2015-03-05 00:00:00','',0,0,0,1,1,'2015-01-28 18:03:01','2015-01-28 18:03:01'),(192,58,192,1,1,'2015-03-05 00:00:00','',0,0,0,1,1,'2015-01-28 18:03:01','2015-01-28 18:03:01'),(193,59,193,1,1,'2015-03-05 00:00:00','',0,0,0,1,1,'2015-01-28 18:03:01','2015-01-28 18:03:01'),(194,59,194,1,1,'2015-03-05 00:00:00','',0,0,0,1,1,'2015-01-28 18:03:01','2015-01-28 18:03:01'),(195,59,195,1,1,'2015-03-05 00:00:00','',0,0,0,1,1,'2015-01-28 18:03:01','2015-01-28 18:03:01'),(196,59,196,1,1,'2015-03-05 00:00:00','',0,0,0,1,1,'2015-01-28 18:03:01','2015-01-28 18:03:01'),(197,60,197,1,1,'2015-03-05 00:00:00','',0,0,0,1,1,'2015-01-28 18:03:01','2015-01-28 18:03:01'),(198,60,198,1,2,'2015-03-05 00:00:00','',0,0,0,1,1,'2015-01-28 18:03:01','2015-01-28 18:03:01'),(199,60,199,1,1,'2015-03-05 00:00:00','',0,0,0,1,1,'2015-01-28 18:03:01','2015-01-28 18:03:01'),(200,60,200,1,1,'2015-03-05 00:00:00','',0,0,0,1,1,'2015-01-28 18:03:01','2015-01-28 18:03:01'),(201,61,201,1,1,'2015-03-05 00:00:00','',0,0,0,1,1,'2015-01-28 18:03:01','2015-01-28 18:03:01'),(202,61,202,1,1,'2015-03-05 00:00:00','',0,0,0,1,1,'2015-01-28 18:03:01','2015-01-28 18:03:01'),(203,61,203,1,1,'2015-03-05 00:00:00','',0,0,0,1,1,'2015-01-28 18:03:01','2015-01-28 18:03:01'),(204,61,204,1,1,'2015-03-05 00:00:00','',0,0,0,1,1,'2015-01-28 18:03:01','2015-01-28 18:03:01'),(205,62,205,1,2,'2015-03-05 00:00:00','',0,0,0,1,1,'2015-01-28 18:03:01','2015-01-28 18:03:01'),(206,62,206,1,3,'2015-03-05 00:00:00','',0,0,0,1,1,'2015-01-28 18:03:01','2015-01-28 18:03:01'),(207,62,207,1,3,'2015-03-05 00:00:00','',0,0,0,1,1,'2015-01-28 18:03:01','2015-01-28 18:03:01'),(208,62,208,1,1,'2015-03-05 00:00:00','',0,0,0,1,1,'2015-01-28 18:03:01','2015-01-28 18:03:01'),(209,63,209,1,2,'2015-03-05 00:00:00','',0,0,0,1,1,'2015-01-28 18:03:01','2015-01-28 18:03:01'),(210,63,210,1,2,'2015-03-05 00:00:00','',0,0,0,1,1,'2015-01-28 18:03:01','2015-01-28 18:03:01'),(211,63,211,1,2,'2015-03-05 00:00:00','',0,0,0,1,1,'2015-01-28 18:03:01','2015-01-28 18:03:01'),(212,63,212,1,1,'2015-03-05 00:00:00','',0,0,0,1,1,'2015-01-28 18:03:01','2015-01-28 18:03:01'),(213,64,213,1,4,'2015-03-05 00:00:00','',0,0,0,1,1,'2015-01-28 18:03:01','2015-01-28 18:03:01'),(214,64,214,1,4,'2015-03-05 00:00:00','',0,0,0,1,1,'2015-01-28 18:03:01','2015-01-28 18:03:01'),(215,64,215,1,4,'2015-03-05 00:00:00','',0,0,0,1,1,'2015-01-28 18:03:01','2015-01-28 18:03:01'),(216,64,216,1,2,'2015-03-05 00:00:00','',0,0,0,1,1,'2015-01-28 18:03:01','2015-01-28 18:03:01'),(217,65,217,1,1,'2015-03-05 00:00:00','',0,0,0,1,1,'2015-01-28 18:03:01','2015-01-28 18:03:01'),(218,65,218,1,2,'2015-03-05 00:00:00','',0,0,0,1,1,'2015-01-28 18:03:01','2015-01-28 18:03:01'),(219,65,219,1,2,'2015-03-05 00:00:00','',0,0,0,1,1,'2015-01-28 18:03:01','2015-01-28 18:03:01'),(220,66,220,1,4,'2015-03-05 00:00:00','',0,0,0,1,1,'2015-01-28 18:03:01','2015-01-28 18:03:01'),(221,66,221,1,4,'2015-03-05 00:00:00','',0,0,0,1,1,'2015-01-28 18:03:01','2015-01-28 18:03:01'),(222,66,222,1,4,'2015-03-05 00:00:00','',0,0,0,1,1,'2015-01-28 18:03:01','2015-01-28 18:03:01'),(223,66,223,1,2,'2015-03-05 00:00:00','',0,0,0,1,1,'2015-01-28 18:03:01','2015-01-28 18:03:01'),(224,67,224,1,2,'2015-03-05 00:00:00','',0,0,0,1,1,'2015-01-28 18:03:01','2015-01-28 18:03:01'),(225,67,225,1,2,'2015-03-05 00:00:00','',0,0,0,1,1,'2015-01-28 18:03:01','2015-01-28 18:03:01'),(226,67,226,1,2,'2015-03-05 00:00:00','',0,0,0,1,1,'2015-01-28 18:03:01','2015-01-28 18:03:01'),(227,67,227,1,2,'2015-03-05 00:00:00','',0,0,0,1,1,'2015-01-28 18:03:01','2015-01-28 18:03:01'),(228,68,228,1,4,'2015-03-05 00:00:00','',0,0,0,1,1,'2015-01-28 18:03:01','2015-01-28 18:03:01'),(229,68,229,1,4,'2015-03-05 00:00:00','',0,0,0,1,1,'2015-01-28 18:03:01','2015-01-28 18:03:01'),(230,68,230,1,4,'2015-03-05 00:00:00','',0,0,0,1,1,'2015-01-28 18:03:01','2015-01-28 18:03:01'),(231,68,231,1,3,'2015-03-05 00:00:00','',0,0,0,1,1,'2015-01-28 18:03:01','2015-01-28 18:03:01'),(232,68,232,1,1,'2015-03-05 00:00:00','',0,0,0,1,1,'2015-01-28 18:03:01','2015-01-28 18:03:01'),(233,69,233,1,2,'2015-03-05 00:00:00','',0,0,0,1,1,'2015-01-28 18:03:01','2015-01-28 18:03:01'),(234,69,234,1,2,'2015-03-05 00:00:00','',0,0,0,1,1,'2015-01-28 18:03:01','2015-01-28 18:03:01'),(235,69,235,1,2,'2015-03-05 00:00:00','',0,0,0,1,1,'2015-01-28 18:03:01','2015-01-28 18:03:01'),(236,69,236,1,1,'2015-03-05 00:00:00','',0,0,0,1,1,'2015-01-28 18:03:01','2015-01-28 18:03:01'),(237,70,237,1,1,'2015-03-05 00:00:00','',0,0,0,1,1,'2015-01-28 18:03:01','2015-01-28 18:03:01'),(238,70,238,1,2,'2015-03-05 00:00:00','',0,0,0,1,1,'2015-01-28 18:03:01','2015-01-28 18:03:01'),(239,70,239,1,2,'2015-03-05 00:00:00','',0,0,0,1,1,'2015-01-28 18:03:01','2015-01-28 18:03:01'),(240,70,240,1,1,'2015-03-05 00:00:00','',0,0,0,1,1,'2015-01-28 18:03:01','2015-01-28 18:03:01'),(241,70,241,1,1,'2015-03-05 00:00:00','',0,0,0,1,1,'2015-01-28 18:03:01','2015-01-28 18:03:01'),(242,71,242,1,2,'2015-03-05 00:00:00','',0,0,0,1,1,'2015-01-28 18:03:01','2015-01-28 18:03:01'),(243,71,243,1,2,'2015-03-05 00:00:00','',0,0,0,1,1,'2015-01-28 18:03:01','2015-01-28 18:03:01'),(244,71,244,1,2,'2015-03-05 00:00:00','',0,0,0,1,1,'2015-01-28 18:03:01','2015-01-28 18:03:01'),(245,71,245,1,1,'2015-03-05 00:00:00','',0,0,0,1,1,'2015-01-28 18:03:01','2015-01-28 18:03:01'),(246,72,246,1,1,'2015-03-05 00:00:00','',0,0,0,1,1,'2015-01-28 18:03:01','2015-01-28 18:03:01'),(247,72,247,1,2,'2015-03-05 00:00:00','',0,0,0,1,1,'2015-01-28 18:03:01','2015-01-28 18:03:01'),(248,72,248,1,2,'2015-03-05 00:00:00','',0,0,0,1,1,'2015-01-28 18:03:01','2015-01-28 18:03:01'),(249,72,249,1,1,'2015-03-05 00:00:00','',0,0,0,1,1,'2015-01-28 18:03:01','2015-01-28 18:03:01'),(250,73,250,1,1,'2015-03-05 00:00:00','',0,0,0,1,1,'2015-01-28 18:03:01','2015-01-28 18:03:01'),(251,73,251,1,2,'2015-03-05 00:00:00','',0,0,0,1,1,'2015-01-28 18:03:01','2015-01-28 18:03:01'),(252,73,252,1,2,'2015-03-05 00:00:00','',0,0,0,1,1,'2015-01-28 18:03:01','2015-01-28 18:03:01'),(253,73,253,1,1,'2015-03-05 00:00:00','',0,0,0,1,1,'2015-01-28 18:03:01','2015-01-28 18:03:01'),(254,74,254,1,2,'2015-03-05 00:00:00','',0,0,0,1,1,'2015-01-28 18:03:01','2015-01-28 18:03:01'),(255,74,255,1,2,'2015-03-05 00:00:00','',0,0,0,1,1,'2015-01-28 18:03:01','2015-01-28 18:03:01'),(256,74,256,1,1,'2015-03-05 00:00:00','',0,0,0,1,1,'2015-01-28 18:03:01','2015-01-28 18:03:01'),(257,74,257,1,1,'2015-03-05 00:00:00','',0,0,0,1,1,'2015-01-28 18:03:01','2015-01-28 18:03:01'),(258,75,258,1,1,'2015-03-05 00:00:00','',0,0,0,1,1,'2015-01-28 18:03:01','2015-01-28 18:03:01'),(259,75,259,1,2,'2015-03-05 00:00:00','',0,0,0,1,1,'2015-01-28 18:03:01','2015-01-28 18:03:01'),(260,75,260,1,2,'2015-03-05 00:00:00','',0,0,0,1,1,'2015-01-28 18:03:01','2015-01-28 18:03:01'),(261,75,261,1,1,'2015-03-05 00:00:00','',0,0,0,1,1,'2015-01-28 18:03:01','2015-01-28 18:03:01'),(262,76,262,1,1,'2015-03-05 00:00:00','',0,0,0,1,1,'2015-01-28 18:03:01','2015-01-28 18:03:01'),(263,76,263,1,2,'2015-03-05 00:00:00','',0,0,0,1,1,'2015-01-28 18:03:01','2015-01-28 18:03:01'),(264,76,264,1,2,'2015-03-05 00:00:00','',0,0,0,1,1,'2015-01-28 18:03:01','2015-01-28 18:03:01'),(265,76,265,1,1,'2015-03-05 00:00:00','',0,0,0,1,1,'2015-01-28 18:03:01','2015-01-28 18:03:01'),(266,77,266,1,1,'2015-03-05 00:00:00','',0,0,0,1,1,'2015-01-28 18:03:01','2015-01-28 18:03:01'),(267,77,267,1,2,'2015-03-05 00:00:00','',0,0,0,1,1,'2015-01-28 18:03:01','2015-01-28 18:03:01'),(268,77,268,1,2,'2015-03-05 00:00:00','',0,0,0,1,1,'2015-01-28 18:03:01','2015-01-28 18:03:01'),(269,77,269,1,1,'2015-03-05 00:00:00','',0,0,0,1,1,'2015-01-28 18:03:01','2015-01-28 18:03:01'),(270,78,270,1,1,'2015-03-05 00:00:00','',0,0,0,1,1,'2015-01-28 18:03:01','2015-01-28 18:03:01'),(271,78,271,1,1,'2015-03-05 00:00:00','',0,0,0,1,1,'2015-01-28 18:03:01','2015-01-28 18:03:01'),(272,78,272,1,1,'2015-03-05 00:00:00','',0,0,0,1,1,'2015-01-28 18:03:01','2015-01-28 18:03:01'),(273,79,273,1,1,'2015-03-05 00:00:00','',0,0,0,1,1,'2015-01-28 18:03:01','2015-01-28 18:03:01'),(274,79,274,1,2,'2015-03-05 00:00:00','',0,0,0,1,1,'2015-01-28 18:03:01','2015-01-28 18:03:01'),(275,79,275,1,1,'2015-03-05 00:00:00','',0,0,0,1,1,'2015-01-28 18:03:01','2015-01-28 18:03:01'),(276,80,276,1,2,'2015-03-05 00:00:00','',0,0,0,1,1,'2015-01-28 18:03:01','2015-01-28 18:03:01'),(277,80,277,1,2,'2015-03-05 00:00:00','',0,0,0,1,1,'2015-01-28 18:03:01','2015-01-28 18:03:01'),(278,80,278,1,2,'2015-03-05 00:00:00','',0,0,0,1,1,'2015-01-28 18:03:01','2015-01-28 18:03:01'),(279,80,279,1,1,'2015-03-05 00:00:00','',0,0,0,1,1,'2015-01-28 18:03:01','2015-01-28 18:03:01'),(280,81,280,1,2,'2015-03-05 00:00:00','',0,0,0,1,1,'2015-01-28 18:03:01','2015-01-28 18:03:01'),(281,81,281,1,1,'2015-03-05 00:00:00','',0,0,0,1,1,'2015-01-28 18:03:01','2015-01-28 18:03:01'),(282,81,282,1,1,'2015-03-05 00:00:00','',0,0,0,1,1,'2015-01-28 18:03:01','2015-01-28 18:03:01'),(283,82,283,1,1,'2015-03-05 00:00:00','',0,0,0,1,1,'2015-01-28 18:03:01','2015-01-28 18:03:01'),(284,82,284,1,2,'2015-03-05 00:00:00','',0,0,0,1,1,'2015-01-28 18:03:01','2015-01-28 18:03:01'),(285,82,285,1,2,'2015-03-05 00:00:00','',0,0,0,1,1,'2015-01-28 18:03:01','2015-01-28 18:03:01'),(286,83,286,1,2,'2015-03-05 00:00:00','',0,0,0,1,1,'2015-01-28 18:03:01','2015-01-28 18:03:01'),(287,83,287,1,2,'2015-03-05 00:00:00','',0,0,0,1,1,'2015-01-28 18:03:01','2015-01-28 18:03:01'),(288,83,288,1,2,'2015-03-05 00:00:00','',0,0,0,1,1,'2015-01-28 18:03:01','2015-01-28 18:03:01'),(289,83,289,1,1,'2015-03-05 00:00:00','',0,0,0,1,1,'2015-01-28 18:03:01','2015-01-28 18:03:01'),(290,84,290,1,6,'2015-03-05 00:00:00','',0,0,0,1,1,'2015-01-28 18:03:01','2015-01-28 18:03:01'),(291,84,291,1,6,'2015-03-05 00:00:00','',0,0,0,1,1,'2015-01-28 18:03:01','2015-01-28 18:03:01'),(292,85,292,1,3,'2015-03-05 00:00:00','',0,0,0,1,1,'2015-01-28 18:03:01','2015-01-28 18:03:01'),(293,85,293,1,3,'2015-03-05 00:00:00','',0,0,0,1,1,'2015-01-28 18:03:01','2015-01-28 18:03:01'),(294,86,294,1,1,'2015-03-05 00:00:00','',0,0,0,1,1,'2015-01-28 18:03:01','2015-01-28 18:03:01'),(295,86,295,1,1,'2015-03-05 00:00:00','',0,0,0,1,1,'2015-01-28 18:03:01','2015-01-28 18:03:01'),(296,86,296,1,1,'2015-03-05 00:00:00','',0,0,0,1,1,'2015-01-28 18:03:01','2015-01-28 18:03:01'),(297,87,297,1,1,'2015-03-05 00:00:00','',0,0,0,1,1,'2015-01-28 18:03:01','2015-01-28 18:03:01'),(298,87,298,1,2,'2015-03-05 00:00:00','',0,0,0,1,1,'2015-01-28 18:03:01','2015-01-28 18:03:01'),(299,87,299,1,1,'2015-03-05 00:00:00','',0,0,0,1,1,'2015-01-28 18:03:01','2015-01-28 18:03:01'),(300,88,300,1,2,'2015-03-05 00:00:00','',0,0,0,1,1,'2015-01-28 18:03:01','2015-01-28 18:03:01'),(301,88,301,1,2,'2015-03-05 00:00:00','',0,0,0,1,1,'2015-01-28 18:03:01','2015-01-28 18:03:01'),(302,88,302,1,1,'2015-03-05 00:00:00','',0,0,0,1,1,'2015-01-28 18:03:01','2015-01-28 18:03:01'),(303,89,303,1,2,'2015-03-05 00:00:00','',0,0,0,1,1,'2015-01-28 18:03:01','2015-01-28 18:03:01'),(304,89,304,1,2,'2015-03-05 00:00:00','',0,0,0,1,1,'2015-01-28 18:03:01','2015-01-28 18:03:01'),(305,89,305,1,1,'2015-03-05 00:00:00','',0,0,0,1,1,'2015-01-28 18:03:01','2015-01-28 18:03:01'),(306,90,306,1,4,'2015-03-05 00:00:00','',0,0,0,1,1,'2015-01-28 18:03:01','2015-01-28 18:03:01'),(307,90,307,1,4,'2015-03-05 00:00:00','',0,0,0,1,1,'2015-01-28 18:03:01','2015-01-28 18:03:01'),(308,90,308,1,2,'2015-03-05 00:00:00','',0,0,0,1,1,'2015-01-28 18:03:01','2015-01-28 18:03:01'),(309,90,309,1,1,'2015-03-05 00:00:00','',0,0,0,1,1,'2015-01-28 18:03:01','2015-01-28 18:03:01'),(310,91,310,1,3,'2015-03-05 00:00:00','',0,0,0,1,1,'2015-01-28 18:03:01','2015-01-28 18:03:01'),(311,91,311,1,3,'2015-03-05 00:00:00','',0,0,0,1,1,'2015-01-28 18:03:01','2015-01-28 18:03:01'),(312,91,312,1,2,'2015-03-05 00:00:00','',0,0,0,1,1,'2015-01-28 18:03:01','2015-01-28 18:03:01'),(313,92,313,1,4,'2015-03-05 00:00:00','',0,0,0,1,1,'2015-01-28 18:03:01','2015-01-28 18:03:01'),(314,92,314,1,4,'2015-03-05 00:00:00','',0,0,0,1,1,'2015-01-28 18:03:01','2015-01-28 18:03:01'),(315,92,315,1,2,'2015-03-05 00:00:00','',0,0,0,1,1,'2015-01-28 18:03:01','2015-01-28 18:03:01'),(316,93,316,1,2,'2015-03-05 00:00:00','',0,0,0,1,1,'2015-01-28 18:03:01','2015-01-28 18:03:01'),(317,93,317,1,2,'2015-03-05 00:00:00','',0,0,0,1,1,'2015-01-28 18:03:01','2015-01-28 18:03:01'),(318,93,318,1,1,'2015-03-05 00:00:00','',0,0,0,1,1,'2015-01-28 18:03:01','2015-01-28 18:03:01'),(319,94,319,1,3,'2015-03-05 00:00:00','',0,0,0,1,1,'2015-01-28 18:03:01','2015-01-28 18:03:01'),(320,94,320,1,4,'2015-03-05 00:00:00','',0,0,0,1,1,'2015-01-28 18:03:01','2015-01-28 18:03:01'),(321,94,321,1,4,'2015-03-05 00:00:00','',0,0,0,1,1,'2015-01-28 18:03:01','2015-01-28 18:03:01'),(322,94,322,1,3,'2015-03-05 00:00:00','',0,0,0,1,1,'2015-01-28 18:03:01','2015-01-28 18:03:01'),(323,95,323,1,4,'2015-03-05 00:00:00','',0,0,0,1,1,'2015-01-28 18:03:01','2015-01-28 18:03:01'),(324,95,324,1,4,'2015-03-05 00:00:00','',0,0,0,1,1,'2015-01-28 18:03:01','2015-01-28 18:03:01'),(325,95,325,1,3,'2015-03-05 00:00:00','',0,0,0,1,1,'2015-01-28 18:03:01','2015-01-28 18:03:01'),(326,96,326,1,4,'2015-03-05 00:00:00','',0,0,0,1,1,'2015-01-28 18:03:01','2015-01-28 18:03:01'),(327,96,327,1,5,'2015-03-05 00:00:00','',0,0,0,1,1,'2015-01-28 18:03:01','2015-01-28 18:03:01'),(328,96,328,1,5,'2015-03-05 00:00:00','',0,0,0,1,1,'2015-01-28 18:03:01','2015-01-28 18:03:01'),(329,96,329,1,3,'2015-03-05 00:00:00','',0,0,0,1,1,'2015-01-28 18:03:01','2015-01-28 18:03:01'),(330,97,330,1,3,'2015-03-05 00:00:00','',0,0,0,1,1,'2015-01-28 18:03:01','2015-01-28 18:03:01'),(331,97,331,1,4,'2015-03-05 00:00:00','',0,0,0,1,1,'2015-01-28 18:03:01','2015-01-28 18:03:01'),(332,97,332,1,4,'2015-03-05 00:00:00','',0,0,0,1,1,'2015-01-28 18:03:01','2015-01-28 18:03:01'),(333,97,333,1,3,'2015-03-05 00:00:00','',0,0,0,1,1,'2015-01-28 18:03:01','2015-01-28 18:03:01'),(334,97,334,1,1,'2015-03-05 00:00:00','',0,0,0,1,1,'2015-01-28 18:03:01','2015-01-28 18:03:01'),(335,98,335,1,4,'2015-03-05 00:00:00','',0,0,0,1,1,'2015-01-28 18:03:01','2015-01-28 18:03:01'),(336,98,336,1,4,'2015-03-05 00:00:00','',0,0,0,1,1,'2015-01-28 18:03:01','2015-01-28 18:03:01'),(337,98,337,1,2,'2015-03-05 00:00:00','',0,0,0,1,1,'2015-01-28 18:03:01','2015-01-28 18:03:01'),(338,99,338,1,1,'2015-03-05 00:00:00','',0,0,0,1,1,'2015-01-28 18:03:01','2015-01-28 18:03:01'),(339,99,339,1,2,'2015-03-05 00:00:00','',0,0,0,1,1,'2015-01-28 18:03:01','2015-01-28 18:03:01'),(340,99,340,1,2,'2015-03-05 00:00:00','',0,0,0,1,1,'2015-01-28 18:03:01','2015-01-28 18:03:01'),(341,99,341,1,1,'2015-03-05 00:00:00','',0,0,0,1,1,'2015-01-28 18:03:01','2015-01-28 18:03:01'),(342,100,342,1,3,'2015-03-05 00:00:00','',0,0,0,1,1,'2015-01-28 18:03:01','2015-01-28 18:03:01'),(343,100,343,1,3,'2015-03-05 00:00:00','',0,0,0,1,1,'2015-01-28 18:03:01','2015-01-28 18:03:01'),(344,100,344,1,2,'2015-03-05 00:00:00','',0,0,0,1,1,'2015-01-28 18:03:01','2015-01-28 18:03:01'),(345,101,345,1,2,'2015-03-05 00:00:00','',0,0,0,1,1,'2015-01-28 18:03:01','2015-01-28 18:03:01'),(346,101,346,1,2,'2015-03-05 00:00:00','',0,0,0,1,1,'2015-01-28 18:03:01','2015-01-28 18:03:01'),(347,101,347,1,1,'2015-03-05 00:00:00','',0,0,0,1,1,'2015-01-28 18:03:01','2015-01-28 18:03:01'),(348,102,348,1,1,'2015-03-05 00:00:00','',0,0,0,1,1,'2015-01-28 18:03:01','2015-01-28 18:03:01'),(349,102,349,1,1,'2015-03-05 00:00:00','',0,0,0,1,1,'2015-01-28 18:03:01','2015-01-28 18:03:01'),(350,102,350,1,1,'2015-03-05 00:00:00','',0,0,0,1,1,'2015-01-28 18:03:01','2015-01-28 18:03:01'),(351,103,351,1,1,'2015-03-05 00:00:00','',0,0,0,1,1,'2015-01-28 18:03:01','2015-01-28 18:03:01'),(352,103,352,1,1,'2015-03-05 00:00:00','',0,0,0,1,1,'2015-01-28 18:03:01','2015-01-28 18:03:01'),(353,103,353,1,1,'2015-03-05 00:00:00','',0,0,0,1,1,'2015-01-28 18:03:01','2015-01-28 18:03:01'),(354,104,354,1,5,'2015-03-05 00:00:00','',0,0,0,1,1,'2015-01-28 18:03:01','2015-01-28 18:03:01'),(355,104,355,1,5,'2015-03-05 00:00:00','',0,0,0,1,1,'2015-01-28 18:03:01','2015-01-28 18:03:01'),(356,105,356,1,4,'2015-03-05 00:00:00','',0,0,0,1,1,'2015-01-28 18:03:01','2015-01-28 18:03:01'),(357,105,357,1,4,'2015-03-05 00:00:00','',0,0,0,1,1,'2015-01-28 18:03:01','2015-01-28 18:03:01'),(358,106,358,1,2,'2015-03-05 00:00:00','',0,0,0,1,1,'2015-01-28 18:03:01','2015-01-28 18:03:01'),(359,106,359,1,2,'2015-03-05 00:00:00','',0,0,0,1,1,'2015-01-28 18:03:01','2015-01-28 18:03:01'),(360,106,360,1,2,'2015-03-05 00:00:00','',0,0,0,1,1,'2015-01-28 18:03:01','2015-01-28 18:03:01'),(361,107,361,1,2,'2015-03-05 00:00:00','',0,0,0,1,1,'2015-01-28 18:03:01','2015-01-28 18:03:01'),(362,107,362,1,2,'2015-03-05 00:00:00','',0,0,0,1,1,'2015-01-28 18:03:01','2015-01-28 18:03:01'),(363,107,363,1,1,'2015-03-05 00:00:00','',0,0,0,1,1,'2015-01-28 18:03:01','2015-01-28 18:03:01'),(364,108,364,1,2,'2015-03-05 00:00:00','',0,0,0,1,1,'2015-01-28 18:03:01','2015-01-28 18:03:01'),(365,108,365,1,2,'2015-03-05 00:00:00','',0,0,0,1,1,'2015-01-28 18:03:01','2015-01-28 18:03:01'),(366,108,366,1,1,'2015-03-05 00:00:00','',0,0,0,1,1,'2015-01-28 18:03:01','2015-01-28 18:03:01'),(367,109,367,1,2,'2015-03-05 00:00:00','',0,0,0,1,1,'2015-01-28 18:03:01','2015-01-28 18:03:01'),(368,109,368,1,2,'2015-03-05 00:00:00','',0,0,0,1,1,'2015-01-28 18:03:01','2015-01-28 18:03:01'),(369,109,369,1,2,'2015-03-05 00:00:00','',0,0,0,1,1,'2015-01-28 18:03:01','2015-01-28 18:03:01'),(370,109,370,1,1,'2015-03-05 00:00:00','',0,0,0,1,1,'2015-01-28 18:03:01','2015-01-28 18:03:01'),(371,110,371,1,2,'2015-03-05 00:00:00','',0,0,0,1,1,'2015-01-28 18:03:01','2015-01-28 18:03:01'),(372,110,372,1,3,'2015-03-05 00:00:00','',0,0,0,1,1,'2015-01-28 18:03:01','2015-01-28 18:03:01'),(373,110,373,1,3,'2015-03-05 00:00:00','',0,0,0,1,1,'2015-01-28 18:03:01','2015-01-28 18:03:01'),(374,110,374,1,2,'2015-03-05 00:00:00','',0,0,0,1,1,'2015-01-28 18:03:01','2015-01-28 18:03:01'),(375,111,375,1,5,'2015-03-05 00:00:00','',0,0,0,1,1,'2015-01-28 18:03:01','2015-01-28 18:03:01'),(376,111,376,1,5,'2015-03-05 00:00:00','',0,0,0,1,1,'2015-01-28 18:03:01','2015-01-28 18:03:01'),(377,111,377,1,5,'2015-03-05 00:00:00','',0,0,0,1,1,'2015-01-28 18:03:01','2015-01-28 18:03:01'),(378,111,378,1,3,'2015-03-05 00:00:00','',0,0,0,1,1,'2015-01-28 18:03:01','2015-01-28 18:03:01'),(379,112,379,1,2,'2015-03-05 00:00:00','',0,0,0,1,1,'2015-01-28 18:03:01','2015-01-28 18:03:01'),(380,112,380,1,2,'2015-03-05 00:00:00','',0,0,0,1,1,'2015-01-28 18:03:01','2015-01-28 18:03:01'),(381,112,381,1,2,'2015-03-05 00:00:00','',0,0,0,1,1,'2015-01-28 18:03:01','2015-01-28 18:03:01'),(382,112,382,1,2,'2015-03-05 00:00:00','',0,0,0,1,1,'2015-01-28 18:03:01','2015-01-28 18:03:01'),(383,112,383,1,1,'2015-03-05 00:00:00','',0,0,0,1,1,'2015-01-28 18:03:01','2015-01-28 18:03:01'),(384,113,384,1,2,'2015-03-05 00:00:00','',0,0,0,1,1,'2015-01-28 18:03:01','2015-01-28 18:03:01'),(385,113,385,1,2,'2015-03-05 00:00:00','',0,0,0,1,1,'2015-01-28 18:03:01','2015-01-28 18:03:01'),(386,113,386,1,2,'2015-03-05 00:00:00','',0,0,0,1,1,'2015-01-28 18:03:01','2015-01-28 18:03:01'),(387,113,387,1,2,'2015-03-05 00:00:00','',0,0,0,1,1,'2015-01-28 18:03:01','2015-01-28 18:03:01'),(388,113,388,1,1,'2015-03-05 00:00:00','',0,0,0,1,1,'2015-01-28 18:03:01','2015-01-28 18:03:01'),(389,114,389,1,4,'2015-03-05 00:00:00','',0,0,0,1,1,'2015-01-28 18:03:01','2015-01-28 18:03:01'),(390,114,390,1,4,'2015-03-05 00:00:00','',0,0,0,1,1,'2015-01-28 18:03:01','2015-01-28 18:03:01'),(391,114,391,1,3,'2015-03-05 00:00:00','',0,0,0,1,1,'2015-01-28 18:03:01','2015-01-28 18:03:01'),(392,114,392,1,2,'2015-03-05 00:00:00','',0,0,0,1,1,'2015-01-28 18:03:01','2015-01-28 18:03:01'),(393,115,393,1,4,'2015-03-05 00:00:00','',0,0,0,1,1,'2015-01-28 18:03:01','2015-01-28 18:03:01'),(394,115,394,1,5,'2015-03-05 00:00:00','',0,0,0,1,1,'2015-01-28 18:03:01','2015-01-28 18:03:01'),(395,115,395,1,5,'2015-03-05 00:00:00','',0,0,0,1,1,'2015-01-28 18:03:01','2015-01-28 18:03:01'),(396,115,396,1,3,'2015-03-05 00:00:00','',0,0,0,1,1,'2015-01-28 18:03:01','2015-01-28 18:03:01'),(397,116,397,1,2,'2015-03-05 00:00:00','',0,0,0,1,1,'2015-01-28 18:03:01','2015-01-28 18:03:01'),(398,116,398,1,3,'2015-03-05 00:00:00','',0,0,0,1,1,'2015-01-28 18:03:01','2015-01-28 18:03:01'),(399,116,399,1,2,'2015-03-05 00:00:00','',0,0,0,1,1,'2015-01-28 18:03:01','2015-01-28 18:03:01'),(400,116,400,1,2,'2015-03-05 00:00:00','',0,0,0,1,1,'2015-01-28 18:03:01','2015-01-28 18:03:01'),(401,117,401,1,1,'2015-03-05 00:00:00','',0,0,0,1,1,'2015-01-28 18:03:01','2015-01-28 18:03:01'),(402,117,402,1,2,'2015-03-05 00:00:00','',0,0,0,1,1,'2015-01-28 18:03:01','2015-01-28 18:03:01'),(403,117,403,1,2,'2015-03-05 00:00:00','',0,0,0,1,1,'2015-01-28 18:03:01','2015-01-28 18:03:01'),(404,117,404,1,1,'2015-03-05 00:00:00','',0,0,0,1,1,'2015-01-28 18:03:01','2015-01-28 18:03:01'),(405,118,405,1,2,'2015-03-05 00:00:00','',0,0,0,1,1,'2015-01-28 18:03:01','2015-01-28 18:03:01'),(406,118,406,1,2,'2015-03-05 00:00:00','',0,0,0,1,1,'2015-01-28 18:03:01','2015-01-28 18:03:01'),(407,118,407,1,2,'2015-03-05 00:00:00','',0,0,0,1,1,'2015-01-28 18:03:01','2015-01-28 18:03:01'),(408,118,408,1,1,'2015-03-05 00:00:00','',0,0,0,1,1,'2015-01-28 18:03:01','2015-01-28 18:03:01'),(409,119,409,1,2,'2015-03-05 00:00:00','',0,0,0,1,1,'2015-01-28 18:03:01','2015-01-28 18:03:01'),(410,119,410,1,2,'2015-03-05 00:00:00','',0,0,0,1,1,'2015-01-28 18:03:01','2015-01-28 18:03:01'),(411,119,411,1,2,'2015-03-05 00:00:00','',0,0,0,1,1,'2015-01-28 18:03:01','2015-01-28 18:03:01'),(412,119,412,1,1,'2015-03-05 00:00:00','',0,0,0,1,1,'2015-01-28 18:03:01','2015-01-28 18:03:01'),(413,120,413,1,2,'2015-03-05 00:00:00','',0,0,0,1,1,'2015-01-28 18:03:01','2015-01-28 18:03:01'),(414,120,414,1,2,'2015-03-05 00:00:00','',0,0,0,1,1,'2015-01-28 18:03:01','2015-01-28 18:03:01'),(415,120,415,1,2,'2015-03-05 00:00:00','',0,0,0,1,1,'2015-01-28 18:03:01','2015-01-28 18:03:01'),(416,120,416,1,1,'2015-03-05 00:00:00','',0,0,0,1,1,'2015-01-28 18:03:01','2015-01-28 18:03:01'),(417,121,417,1,4,'2015-03-05 00:00:00','',0,0,0,1,1,'2015-01-28 18:03:01','2015-01-28 18:03:01'),(418,121,418,1,5,'2015-03-05 00:00:00','',0,0,0,1,1,'2015-01-28 18:03:01','2015-01-28 18:03:01'),(419,121,419,1,5,'2015-03-05 00:00:00','',0,0,0,1,1,'2015-01-28 18:03:01','2015-01-28 18:03:01'),(420,121,420,1,3,'2015-03-05 00:00:00','',0,0,0,1,1,'2015-01-28 18:03:01','2015-01-28 18:03:01'),(421,122,421,1,2,'2015-03-05 00:00:00','',0,0,0,1,1,'2015-01-28 18:03:01','2015-01-28 18:03:01'),(422,122,422,1,2,'2015-03-05 00:00:00','',0,0,0,1,1,'2015-01-28 18:03:01','2015-01-28 18:03:01'),(423,122,423,1,2,'2015-03-05 00:00:00','',0,0,0,1,1,'2015-01-28 18:03:01','2015-01-28 18:03:01'),(424,122,424,1,1,'2015-03-05 00:00:00','',0,0,0,1,1,'2015-01-28 18:03:01','2015-01-28 18:03:01'),(425,123,425,1,3,'2015-03-05 00:00:00','',0,0,0,1,1,'2015-01-28 18:03:01','2015-01-28 18:03:01'),(426,123,426,1,3,'2015-03-05 00:00:00','',0,0,0,1,1,'2015-01-28 18:03:01','2015-01-28 18:03:01'),(427,123,427,1,2,'2015-03-05 00:00:00','',0,0,0,1,1,'2015-01-28 18:03:01','2015-01-28 18:03:01'),(428,124,428,1,2,'2015-03-05 00:00:00','',0,0,0,1,1,'2015-01-28 18:03:01','2015-01-28 18:03:01'),(429,124,429,1,2,'2015-03-05 00:00:00','',0,0,0,1,1,'2015-01-28 18:03:01','2015-01-28 18:03:01'),(430,124,430,1,2,'2015-03-05 00:00:00','',0,0,0,1,1,'2015-01-28 18:03:01','2015-01-28 18:03:01'),(431,124,431,1,1,'2015-03-05 00:00:00','',0,0,0,1,1,'2015-01-28 18:03:01','2015-01-28 18:03:01'),(432,125,432,1,1,'2015-03-05 00:00:00','',0,0,0,1,1,'2015-01-28 18:03:01','2015-01-28 18:03:01'),(433,125,433,1,2,'2015-03-05 00:00:00','',0,0,0,1,1,'2015-01-28 18:03:01','2015-01-28 18:03:01'),(434,125,434,1,2,'2015-03-05 00:00:00','',0,0,0,1,1,'2015-01-28 18:03:01','2015-01-28 18:03:01'),(435,125,435,1,1,'2015-03-05 00:00:00','',0,0,0,1,1,'2015-01-28 18:03:01','2015-01-28 18:03:01'),(436,126,436,1,5,'2015-03-05 00:00:00','',0,0,0,1,1,'2015-01-28 18:03:01','2015-01-28 18:03:01'),(437,126,437,1,5,'2015-03-05 00:00:00','',0,0,0,1,1,'2015-01-28 18:03:01','2015-01-28 18:03:01'),(438,126,438,1,5,'2015-03-05 00:00:00','',0,0,0,1,1,'2015-01-28 18:03:01','2015-01-28 18:03:01'),(439,126,439,1,3,'2015-03-05 00:00:00','',0,0,0,1,1,'2015-01-28 18:03:01','2015-01-28 18:03:01'),(440,127,440,1,2,'2015-03-05 00:00:00','',0,0,0,1,1,'2015-01-28 18:03:01','2015-01-28 18:03:01'),(441,127,441,1,2,'2015-03-05 00:00:00','',0,0,0,1,1,'2015-01-28 18:03:01','2015-01-28 18:03:01'),(442,128,442,1,1,'2015-03-05 00:00:00','',0,0,0,1,1,'2015-01-28 18:03:01','2015-01-28 18:03:01'),(443,129,443,1,1,'2015-03-05 00:00:00','',0,0,0,1,1,'2015-01-28 18:03:01','2015-01-28 18:03:01'),(444,130,444,1,1,'2015-03-05 00:00:00','',0,0,0,1,1,'2015-01-28 18:03:01','2015-01-28 18:03:01'),(445,131,445,1,1,'2015-03-05 00:00:00','',0,0,0,1,1,'2015-01-28 18:03:01','2015-01-28 18:03:01'),(446,132,446,1,1,'2015-03-05 00:00:00','',0,0,0,1,1,'2015-01-28 18:03:01','2015-01-28 18:03:01'),(447,133,447,1,1,'2015-03-05 00:00:00','',0,0,0,1,1,'2015-01-28 18:03:01','2015-01-28 18:03:01'),(448,134,448,1,1,'2015-03-05 00:00:00','',0,0,0,1,1,'2015-01-28 18:03:01','2015-01-28 18:03:01'),(449,135,449,1,1,'2015-03-05 00:00:00','',0,0,0,1,1,'2015-01-28 18:03:01','2015-01-28 18:03:01'),(450,135,450,1,1,'2015-03-05 00:00:00','',0,0,0,1,1,'2015-01-28 18:03:01','2015-01-28 18:03:01'),(451,135,451,1,1,'2015-03-05 00:00:00','',0,0,0,1,1,'2015-01-28 18:03:01','2015-01-28 18:03:01'),(452,136,452,1,1,'2015-03-05 00:00:00','',0,0,0,1,1,'2015-01-28 18:03:01','2015-01-28 18:03:01'),(453,136,453,1,2,'2015-03-05 00:00:00','',0,0,0,1,1,'2015-01-28 18:03:01','2015-01-28 18:03:01'),(454,136,454,1,1,'2015-03-05 00:00:00','',0,0,0,1,1,'2015-01-28 18:03:01','2015-01-28 18:03:01'),(455,136,455,1,1,'2015-03-05 00:00:00','',0,0,0,1,1,'2015-01-28 18:03:01','2015-01-28 18:03:01'),(456,137,456,1,1,'2015-03-05 00:00:00','',0,0,0,1,1,'2015-01-28 18:03:01','2015-01-28 18:03:01'),(457,137,457,1,1,'2015-03-05 00:00:00','',0,0,0,1,1,'2015-01-28 18:03:01','2015-01-28 18:03:01'),(458,137,458,1,1,'2015-03-05 00:00:00','',0,0,0,1,1,'2015-01-28 18:03:01','2015-01-28 18:03:01'),(459,138,459,1,2,'2015-03-05 00:00:00','',0,0,0,1,1,'2015-01-28 18:03:01','2015-01-28 18:03:01'),(460,138,460,1,2,'2015-03-05 00:00:00','',0,0,0,1,1,'2015-01-28 18:03:01','2015-01-28 18:03:01'),(461,138,461,1,2,'2015-03-05 00:00:00','',0,0,0,1,1,'2015-01-28 18:03:01','2015-01-28 18:03:01'),(462,138,462,1,1,'2015-03-05 00:00:00','',0,0,0,1,1,'2015-01-28 18:03:01','2015-01-28 18:03:01'),(463,139,463,1,2,'2015-03-05 00:00:00','',0,0,0,1,1,'2015-01-28 18:03:01','2015-01-28 18:03:01'),(464,139,464,1,2,'2015-03-05 00:00:00','',0,0,0,1,1,'2015-01-28 18:03:01','2015-01-28 18:03:01'),(465,139,465,1,1,'2015-03-05 00:00:00','',0,0,0,1,1,'2015-01-28 18:03:01','2015-01-28 18:03:01'),(466,139,466,1,1,'2015-03-05 00:00:00','',0,0,0,1,1,'2015-01-28 18:03:01','2015-01-28 18:03:01'),(467,140,467,1,1,'2015-03-05 00:00:00','',0,0,0,1,1,'2015-01-28 18:03:01','2015-01-28 18:03:01'),(468,140,468,1,1,'2015-03-05 00:00:00','',0,0,0,1,1,'2015-01-28 18:03:01','2015-01-28 18:03:01'),(469,141,469,1,1,'2015-03-05 00:00:00','',0,0,0,1,1,'2015-01-28 18:03:01','2015-01-28 18:03:01'),(470,141,470,1,1,'2015-03-05 00:00:00','',0,0,0,1,1,'2015-01-28 18:03:01','2015-01-28 18:03:01'),(471,141,471,1,1,'2015-03-05 00:00:00','',0,0,0,1,1,'2015-01-28 18:03:01','2015-01-28 18:03:01'),(472,142,472,1,1,'2015-03-05 00:00:00','',0,0,0,1,1,'2015-01-28 18:03:01','2015-01-28 18:03:01'),(473,142,473,1,2,'2015-03-05 00:00:00','',0,0,0,1,1,'2015-01-28 18:03:01','2015-01-28 18:03:01'),(474,142,474,1,1,'2015-03-05 00:00:00','',0,0,0,1,1,'2015-01-28 18:03:01','2015-01-28 18:03:01'),(475,143,475,1,1,'2015-03-05 00:00:00','',0,0,0,1,1,'2015-01-28 18:03:01','2015-01-28 18:03:01'),(476,143,476,1,1,'2015-03-05 00:00:00','',0,0,0,1,1,'2015-01-28 18:03:01','2015-01-28 18:03:01'),(477,143,477,1,1,'2015-03-05 00:00:00','',0,0,0,1,1,'2015-01-28 18:03:01','2015-01-28 18:03:01'),(478,143,478,1,1,'2015-03-05 00:00:00','',0,0,0,1,1,'2015-01-28 18:03:01','2015-01-28 18:03:01'),(479,143,479,1,1,'2015-03-05 00:00:00','',0,0,0,1,1,'2015-01-28 18:03:01','2015-01-28 18:03:01'),(480,144,480,1,1,'2015-03-05 00:00:00','',0,0,0,1,1,'2015-01-28 18:03:01','2015-01-28 18:03:01'),(481,144,481,1,2,'2015-03-05 00:00:00','',0,0,0,1,1,'2015-01-28 18:03:01','2015-01-28 18:03:01'),(482,144,482,1,2,'2015-03-05 00:00:00','',0,0,0,1,1,'2015-01-28 18:03:01','2015-01-28 18:03:01'),(483,144,483,1,1,'2015-03-05 00:00:00','',0,0,0,1,1,'2015-01-28 18:03:01','2015-01-28 18:03:01'),(484,144,484,1,1,'2015-03-05 00:00:00','',0,0,0,1,1,'2015-01-28 18:03:01','2015-01-28 18:03:01'),(485,145,485,1,1,'2015-03-05 00:00:00','',0,0,0,1,1,'2015-01-28 18:03:01','2015-01-28 18:03:01'),(486,145,486,1,2,'2015-03-05 00:00:00','',0,0,0,1,1,'2015-01-28 18:03:01','2015-01-28 18:03:01'),(487,145,487,1,2,'2015-03-05 00:00:00','',0,0,0,1,1,'2015-01-28 18:03:01','2015-01-28 18:03:01'),(488,145,488,1,1,'2015-03-05 00:00:00','',0,0,0,1,1,'2015-01-28 18:03:01','2015-01-28 18:03:01'),(489,145,489,1,1,'2015-03-05 00:00:00','',0,0,0,1,1,'2015-01-28 18:03:01','2015-01-28 18:03:01'),(490,146,490,1,2,'2015-03-05 00:00:00','',0,0,0,1,1,'2015-01-28 18:03:01','2015-01-28 18:03:01'),(491,146,491,1,2,'2015-03-05 00:00:00','',0,0,0,1,1,'2015-01-28 18:03:01','2015-01-28 18:03:01'),(492,146,492,1,2,'2015-03-05 00:00:00','',0,0,0,1,1,'2015-01-28 18:03:01','2015-01-28 18:03:01'),(493,146,493,1,2,'2015-03-05 00:00:00','',0,0,0,1,1,'2015-01-28 18:03:01','2015-01-28 18:03:01'),(494,146,494,1,1,'2015-03-05 00:00:00','',0,0,0,1,1,'2015-01-28 18:03:01','2015-01-28 18:03:01'),(495,147,495,1,1,'2015-03-05 00:00:00','',0,0,0,1,1,'2015-01-28 18:03:01','2015-01-28 18:03:01'),(496,147,496,1,1,'2015-03-05 00:00:00','',0,0,0,1,1,'2015-01-28 18:03:01','2015-01-28 18:03:01'),(497,147,497,1,1,'2015-03-05 00:00:00','',0,0,0,1,1,'2015-01-28 18:03:01','2015-01-28 18:03:01'),(498,148,498,1,1,'2015-03-05 00:00:00','',0,0,0,1,1,'2015-01-28 18:03:01','2015-01-28 18:03:01'),(499,148,499,1,1,'2015-03-05 00:00:00','',0,0,0,1,1,'2015-01-28 18:03:01','2015-01-28 18:03:01'),(500,148,500,1,1,'2015-03-05 00:00:00','',0,0,0,1,1,'2015-01-28 18:03:01','2015-01-28 18:03:01'),(501,149,501,1,2,'2015-03-05 00:00:00','',0,0,0,1,1,'2015-01-28 18:03:01','2015-01-28 18:03:01'),(502,149,502,1,2,'2015-03-05 00:00:00','',0,0,0,1,1,'2015-01-28 18:03:01','2015-01-28 18:03:01'),(503,149,503,1,1,'2015-03-05 00:00:00','',0,0,0,1,1,'2015-01-28 18:03:01','2015-01-28 18:03:01'),(504,149,504,1,1,'2015-03-05 00:00:00','',0,0,0,1,1,'2015-01-28 18:03:01','2015-01-28 18:03:01'),(505,150,505,1,2,'2015-03-05 00:00:00','',0,0,0,1,1,'2015-01-28 18:03:01','2015-01-28 18:03:01'),(506,150,506,1,1,'2015-03-05 00:00:00','',0,0,0,1,1,'2015-01-28 18:03:01','2015-01-28 18:03:01'),(507,150,507,1,2,'2015-03-05 00:00:00','',0,0,0,1,1,'2015-01-28 18:03:01','2015-01-28 18:03:01'),(508,152,508,1,2,'2015-03-05 00:00:00','',0,0,0,1,1,'2015-01-28 18:03:01','2015-01-28 18:03:01'),(509,152,509,1,1,'2015-03-05 00:00:00','',0,0,0,1,1,'2015-01-28 18:03:01','2015-01-28 18:03:01'),(510,152,510,1,1,'2015-03-05 00:00:00','',0,0,0,1,1,'2015-01-28 18:03:01','2015-01-28 18:03:01'),(511,152,511,1,1,'2015-03-05 00:00:00','',0,0,0,1,1,'2015-01-28 18:03:01','2015-01-28 18:03:01'),(512,153,512,1,1,'2015-03-05 00:00:00','',0,0,0,1,1,'2015-01-28 18:03:01','2015-01-28 18:03:01'),(513,153,513,1,2,'2015-03-05 00:00:00','',0,0,0,1,1,'2015-01-28 18:03:01','2015-01-28 18:03:01'),(514,154,514,1,3,'2015-03-05 00:00:00','',0,0,0,1,1,'2015-01-28 18:03:01','2015-01-28 18:03:01'),(515,154,515,1,1,'2015-03-05 00:00:00','',0,0,0,1,1,'2015-01-28 18:03:01','2015-01-28 18:03:01'),(516,154,516,1,1,'2015-03-05 00:00:00','',0,0,0,1,1,'2015-01-28 18:03:01','2015-01-28 18:03:01'),(517,155,517,1,2,'2015-03-05 00:00:00','',0,0,0,1,1,'2015-01-28 18:03:01','2015-01-28 18:03:01'),(518,155,518,1,1,'2015-03-05 00:00:00','',0,0,0,1,1,'2015-01-28 18:03:01','2015-01-28 18:03:01'),(519,155,519,1,1,'2015-03-05 00:00:00','',0,0,0,1,1,'2015-01-28 18:03:01','2015-01-28 18:03:01'),(520,156,520,1,1,'2015-03-05 00:00:00','',0,0,0,1,1,'2015-01-28 18:03:01','2015-01-28 18:03:01'),(521,156,521,1,1,'2015-03-05 00:00:00','',0,0,0,1,1,'2015-01-28 18:03:01','2015-01-28 18:03:01'),(522,157,522,1,1,'2015-03-05 00:00:00','',0,0,0,1,1,'2015-01-28 18:03:01','2015-01-28 18:03:01'),(523,157,523,1,2,'2015-03-05 00:00:00','',0,0,0,1,1,'2015-01-28 18:03:01','2015-01-28 18:03:01'),(524,158,524,1,2,'2015-03-05 00:00:00','',0,0,0,1,1,'2015-01-28 18:03:01','2015-01-28 18:03:01'),(525,158,525,1,1,'2015-03-05 00:00:00','',0,0,0,1,1,'2015-01-28 18:03:01','2015-01-28 18:03:01'),(526,158,526,1,1,'2015-03-05 00:00:00','',0,0,0,1,1,'2015-01-28 18:03:01','2015-01-28 18:03:01'),(527,159,527,1,1,'2015-03-05 00:00:00','',0,0,0,1,1,'2015-01-28 18:03:01','2015-01-28 18:03:01'),(528,159,528,1,1,'2015-03-05 00:00:00','',0,0,0,1,1,'2015-01-28 18:03:01','2015-01-28 18:03:01'),(529,159,529,1,1,'2015-03-05 00:00:00','',0,0,0,1,1,'2015-01-28 18:03:01','2015-01-28 18:03:01'),(530,159,530,1,1,'2015-03-05 00:00:00','',0,0,0,1,1,'2015-01-28 18:03:01','2015-01-28 18:03:01'),(531,160,531,1,1,'2015-03-05 00:00:00','',0,0,0,1,1,'2015-01-28 18:03:01','2015-01-28 18:03:01'),(532,160,532,1,2,'2015-03-05 00:00:00','',0,0,0,1,1,'2015-01-28 18:03:01','2015-01-28 18:03:01'),(533,161,533,1,2,'2015-03-05 00:00:00','',0,0,0,1,1,'2015-01-28 18:03:01','2015-01-28 18:03:01'),(534,161,534,1,2,'2015-03-05 00:00:00','',0,0,0,1,1,'2015-01-28 18:03:01','2015-01-28 18:03:01'),(535,161,535,1,1,'2015-03-05 00:00:00','',0,0,0,1,1,'2015-01-28 18:03:01','2015-01-28 18:03:01'),(536,161,536,1,1,'2015-03-05 00:00:00','',0,0,0,1,1,'2015-01-28 18:03:01','2015-01-28 18:03:01'),(537,162,537,1,2,'2015-03-05 00:00:00','',0,0,0,1,1,'2015-01-28 18:03:01','2015-01-28 18:03:01'),(538,162,538,1,2,'2015-03-05 00:00:00','',0,0,0,1,1,'2015-01-28 18:03:01','2015-01-28 18:03:01'),(539,162,539,1,1,'2015-03-05 00:00:00','',0,0,0,1,1,'2015-01-28 18:03:01','2015-01-28 18:03:01'),(540,162,540,1,2,'2015-03-05 00:00:00','',0,0,0,1,1,'2015-01-28 18:03:01','2015-01-28 18:03:01'),(541,163,541,1,3,'2015-03-05 00:00:00','',0,0,0,1,1,'2015-01-28 18:03:01','2015-01-28 18:03:01'),(542,164,542,1,2,'2015-03-05 00:00:00','',0,0,0,1,1,'2015-01-28 18:03:01','2015-01-28 18:03:01'),(543,165,543,1,2,'2015-03-05 00:00:00','',0,0,0,1,1,'2015-01-28 18:03:01','2015-01-28 18:03:01'),(544,165,544,1,2,'2015-03-05 00:00:00','',0,0,0,1,1,'2015-01-28 18:03:01','2015-01-28 18:03:01'),(545,165,545,1,2,'2015-03-05 00:00:00','',0,0,0,1,1,'2015-01-28 18:03:01','2015-01-28 18:03:01'),(546,166,546,1,2,'2015-03-05 00:00:00','',0,0,0,1,1,'2015-01-28 18:03:01','2015-01-28 18:03:01'),(547,166,547,1,2,'2015-03-05 00:00:00','',0,0,0,1,1,'2015-01-28 18:03:01','2015-01-28 18:03:01'),(548,166,548,1,3,'2015-03-05 00:00:00','',0,0,0,1,1,'2015-01-28 18:03:01','2015-01-28 18:03:01'),(549,167,549,1,3,'2015-03-05 00:00:00','',0,0,0,1,1,'2015-01-28 18:03:01','2015-01-28 18:03:01'),(550,167,550,1,2,'2015-03-05 00:00:00','',0,0,0,1,1,'2015-01-28 18:03:01','2015-01-28 18:03:01'),(551,167,551,1,1,'2015-03-05 00:00:00','',0,0,0,1,1,'2015-01-28 18:03:01','2015-01-28 18:03:01'),(552,168,552,1,2,'2015-03-05 00:00:00','',0,0,0,1,1,'2015-01-28 18:03:01','2015-01-28 18:03:01'),(553,168,553,1,1,'2015-03-05 00:00:00','',0,0,0,1,1,'2015-01-28 18:03:01','2015-01-28 18:03:01'),(554,168,554,1,3,'2015-03-05 00:00:00','',0,0,0,1,1,'2015-01-28 18:03:01','2015-01-28 18:03:01'),(555,169,555,1,3,'2015-03-05 00:00:00','',0,0,0,1,1,'2015-01-28 18:03:01','2015-01-28 18:03:01'),(556,169,556,1,2,'2015-03-05 00:00:00','',0,0,0,1,1,'2015-01-28 18:03:01','2015-01-28 18:03:01'),(557,169,557,1,3,'2015-03-05 00:00:00','',0,0,0,1,1,'2015-01-28 18:03:01','2015-01-28 18:03:01'),(558,170,558,1,5,'2015-03-05 00:00:00','',0,0,0,1,1,'2015-01-28 18:03:01','2015-01-28 18:03:01'),(559,170,559,1,3,'2015-03-05 00:00:00','',0,0,0,1,1,'2015-01-28 18:03:01','2015-01-28 18:03:01'),(560,170,560,1,1,'2015-03-05 00:00:00','',0,0,0,1,1,'2015-01-28 18:03:01','2015-01-28 18:03:01'),(561,170,561,1,1,'2015-03-05 00:00:00','',0,0,0,1,1,'2015-01-28 18:03:01','2015-01-28 18:03:01'),(562,171,562,1,3,'2015-03-05 00:00:00','',0,0,0,1,1,'2015-01-28 18:03:01','2015-01-28 18:03:01'),(563,171,563,1,2,'2015-03-05 00:00:00','',0,0,0,1,1,'2015-01-28 18:03:01','2015-01-28 18:03:01'),(564,171,564,1,1,'2015-03-05 00:00:00','',0,0,0,1,1,'2015-01-28 18:03:01','2015-01-28 18:03:01'),(565,171,565,1,2,'2015-03-05 00:00:00','',0,0,0,1,1,'2015-01-28 18:03:01','2015-01-28 18:03:01'),(566,172,566,1,3,'2015-03-05 00:00:00','',0,0,0,1,1,'2015-01-28 18:03:01','2015-01-28 18:03:01'),(567,172,567,1,3,'2015-03-05 00:00:00','',0,0,0,1,1,'2015-01-28 18:03:01','2015-01-28 18:03:01'),(568,172,568,1,2,'2015-03-05 00:00:00','',0,0,0,1,1,'2015-01-28 18:03:01','2015-01-28 18:03:01'),(569,172,569,1,3,'2015-03-05 00:00:00','',0,0,0,1,1,'2015-01-28 18:03:01','2015-01-28 18:03:01'),(570,173,570,1,4,'2015-03-05 00:00:00','',0,0,0,1,1,'2015-01-28 18:03:01','2015-01-28 18:03:01'),(571,173,571,1,3,'2015-03-05 00:00:00','',0,0,0,1,1,'2015-01-28 18:03:01','2015-01-28 18:03:01'),(572,173,572,1,1,'2015-03-05 00:00:00','',0,0,0,1,1,'2015-01-28 18:03:01','2015-01-28 18:03:01'),(573,173,573,1,2,'2015-03-05 00:00:00','',0,0,0,1,1,'2015-01-28 18:03:01','2015-01-28 18:03:01'),(574,174,574,1,1,'2015-03-05 00:00:00','',0,0,0,1,1,'2015-01-28 18:03:01','2015-01-28 18:03:01'),(575,174,575,1,1,'2015-03-05 00:00:00','',0,0,0,1,1,'2015-01-28 18:03:01','2015-01-28 18:03:01'),(576,175,576,1,2,'2015-03-05 00:00:00','',0,0,0,1,1,'2015-01-28 18:03:01','2015-01-28 18:03:01'),(577,175,577,1,2,'2015-03-05 00:00:00','',0,0,0,1,1,'2015-01-28 18:03:01','2015-01-28 18:03:01'),(578,175,578,1,1,'2015-03-05 00:00:00','',0,0,0,1,1,'2015-01-28 18:03:01','2015-01-28 18:03:01'),(579,175,579,1,2,'2015-03-05 00:00:00','',0,0,0,1,1,'2015-01-28 18:03:01','2015-01-28 18:03:01'),(580,176,580,1,3,'2015-03-05 00:00:00','',0,0,0,1,1,'2015-01-28 18:03:01','2015-01-28 18:03:01'),(581,176,581,1,3,'2015-03-05 00:00:00','',0,0,0,1,1,'2015-01-28 18:03:01','2015-01-28 18:03:01'),(582,176,582,1,2,'2015-03-05 00:00:00','',0,0,0,1,1,'2015-01-28 18:03:01','2015-01-28 18:03:01'),(583,176,583,1,2,'2015-03-05 00:00:00','',0,0,0,1,1,'2015-01-28 18:03:01','2015-01-28 18:03:01'),(584,177,584,1,2,'2015-03-05 00:00:00','',0,0,0,1,1,'2015-01-28 18:03:01','2015-01-28 18:03:01'),(585,177,585,1,1,'2015-03-05 00:00:00','',0,0,0,1,1,'2015-01-28 18:03:01','2015-01-28 18:03:01'),(586,177,586,1,3,'2015-03-05 00:00:00','',0,0,0,1,1,'2015-01-28 18:03:01','2015-01-28 18:03:01'),(587,178,587,1,4,'2015-03-05 00:00:00','',0,0,0,1,1,'2015-01-28 18:03:01','2015-01-28 18:03:01'),(588,178,588,1,4,'2015-03-05 00:00:00','',0,0,0,1,1,'2015-01-28 18:03:01','2015-01-28 18:03:01'),(589,178,589,1,1,'2015-03-05 00:00:00','',0,0,0,1,1,'2015-01-28 18:03:01','2015-01-28 18:03:01'),(590,178,590,1,2,'2015-03-05 00:00:00','',0,0,0,1,1,'2015-01-28 18:03:01','2015-01-28 18:03:01'),(591,179,591,1,3,'2015-03-05 00:00:00','',0,0,0,1,1,'2015-01-28 18:03:01','2015-01-28 18:03:01'),(592,179,592,1,3,'2015-03-05 00:00:00','',0,0,0,1,1,'2015-01-28 18:03:01','2015-01-28 18:03:01'),(593,179,593,1,1,'2015-03-05 00:00:00','',0,0,0,1,1,'2015-01-28 18:03:01','2015-01-28 18:03:01'),(594,179,594,1,2,'2015-03-05 00:00:00','',0,0,0,1,1,'2015-01-28 18:03:01','2015-01-28 18:03:01'),(595,180,595,1,2,'2015-03-05 00:00:00','',0,0,0,1,1,'2015-01-28 18:03:01','2015-01-28 18:03:01'),(596,180,596,1,2,'2015-03-05 00:00:00','',0,0,0,1,1,'2015-01-28 18:03:01','2015-01-28 18:03:01'),(597,180,597,1,2,'2015-03-05 00:00:00','',0,0,0,1,1,'2015-01-28 18:03:01','2015-01-28 18:03:01'),(598,181,598,1,2,'2015-03-05 00:00:00','',0,0,0,1,1,'2015-01-28 18:03:01','2015-01-28 18:03:01'),(599,181,599,1,2,'2015-03-05 00:00:00','',0,0,0,1,1,'2015-01-28 18:03:01','2015-01-28 18:03:01'),(600,181,600,1,2,'2015-03-05 00:00:00','',0,0,0,1,1,'2015-01-28 18:03:01','2015-01-28 18:03:01'),(601,182,601,1,3,'2015-03-05 00:00:00','',0,0,0,1,1,'2015-01-28 18:03:01','2015-01-28 18:03:01'),(602,182,602,1,2,'2015-03-05 00:00:00','',0,0,0,1,1,'2015-01-28 18:03:01','2015-01-28 18:03:01'),(603,182,603,1,1,'2015-03-05 00:00:00','',0,0,0,1,1,'2015-01-28 18:03:01','2015-01-28 18:03:01'),(604,182,604,1,2,'2015-03-05 00:00:00','',0,0,0,1,1,'2015-01-28 18:03:01','2015-01-28 18:03:01'),(605,183,605,1,3,'2015-03-05 00:00:00','',0,0,0,1,1,'2015-01-28 18:03:01','2015-01-28 18:03:01'),(606,183,606,1,2,'2015-03-05 00:00:00','',0,0,0,1,1,'2015-01-28 18:03:01','2015-01-28 18:03:01'),(607,183,607,1,2,'2015-03-05 00:00:00','',0,0,0,1,1,'2015-01-28 18:03:01','2015-01-28 18:03:01'),(608,184,608,1,2,'2015-03-05 00:00:00','',0,0,0,1,1,'2015-01-28 18:03:01','2015-01-28 18:03:01'),(609,184,609,1,2,'2015-03-05 00:00:00','',0,0,0,1,1,'2015-01-28 18:03:01','2015-01-28 18:03:01'),(610,184,610,1,1,'2015-03-05 00:00:00','',0,0,0,1,1,'2015-01-28 18:03:01','2015-01-28 18:03:01'),(611,184,611,1,2,'2015-03-05 00:00:00','',0,0,0,1,1,'2015-01-28 18:03:01','2015-01-28 18:03:01'),(612,185,612,1,2,'2015-03-05 00:00:00','',0,0,0,1,1,'2015-01-28 18:03:01','2015-01-28 18:03:01'),(613,185,613,1,2,'2015-03-05 00:00:00','',0,0,0,1,1,'2015-01-28 18:03:01','2015-01-28 18:03:01'),(614,185,614,1,1,'2015-03-05 00:00:00','',0,0,0,1,1,'2015-01-28 18:03:01','2015-01-28 18:03:01'),(615,185,615,1,2,'2015-03-05 00:00:00','',0,0,0,1,1,'2015-01-28 18:03:01','2015-01-28 18:03:01'),(616,186,616,1,2,'2015-03-05 00:00:00','',0,0,0,1,1,'2015-01-28 18:03:01','2015-01-28 18:03:01'),(617,186,617,1,2,'2015-03-05 00:00:00','',0,0,0,1,1,'2015-01-28 18:03:01','2015-01-28 18:03:01'),(618,187,618,1,2,'2015-03-05 00:00:00','',0,0,0,1,1,'2015-01-28 18:03:01','2015-01-28 18:03:01'),(619,187,619,1,1,'2015-03-05 00:00:00','',0,0,0,1,1,'2015-01-28 18:03:01','2015-01-28 18:03:01'),(620,187,620,1,3,'2015-03-05 00:00:00','',0,0,0,1,1,'2015-01-28 18:03:01','2015-01-28 18:03:01'),(621,188,621,1,3,'2015-03-05 00:00:00','',0,0,0,1,1,'2015-01-28 18:03:01','2015-01-28 18:03:01'),(622,188,622,1,2,'2015-03-05 00:00:00','',0,0,0,1,1,'2015-01-28 18:03:01','2015-01-28 18:03:01'),(623,188,623,1,2,'2015-03-05 00:00:00','',0,0,0,1,1,'2015-01-28 18:03:01','2015-01-28 18:03:01'),(624,189,624,1,2,'2015-03-05 00:00:00','',0,0,0,1,1,'2015-01-28 18:03:01','2015-01-28 18:03:01'),(625,189,625,1,1,'2015-03-05 00:00:00','',0,0,0,1,1,'2015-01-28 18:03:01','2015-01-28 18:03:01'),(626,189,626,1,2,'2015-03-05 00:00:00','',0,0,0,1,1,'2015-01-28 18:03:01','2015-01-28 18:03:01'),(627,190,627,1,2,'2015-03-05 00:00:00','',0,0,0,1,1,'2015-01-28 18:03:01','2015-01-28 18:03:01'),(628,190,628,1,1,'2015-03-05 00:00:00','',0,0,0,1,1,'2015-01-28 18:03:01','2015-01-28 18:03:01'),(629,190,629,1,2,'2015-03-05 00:00:00','',0,0,0,1,1,'2015-01-28 18:03:01','2015-01-28 18:03:01'),(630,191,630,1,2,'2015-03-05 00:00:00','',0,0,0,1,1,'2015-01-28 18:03:01','2015-01-28 18:03:01'),(631,191,631,1,1,'2015-03-05 00:00:00','',0,0,0,1,1,'2015-01-28 18:03:01','2015-01-28 18:03:01'),(632,191,632,1,2,'2015-03-05 00:00:00','',0,0,0,1,1,'2015-01-28 18:03:01','2015-01-28 18:03:01'),(633,192,633,1,2,'2015-03-05 00:00:00','',0,0,0,1,1,'2015-01-28 18:03:01','2015-01-28 18:03:01'),(634,192,634,1,1,'2015-03-05 00:00:00','',0,0,0,1,1,'2015-01-28 18:03:01','2015-01-28 18:03:01'),(635,192,635,1,2,'2015-03-05 00:00:00','',0,0,0,1,1,'2015-01-28 18:03:01','2015-01-28 18:03:01'),(636,193,636,1,2,'2015-03-05 00:00:00','',0,0,0,1,1,'2015-01-28 18:03:01','2015-01-28 18:03:01'),(637,193,637,1,2,'2015-03-05 00:00:00','',0,0,0,1,1,'2015-01-28 18:03:01','2015-01-28 18:03:01'),(638,193,638,1,1,'2015-03-05 00:00:00','',0,0,0,1,1,'2015-01-28 18:03:01','2015-01-28 18:03:01'),(639,193,639,1,2,'2015-03-05 00:00:00','',0,0,0,1,1,'2015-01-28 18:03:01','2015-01-28 18:03:01'),(640,194,640,1,2,'2015-03-05 00:00:00','',0,0,0,1,1,'2015-01-28 18:03:01','2015-01-28 18:03:01'),(641,194,641,1,2,'2015-03-05 00:00:00','',0,0,0,1,1,'2015-01-28 18:03:01','2015-01-28 18:03:01'),(642,194,642,1,1,'2015-03-05 00:00:00','',0,0,0,1,1,'2015-01-28 18:03:01','2015-01-28 18:03:01'),(643,194,643,1,2,'2015-03-05 00:00:00','',0,0,0,1,1,'2015-01-28 18:03:01','2015-01-28 18:03:01'),(644,195,644,1,2,'2015-03-05 00:00:00','',0,0,0,1,1,'2015-01-28 18:03:01','2015-01-28 18:03:01'),(645,195,645,1,2,'2015-03-05 00:00:00','',0,0,0,1,1,'2015-01-28 18:03:01','2015-01-28 18:03:01'),(646,195,646,1,1,'2015-03-05 00:00:00','',0,0,0,1,1,'2015-01-28 18:03:01','2015-01-28 18:03:01'),(647,195,647,1,1,'2015-03-05 00:00:00','',0,0,0,1,1,'2015-01-28 18:03:01','2015-01-28 18:03:01'),(648,196,648,1,2,'2015-03-05 00:00:00','',0,0,0,1,1,'2015-01-28 18:03:01','2015-01-28 18:03:01'),(649,196,649,1,1,'2015-03-05 00:00:00','',0,0,0,1,1,'2015-01-28 18:03:01','2015-01-28 18:03:01'),(650,196,650,1,2,'2015-03-05 00:00:00','',0,0,0,1,1,'2015-01-28 18:03:01','2015-01-28 18:03:01'),(651,197,651,1,2,'2015-03-05 00:00:00','',0,0,0,1,1,'2015-01-28 18:03:01','2015-01-28 18:03:01'),(652,197,652,1,1,'2015-03-05 00:00:00','',0,0,0,1,1,'2015-01-28 18:03:01','2015-01-28 18:03:01'),(653,197,653,1,2,'2015-03-05 00:00:00','',0,0,0,1,1,'2015-01-28 18:03:01','2015-01-28 18:03:01'),(654,198,654,1,2,'2015-03-05 00:00:00','',0,0,0,1,1,'2015-01-28 18:03:01','2015-01-28 18:03:01'),(655,198,655,1,1,'2015-03-05 00:00:00','',0,0,0,1,1,'2015-01-28 18:03:01','2015-01-28 18:03:01'),(656,198,656,1,3,'2015-03-05 00:00:00','',0,0,0,1,1,'2015-01-28 18:03:01','2015-01-28 18:03:01'),(657,199,657,1,3,'2015-03-05 00:00:00','',0,0,0,1,1,'2015-01-28 18:03:01','2015-01-28 18:03:01'),(658,199,658,1,3,'2015-03-05 00:00:00','',0,0,0,1,1,'2015-01-28 18:03:01','2015-01-28 18:03:01'),(659,199,659,1,3,'2015-03-05 00:00:00','',0,0,0,1,1,'2015-01-28 18:03:01','2015-01-28 18:03:01'),(660,200,660,1,3,'2015-03-05 00:00:00','',0,0,0,1,1,'2015-01-28 18:03:01','2015-01-28 18:03:01'),(661,200,661,1,3,'2015-03-05 00:00:00','',0,0,0,1,1,'2015-01-28 18:03:01','2015-01-28 18:03:01'),(662,200,662,1,3,'2015-03-05 00:00:00','',0,0,0,1,1,'2015-01-28 18:03:01','2015-01-28 18:03:01'),(663,201,663,1,3,'2015-03-05 00:00:00','',0,0,0,1,1,'2015-01-28 18:03:01','2015-01-28 18:03:01'),(664,201,664,1,2,'2015-03-05 00:00:00','',0,0,0,1,1,'2015-01-28 18:03:01','2015-01-28 18:03:01'),(665,201,665,1,3,'2015-03-05 00:00:00','',0,0,0,1,1,'2015-01-28 18:03:01','2015-01-28 18:03:01'),(666,202,666,1,3,'2015-03-05 00:00:00','',0,0,0,1,1,'2015-01-28 18:03:01','2015-01-28 18:03:01'),(667,202,667,1,2,'2015-03-05 00:00:00','',0,0,0,1,1,'2015-01-28 18:03:01','2015-01-28 18:03:01'),(668,202,668,1,2,'2015-03-05 00:00:00','',0,0,0,1,1,'2015-01-28 18:03:01','2015-01-28 18:03:01'),(669,203,669,1,2,'2015-03-05 00:00:00','',0,0,0,1,1,'2015-01-28 18:03:01','2015-01-28 18:03:01'),(670,203,670,1,1,'2015-03-05 00:00:00','',0,0,0,1,1,'2015-01-28 18:03:01','2015-01-28 18:03:01'),(671,203,671,1,3,'2015-03-05 00:00:00','',0,0,0,1,1,'2015-01-28 18:03:01','2015-01-28 18:03:01'),(672,204,672,1,3,'2015-03-05 00:00:00','',0,0,0,1,1,'2015-01-28 18:03:01','2015-01-28 18:03:01'),(673,204,673,1,2,'2015-03-05 00:00:00','',0,0,0,1,1,'2015-01-28 18:03:01','2015-01-28 18:03:01'),(674,204,674,1,1,'2015-03-05 00:00:00','',0,0,0,1,1,'2015-01-28 18:03:01','2015-01-28 18:03:01'),(675,204,675,1,3,'2015-03-05 00:00:00','',0,0,0,1,1,'2015-01-28 18:03:01','2015-01-28 18:03:01'),(676,205,676,1,3,'2015-03-05 00:00:00','',0,0,0,1,1,'2015-01-28 18:03:01','2015-01-28 18:03:01'),(677,205,677,1,2,'2015-03-05 00:00:00','',0,0,0,1,1,'2015-01-28 18:03:01','2015-01-28 18:03:01'),(678,205,678,1,4,'2015-03-05 00:00:00','',0,0,0,1,1,'2015-01-28 18:03:01','2015-01-28 18:03:01'),(679,206,679,1,4,'2015-03-05 00:00:00','',0,0,0,1,1,'2015-01-28 18:03:01','2015-01-28 18:03:01'),(680,206,680,1,3,'2015-03-05 00:00:00','',0,0,0,1,1,'2015-01-28 18:03:01','2015-01-28 18:03:01'),(681,206,681,1,3,'2015-03-05 00:00:00','',0,0,0,1,1,'2015-01-28 18:03:01','2015-01-28 18:03:01'),(682,207,682,1,3,'2015-03-05 00:00:00','',0,0,0,1,1,'2015-01-28 18:03:01','2015-01-28 18:03:01'),(683,207,683,1,2,'2015-03-05 00:00:00','',0,0,0,1,1,'2015-01-28 18:03:01','2015-01-28 18:03:01'),(684,207,684,1,3,'2015-03-05 00:00:00','',0,0,0,1,1,'2015-01-28 18:03:01','2015-01-28 18:03:01'),(685,208,685,1,3,'2015-03-05 00:00:00','',0,0,0,1,1,'2015-01-28 18:03:01','2015-01-28 18:03:01'),(686,208,686,1,2,'2015-03-05 00:00:00','',0,0,0,1,1,'2015-01-28 18:03:01','2015-01-28 18:03:01'),(687,208,687,1,3,'2015-03-05 00:00:00','',0,0,0,1,1,'2015-01-28 18:03:01','2015-01-28 18:03:01'),(688,209,688,1,3,'2015-03-05 00:00:00','',0,0,0,1,1,'2015-01-28 18:03:01','2015-01-28 18:03:01'),(689,209,689,1,2,'2015-03-05 00:00:00','',0,0,0,1,1,'2015-01-28 18:03:01','2015-01-28 18:03:01'),(690,209,690,1,3,'2015-03-05 00:00:00','',0,0,0,1,1,'2015-01-28 18:03:01','2015-01-28 18:03:01'),(691,210,691,1,3,'2015-03-05 00:00:00','',0,0,0,1,1,'2015-01-28 18:03:01','2015-01-28 18:03:01'),(692,210,692,1,2,'2015-03-05 00:00:00','',0,0,0,1,1,'2015-01-28 18:03:01','2015-01-28 18:03:01'),(693,210,693,1,3,'2015-03-05 00:00:00','',0,0,0,1,1,'2015-01-28 18:03:01','2015-01-28 18:03:01'),(694,211,694,1,3,'2015-03-05 00:00:00','',0,0,0,1,1,'2015-01-28 18:03:01','2015-01-28 18:03:01'),(695,211,695,1,2,'2015-03-05 00:00:00','',0,0,0,1,1,'2015-01-28 18:03:01','2015-01-28 18:03:01'),(696,211,696,1,3,'2015-03-05 00:00:00','',0,0,0,1,1,'2015-01-28 18:03:01','2015-01-28 18:03:01'),(697,212,697,1,3,'2015-03-05 00:00:00','',0,0,0,1,1,'2015-01-28 18:03:01','2015-01-28 18:03:01'),(698,212,698,1,2,'2015-03-05 00:00:00','',0,0,0,1,1,'2015-01-28 18:03:01','2015-01-28 18:03:01'),(699,212,699,1,3,'2015-03-05 00:00:00','',0,0,0,1,1,'2015-01-28 18:03:01','2015-01-28 18:03:01'),(700,213,700,1,3,'2015-03-05 00:00:00','',0,0,0,1,1,'2015-01-28 18:03:01','2015-01-28 18:03:01'),(701,213,701,1,2,'2015-03-05 00:00:00','',0,0,0,1,1,'2015-01-28 18:03:01','2015-01-28 18:03:01'),(702,213,702,1,3,'2015-03-05 00:00:00','',0,0,0,1,1,'2015-01-28 18:03:01','2015-01-28 18:03:01'),(703,214,703,1,3,'2015-03-05 00:00:00','',0,0,0,1,1,'2015-01-28 18:03:01','2015-01-28 18:03:01'),(704,214,704,1,2,'2015-03-05 00:00:00','',0,0,0,1,1,'2015-01-28 18:03:01','2015-01-28 18:03:01'),(705,214,705,1,2,'2015-03-05 00:00:00','',0,0,0,1,1,'2015-01-28 18:03:01','2015-01-28 18:03:01'),(706,215,706,1,2,'2015-03-05 00:00:00','',0,0,0,1,1,'2015-01-28 18:03:01','2015-01-28 18:03:01'),(707,215,707,1,1,'2015-03-05 00:00:00','',0,0,0,1,1,'2015-01-28 18:03:01','2015-01-28 18:03:01'),(708,215,708,1,3,'2015-03-05 00:00:00','',0,0,0,1,1,'2015-01-28 18:03:01','2015-01-28 18:03:01'),(709,216,709,1,3,'2015-03-05 00:00:00','',0,0,0,1,1,'2015-01-28 18:03:01','2015-01-28 18:03:01'),(710,216,710,1,2,'2015-03-05 00:00:00','',0,0,0,1,1,'2015-01-28 18:03:01','2015-01-28 18:03:01'),(711,216,711,1,1,'2015-03-05 00:00:00','',0,0,0,1,1,'2015-01-28 18:03:01','2015-01-28 18:03:01'),(712,217,712,1,2,'2015-03-05 00:00:00','',0,0,0,1,1,'2015-01-28 18:03:01','2015-01-28 18:03:01'),(713,217,713,1,1,'2015-03-05 00:00:00','',0,0,0,1,1,'2015-01-28 18:03:01','2015-01-28 18:03:01'),(714,217,714,1,1,'2015-03-05 00:00:00','',0,0,0,1,1,'2015-01-28 18:03:01','2015-01-28 18:03:01'),(715,218,715,1,2,'2015-03-05 00:00:00','',0,0,0,1,1,'2015-01-28 18:03:01','2015-01-28 18:03:01'),(716,218,716,1,2,'2015-03-05 00:00:00','',0,0,0,1,1,'2015-01-28 18:03:01','2015-01-28 18:03:01'),(717,218,717,1,1,'2015-03-05 00:00:00','',0,0,0,1,1,'2015-01-28 18:03:01','2015-01-28 18:03:01'),(718,219,718,1,1,'2015-03-05 00:00:00','',0,0,0,1,1,'2015-01-28 18:03:01','2015-01-28 18:03:01'),(719,219,719,1,1,'2015-03-05 00:00:00','',0,0,0,1,1,'2015-01-28 18:03:01','2015-01-28 18:03:01'),(720,219,720,1,1,'2015-03-05 00:00:00','',0,0,0,1,1,'2015-01-28 18:03:01','2015-01-28 18:03:01'),(721,220,721,1,1,'2015-03-05 00:00:00','',0,0,0,1,1,'2015-01-28 18:03:01','2015-01-28 18:03:01'),(722,220,722,1,1,'2015-03-05 00:00:00','',0,0,0,1,1,'2015-01-28 18:03:01','2015-01-28 18:03:01'),(723,220,723,1,1,'2015-03-05 00:00:00','',0,0,0,1,1,'2015-01-28 18:03:01','2015-01-28 18:03:01'),(724,221,724,1,2,'2015-03-05 00:00:00','',0,0,0,1,1,'2015-01-28 18:03:01','2015-01-28 18:03:01'),(725,221,725,1,1,'2015-03-05 00:00:00','',0,0,0,1,1,'2015-01-28 18:03:01','2015-01-28 18:03:01'),(726,221,726,1,1,'2015-03-05 00:00:00','',0,0,0,1,1,'2015-01-28 18:03:01','2015-01-28 18:03:01'),(727,222,727,1,1,'2015-03-05 00:00:00','',0,0,0,1,1,'2015-01-28 18:03:01','2015-01-28 18:03:01'),(728,222,728,1,1,'2015-03-05 00:00:00','',0,0,0,1,1,'2015-01-28 18:03:01','2015-01-28 18:03:01'),(729,222,729,1,1,'2015-03-05 00:00:00','',0,0,0,1,1,'2015-01-28 18:03:01','2015-01-28 18:03:01'),(730,223,730,1,1,'2015-03-05 00:00:00','',0,0,0,1,1,'2015-01-28 18:03:01','2015-01-28 18:03:01'),(731,223,731,1,1,'2015-03-05 00:00:00','',0,0,0,1,1,'2015-01-28 18:03:01','2015-01-28 18:03:01'),(732,223,732,1,3,'2015-03-05 00:00:00','',0,0,0,1,1,'2015-01-28 18:03:01','2015-01-28 18:03:01'),(733,224,733,1,3,'2015-03-05 00:00:00','',0,0,0,1,1,'2015-01-28 18:03:01','2015-01-28 18:03:01'),(734,224,734,1,2,'2015-03-05 00:00:00','',0,0,0,1,1,'2015-01-28 18:03:01','2015-01-28 18:03:01'),(735,224,735,1,3,'2015-03-05 00:00:00','',0,0,0,1,1,'2015-01-28 18:03:01','2015-01-28 18:03:01'),(736,225,736,1,3,'2015-03-05 00:00:00','',0,0,0,1,1,'2015-01-28 18:03:01','2015-01-28 18:03:01'),(737,225,737,1,2,'2015-03-05 00:00:00','',0,0,0,1,1,'2015-01-28 18:03:01','2015-01-28 18:03:01'),(738,225,738,1,2,'2015-03-05 00:00:00','',0,0,0,1,1,'2015-01-28 18:03:01','2015-01-28 18:03:01'),(739,226,739,1,2,'2015-03-05 00:00:00','',0,0,0,1,1,'2015-01-28 18:03:01','2015-01-28 18:03:01'),(740,226,740,1,1,'2015-03-05 00:00:00','',0,0,0,1,1,'2015-01-28 18:03:01','2015-01-28 18:03:01'),(741,226,741,1,2,'2015-03-05 00:00:00','',0,0,0,1,1,'2015-01-28 18:03:01','2015-01-28 18:03:01'),(742,227,742,1,3,'2015-03-05 00:00:00','',0,0,0,1,1,'2015-01-28 18:03:01','2015-01-28 18:03:01'),(743,227,743,1,2,'2015-03-05 00:00:00','',0,0,0,1,1,'2015-01-28 18:03:01','2015-01-28 18:03:01'),(744,227,744,1,1,'2015-03-05 00:00:00','',0,0,0,1,1,'2015-01-28 18:03:01','2015-01-28 18:03:01'),(745,227,745,1,3,'2015-03-05 00:00:00','',0,0,0,1,1,'2015-01-28 18:03:01','2015-01-28 18:03:01'),(746,228,746,1,3,'2015-03-05 00:00:00','',0,0,0,1,1,'2015-01-28 18:03:01','2015-01-28 18:03:01'),(747,228,747,1,2,'2015-03-05 00:00:00','',0,0,0,1,1,'2015-01-28 18:03:01','2015-01-28 18:03:01'),(748,228,748,1,1,'2015-03-05 00:00:00','',0,0,0,1,1,'2015-01-28 18:03:01','2015-01-28 18:03:01'),(749,228,749,1,3,'2015-03-05 00:00:00','',0,0,0,1,1,'2015-01-28 18:03:01','2015-01-28 18:03:01'),(750,229,750,1,3,'2015-03-05 00:00:00','',0,0,0,1,1,'2015-01-28 18:03:01','2015-01-28 18:03:01'),(751,229,751,1,2,'2015-03-05 00:00:00','',0,0,0,1,1,'2015-01-28 18:03:01','2015-01-28 18:03:01'),(752,229,752,1,1,'2015-03-05 00:00:00','',0,0,0,1,1,'2015-01-28 18:03:01','2015-01-28 18:03:01'),(753,229,753,1,3,'2015-03-05 00:00:00','',0,0,0,1,1,'2015-01-28 18:03:01','2015-01-28 18:03:01'),(754,230,754,1,3,'2015-03-05 00:00:00','',0,0,0,1,1,'2015-01-28 18:03:01','2015-01-28 18:03:01'),(755,230,755,1,3,'2015-03-05 00:00:00','',0,0,0,1,1,'2015-01-28 18:03:01','2015-01-28 18:03:01'),(756,230,756,1,1,'2015-03-05 00:00:00','',0,0,0,1,1,'2015-01-28 18:03:01','2015-01-28 18:03:01'),(757,230,757,1,3,'2015-03-05 00:00:00','',0,0,0,1,1,'2015-01-28 18:03:01','2015-01-28 18:03:01'),(758,231,758,1,3,'2015-03-05 00:00:00','',0,0,0,1,1,'2015-01-28 18:03:01','2015-01-28 18:03:01'),(759,231,759,1,3,'2015-03-05 00:00:00','',0,0,0,1,1,'2015-01-28 18:03:01','2015-01-28 18:03:01'),(760,231,760,1,3,'2015-03-05 00:00:00','',0,0,0,1,1,'2015-01-28 18:03:01','2015-01-28 18:03:01'),(761,232,761,1,3,'2015-03-05 00:00:00','',0,0,0,1,1,'2015-01-28 18:03:01','2015-01-28 18:03:01'),(762,232,762,1,3,'2015-03-05 00:00:00','',0,0,0,1,1,'2015-01-28 18:03:01','2015-01-28 18:03:01'),(763,232,763,1,1,'2015-03-05 00:00:00','',0,0,0,1,1,'2015-01-28 18:03:01','2015-01-28 18:03:01'),(764,233,764,1,1,'2015-03-05 00:00:00','',0,0,0,1,1,'2015-01-28 18:03:01','2015-01-28 18:03:01'),(765,233,765,1,1,'2015-03-05 00:00:00','',0,0,0,1,1,'2015-01-28 18:03:01','2015-01-28 18:03:01'),(766,234,766,1,1,'2015-03-05 00:00:00','',0,0,0,1,1,'2015-01-28 18:03:01','2015-01-28 18:03:01'),(779,237,767,1,1,'2015-03-05 00:00:00','',0,0,0,0,0,'2015-02-10 10:38:13','2015-02-10 10:38:13'),(780,237,768,1,1,'2015-03-05 00:00:00','',0,0,0,0,0,'2015-02-10 10:38:13','2015-02-10 10:38:13'),(781,237,769,1,2,'2015-03-05 00:00:00','',0,0,0,0,0,'2015-02-10 10:38:13','2015-02-10 10:38:13'),(801,3,2,1,8,'2015-03-05 00:00:00','',0,0,0,0,0,'2015-02-13 09:46:28','2015-02-13 09:46:28'),(811,664,463,1,1,'2015-10-10 00:00:00','',0,0,0,1,1,'2015-09-03 04:20:27','2015-09-03 04:20:27'),(815,663,461,1,1,'2015-10-10 00:00:00','',0,0,0,1,1,'2015-09-03 06:45:25','2015-09-03 06:45:25'),(823,1004,471,1,1,'2015-10-02 00:00:00','',0,0,0,1,1,'2015-09-04 01:41:28','2015-09-04 01:41:28'),(960,1059,634,1,1,'2015-10-02 00:00:00','',0,0,0,1,1,'2015-09-04 03:44:18','2015-09-04 03:44:18'),(961,1059,635,1,1,'2015-10-02 00:00:00','',0,0,0,1,1,'2015-09-04 03:44:18','2015-09-04 03:44:18'),(962,1059,636,1,1,'2015-10-02 00:00:00','',0,0,0,1,1,'2015-09-04 03:44:18','2015-09-04 03:44:18'),(963,1059,637,1,1,'2015-10-02 00:00:00','',0,0,0,1,1,'2015-09-04 03:44:18','2015-09-04 03:44:18'),(964,1059,638,1,1,'2015-10-02 00:00:00','',0,0,0,1,1,'2015-09-04 03:44:18','2015-09-04 03:44:18'),(980,1062,646,1,1,'2015-10-02 00:00:00','',0,0,0,1,1,'2015-09-04 03:49:44','2015-09-04 03:49:44'),(981,1062,647,1,1,'2015-10-02 00:00:00','',0,0,0,1,1,'2015-09-04 03:49:44','2015-09-04 03:49:44'),(982,1062,648,1,1,'2015-10-02 00:00:00','',0,0,0,1,1,'2015-09-04 03:49:44','2015-09-04 03:49:44'),(989,1064,653,1,1,'2015-10-02 00:00:00','',0,0,0,1,1,'2015-09-04 03:52:28','2015-09-04 03:52:28'),(990,1064,654,1,1,'2015-10-02 00:00:00','',0,0,0,1,1,'2015-09-04 03:52:28','2015-09-04 03:52:28'),(991,1064,655,1,1,'2015-10-02 00:00:00','',0,0,0,1,1,'2015-09-04 03:52:28','2015-09-04 03:52:28'),(1448,899,226,1,1,'2015-10-02 00:00:00','',0,0,0,0,0,'2015-09-07 07:22:20','2015-09-07 07:22:20'),(1449,899,227,1,1,'2015-10-02 00:00:00','',0,0,0,0,0,'2015-09-07 07:22:20','2015-09-07 07:22:20'),(1450,899,228,1,1,'2015-10-02 00:00:00','',0,0,0,0,0,'2015-09-07 07:22:20','2015-09-07 07:22:20'),(1749,1105,793,1,1,'2015-10-02 00:00:00','',0,0,0,1,1,'2015-09-08 10:25:10','2015-09-08 10:25:10'),(1750,1105,794,1,1,'2015-10-02 00:00:00','',0,0,0,1,1,'2015-09-08 10:25:10','2015-09-08 10:25:10'),(1751,1105,795,1,1,'2015-10-02 00:00:00','',0,0,0,1,1,'2015-09-08 10:25:10','2015-09-08 10:25:10'),(1775,826,21,1,1,'2015-10-02 00:00:00','',0,0,0,0,0,'2015-09-10 04:45:40','2015-09-10 04:45:40'),(1776,826,22,1,1,'2015-10-02 00:00:00','',0,0,0,0,0,'2015-09-10 04:45:40','2015-09-10 04:45:40'),(1777,826,23,1,1,'2015-10-02 00:00:00','',0,0,0,0,0,'2015-09-10 04:45:40','2015-09-10 04:45:40'),(1778,827,24,1,1,'2015-10-02 00:00:00','',0,0,0,0,0,'2015-09-10 04:45:40','2015-10-02 00:08:08'),(1779,827,25,1,1,'2015-10-02 00:00:00','',0,0,0,0,0,'2015-09-10 04:45:41','2015-09-10 04:45:41'),(1815,843,67,1,1,'2015-10-02 00:00:00','',0,0,0,0,0,'2015-09-10 04:45:46','2015-09-10 04:45:46'),(1817,843,69,1,1,'2015-10-02 00:00:00','',0,0,0,0,0,'2015-09-10 04:45:47','2015-09-10 04:45:47'),(1823,845,75,1,1,'2015-10-02 00:00:00','',0,0,0,0,0,'2015-09-10 04:45:48','2015-09-10 04:45:48'),(1824,845,76,1,1,'2015-10-02 00:00:00','',0,0,0,0,0,'2015-09-10 04:45:48','2015-09-10 04:45:48'),(1836,854,102,1,1,'2015-10-02 00:00:00','',0,0,0,0,0,'2015-09-10 04:45:50','2015-09-10 04:45:50'),(1837,854,103,1,1,'2015-10-02 00:00:00','',0,0,0,0,0,'2015-09-10 04:45:50','2015-09-10 04:45:50'),(1838,854,104,1,1,'2015-10-02 00:00:00','',0,0,0,0,0,'2015-09-10 04:45:51','2015-09-10 04:45:51'),(1871,887,187,1,1,'2015-10-02 00:00:00','',0,0,0,0,0,'2015-09-10 04:45:56','2015-09-10 04:45:56'),(1925,928,264,1,1,'2015-10-02 00:00:00','',0,0,0,0,0,'2015-09-10 04:46:06','2015-09-10 04:46:06'),(1926,928,265,1,1,'2015-10-02 00:00:00','',0,0,0,0,0,'2015-09-10 04:46:06','2015-09-10 04:46:06'),(1927,928,266,1,1,'2015-10-02 00:00:00','',0,0,0,0,0,'2015-09-10 04:46:06','2015-09-10 04:46:06'),(2052,1029,545,1,1,'2015-10-02 00:00:00','',0,0,0,0,0,'2015-09-10 04:46:28','2015-09-10 04:46:28'),(2053,1029,546,1,1,'2015-10-02 00:00:00','',0,0,0,0,0,'2015-09-10 04:46:28','2015-09-10 04:46:28'),(2054,1029,547,1,1,'2015-10-02 00:00:00','',0,0,0,0,0,'2015-09-10 04:46:28','2015-09-10 04:46:28'),(2056,1030,549,1,1,'2015-10-02 00:00:00','',0,0,0,0,0,'2015-09-10 04:46:28','2015-09-10 04:46:28'),(2057,1030,550,1,1,'2015-10-02 00:00:00','',0,0,0,0,0,'2015-09-10 04:46:28','2015-09-10 04:46:28'),(2058,1030,551,1,1,'2015-10-02 00:00:00','',0,0,0,0,0,'2015-09-10 04:46:28','2015-09-10 04:46:28'),(2060,1031,553,1,1,'2015-10-02 00:00:00','',0,0,0,0,0,'2015-09-10 04:46:29','2015-09-10 04:46:29'),(2061,1031,554,1,1,'2015-10-02 00:00:00','',0,0,0,0,0,'2015-09-10 04:46:29','2015-09-10 04:46:29'),(2062,1031,555,1,1,'2015-10-02 00:00:00','',0,0,0,0,0,'2015-09-10 04:46:29','2015-09-10 04:46:29'),(2064,1032,557,1,1,'2015-10-02 00:00:00','',0,0,0,0,0,'2015-09-10 04:46:29','2015-09-10 04:46:29'),(2065,1032,558,1,1,'2015-10-02 00:00:00','',0,0,0,0,0,'2015-09-10 04:46:30','2015-09-10 04:46:30'),(2066,1032,559,1,1,'2015-10-02 00:00:00','',0,0,0,0,0,'2015-09-10 04:46:30','2015-09-10 04:46:30'),(2068,1033,561,1,1,'2015-10-02 00:00:00','',0,0,0,0,0,'2015-09-10 04:46:30','2015-09-10 04:46:30'),(2069,1033,562,1,1,'2015-10-02 00:00:00','',0,0,0,0,0,'2015-09-10 04:46:30','2015-09-10 04:46:30'),(2070,1033,563,1,1,'2015-10-02 00:00:00','',0,0,0,0,0,'2015-09-10 04:46:30','2015-09-10 04:46:30'),(2146,1101,781,1,1,'2015-10-02 00:00:00','',0,0,0,0,0,'2015-09-10 04:46:45','2015-09-10 04:46:45'),(2148,1101,783,1,1,'2015-10-02 00:00:00','',0,0,0,0,0,'2015-09-10 04:46:45','2015-09-10 04:46:45'),(2198,1121,836,1,1,'2015-10-02 00:00:00','',0,0,0,0,0,'2015-09-10 04:46:53','2015-09-10 04:46:53'),(2199,1121,837,1,1,'2015-10-02 00:00:00','',0,0,0,0,0,'2015-09-10 04:46:53','2015-09-10 04:46:53'),(2243,1131,868,1,1,'2015-10-02 00:00:00','',0,0,0,0,0,'2015-09-19 12:34:43','2015-09-19 12:34:43'),(2258,1125,849,1,2,'2015-10-02 00:00:00','',0,0,0,0,0,'2015-09-19 12:36:15','2015-09-19 12:36:15'),(2364,1099,774,1,3,'2015-10-02 00:00:00','',0,0,0,0,0,'2015-09-19 12:52:12','2015-09-19 12:52:12'),(2398,1090,746,1,2,'2015-10-02 00:00:00','',0,0,0,0,0,'2015-09-19 12:56:40','2015-09-19 12:56:40'),(2399,1090,747,1,2,'2015-10-02 00:00:00','',0,0,0,0,0,'2015-09-19 12:56:40','2015-09-19 12:56:40'),(2400,1090,748,1,2,'2015-10-02 00:00:00','',0,0,0,0,0,'2015-09-19 12:56:40','2015-09-19 12:56:40'),(2401,1090,749,1,1,'2015-10-02 00:00:00','',0,0,0,0,0,'2015-09-19 12:56:40','2015-09-19 12:56:40'),(2412,1077,699,1,2,'2015-10-02 00:00:00','',0,0,0,0,0,'2015-09-19 12:58:46','2015-09-19 12:58:46'),(2413,1077,700,1,2,'2015-10-02 00:00:00','',0,0,0,0,0,'2015-09-19 12:58:46','2015-09-19 12:58:46'),(2414,1077,701,1,1,'2015-10-02 00:00:00','',0,0,0,0,0,'2015-09-19 12:58:46','2015-09-19 12:58:46'),(2438,1068,668,1,2,'2015-10-02 00:00:00','',0,0,0,0,0,'2015-09-19 01:00:29','2015-09-19 01:00:29'),(2439,1068,669,1,1,'2015-10-02 00:00:00','',0,0,0,0,0,'2015-09-19 01:00:29','2015-09-19 01:00:29'),(2444,1058,630,1,1,'2015-10-02 00:00:00','',0,0,0,0,0,'2015-09-19 01:01:07','2015-09-19 01:01:07'),(2480,1036,572,1,1,'2015-10-02 00:00:00','',0,0,0,0,0,'2015-09-19 01:06:29','2015-09-19 01:06:29'),(2513,1016,504,1,1,'2015-10-02 00:00:00','',0,0,0,0,0,'2015-09-19 01:20:26','2015-09-19 01:20:26'),(2517,1015,499,1,2,'2015-10-02 00:00:00','',0,0,0,0,0,'2015-09-19 01:21:19','2015-09-19 01:21:19'),(2556,996,446,1,1,'2015-10-02 00:00:00','',0,0,0,0,0,'2015-09-19 01:39:39','2015-09-19 01:39:39'),(2594,990,424,1,1,'2015-10-02 00:00:00','',0,0,0,0,0,'2015-09-19 01:43:50','2015-09-19 01:43:50'),(2596,990,426,1,1,'2015-10-02 00:00:00','',0,0,0,0,0,'2015-09-19 01:43:50','2015-09-19 01:43:50'),(2597,990,427,1,1,'2015-10-02 00:00:00','',0,0,0,0,0,'2015-09-19 01:43:50','2015-09-19 01:43:50'),(2605,988,420,1,2,'2015-10-02 00:00:00','',0,0,0,0,0,'2015-09-19 01:45:54','2015-09-19 01:45:54'),(2646,836,50,1,1,'2015-10-02 00:00:00','',0,0,0,0,0,'2015-09-19 02:00:04','2015-09-19 02:00:04'),(2662,844,72,1,1,'2015-10-02 00:00:00','',0,0,0,0,0,'2015-09-19 02:04:53','2015-09-19 02:04:53'),(2663,844,73,1,1,'2015-10-02 00:00:00','',0,0,0,0,0,'2015-09-19 02:04:53','2015-09-19 02:04:53'),(2699,871,147,1,2,'2015-10-02 00:00:00','',0,0,0,0,0,'2015-09-19 02:11:58','2015-09-19 02:11:58'),(2717,882,170,1,2,'2015-10-02 00:00:00','',0,0,0,0,0,'2015-09-19 02:15:08','2015-09-19 02:15:08'),(2718,882,171,1,2,'2015-10-02 00:00:00','',0,0,0,0,0,'2015-09-19 02:15:08','2015-09-19 02:15:08'),(2719,882,172,1,1,'2015-10-02 00:00:00','',0,0,0,0,0,'2015-09-19 02:15:08','2015-09-19 02:15:08'),(2764,893,209,1,2,'2015-10-02 00:00:00','',0,0,0,0,0,'2015-09-19 02:20:05','2015-09-19 02:20:05'),(2799,902,237,1,2,'2015-10-02 00:00:00','',0,0,0,0,0,'2015-09-19 02:24:04','2015-09-19 02:24:04'),(2839,952,329,1,1,'2015-10-02 00:00:00','',0,0,0,0,0,'2015-09-19 04:38:14','2015-09-19 04:38:14'),(2845,968,360,1,1,'2015-10-02 00:00:00','',0,0,0,0,0,'2015-09-19 04:40:19','2015-10-02 00:11:33'),(2846,968,361,1,2,'2015-10-02 00:00:00','',0,0,0,0,0,'2015-09-19 04:40:19','2015-09-19 04:40:19'),(2884,974,382,1,2,'2015-10-02 00:00:00','',0,0,0,0,0,'2015-09-19 04:44:49','2015-09-19 04:44:49'),(2885,974,383,1,2,'2015-10-02 00:00:00','',0,0,0,0,0,'2015-09-19 04:44:49','2015-09-19 04:44:49'),(2886,974,384,1,2,'2015-10-02 00:00:00','',0,0,0,0,0,'2015-09-19 04:44:49','2015-09-19 04:44:49'),(2887,974,385,1,1,'2015-10-02 00:00:00','',0,0,0,0,0,'2015-09-19 04:44:49','2015-09-19 04:44:49'),(2907,901,233,1,2,'2015-10-02 00:00:00','',0,0,0,0,0,'2015-09-21 03:39:20','2015-09-21 03:39:20'),(2912,991,428,1,1,'2015-10-02 00:00:00','',0,0,0,0,0,'2015-09-21 04:00:43','2015-09-21 04:00:43'),(2917,1021,519,1,1,'2015-10-02 00:00:00','',0,0,0,0,0,'2015-09-21 05:30:10','2015-09-21 05:30:10'),(2933,1010,484,1,3,'2015-10-20 00:00:00','',0,0,0,0,0,'2015-10-15 03:18:21','2015-10-15 03:18:21'),(2934,1010,485,1,3,'2015-10-20 00:00:00','',0,0,0,0,0,'2015-10-15 03:18:21','2015-10-15 03:18:21'),(2935,1010,486,1,2,'2015-10-20 00:00:00','',0,0,0,0,0,'2015-10-15 03:18:21','2015-10-15 03:18:21'),(2945,1107,799,1,1,'2015-10-20 00:00:00','',0,0,0,0,0,'2015-10-15 03:20:29','2015-10-20 00:14:35'),(2946,1107,800,1,2,'2015-10-20 00:00:00','',0,0,0,0,0,'2015-10-15 03:20:29','2015-10-15 03:20:29'),(2947,1107,801,1,1,'2015-10-20 00:00:00','',0,0,0,0,0,'2015-10-15 03:20:29','2015-10-15 03:20:29'),(2962,1007,477,1,2,'2015-10-20 00:00:00','',0,0,0,0,0,'2015-10-15 03:25:12','2015-10-20 16:51:23'),(2963,1007,478,1,2,'2015-10-20 00:00:00','',0,0,0,0,0,'2015-10-15 03:25:12','2015-10-15 03:25:12'),(2964,1007,479,1,100,'2015-10-20 00:00:00','',0,0,0,0,0,'2015-10-15 03:25:12','2015-10-15 03:25:12'),(3022,833,41,1,1,'2015-10-20 00:00:00','',0,0,0,0,0,'2015-10-15 03:41:51','2015-10-15 03:41:51'),(3041,955,334,1,1,'2015-10-20 00:00:00','',0,0,0,0,0,'2015-10-15 04:33:37','2015-10-20 15:31:53'),(3045,956,336,1,0,'2015-10-20 00:00:00','',0,0,0,0,0,'2015-10-15 04:34:15','2015-10-20 00:15:10');

--
-- Table structure for table `ps_belvg_preorder_wait`
--

CREATE TABLE `ps_belvg_preorder_wait` (
  `id_belvg_preorder_wait` int(10) unsigned NOT NULL AUTO_INCREMENT,
  `id_product` int(11) unsigned NOT NULL,
  `id_product_attribute` int(11) unsigned NOT NULL DEFAULT '0',
  `id_shop` int(11) unsigned NOT NULL,
  `email` varchar(128) NOT NULL,
  `id_customer` int(10) unsigned NOT NULL,
  `id_lang` int(10) unsigned NOT NULL,
  `fl_mail` tinyint(1) unsigned NOT NULL DEFAULT '1',
  `date_add` datetime NOT NULL,
  `date_upd` datetime NOT NULL,
  PRIMARY KEY (`id_belvg_preorder_wait`)
) ENGINE=InnoDB DEFAULT CHARSET=utf8;

--
-- Dumping data for table `ps_belvg_preorder_wait`
--


--
-- Table structure for table `ps_belvg_preorder_wait_mail`
--

CREATE TABLE `ps_belvg_preorder_wait_mail` (
  `id_belvg_preorder_wait_mail` int(10) unsigned NOT NULL AUTO_INCREMENT,
  `id_belvg_preorder_wait` int(10) unsigned NOT NULL,
  `date_add` datetime NOT NULL,
  `date_upd` datetime NOT NULL,
  PRIMARY KEY (`id_belvg_preorder_wait_mail`),
  KEY `id_belvg_preorder_wait` (`id_belvg_preorder_wait`)
) ENGINE=InnoDB DEFAULT CHARSET=utf8;

--
-- Dumping data for table `ps_belvg_preorder_wait_mail`
--


--
-- Table structure for table `ps_carrier`
--

CREATE TABLE `ps_carrier` (
  `id_carrier` int(10) unsigned NOT NULL AUTO_INCREMENT,
  `id_reference` int(10) unsigned NOT NULL,
  `id_tax_rules_group` int(10) unsigned DEFAULT '0',
  `name` varchar(64) NOT NULL,
  `url` varchar(255) DEFAULT NULL,
  `active` tinyint(1) unsigned NOT NULL DEFAULT '0',
  `deleted` tinyint(1) unsigned NOT NULL DEFAULT '0',
  `shipping_handling` tinyint(1) unsigned NOT NULL DEFAULT '1',
  `range_behavior` tinyint(1) unsigned NOT NULL DEFAULT '0',
  `is_module` tinyint(1) unsigned NOT NULL DEFAULT '0',
  `is_free` tinyint(1) unsigned NOT NULL DEFAULT '0',
  `shipping_external` tinyint(1) unsigned NOT NULL DEFAULT '0',
  `need_range` tinyint(1) unsigned NOT NULL DEFAULT '0',
  `external_module_name` varchar(64) DEFAULT NULL,
  `shipping_method` int(2) NOT NULL DEFAULT '0',
  `position` int(10) unsigned NOT NULL DEFAULT '0',
  `max_width` int(10) DEFAULT '0',
  `max_height` int(10) DEFAULT '0',
  `max_depth` int(10) DEFAULT '0',
  `max_weight` decimal(20,6) DEFAULT '0.000000',
  `grade` int(10) DEFAULT '0',
  PRIMARY KEY (`id_carrier`),
  KEY `deleted` (`deleted`,`active`),
  KEY `id_tax_rules_group` (`id_tax_rules_group`)
) ENGINE=InnoDB AUTO_INCREMENT=21 DEFAULT CHARSET=utf8;

--
-- Dumping data for table `ps_carrier`
--

INSERT INTO `ps_carrier` VALUES (1,1,0,'LEMAIRE','',0,1,0,0,0,1,0,0,'',1,2,0,0,0,'0.000000',0),(2,2,0,'My carrier','',0,1,1,0,0,0,0,0,'',1,1,0,0,0,'0.000000',0),(3,3,0,'La Poste - So Colissimo','http://www.colissimo.fr/portail_colissimo/suivreResultat.do?parcelnumber=@',1,1,0,0,1,1,1,1,'socolissimo',1,1,0,0,0,'0.000000',0),(4,4,0,'La Poste - So Colissimo - Commerce de proximité','http://www.colissimo.fr/portail_colissimo/suivreResultat.do?parcelnumber=@',0,1,0,0,1,0,1,1,'socolissimo',1,2,0,0,0,'0.000000',0),(5,3,0,'La Poste - So Colissimo','http://www.colissimo.fr/portail_colissimo/suivreResultat.do?parcelnumber=@',1,1,0,0,1,1,1,1,'socolissimo',1,1,0,0,0,'0.000000',0),(6,3,0,'La Poste - So Colissimo','http://www.colissimo.fr/portail_colissimo/suivreResultat.do?parcelnumber=@',1,1,0,0,1,1,1,1,'socolissimo',1,1,0,0,0,'0.000000',0),(7,3,0,'La Poste - So Colissimo','http://www.colissimo.fr/portail_colissimo/suivreResultat.do?parcelnumber=@',0,0,0,0,1,1,1,1,'socolissimo',1,4,0,0,0,'0.000000',0),(8,8,0,'Coliposte','',1,1,0,0,0,0,0,0,'',1,0,0,0,0,'0.000000',0),(9,8,0,'Coliposte','',1,1,0,0,0,0,0,0,'',1,0,0,0,0,'0.000000',0),(10,10,0,'Colissimo','',1,1,0,0,0,0,0,0,'',1,1,0,0,0,'0.000000',0),(11,1,0,'Retrait au magasin','',1,0,0,0,0,1,0,0,'',1,2,0,0,0,'0.000000',0),(12,12,0,'Coursier','',1,0,0,0,0,0,0,0,'',1,3,0,0,0,'0.000000',0),(13,8,0,'Colissimo','',1,1,0,0,0,0,0,0,'',1,0,0,0,0,'0.000000',0),(14,10,0,'Chronopost','',1,1,0,0,0,0,0,0,'',1,1,0,0,0,'0.000000',0),(15,8,0,'Colissimo','',1,1,0,0,0,0,0,0,'',1,0,0,0,0,'0.000000',0),(16,10,0,'Chronopost','',1,1,0,0,0,0,0,0,'',1,1,0,0,0,'0.000000',0),(17,10,0,'Chronopost','',1,1,0,0,0,0,0,0,'',1,1,0,0,0,'0.000000',0),(18,10,0,'Fedex','',1,0,0,0,0,0,0,0,'',1,1,0,0,0,'0.000000',0),(19,8,0,'Colissimo','',1,1,0,0,0,0,0,0,'',1,0,0,0,0,'0.000000',0),(20,8,0,'Colissimo','',1,0,0,0,0,0,0,0,'',1,0,0,0,0,'0.000000',0);

--
-- Table structure for table `ps_carrier_group`
--

CREATE TABLE `ps_carrier_group` (
  `id_carrier` int(10) unsigned NOT NULL,
  `id_group` int(10) unsigned NOT NULL,
  PRIMARY KEY (`id_carrier`,`id_group`)
) ENGINE=InnoDB DEFAULT CHARSET=utf8;

--
-- Dumping data for table `ps_carrier_group`
--

INSERT INTO `ps_carrier_group` VALUES (1,1),(1,2),(1,3),(1,4),(2,1),(2,2),(2,3),(2,4),(3,1),(3,2),(3,3),(3,4),(4,1),(4,2),(4,3),(4,4),(5,1),(5,2),(5,3),(6,1),(6,2),(6,3),(7,1),(7,2),(7,3),(8,1),(8,2),(8,3),(9,1),(9,2),(9,3),(10,1),(10,2),(10,3),(11,1),(11,2),(11,3),(12,1),(12,2),(12,3),(13,1),(13,2),(13,3),(14,1),(14,2),(14,3),(15,1),(15,2),(15,3),(16,1),(16,2),(16,3),(17,1),(17,2),(17,3),(18,1),(18,2),(18,3),(19,1),(19,2),(19,3),(20,1),(20,2),(20,3);

--
-- Table structure for table `ps_carrier_lang`
--

CREATE TABLE `ps_carrier_lang` (
  `id_carrier` int(10) unsigned NOT NULL,
  `id_shop` int(11) unsigned NOT NULL DEFAULT '1',
  `id_lang` int(10) unsigned NOT NULL,
  `delay` varchar(128) DEFAULT NULL,
  PRIMARY KEY (`id_lang`,`id_shop`,`id_carrier`)
) ENGINE=InnoDB DEFAULT CHARSET=utf8;

--
-- Dumping data for table `ps_carrier_lang`
--

INSERT INTO `ps_carrier_lang` VALUES (1,1,1,'Retrait au magasin'),(2,1,1,'Livraison le lendemain!'),(3,1,1,'Avec La Poste, Faites-vous livrer là ou vous le souhaitez en France Métropolitaine.'),(4,1,1,'Vous pouvez ici paramétrer votre tarif pour une livraison en commerce de proximité.'),(5,1,1,'Avec La Poste, Faites-vous livrer là ou vous le souhaitez en France Métropolitaine.'),(6,1,1,'Avec La Poste, Faites-vous livrer là ou vous le souhaitez en France Métropolitaine.'),(7,1,1,'Avec La Poste, Faites-vous livrer là ou vous le souhaitez en France Métropolitaine.'),(8,1,1,'Envoi standard'),(9,1,1,'Envoi standard'),(10,1,1,'Envoi Express'),(11,1,1,'Retrait en boutique sous 24h '),(12,1,1,'Envoi par coursier sous 24h dans Paris intramuros'),(13,1,1,'Envoi standard'),(14,1,1,'Envoi Express'),(15,1,1,'Envoi standard'),(16,1,1,'Express'),(17,1,1,'Envoi express'),(18,1,1,'Envoi express'),(19,1,1,'Envoi standard'),(20,1,1,'Envoi standard'),(1,1,2,'Retrait au magasin'),(2,1,2,'Livraison le lendemain!'),(11,1,2,'Retrait au magasin'),(1,1,3,'Retrait au magasin'),(2,1,3,'Livraison le lendemain!'),(3,1,3,'Avec La Poste, Faites-vous livrer là ou vous le souhaitez en France Métropolitaine.'),(4,1,3,'Vous pouvez ici paramétrer votre tarif pour une livraison en commerce de proximité.'),(5,1,3,'Avec La Poste, Faites-vous livrer là ou vous le souhaitez en France Métropolitaine.'),(6,1,3,'Avec La Poste, Faites-vous livrer là ou vous le souhaitez en France Métropolitaine.'),(7,1,3,'Avec La Poste, Faites-vous livrer là ou vous le souhaitez en France Métropolitaine.'),(8,1,3,'Envoi standard'),(9,1,3,'Envoi standard'),(10,1,3,'Express'),(11,1,3,'Retrait au magasin'),(12,1,3,'Envoi par coursier sous 24h dans Paris intramuros'),(13,1,3,'Envoi standard'),(14,1,3,'Express'),(15,1,3,'Standard'),(16,1,3,'Express'),(17,1,3,'Express'),(18,1,3,'Express'),(19,1,3,'Standard'),(20,1,3,'Standard'),(1,1,4,'Retrait au magasin'),(2,1,4,'Livraison le lendemain!'),(3,1,4,'Avec La Poste, Faites-vous livrer là ou vous le souhaitez en France Métropolitaine.'),(4,1,4,'Vous pouvez ici paramétrer votre tarif pour une livraison en commerce de proximité.'),(5,1,4,'Avec La Poste, Faites-vous livrer là ou vous le souhaitez en France Métropolitaine.'),(6,1,4,'Avec La Poste, Faites-vous livrer là ou vous le souhaitez en France Métropolitaine.'),(7,1,4,'Avec La Poste, Faites-vous livrer là ou vous le souhaitez en France Métropolitaine.'),(11,1,4,'Retrait au magasin'),(1,1,5,'Retrait au magasin'),(2,1,5,'Livraison le lendemain!'),(3,1,5,'Avec La Poste, Faites-vous livrer là ou vous le souhaitez en France Métropolitaine.'),(4,1,5,'Vous pouvez ici paramétrer votre tarif pour une livraison en commerce de proximité.'),(5,1,5,'Avec La Poste, Faites-vous livrer là ou vous le souhaitez en France Métropolitaine.'),(6,1,5,'Avec La Poste, Faites-vous livrer là ou vous le souhaitez en France Métropolitaine.'),(7,1,5,'Avec La Poste, Faites-vous livrer là ou vous le souhaitez en France Métropolitaine.'),(11,1,5,'Retrait au magasin');

--
-- Table structure for table `ps_carrier_shop`
--

CREATE TABLE `ps_carrier_shop` (
  `id_carrier` int(11) unsigned NOT NULL,
  `id_shop` int(11) unsigned NOT NULL,
  PRIMARY KEY (`id_carrier`,`id_shop`),
  KEY `id_shop` (`id_shop`)
) ENGINE=InnoDB DEFAULT CHARSET=utf8;

--
-- Dumping data for table `ps_carrier_shop`
--

INSERT INTO `ps_carrier_shop` VALUES (1,1),(2,1),(3,1),(4,1),(5,1),(6,1),(7,1),(8,1),(9,1),(10,1),(11,1),(12,1),(13,1),(14,1),(15,1),(16,1),(17,1),(18,1),(19,1),(20,1);

--
-- Table structure for table `ps_carrier_tax_rules_group_shop`
--

CREATE TABLE `ps_carrier_tax_rules_group_shop` (
  `id_carrier` int(11) unsigned NOT NULL,
  `id_tax_rules_group` int(11) unsigned NOT NULL,
  `id_shop` int(11) unsigned NOT NULL,
  PRIMARY KEY (`id_carrier`,`id_tax_rules_group`,`id_shop`)
) ENGINE=InnoDB DEFAULT CHARSET=utf8;

--
-- Dumping data for table `ps_carrier_tax_rules_group_shop`
--

INSERT INTO `ps_carrier_tax_rules_group_shop` VALUES (1,1,1),(2,1,1),(5,0,1),(6,0,1),(7,0,1),(8,0,1),(9,0,1),(10,0,1),(11,1,1),(12,0,1),(13,0,1),(14,0,1),(15,0,1),(16,0,1),(17,0,1),(18,0,1),(19,0,1),(20,0,1);

--
-- Table structure for table `ps_carrier_zone`
--

CREATE TABLE `ps_carrier_zone` (
  `id_carrier` int(10) unsigned NOT NULL,
  `id_zone` int(10) unsigned NOT NULL,
  PRIMARY KEY (`id_carrier`,`id_zone`)
) ENGINE=InnoDB DEFAULT CHARSET=utf8;

--
-- Dumping data for table `ps_carrier_zone`
--

INSERT INTO `ps_carrier_zone` VALUES (1,1),(2,1),(2,2),(6,1),(7,1),(7,2),(7,3),(7,4),(7,5),(7,6),(7,7),(7,8),(8,1),(8,2),(8,3),(8,4),(8,5),(8,6),(8,7),(8,8),(9,1),(9,2),(9,3),(9,4),(9,5),(9,6),(9,7),(9,8),(10,1),(10,2),(10,3),(10,4),(10,5),(10,6),(10,7),(10,8),(11,1),(12,1),(12,2),(12,3),(12,4),(12,5),(12,6),(12,7),(12,8),(13,1),(13,2),(13,3),(13,4),(13,5),(13,6),(13,7),(13,8),(14,1),(14,2),(14,3),(14,4),(14,5),(14,6),(14,7),(14,8),(15,1),(15,2),(15,3),(15,4),(15,5),(15,6),(15,7),(15,8),(16,1),(16,2),(16,3),(16,4),(16,5),(16,6),(16,7),(16,8),(17,1),(17,2),(17,3),(17,4),(17,5),(17,6),(17,7),(17,8),(18,1),(18,2),(18,3),(18,4),(18,5),(18,6),(18,7),(18,8),(19,1),(20,1),(20,7);

--
-- Table structure for table `ps_cart`
--

CREATE TABLE `ps_cart` (
  `id_cart` int(10) unsigned NOT NULL AUTO_INCREMENT,
  `id_shop_group` int(11) unsigned NOT NULL DEFAULT '1',
  `id_shop` int(11) unsigned NOT NULL DEFAULT '1',
  `id_carrier` int(10) unsigned NOT NULL,
  `delivery_option` text NOT NULL,
  `id_lang` int(10) unsigned NOT NULL,
  `id_address_delivery` int(10) unsigned NOT NULL,
  `id_address_invoice` int(10) unsigned NOT NULL,
  `id_currency` int(10) unsigned NOT NULL,
  `id_customer` int(10) unsigned NOT NULL,
  `id_guest` int(10) unsigned NOT NULL,
  `secure_key` varchar(32) NOT NULL DEFAULT '-1',
  `recyclable` tinyint(1) unsigned NOT NULL DEFAULT '1',
  `gift` tinyint(1) unsigned NOT NULL DEFAULT '0',
  `gift_message` text,
  `mobile_theme` tinyint(1) NOT NULL DEFAULT '0',
  `allow_seperated_package` tinyint(1) unsigned NOT NULL DEFAULT '0',
  `date_add` datetime NOT NULL,
  `date_upd` datetime NOT NULL,
  PRIMARY KEY (`id_cart`),
  KEY `cart_customer` (`id_customer`),
  KEY `id_address_delivery` (`id_address_delivery`),
  KEY `id_address_invoice` (`id_address_invoice`),
  KEY `id_carrier` (`id_carrier`),
  KEY `id_lang` (`id_lang`),
  KEY `id_currency` (`id_currency`),
  KEY `id_guest` (`id_guest`),
  KEY `id_shop_group` (`id_shop_group`),
  KEY `id_shop` (`id_shop`)
) ENGINE=InnoDB AUTO_INCREMENT=3883 DEFAULT CHARSET=utf8;

--
-- Dumping data for table `ps_cart`
--

INSERT INTO `ps_cart` VALUES (1,1,1,2,'a:1:{i:3;s:2:\"2,\";}',1,4,4,1,1,2,'b44a6d9efd7a0076a0fbce6b15eaf3b1',0,0,'',0,0,'2014-12-14 08:54:25','2014-12-14 08:54:25'),(2,1,1,2,'a:1:{i:3;s:2:\"2,\";}',1,4,4,1,1,1,'b44a6d9efd7a0076a0fbce6b15eaf3b1',0,0,'',0,0,'2014-12-14 08:54:25','2014-12-14 08:54:25'),(3,1,1,2,'a:1:{i:3;s:2:\"2,\";}',1,4,4,1,1,1,'b44a6d9efd7a0076a0fbce6b15eaf3b1',0,0,'',0,0,'2014-12-14 08:54:25','2014-12-14 08:54:25'),(4,1,1,2,'a:1:{i:3;s:2:\"2,\";}',1,4,4,1,1,1,'b44a6d9efd7a0076a0fbce6b15eaf3b1',0,0,'',0,0,'2014-12-14 08:54:25','2014-12-14 08:54:25'),(5,1,1,2,'a:1:{i:3;s:2:\"2,\";}',1,4,4,1,1,1,'b44a6d9efd7a0076a0fbce6b15eaf3b1',0,0,'',0,0,'2014-12-14 08:54:25','2014-12-14 08:54:25'),(6,1,1,2,'a:1:{i:5;s:2:\"2,\";}',1,5,5,1,2,11,'2aa6b11f62c584a070983b997a310373',0,0,'',0,0,'2014-12-19 10:31:53','2014-12-19 10:32:51'),(7,1,1,1,'',1,5,5,1,2,11,'2aa6b11f62c584a070983b997a310373',0,0,'',0,0,'2014-12-19 15:01:53','2014-12-19 15:35:26'),(8,1,1,1,'a:1:{i:6;s:2:\"1,\";}',1,6,6,1,3,251,'ad222063679ac744f0dd8bc6738b990f',0,0,'',0,0,'2014-12-23 18:38:30','2014-12-23 18:40:15'),(9,1,1,13,'',1,0,0,1,0,334,'',0,0,'',1,0,'2014-12-26 22:45:20','2015-02-04 12:48:54'),(10,1,1,0,'',1,5,5,1,2,252,'2aa6b11f62c584a070983b997a310373',0,0,'',0,0,'2014-12-28 12:17:07','2014-12-28 23:19:24'),(11,1,1,2,'a:1:{i:5;s:2:\"2,\";}',1,5,5,1,2,11,'2aa6b11f62c584a070983b997a310373',0,0,'',0,0,'2014-12-30 15:00:25','2014-12-30 15:00:25'),(12,1,1,2,'a:1:{i:5;s:2:\"2,\";}',1,5,5,1,2,11,'2aa6b11f62c584a070983b997a310373',0,0,'',0,0,'2014-12-30 15:07:31','2014-12-30 15:07:31'),(13,1,1,2,'a:1:{i:5;s:2:\"2,\";}',1,5,5,1,2,11,'2aa6b11f62c584a070983b997a310373',0,0,'',0,0,'2014-12-30 15:20:53','2014-12-30 15:21:40'),(14,1,1,14,'a:1:{i:5;s:3:\"14,\";}',3,5,5,1,2,11,'2aa6b11f62c584a070983b997a310373',0,0,'',0,0,'2014-12-30 17:35:18','2015-01-14 23:04:39'),(15,1,1,7,'',1,7,7,1,4,454,'22c369885e218d54316ef8690170609f',0,0,'',0,0,'2014-12-31 09:07:45','2014-12-31 15:28:59'),(16,1,1,7,'',1,0,0,1,0,462,'',0,0,'',0,0,'2014-12-31 14:46:41','2014-12-31 14:48:03'),(17,1,1,7,'',1,0,0,1,0,387,'',0,0,'',0,0,'2015-01-01 13:12:11','2015-01-01 13:12:54'),(18,1,1,7,'',1,0,0,1,0,515,'',0,0,'',0,0,'2015-01-02 09:19:05','2015-01-02 11:21:23'),(19,1,1,7,'',1,0,0,1,0,520,'',0,0,'',0,0,'2015-01-02 12:29:36','2015-01-02 15:00:39'),(20,1,1,13,'a:1:{i:8;s:2:\"7,\";}',1,8,8,1,5,364,'c8e79df3c9f1c7d90ba90bf2fb16c91a',0,0,'',0,0,'2015-01-02 20:55:48','2015-02-03 09:40:36'),(23,1,1,13,'',1,5,5,1,2,11,'2aa6b11f62c584a070983b997a310373',0,0,'',0,0,'2015-01-14 23:28:52','2015-01-17 17:29:42'),(28,1,1,13,'a:1:{i:10;s:3:\"13,\";}',1,10,10,1,0,905,'4a1fa163f79a12a402d068cc629c8d21',0,0,'',0,0,'2015-01-17 08:49:49','2015-01-17 08:51:03'),(30,1,1,11,'a:1:{i:7;s:3:\"11,\";}',1,7,7,1,4,918,'22c369885e218d54316ef8690170609f',0,0,'',0,0,'2015-01-17 11:53:58','2015-01-17 11:54:15'),(31,1,1,13,'',1,7,7,1,4,454,'22c369885e218d54316ef8690170609f',0,0,'',0,0,'2015-01-17 13:10:44','2015-01-21 14:46:03'),(32,1,1,15,'a:1:{i:5;s:3:\"15,\";}',1,5,5,1,2,11,'2aa6b11f62c584a070983b997a310373',0,0,'',0,0,'2015-01-18 13:26:31','2015-01-22 08:59:02'),(33,1,1,12,'a:1:{i:20;s:3:\"12,\";}',1,20,20,1,17,970,'581f80f254d810eb7568561a4657bbb4',0,0,'',0,0,'2015-01-18 19:38:22','2015-01-27 23:48:28'),(34,1,1,15,'',1,21,21,1,18,458,'098120d7b63e266542e2415e560cf5a5',0,0,'',0,0,'2015-01-18 19:40:07','2015-02-02 18:54:06'),(36,1,1,13,'',1,0,0,1,0,996,'',0,0,'',0,0,'2015-01-19 19:21:34','2015-01-19 19:21:34'),(38,1,1,11,'a:1:{i:7;s:3:\"11,\";}',1,7,7,1,4,1043,'22c369885e218d54316ef8690170609f',0,0,'',0,0,'2015-01-21 10:40:07','2015-01-21 13:24:13'),(39,1,1,15,'a:1:{i:7;s:3:\"15,\";}',1,7,7,1,4,1053,'22c369885e218d54316ef8690170609f',0,0,'',0,0,'2015-01-21 15:20:12','2015-01-21 15:20:31'),(41,1,1,15,'',1,5,5,1,2,11,'2aa6b11f62c584a070983b997a310373',0,0,'',0,0,'2015-01-22 09:14:05','2015-01-22 11:32:44'),(42,1,1,15,'',1,0,0,1,0,1081,'',0,0,'',0,0,'2015-01-22 10:56:19','2015-01-22 11:29:08'),(43,1,1,15,'',1,0,0,1,0,1083,'',0,0,'',0,0,'2015-01-22 11:07:27','2015-01-22 11:07:27'),(44,1,1,0,'',1,5,5,1,2,11,'2aa6b11f62c584a070983b997a310373',0,0,'',0,0,'2015-01-22 12:19:44','2015-01-22 17:18:03'),(45,1,1,15,'',1,0,0,1,0,1094,'',0,0,'',0,0,'2015-01-22 16:29:21','2015-01-22 16:29:22'),(46,1,1,15,'',1,0,0,1,0,225,'',0,0,'',0,0,'2015-01-22 17:17:27','2015-01-22 17:18:14'),(47,1,1,15,'',1,0,0,1,0,1097,'',0,0,'',0,0,'2015-01-22 17:36:56','2015-01-22 19:04:25'),(48,1,1,15,'',1,5,5,1,2,1100,'2aa6b11f62c584a070983b997a310373',0,0,'',0,0,'2015-01-22 18:05:48','2015-02-02 10:21:12'),(49,1,1,15,'',1,0,0,1,0,1104,'',0,0,'',0,0,'2015-01-22 21:22:16','2015-01-22 21:22:17'),(50,1,1,15,'',1,26,26,1,23,921,'cda60446fb4f39acec8f78819a951abc',0,0,'',0,0,'2015-01-23 08:00:46','2015-02-04 18:58:49'),(51,1,1,15,'',3,27,27,1,24,1108,'73676272051b8b5a9179a29c3d4f4f3d',0,0,'',0,0,'2015-01-23 11:38:38','2015-01-24 16:19:57'),(52,1,1,0,'',1,32,32,1,28,1063,'2cfb4ed977cec4faa67977c085925376',0,0,'',0,0,'2015-01-23 11:45:03','2015-02-04 12:39:44'),(53,1,1,15,'',1,0,0,1,0,1130,'',0,0,'',0,0,'2015-01-23 16:19:05','2015-01-23 16:19:06'),(54,1,1,15,'a:1:{i:7;s:3:\"15,\";}',1,7,7,1,4,1098,'22c369885e218d54316ef8690170609f',0,0,'',0,0,'2015-01-24 17:14:21','2015-01-24 17:14:33'),(55,1,1,15,'',1,7,7,1,4,454,'22c369885e218d54316ef8690170609f',0,0,'',0,0,'2015-01-24 17:22:43','2015-01-24 17:22:44'),(56,1,1,15,'a:1:{i:7;s:3:\"15,\";}',1,7,7,1,4,1166,'22c369885e218d54316ef8690170609f',0,0,'',0,0,'2015-01-24 17:50:58','2015-01-24 17:51:28'),(57,1,1,15,'',1,7,7,1,4,454,'22c369885e218d54316ef8690170609f',0,0,'',0,0,'2015-01-24 17:53:26','2015-01-24 19:13:49'),(58,1,1,15,'a:1:{i:7;s:3:\"15,\";}',1,7,7,1,4,1185,'22c369885e218d54316ef8690170609f',0,0,'',0,0,'2015-01-25 09:17:22','2015-01-25 09:17:52'),(59,1,1,15,'',1,20,20,1,17,1105,'581f80f254d810eb7568561a4657bbb4',0,0,'',0,0,'2015-01-27 12:58:35','2015-01-27 14:14:53'),(60,1,1,15,'',1,25,25,1,22,1069,'aaefe642363c6cacb0999363181ce929',0,0,'',0,0,'2015-01-27 13:02:03','2015-02-02 19:38:03'),(61,1,1,15,'',1,7,7,1,4,454,'22c369885e218d54316ef8690170609f',0,0,'',0,0,'2015-01-27 20:35:31','2015-01-29 19:55:25'),(62,1,1,17,'a:1:{i:29;s:3:\"17,\";}',1,29,29,1,25,1283,'d57dd68fd862b4d7d1d045a47907e539',0,0,'',0,0,'2015-01-28 20:12:26','2015-02-04 11:07:35'),(63,1,1,15,'',3,29,29,1,25,1285,'d57dd68fd862b4d7d1d045a47907e539',0,0,'',0,0,'2015-01-28 20:30:34','2015-01-28 20:40:35'),(64,1,1,15,'',1,29,29,1,25,1313,'d57dd68fd862b4d7d1d045a47907e539',0,0,'',0,0,'2015-01-29 17:34:27','2015-01-29 17:40:45'),(65,1,1,15,'',1,30,30,1,26,1317,'91484af06e0b935096eeed1a7ca1e01d',0,0,'',0,0,'2015-01-29 19:04:39','2015-01-29 19:05:31'),(66,1,1,15,'',1,31,31,1,27,1247,'f726a362ef2cf2f1ea8a4b7b6ff11b93',0,0,'',0,0,'2015-01-30 18:35:17','2015-02-03 11:27:52'),(67,1,1,15,'a:1:{i:7;s:3:\"15,\";}',1,7,7,1,4,1847,'22c369885e218d54316ef8690170609f',0,0,'',0,0,'2015-01-31 12:23:56','2015-01-31 12:24:16'),(68,1,1,15,'',1,0,0,1,0,1854,'',0,0,'',0,0,'2015-01-31 12:25:02','2015-01-31 12:25:35'),(69,1,1,15,'',1,0,0,1,0,1857,'',0,0,'',0,0,'2015-01-31 15:21:34','2015-01-31 16:11:26'),(70,1,1,0,'',1,0,0,1,0,1270,'',0,0,'',0,0,'2015-01-31 17:23:14','2015-01-31 17:23:26'),(71,1,1,15,'',1,0,0,1,0,1914,'',0,0,'',0,0,'2015-02-02 19:42:16','2015-02-02 19:42:16'),(72,1,1,0,'',1,0,0,1,0,1931,'',0,0,'',0,0,'2015-02-03 11:22:38','2015-02-03 11:22:38'),(73,1,1,0,'',1,32,32,1,28,1931,'2cfb4ed977cec4faa67977c085925376',0,0,'',0,0,'2015-02-03 11:22:51','2015-02-03 14:43:26'),(74,1,1,15,'a:1:{i:32;s:3:\"15,\";}',1,32,32,1,28,1936,'2cfb4ed977cec4faa67977c085925376',0,0,'',0,0,'2015-02-03 14:56:25','2015-02-03 15:34:16'),(75,1,1,0,'',1,5,5,1,2,1938,'2aa6b11f62c584a070983b997a310373',0,0,'',0,0,'2015-02-03 18:48:43','2015-02-04 10:06:58'),(76,1,1,0,'',1,25,25,1,22,1949,'aaefe642363c6cacb0999363181ce929',0,0,'',0,0,'2015-02-03 20:48:46','2015-02-03 20:48:46'),(77,1,1,15,'',1,0,0,1,0,1964,'',0,0,'',0,0,'2015-02-04 10:56:29','2015-02-04 10:56:30'),(78,1,1,15,'',1,25,25,1,22,1967,'aaefe642363c6cacb0999363181ce929',0,0,'',0,0,'2015-02-04 10:56:32','2015-02-04 10:57:09'),(79,1,1,0,'',1,27,27,1,24,1973,'73676272051b8b5a9179a29c3d4f4f3d',0,0,'',0,0,'2015-02-04 12:39:53','2015-02-04 12:39:53'),(80,1,1,15,'a:1:{i:27;s:3:\"15,\";}',1,27,27,1,24,1976,'73676272051b8b5a9179a29c3d4f4f3d',0,0,'',0,0,'2015-02-04 15:26:19','2015-02-04 15:26:39'),(81,1,1,15,'',1,27,27,1,24,1108,'73676272051b8b5a9179a29c3d4f4f3d',0,0,'',0,0,'2015-02-04 15:38:13','2015-02-04 15:38:18'),(82,1,1,15,'a:1:{i:27;s:3:\"15,\";}',1,27,27,1,24,1979,'73676272051b8b5a9179a29c3d4f4f3d',0,0,'',0,0,'2015-02-04 15:38:47','2015-02-04 15:40:00'),(83,1,1,15,'a:1:{i:34;s:3:\"15,\";}',1,34,34,1,30,1999,'f13987c1403c6d7330442d4a994fc783',0,0,'',0,0,'2015-02-04 19:46:15','2015-02-04 22:13:20'),(84,1,1,0,'',3,0,0,1,0,2000,'',0,0,'',0,0,'2015-02-04 20:02:35','2015-02-04 20:20:19'),(85,1,1,15,'a:1:{i:35;s:3:\"15,\";}',1,35,35,1,31,2030,'9df36d555bd5955bfcb3890a198c5da2',0,0,'',0,0,'2015-02-04 22:11:23','2015-02-04 22:13:24'),(86,1,1,15,'',1,0,0,1,0,2039,'',0,0,'',0,0,'2015-02-04 22:31:15','2015-02-04 22:36:11'),(87,1,1,15,'',1,0,0,1,0,2065,'',0,0,'',0,0,'2015-02-04 23:51:34','2015-02-04 23:51:35'),(88,1,1,15,'',3,0,0,1,0,2124,'',0,0,'',0,0,'2015-02-05 05:59:56','2015-02-05 06:07:02'),(89,1,1,0,'',3,0,0,1,0,2126,'',0,0,'',0,0,'2015-02-05 06:01:33','2015-02-05 06:02:15'),(90,1,1,0,'',3,0,0,1,0,2034,'',0,0,'',0,0,'2015-02-05 07:43:08','2015-02-05 08:45:01'),(91,1,1,15,'',1,0,0,1,0,2166,'',0,0,'',0,0,'2015-02-05 08:13:16','2015-02-05 09:13:29'),(92,1,1,15,'',1,0,0,1,0,2208,'',0,0,'',0,0,'2015-02-05 09:47:44','2015-02-05 09:47:46'),(93,1,1,15,'',1,27,27,1,24,2226,'73676272051b8b5a9179a29c3d4f4f3d',0,0,'',0,0,'2015-02-05 11:04:11','2015-02-05 19:37:57'),(94,1,1,15,'',3,0,0,1,0,2271,'',0,0,'',0,0,'2015-02-05 12:17:36','2015-02-05 12:17:37'),(95,1,1,15,'',1,0,0,1,0,2278,'',0,0,'',0,0,'2015-02-05 12:47:10','2015-02-05 12:47:10'),(96,1,1,15,'',1,0,0,1,0,2303,'',0,0,'',0,0,'2015-02-05 13:53:45','2015-02-05 13:53:46'),(97,1,1,15,'',3,0,0,1,0,2330,'',0,0,'',0,0,'2015-02-05 15:22:52','2015-02-05 15:33:17'),(98,1,1,0,'',1,0,0,1,0,2332,'',0,0,'',0,0,'2015-02-05 15:23:43','2015-02-05 15:32:22'),(99,1,1,15,'a:1:{i:41;s:3:\"15,\";}',1,41,41,1,37,2400,'704fb071f3e1a45dbcce1db773fad197',0,0,'',0,0,'2015-02-05 17:14:01','2015-02-05 17:17:38'),(100,1,1,15,'',3,0,0,1,0,2480,'',0,0,'',0,0,'2015-02-05 18:55:15','2015-02-05 18:55:15'),(101,1,1,15,'a:1:{i:42;s:3:\"15,\";}',1,42,43,1,38,2494,'7a889fb8d4b9da062328c88f94bdc20f',0,0,'',0,0,'2015-02-05 19:11:52','2015-02-05 19:15:29'),(102,1,1,0,'',1,0,0,1,0,2514,'',0,0,'',0,0,'2015-02-05 19:34:17','2015-02-05 21:36:57'),(103,1,1,0,'',3,0,0,1,0,2774,'',0,0,'',0,0,'2015-02-06 03:32:28','2015-02-06 03:32:59'),(104,1,1,15,'',1,0,0,1,0,2648,'',0,0,'',0,0,'2015-02-06 05:45:01','2015-02-06 05:45:37'),(105,1,1,15,'',3,0,0,1,0,3003,'',0,0,'',0,0,'2015-02-06 05:46:21','2015-02-06 05:49:30'),(106,1,1,15,'',1,0,0,1,0,3070,'',0,0,'',0,0,'2015-02-06 08:57:17','2015-02-06 08:57:18'),(107,1,1,15,'',3,0,0,1,0,3076,'',0,0,'',0,0,'2015-02-06 09:19:41','2015-02-06 09:19:42'),(108,1,1,15,'',1,0,0,1,0,3213,'',0,0,'',0,0,'2015-02-06 12:05:14','2015-02-06 12:05:15'),(109,1,1,0,'',1,0,0,1,0,3263,'',0,0,'',0,0,'2015-02-06 14:04:30','2015-02-06 14:04:30'),(110,1,1,0,'',3,0,0,1,0,3263,'',0,0,'',0,0,'2015-02-06 14:04:30','2015-02-06 14:06:54'),(111,1,1,15,'',3,0,0,1,0,3269,'',0,0,'',0,0,'2015-02-06 14:23:31','2015-02-06 18:18:58'),(112,1,1,15,'',3,0,0,1,0,3338,'',0,0,'',0,0,'2015-02-06 17:31:00','2015-02-06 17:31:00'),(113,1,1,15,'',3,0,0,1,0,3417,'',0,0,'',0,0,'2015-02-06 21:09:05','2015-02-06 21:09:06'),(114,1,1,0,'',1,0,0,1,0,3245,'',0,0,'',0,0,'2015-02-06 21:59:37','2015-02-07 09:06:56'),(115,1,1,15,'',3,0,0,1,0,3504,'',0,0,'',0,0,'2015-02-07 00:19:51','2015-02-07 00:19:52'),(116,1,1,15,'',1,0,0,1,0,3274,'',0,0,'',0,0,'2015-02-07 01:35:24','2015-02-07 01:35:25'),(117,1,1,11,'a:1:{i:0;s:3:\"11,\";}',3,0,0,1,0,3536,'',0,0,'',0,0,'2015-02-07 02:29:38','2015-02-07 02:30:06'),(118,1,1,15,'',3,0,0,1,0,3543,'',0,0,'',0,0,'2015-02-07 03:10:05','2015-02-07 03:10:06'),(119,1,1,15,'',1,0,0,1,0,3548,'',0,0,'',0,0,'2015-02-07 04:00:58','2015-02-07 04:01:00'),(120,1,1,0,'',3,45,45,1,40,3486,'a49e09728483eb48715df55f001ea219',0,0,'',0,0,'2015-02-07 11:14:47','2015-02-07 11:16:09'),(121,1,1,0,'',1,0,0,1,0,3992,'',0,0,'',0,0,'2015-02-07 16:24:42','2015-02-07 16:24:49'),(122,1,1,15,'',3,0,0,1,0,4008,'',0,0,'',0,0,'2015-02-07 17:09:42','2015-02-07 17:09:44'),(123,1,1,15,'',3,0,0,1,0,4044,'',0,0,'',0,0,'2015-02-07 18:52:46','2015-02-07 18:52:48'),(124,1,1,15,'',3,0,0,1,0,4051,'',0,0,'',0,0,'2015-02-07 19:18:51','2015-02-07 19:18:52'),(125,1,1,15,'',1,0,0,1,0,4077,'',0,0,'',0,0,'2015-02-07 20:53:45','2015-02-07 20:54:56'),(126,1,1,15,'a:1:{i:46;s:3:\"15,\";}',1,46,46,1,41,4154,'de39365912b7f26e6bcae4922161aa18',0,0,'',0,0,'2015-02-07 23:36:18','2015-02-07 23:38:26'),(127,1,1,15,'a:1:{i:47;s:3:\"15,\";}',3,47,47,1,42,4185,'e8a4a49a3a5f79dc37f95d04f4d966a5',0,0,'',0,0,'2015-02-08 01:23:18','2015-02-08 01:25:05'),(128,1,1,15,'',3,0,0,1,0,4276,'',0,0,'',0,0,'2015-02-08 06:21:06','2015-02-08 06:21:08'),(129,1,1,15,'',3,0,0,1,0,4285,'',0,0,'',0,0,'2015-02-08 07:07:20','2015-02-08 07:07:21'),(130,1,1,0,'',3,0,0,1,0,4297,'',0,0,'',0,0,'2015-02-08 08:04:06','2015-02-08 10:31:16'),(131,1,1,15,'a:1:{i:49;s:3:\"15,\";}',1,49,49,1,44,4294,'270a221d11e0e59a80c41fcff1ecba80',0,0,'',0,0,'2015-02-08 08:06:25','2015-02-08 12:31:24'),(132,1,1,17,'a:1:{i:0;s:3:\"17,\";}',3,0,0,1,0,4311,'',0,0,'',0,0,'2015-02-08 09:37:54','2015-02-08 09:42:44'),(133,1,1,0,'',3,48,48,1,43,4428,'85f6698024f7592e477e67ea0cbe11be',0,0,'',0,0,'2015-02-08 11:01:17','2015-02-08 11:05:57'),(134,1,1,15,'',1,0,0,1,0,4368,'',0,0,'',0,0,'2015-02-08 11:27:31','2015-02-08 11:27:32'),(135,1,1,15,'',3,0,0,1,0,4514,'',0,0,'',0,0,'2015-02-08 11:50:19','2015-02-08 11:50:20'),(136,1,1,11,'a:1:{i:50;s:3:\"11,\";}',1,50,50,1,45,4635,'36b78256cce8d71db8fa449d77e752a0',0,0,'',0,0,'2015-02-08 15:53:13','2015-02-08 16:49:13'),(137,1,1,11,'a:1:{i:50;s:3:\"11,\";}',1,50,50,1,45,4635,'36b78256cce8d71db8fa449d77e752a0',0,0,'',0,0,'2015-02-08 16:53:05','2015-02-08 16:53:20'),(138,1,1,15,'',3,0,0,1,0,4862,'',0,0,'',0,0,'2015-02-08 19:30:42','2015-02-08 19:30:43'),(139,1,1,15,'',3,0,0,1,0,4999,'',0,0,'',0,0,'2015-02-09 04:26:34','2015-02-09 04:26:35'),(140,1,1,15,'',3,0,0,1,0,5008,'',0,0,'',0,0,'2015-02-09 04:51:07','2015-02-09 04:51:08'),(141,1,1,15,'',1,0,0,1,0,5024,'',0,0,'',0,0,'2015-02-09 06:13:36','2015-02-09 06:13:39'),(142,1,1,15,'a:1:{i:52;s:3:\"15,\";}',3,53,52,1,47,5052,'d792731d168b3fe38b3c924934d6c72a',0,0,'',0,0,'2015-02-09 11:02:19','2015-02-09 11:11:30'),(143,1,1,15,'',3,0,0,1,0,5087,'',0,0,'',0,0,'2015-02-09 11:12:55','2015-02-09 11:28:49'),(144,1,1,15,'',3,0,0,1,0,5113,'',0,0,'',0,0,'2015-02-09 12:28:14','2015-02-09 12:30:02'),(145,1,1,15,'a:1:{i:52;s:3:\"15,\";}',3,53,52,1,47,5088,'d792731d168b3fe38b3c924934d6c72a',0,0,'',0,0,'2015-02-09 12:36:29','2015-02-09 12:37:37'),(146,1,1,0,'',3,52,52,1,47,5115,'d792731d168b3fe38b3c924934d6c72a',0,0,'',0,0,'2015-02-09 12:42:24','2015-02-09 12:42:24'),(147,1,1,0,'',1,0,0,1,0,5055,'',0,0,'',0,0,'2015-02-09 12:45:19','2015-02-09 18:47:27'),(148,1,1,11,'a:1:{i:0;s:3:\"11,\";}',3,0,0,1,0,5158,'',0,0,'',0,0,'2015-02-09 15:43:20','2015-02-09 16:16:36'),(149,1,1,15,'',3,0,0,1,0,5168,'',0,0,'',0,0,'2015-02-09 15:46:11','2015-02-09 15:46:44'),(150,1,1,15,'',3,0,0,1,0,5215,'',0,0,'',0,0,'2015-02-09 18:08:16','2015-02-09 18:08:16'),(151,1,1,0,'',3,0,0,1,0,5251,'',0,0,'',0,0,'2015-02-09 19:54:17','2015-02-09 19:54:35'),(152,1,1,15,'',1,0,0,1,0,5666,'',0,0,'',0,0,'2015-02-10 10:38:22','2015-02-10 10:38:23'),(153,1,1,15,'',1,0,0,1,0,5727,'',0,0,'',0,0,'2015-02-10 15:20:23','2015-02-10 15:20:24'),(154,1,1,0,'',3,56,56,1,50,5764,'f841f9b9b7bff06584f9f9bf6f7f351a',0,0,'',0,0,'2015-02-10 17:57:35','2015-02-11 01:42:16'),(155,1,1,15,'',3,56,56,1,50,5770,'f841f9b9b7bff06584f9f9bf6f7f351a',0,0,'',0,0,'2015-02-10 18:21:36','2015-02-10 18:21:37'),(156,1,1,15,'',3,56,56,1,50,5770,'f841f9b9b7bff06584f9f9bf6f7f351a',0,0,'',0,0,'2015-02-10 18:56:25','2015-02-10 18:56:25'),(157,1,1,15,'',3,56,56,1,50,5770,'f841f9b9b7bff06584f9f9bf6f7f351a',0,0,'',0,0,'2015-02-10 19:01:32','2015-02-10 19:01:32'),(158,1,1,15,'',3,0,0,1,0,5826,'',0,0,'',0,0,'2015-02-10 20:51:56','2015-02-10 20:56:42'),(159,1,1,15,'',3,0,0,1,0,5837,'',0,0,'',0,0,'2015-02-10 22:01:03','2015-02-10 22:01:03'),(160,1,1,15,'',3,56,56,1,50,5770,'f841f9b9b7bff06584f9f9bf6f7f351a',0,0,'',0,0,'2015-02-11 01:46:07','2015-02-11 20:07:25'),(161,1,1,15,'',3,56,56,1,50,5770,'f841f9b9b7bff06584f9f9bf6f7f351a',0,0,'',0,0,'2015-02-11 02:33:37','2015-02-11 02:33:38'),(162,1,1,15,'',3,0,0,1,0,5917,'',0,0,'',0,0,'2015-02-11 03:54:45','2015-02-11 03:54:46'),(163,1,1,15,'',1,0,0,1,0,6007,'',0,0,'',0,0,'2015-02-11 09:53:08','2015-02-11 09:53:11'),(164,1,1,15,'',1,0,0,1,0,6395,'',0,0,'',0,0,'2015-02-11 12:57:43','2015-02-11 12:57:44'),(165,1,1,15,'',3,0,0,1,0,6402,'',0,0,'',0,0,'2015-02-11 13:29:18','2015-02-11 13:29:20'),(166,1,1,15,'',1,0,0,1,0,6411,'',0,0,'',0,0,'2015-02-11 13:42:27','2015-02-11 13:42:28'),(167,1,1,15,'',1,0,0,1,0,6004,'',0,0,'',0,0,'2015-02-11 13:49:44','2015-02-11 13:54:02'),(168,1,1,15,'',1,0,0,1,0,6426,'',0,0,'',0,0,'2015-02-11 14:12:42','2015-02-11 14:14:11'),(169,1,1,15,'',3,0,0,1,0,6448,'',0,0,'',0,0,'2015-02-11 15:27:46','2015-02-11 15:27:47'),(170,1,1,15,'',1,0,0,1,0,6458,'',0,0,'',0,0,'2015-02-11 20:02:31','2015-02-11 20:02:32'),(171,1,1,0,'',3,59,59,1,53,6563,'05cae3668e2083ca0d129366c1834420',0,0,'',0,0,'2015-02-11 20:52:27','2015-02-11 21:12:06'),(172,1,1,15,'',1,0,0,1,0,6641,'',0,0,'',0,0,'2015-02-11 23:31:17','2015-02-11 23:36:01'),(173,1,1,15,'',1,0,0,1,0,6595,'',0,0,'',0,0,'2015-02-12 00:01:31','2015-02-12 00:01:31'),(174,1,1,0,'',3,56,56,1,50,6789,'f841f9b9b7bff06584f9f9bf6f7f351a',0,0,'',0,0,'2015-02-12 02:25:22','2015-02-12 02:25:22'),(175,1,1,15,'',3,0,0,1,0,6833,'',0,0,'',0,0,'2015-02-12 05:24:56','2015-02-12 05:24:58'),(176,1,1,15,'',1,0,0,1,0,6865,'',0,0,'',0,0,'2015-02-12 07:28:43','2015-02-12 16:58:23'),(177,1,1,15,'',3,0,0,1,0,6867,'',0,0,'',0,0,'2015-02-12 07:48:28','2015-02-12 07:57:54'),(178,1,1,15,'a:1:{i:61;s:3:\"15,\";}',1,61,61,1,55,6879,'90182b6842dc39d73f26fcf32a74e263',0,0,'',0,0,'2015-02-12 08:40:13','2015-02-12 08:52:05'),(179,1,1,0,'',1,56,56,1,50,6897,'f841f9b9b7bff06584f9f9bf6f7f351a',0,0,'',0,0,'2015-02-12 10:26:05','2015-02-12 18:33:39'),(180,1,1,15,'',1,0,0,1,0,6955,'',0,0,'',0,0,'2015-02-12 15:52:24','2015-02-12 15:52:25'),(181,1,1,15,'a:1:{i:62;s:3:\"15,\";}',1,62,62,1,56,6996,'9250b8048b5a6cee31c6b03880c04174',0,0,'',0,0,'2015-02-12 19:09:58','2015-02-12 21:54:48'),(182,1,1,15,'a:1:{i:62;s:3:\"15,\";}',1,62,62,1,56,6996,'9250b8048b5a6cee31c6b03880c04174',0,0,'',0,0,'2015-02-12 19:11:57','2015-02-12 21:54:20'),(183,1,1,15,'',1,0,0,1,0,7003,'',0,0,'',0,0,'2015-02-12 19:55:24','2015-02-12 19:58:53'),(184,1,1,15,'a:1:{i:63;s:3:\"15,\";}',1,63,63,1,57,7030,'2c7d5386f7b648c6a728d88fa1a414cf',0,0,'',0,0,'2015-02-12 20:35:48','2015-02-12 20:38:16'),(185,1,1,15,'',1,63,63,1,57,7030,'2c7d5386f7b648c6a728d88fa1a414cf',0,0,'',0,0,'2015-02-12 20:43:27','2015-02-12 20:43:27'),(186,1,1,15,'',1,62,62,1,56,6995,'9250b8048b5a6cee31c6b03880c04174',0,0,'',0,0,'2015-02-12 20:52:11','2015-02-12 20:52:11'),(187,1,1,15,'a:1:{i:62;s:3:\"15,\";}',3,62,62,1,56,7028,'9250b8048b5a6cee31c6b03880c04174',0,0,'',0,0,'2015-02-12 20:52:41','2015-02-12 22:01:44'),(188,1,1,15,'',1,63,63,1,57,7030,'2c7d5386f7b648c6a728d88fa1a414cf',0,0,'',0,0,'2015-02-12 20:53:49','2015-02-12 21:05:48'),(189,1,1,0,'',1,63,63,1,57,7037,'2c7d5386f7b648c6a728d88fa1a414cf',0,0,'',0,0,'2015-02-12 21:06:39','2015-02-12 21:35:18'),(190,1,1,15,'a:1:{i:63;s:3:\"15,\";}',1,63,63,1,57,7046,'2c7d5386f7b648c6a728d88fa1a414cf',0,0,'',0,0,'2015-02-12 21:36:16','2015-02-12 21:36:24'),(191,1,1,15,'',1,63,63,1,57,7030,'2c7d5386f7b648c6a728d88fa1a414cf',0,0,'',0,0,'2015-02-12 21:49:34','2015-02-12 21:49:34'),(192,1,1,15,'',1,63,63,1,57,7030,'2c7d5386f7b648c6a728d88fa1a414cf',0,0,'',0,0,'2015-02-12 21:54:14','2015-02-12 21:54:15'),(193,1,1,0,'',1,63,63,1,57,7050,'2c7d5386f7b648c6a728d88fa1a414cf',0,0,'',0,0,'2015-02-12 22:04:15','2015-02-12 22:13:32'),(194,1,1,15,'a:1:{i:63;s:3:\"15,\";}',1,63,63,1,57,7053,'2c7d5386f7b648c6a728d88fa1a414cf',0,0,'',0,0,'2015-02-12 22:13:49','2015-02-12 22:14:07'),(195,1,1,15,'',1,0,0,1,0,7055,'',0,0,'',0,0,'2015-02-12 22:24:28','2015-02-12 22:24:29'),(196,1,1,15,'a:1:{i:63;s:3:\"15,\";}',1,64,64,1,57,7057,'2c7d5386f7b648c6a728d88fa1a414cf',0,0,'',0,0,'2015-02-12 22:27:11','2015-02-12 22:27:44'),(197,1,1,15,'a:1:{i:64;s:3:\"15,\";}',1,64,64,1,57,7064,'2c7d5386f7b648c6a728d88fa1a414cf',0,0,'',0,0,'2015-02-12 22:56:55','2015-02-12 22:57:07'),(198,1,1,15,'a:1:{i:64;s:3:\"15,\";}',1,65,65,1,57,7012,'2c7d5386f7b648c6a728d88fa1a414cf',0,0,'',0,0,'2015-02-12 23:06:45','2015-02-12 23:08:25'),(199,1,1,15,'',1,0,0,1,0,7066,'',0,0,'',0,0,'2015-02-12 23:08:49','2015-02-12 23:08:50'),(200,1,1,15,'',1,65,65,1,57,7030,'2c7d5386f7b648c6a728d88fa1a414cf',0,0,'',0,0,'2015-02-13 08:37:57','2015-02-13 08:37:57'),(201,1,1,0,'',1,50,50,1,45,7149,'36b78256cce8d71db8fa449d77e752a0',0,0,'',0,0,'2015-02-13 11:43:51','2015-02-13 11:43:51'),(202,1,1,0,'',3,0,0,1,0,7199,'',0,0,'',0,0,'2015-02-13 12:03:10','2015-02-13 12:26:35'),(203,1,1,15,'',3,0,0,1,0,7228,'',0,0,'',0,0,'2015-02-13 14:29:46','2015-02-13 19:49:41'),(204,1,1,15,'',3,0,0,1,0,7397,'',0,0,'',0,0,'2015-02-13 16:06:48','2015-02-13 16:09:29'),(205,1,1,15,'',3,0,0,1,0,7415,'',0,0,'',0,0,'2015-02-13 18:02:16','2015-02-13 18:42:01'),(206,1,1,0,'',3,56,56,1,50,7700,'f841f9b9b7bff06584f9f9bf6f7f351a',0,0,'',0,0,'2015-02-14 04:16:36','2015-02-14 04:16:36'),(207,1,1,15,'',1,0,0,1,0,7807,'',0,0,'',0,0,'2015-02-14 12:53:58','2015-02-14 12:54:01'),(208,1,1,17,'a:1:{i:67;s:3:\"17,\";}',3,67,67,1,59,7814,'31c2fc5ccb0a1e0da89de7d43bcf4dec',0,0,'',0,0,'2015-02-14 13:10:57','2015-02-14 13:51:42'),(209,1,1,15,'',3,0,0,1,0,7863,'',0,0,'',0,0,'2015-02-14 16:14:36','2015-02-14 16:14:36'),(210,1,1,15,'',1,0,0,1,0,7875,'',0,0,'',0,0,'2015-02-14 16:40:45','2015-02-14 16:40:46'),(211,1,1,15,'',3,0,0,1,0,7968,'',0,0,'',0,0,'2015-02-15 00:03:21','2015-02-15 00:03:21'),(212,1,1,0,'',3,0,0,1,0,8000,'',0,0,'',0,0,'2015-02-15 04:49:38','2015-02-15 04:49:52'),(213,1,1,0,'',3,0,0,1,0,8094,'',0,0,'',0,0,'2015-02-15 13:42:36','2015-02-15 13:45:07'),(214,1,1,15,'',1,0,0,1,0,8133,'',0,0,'',0,0,'2015-02-15 16:03:43','2015-02-15 16:03:44'),(215,1,1,15,'',3,0,0,1,0,8135,'',0,0,'',0,0,'2015-02-15 16:17:01','2015-02-15 16:17:02'),(216,1,1,15,'',1,0,0,1,0,8160,'',0,0,'',0,0,'2015-02-15 17:44:04','2015-02-15 17:44:04'),(217,1,1,0,'',3,68,68,1,60,8173,'18b1045cd0a4fd93cc9dc463e290d630',0,0,'',0,0,'2015-02-15 18:38:45','2015-02-15 18:47:11'),(218,1,1,15,'',1,0,0,1,0,8195,'',0,0,'',0,0,'2015-02-15 20:18:26','2015-02-15 21:03:07'),(219,1,1,15,'',3,0,0,1,0,8230,'',0,0,'',0,0,'2015-02-15 22:10:54','2015-02-15 22:17:22'),(220,1,1,11,'a:1:{i:69;s:3:\"11,\";}',3,69,69,1,61,8460,'5761a7d4e87bd7215e695cb8feef1d79',0,0,'',0,0,'2015-02-16 02:28:32','2015-02-16 02:39:00'),(221,1,1,0,'',3,0,0,1,0,8473,'',0,0,'',0,0,'2015-02-16 03:51:22','2015-02-16 05:07:45'),(222,1,1,15,'a:1:{i:65;s:3:\"15,\";}',1,70,70,1,57,8530,'2c7d5386f7b648c6a728d88fa1a414cf',0,0,'',0,0,'2015-02-16 08:40:59','2015-02-16 08:42:51'),(223,1,1,15,'',3,0,0,1,0,8535,'',0,0,'',0,0,'2015-02-16 08:52:40','2015-02-16 08:53:12'),(224,1,1,15,'a:1:{i:71;s:3:\"15,\";}',3,71,71,1,62,8833,'ca2b6ef2b1dc2e12b8711fcefb455dfc',0,0,'',0,0,'2015-02-16 18:42:57','2015-02-16 19:09:31'),(225,1,1,15,'',1,0,0,1,0,8840,'',0,0,'',0,0,'2015-02-16 19:00:20','2015-02-16 19:22:04'),(226,1,1,15,'',3,71,71,1,62,8833,'ca2b6ef2b1dc2e12b8711fcefb455dfc',0,0,'',0,0,'2015-02-16 19:25:28','2015-02-18 05:52:18'),(227,1,1,0,'',1,69,69,1,61,9070,'5761a7d4e87bd7215e695cb8feef1d79',0,0,'',0,0,'2015-02-17 00:54:55','2015-02-17 00:57:49'),(228,1,1,0,'',3,0,0,1,0,9072,'',0,0,'',0,0,'2015-02-17 01:07:29','2015-02-17 01:10:58'),(229,1,1,15,'',1,0,0,1,0,9131,'',0,0,'',0,0,'2015-02-17 08:01:23','2015-02-17 08:01:23'),(230,1,1,0,'',3,56,56,1,50,9138,'f841f9b9b7bff06584f9f9bf6f7f351a',0,0,'',0,0,'2015-02-17 19:06:10','2015-02-17 19:06:10'),(231,1,1,0,'',3,56,56,1,50,9149,'f841f9b9b7bff06584f9f9bf6f7f351a',0,0,'',0,0,'2015-02-17 19:52:33','2015-02-17 19:52:33'),(232,1,1,15,'a:1:{i:65;s:3:\"15,\";}',1,65,65,1,57,9194,'2c7d5386f7b648c6a728d88fa1a414cf',0,0,'',0,0,'2015-02-17 21:17:29','2015-02-17 21:21:00'),(233,1,1,15,'a:1:{i:7;s:3:\"15,\";}',1,7,7,1,4,9169,'22c369885e218d54316ef8690170609f',0,0,'',0,0,'2015-02-17 21:19:23','2015-02-17 21:20:46'),(234,1,1,15,'',1,7,7,1,4,454,'22c369885e218d54316ef8690170609f',0,0,'',0,0,'2015-02-17 21:26:39','2015-02-17 21:26:40'),(235,1,1,11,'a:1:{i:0;s:3:\"11,\";}',1,0,0,1,0,9171,'',0,0,'',0,0,'2015-02-17 21:34:15','2015-02-17 21:34:41'),(236,1,1,15,'',1,70,65,1,57,7030,'2c7d5386f7b648c6a728d88fa1a414cf',0,0,'',0,0,'2015-02-17 21:46:59','2015-02-17 21:47:25'),(237,1,1,0,'',3,0,0,1,0,9176,'',0,0,'',0,0,'2015-02-17 21:49:27','2015-02-17 21:55:21'),(238,1,1,15,'',1,74,74,1,57,7030,'2c7d5386f7b648c6a728d88fa1a414cf',0,0,'',0,0,'2015-02-17 21:53:56','2015-02-17 21:54:06'),(239,1,1,15,'',3,0,0,1,0,9376,'',0,0,'',0,0,'2015-02-18 05:26:02','2015-02-18 05:26:03'),(240,1,1,15,'',3,0,0,1,0,9375,'',0,0,'',0,0,'2015-02-18 05:27:49','2015-02-18 05:28:32'),(241,1,1,15,'',1,0,0,1,0,9386,'',0,0,'',0,0,'2015-02-18 07:15:12','2015-02-18 07:15:13'),(242,1,1,15,'',1,0,0,1,0,9402,'',0,0,'',0,0,'2015-02-18 09:22:29','2015-02-18 09:22:30'),(243,1,1,15,'',1,0,0,1,0,9405,'',0,0,'',0,0,'2015-02-18 09:28:32','2015-02-18 09:28:33'),(244,1,1,0,'',1,0,0,1,0,9431,'',0,0,'',0,0,'2015-02-18 11:24:22','2015-02-18 15:09:15'),(245,1,1,15,'',1,0,0,1,0,9433,'',0,0,'',0,0,'2015-02-18 11:31:30','2015-02-18 11:32:40'),(246,1,1,15,'',3,0,0,1,0,9440,'',0,0,'',0,0,'2015-02-18 12:00:49','2015-02-18 12:00:50'),(247,1,1,15,'a:1:{i:76;s:3:\"15,\";}',3,76,76,1,66,9489,'47ea11d3cf8617595be77739b2b6cffe',0,0,'',0,0,'2015-02-18 14:36:35','2015-02-18 15:11:29'),(248,1,1,0,'',1,0,0,1,0,9563,'',0,0,'',0,0,'2015-02-18 19:11:12','2015-02-18 19:11:29'),(249,1,1,15,'',1,0,0,1,0,9565,'',0,0,'',0,0,'2015-02-18 19:17:37','2015-02-18 19:19:30'),(250,1,1,15,'',3,76,76,1,66,9489,'47ea11d3cf8617595be77739b2b6cffe',0,0,'',0,0,'2015-02-18 20:57:17','2015-02-18 21:03:48'),(251,1,1,0,'',3,56,56,1,50,9637,'f841f9b9b7bff06584f9f9bf6f7f351a',0,0,'',0,0,'2015-02-18 23:19:20','2015-02-18 23:19:20'),(252,1,1,15,'',3,71,71,1,62,8833,'ca2b6ef2b1dc2e12b8711fcefb455dfc',0,0,'',0,0,'2015-02-19 01:49:41','2015-02-19 10:52:09'),(253,1,1,15,'',1,0,0,1,0,9729,'',0,0,'',0,0,'2015-02-19 09:05:16','2015-02-19 09:05:17'),(254,1,1,12,'a:1:{i:0;s:3:\"12,\";}',1,0,0,1,0,9738,'',0,0,'',0,0,'2015-02-19 10:09:56','2015-02-19 10:10:31'),(255,1,1,15,'',3,71,71,1,62,8833,'ca2b6ef2b1dc2e12b8711fcefb455dfc',0,0,'',0,0,'2015-02-19 10:59:30','2015-02-19 11:00:09'),(256,1,1,15,'',1,71,71,1,62,8833,'ca2b6ef2b1dc2e12b8711fcefb455dfc',0,0,'',0,0,'2015-02-19 11:04:26','2015-02-19 15:13:28'),(257,1,1,0,'',3,77,77,1,67,9749,'32bded83f616a9f090bca5685a1e443d',0,0,'',0,0,'2015-02-19 11:36:18','2015-02-19 12:39:00'),(258,1,1,0,'',3,56,56,1,50,9821,'f841f9b9b7bff06584f9f9bf6f7f351a',0,0,'',0,0,'2015-02-19 13:57:59','2015-02-19 13:57:59'),(259,1,1,15,'',1,0,0,1,0,9852,'',0,0,'',0,0,'2015-02-19 21:13:24','2015-02-19 21:43:24'),(260,1,1,15,'',1,0,0,1,0,9965,'',0,0,'',0,0,'2015-02-20 07:24:54','2015-02-20 07:24:55'),(261,1,1,15,'',3,0,0,1,0,9977,'',0,0,'',0,0,'2015-02-20 09:23:03','2015-02-20 09:28:59'),(262,1,1,0,'',3,56,56,1,50,10053,'f841f9b9b7bff06584f9f9bf6f7f351a',0,0,'',0,0,'2015-02-20 17:19:48','2015-02-20 17:20:28'),(263,1,1,15,'',1,0,0,1,0,10070,'',0,0,'',0,0,'2015-02-20 19:38:51','2015-02-20 19:38:51'),(264,1,1,15,'a:1:{i:78;s:3:\"15,\";}',1,78,78,1,68,10082,'e707f77dffe6775e620d571bf9638800',0,0,'',0,0,'2015-02-20 20:54:14','2015-02-20 21:33:06'),(265,1,1,15,'',3,0,0,1,0,10156,'',0,0,'',0,0,'2015-02-21 05:41:47','2015-02-21 05:41:48'),(266,1,1,0,'',1,0,0,1,0,10049,'',0,0,'',0,0,'2015-02-21 12:54:43','2015-02-21 12:54:43'),(267,1,1,15,'',1,0,0,1,0,10049,'',0,0,'',0,0,'2015-02-21 12:54:44','2015-02-21 12:55:51'),(268,1,1,15,'a:1:{i:79;s:3:\"15,\";}',3,79,79,1,69,10279,'88ff1afb98e58a23cae6372b90126b79',0,0,'',0,0,'2015-02-21 19:13:26','2015-02-21 19:23:29'),(269,1,1,17,'a:1:{i:44;s:3:\"17,\";}',3,44,44,1,39,10449,'a286b2895ed03ed4f18615b23000d363',0,0,'',0,0,'2015-02-22 15:58:47','2015-02-22 16:00:34'),(270,1,1,0,'',3,56,56,1,50,10380,'f841f9b9b7bff06584f9f9bf6f7f351a',0,0,'',0,0,'2015-02-22 17:07:36','2015-02-22 17:07:36'),(271,1,1,0,'',3,69,69,1,61,10542,'5761a7d4e87bd7215e695cb8feef1d79',0,0,'',0,0,'2015-02-23 00:41:24','2015-02-23 06:50:17'),(272,1,1,15,'',3,0,0,1,0,10682,'',0,0,'',0,0,'2015-02-23 12:48:48','2015-02-23 12:48:48'),(273,1,1,15,'',3,0,0,1,0,10687,'',0,0,'',0,0,'2015-02-23 13:04:45','2015-02-23 13:06:04'),(274,1,1,15,'',1,0,0,1,0,10693,'',0,0,'',0,0,'2015-02-23 13:31:47','2015-02-23 13:33:37'),(275,1,1,0,'',1,27,27,1,24,10733,'73676272051b8b5a9179a29c3d4f4f3d',0,0,'',0,0,'2015-02-23 18:32:35','2015-02-23 18:32:35'),(276,1,1,15,'',3,0,0,1,0,10805,'',0,0,'',0,0,'2015-02-23 21:36:45','2015-02-23 22:01:00'),(277,1,1,15,'',3,0,0,1,0,10889,'',0,0,'',0,0,'2015-02-24 04:43:40','2015-02-24 04:43:41'),(278,1,1,15,'',1,0,0,1,0,10918,'',0,0,'',0,0,'2015-02-24 14:01:01','2015-02-24 14:01:02'),(279,1,1,15,'',3,0,0,1,0,10963,'',0,0,'',0,0,'2015-02-24 14:20:16','2015-02-24 14:23:02'),(280,1,1,15,'',3,0,0,1,0,11135,'',0,0,'',0,0,'2015-02-25 04:04:10','2015-02-25 04:04:11'),(281,1,1,0,'',3,0,0,1,0,11136,'',0,0,'',0,0,'2015-02-25 04:19:12','2015-02-25 04:22:11'),(282,1,1,15,'',3,0,0,1,0,11158,'',0,0,'',0,0,'2015-02-25 07:54:08','2015-02-25 07:54:08'),(283,1,1,15,'',1,0,0,1,0,11145,'',0,0,'',0,0,'2015-02-25 08:36:38','2015-02-25 08:37:09'),(284,1,1,15,'',3,0,0,1,0,11183,'',0,0,'',0,0,'2015-02-25 10:45:32','2015-02-25 10:49:12'),(285,1,1,15,'',1,0,0,1,0,11209,'',0,0,'',0,0,'2015-02-25 13:09:43','2015-02-25 13:24:47'),(286,1,1,0,'',3,56,56,1,50,11573,'f841f9b9b7bff06584f9f9bf6f7f351a',0,0,'',0,0,'2015-02-25 15:16:21','2015-02-26 02:23:31'),(287,1,1,15,'',1,0,0,1,0,11584,'',0,0,'',0,0,'2015-02-25 16:19:24','2015-02-25 16:19:25'),(288,1,1,15,'',1,0,0,1,0,11600,'',0,0,'',0,0,'2015-02-25 16:57:56','2015-02-25 16:57:58'),(289,1,1,15,'',3,0,0,1,0,11638,'',0,0,'',0,0,'2015-02-25 20:42:38','2015-02-25 20:47:40'),(290,1,1,15,'',3,0,0,1,0,11678,'',0,0,'',0,0,'2015-02-26 03:03:33','2015-02-26 03:07:32'),(291,1,1,15,'',3,0,0,1,0,11686,'',0,0,'',0,0,'2015-02-26 03:42:00','2015-02-26 03:42:01'),(292,1,1,0,'',3,68,68,1,60,11763,'18b1045cd0a4fd93cc9dc463e290d630',0,0,'',0,0,'2015-02-26 14:07:54','2015-02-26 14:10:01'),(293,1,1,15,'',1,0,0,1,0,11711,'',0,0,'',0,0,'2015-02-26 15:42:12','2015-02-26 15:42:13'),(294,1,1,15,'',3,82,82,1,72,11814,'6641e112c4523b5478d2e9c5b36c439a',0,0,'',0,0,'2015-02-26 18:25:32','2015-02-26 18:29:38'),(295,1,1,15,'',3,0,0,1,0,11837,'',0,0,'',0,0,'2015-02-26 19:57:41','2015-02-26 19:57:41'),(296,1,1,15,'',1,0,0,1,0,11838,'',0,0,'',0,0,'2015-02-26 20:00:28','2015-02-26 20:00:28'),(297,1,1,15,'',3,0,0,1,0,11876,'',0,0,'',0,0,'2015-02-26 22:05:42','2015-02-26 22:05:42'),(298,1,1,15,'',1,0,0,1,0,12019,'',0,0,'',0,0,'2015-02-27 10:02:21','2015-02-27 12:49:41'),(299,1,1,0,'',3,27,27,1,24,12048,'73676272051b8b5a9179a29c3d4f4f3d',0,0,'',0,0,'2015-02-27 12:18:04','2015-02-27 12:18:04'),(300,1,1,0,'',3,27,27,1,24,1979,'73676272051b8b5a9179a29c3d4f4f3d',0,0,'',0,0,'2015-02-27 12:18:51','2015-02-27 12:19:00'),(301,1,1,17,'a:1:{i:82;s:3:\"17,\";}',3,82,82,1,72,12130,'6641e112c4523b5478d2e9c5b36c439a',0,0,'',0,0,'2015-02-27 18:02:28','2015-02-27 18:11:47'),(302,1,1,15,'',3,0,0,1,0,12143,'',0,0,'',0,0,'2015-02-27 19:16:14','2015-02-27 19:16:14'),(303,1,1,15,'a:1:{i:65;s:3:\"15,\";}',1,65,65,1,57,12146,'2c7d5386f7b648c6a728d88fa1a414cf',0,0,'',0,0,'2015-02-27 19:20:08','2015-02-27 19:20:39'),(304,1,1,0,'',3,0,0,1,0,12263,'',0,0,'',0,0,'2015-02-28 02:50:47','2015-02-28 02:53:41'),(305,1,1,15,'',1,0,0,1,0,12372,'',0,0,'',0,0,'2015-02-28 15:30:33','2015-02-28 15:30:33'),(306,1,1,0,'',1,50,50,1,45,12405,'36b78256cce8d71db8fa449d77e752a0',0,0,'',0,0,'2015-02-28 18:15:59','2015-02-28 18:15:59'),(307,1,1,15,'',3,0,0,1,0,12486,'',0,0,'',0,0,'2015-03-01 02:40:12','2015-03-01 02:42:57'),(308,1,1,0,'',3,56,56,1,50,0,'f841f9b9b7bff06584f9f9bf6f7f351a',0,0,'',0,0,'2015-03-01 03:45:26','2015-03-01 03:45:26'),(309,1,1,15,'',3,0,0,1,0,12499,'',0,0,'',0,0,'2015-03-01 06:05:32','2015-03-01 06:05:33'),(310,1,1,15,'',3,0,0,1,0,12639,'',0,0,'',0,0,'2015-03-01 17:48:01','2015-03-02 05:46:29'),(311,1,1,0,'',3,0,0,1,0,12704,'',0,0,'',0,0,'2015-03-01 22:20:36','2015-03-01 22:20:36'),(312,1,1,15,'',3,0,0,1,0,12704,'',0,0,'',0,0,'2015-03-01 22:20:37','2015-03-01 22:20:38'),(313,1,1,15,'',3,0,0,1,0,12722,'',0,0,'',0,0,'2015-03-01 23:55:04','2015-03-01 23:55:18'),(314,1,1,15,'',3,0,0,1,0,12735,'',0,0,'',0,0,'2015-03-02 00:59:42','2015-03-02 00:59:42'),(315,1,1,15,'',3,0,0,1,0,12867,'',0,0,'',0,0,'2015-03-02 05:48:33','2015-03-02 05:53:46'),(316,1,1,15,'',3,0,0,1,0,12891,'',0,0,'',0,0,'2015-03-02 09:20:29','2015-03-02 09:20:30'),(317,1,1,15,'',3,0,0,1,0,12904,'',0,0,'',0,0,'2015-03-02 10:30:01','2015-03-02 10:30:02'),(318,1,1,15,'a:1:{i:83;s:3:\"15,\";}',1,83,83,1,73,12917,'25e57c40954124b20c0112e0db2e1e54',0,0,'',0,0,'2015-03-02 11:27:27','2015-03-02 11:46:20'),(319,1,1,15,'a:1:{i:84;s:3:\"15,\";}',1,84,84,1,74,12962,'4748e03db94763fa0dbdd3f7e3004da1',0,0,'',0,0,'2015-03-02 15:38:21','2015-03-02 16:00:58'),(320,1,1,15,'',1,0,0,1,0,13016,'',0,0,'',0,0,'2015-03-02 17:00:12','2015-03-02 17:00:13'),(321,1,1,15,'',3,0,0,1,0,13043,'',0,0,'',0,0,'2015-03-02 17:18:00','2015-03-02 17:18:00'),(322,1,1,0,'',1,65,65,1,57,13144,'2c7d5386f7b648c6a728d88fa1a414cf',0,0,'',0,0,'2015-03-03 00:42:45','2015-03-04 18:20:49'),(323,1,1,15,'',3,0,0,1,0,13185,'',0,0,'',0,0,'2015-03-03 01:42:39','2015-03-03 01:42:40'),(324,1,1,15,'',3,0,0,1,0,13222,'',0,0,'',0,0,'2015-03-03 05:08:03','2015-03-03 05:08:04'),(325,1,1,0,'',3,44,44,1,39,13233,'a286b2895ed03ed4f18615b23000d363',0,0,'',0,0,'2015-03-03 05:43:31','2015-03-03 05:43:31'),(326,1,1,15,'',1,0,0,1,0,13360,'',0,0,'',0,0,'2015-03-03 07:56:03','2015-03-03 08:05:29'),(327,1,1,15,'',1,0,0,1,0,13647,'',0,0,'',0,0,'2015-03-03 13:04:51','2015-03-03 13:04:51'),(328,1,1,15,'',3,0,0,1,0,13743,'',0,0,'',0,0,'2015-03-03 14:20:17','2015-03-03 14:20:18'),(329,1,1,15,'',1,0,0,1,0,13762,'',0,0,'',0,0,'2015-03-03 14:41:59','2015-03-03 14:41:59'),(330,1,1,15,'',3,0,0,1,0,13947,'',0,0,'',0,0,'2015-03-03 17:05:30','2015-03-03 17:06:13'),(331,1,1,15,'',3,0,0,1,0,13953,'',0,0,'',0,0,'2015-03-03 17:11:59','2015-03-03 17:12:47'),(332,1,1,0,'',3,36,36,1,32,14063,'9a34c8a0e0d55d0cf93336b56b3d4bf6',0,0,'',0,0,'2015-03-03 18:46:04','2015-03-03 18:53:11'),(333,1,1,0,'',1,50,50,1,45,14116,'36b78256cce8d71db8fa449d77e752a0',0,0,'',0,0,'2015-03-03 19:33:29','2015-03-03 19:33:29'),(334,1,1,15,'a:1:{i:85;s:3:\"15,\";}',3,86,85,1,75,14135,'f6dcf526b7ae6cb2e0fcee51b8d7e0da',0,0,'',0,0,'2015-03-03 19:59:55','2015-03-03 22:56:01'),(335,1,1,15,'',3,0,0,1,0,13686,'',0,0,'',0,0,'2015-03-03 22:27:39','2015-03-03 22:28:07'),(336,1,1,15,'',1,0,0,1,0,14322,'',0,0,'',0,0,'2015-03-03 22:37:08','2015-03-03 22:37:09'),(337,1,1,15,'',3,0,0,1,0,14631,'',0,0,'',0,0,'2015-03-04 04:32:51','2015-03-04 04:33:46'),(338,1,1,11,'a:1:{i:0;s:3:\"11,\";}',3,0,0,1,0,14661,'',0,0,'',0,0,'2015-03-04 05:17:33','2015-03-04 05:18:38'),(339,1,1,0,'',1,0,0,1,0,14677,'',0,0,'',0,0,'2015-03-04 05:41:11','2015-03-04 05:45:56'),(340,1,1,15,'',1,0,0,1,0,14759,'',0,0,'',0,0,'2015-03-04 06:59:17','2015-03-04 06:59:17'),(341,1,1,15,'',3,0,0,1,0,14565,'',0,0,'',0,0,'2015-03-04 09:58:52','2015-03-04 10:00:31'),(342,1,1,15,'a:1:{i:88;s:3:\"15,\";}',3,88,88,1,77,14927,'cbb76a7e8ceba1285a527ee6eb729b27',0,0,'',0,0,'2015-03-04 10:21:10','2015-03-04 10:34:34'),(343,1,1,15,'',3,0,0,1,0,14967,'',0,0,'',0,0,'2015-03-04 10:26:44','2015-03-04 10:34:04'),(344,1,1,15,'',1,0,0,1,0,15130,'',0,0,'',0,0,'2015-03-04 13:21:22','2015-03-04 13:21:23'),(345,1,1,15,'',1,0,0,1,0,15282,'',0,0,'',0,0,'2015-03-04 15:35:43','2015-03-04 15:35:44'),(346,1,1,0,'',1,69,69,1,61,15354,'5761a7d4e87bd7215e695cb8feef1d79',0,0,'',0,0,'2015-03-04 16:47:27','2015-03-04 16:47:27'),(347,1,1,15,'',3,0,0,1,0,15454,'',0,0,'',0,0,'2015-03-04 18:29:09','2015-03-04 18:29:09'),(348,1,1,15,'',3,0,0,1,0,15559,'',0,0,'',0,0,'2015-03-04 20:14:51','2015-03-04 20:14:52'),(349,1,1,0,'',3,0,0,1,0,15504,'',0,0,'',0,0,'2015-03-04 21:46:07','2015-03-04 21:46:40'),(350,1,1,15,'',1,0,0,1,0,15708,'',0,0,'',0,0,'2015-03-04 22:21:57','2015-03-04 22:21:58'),(351,1,1,15,'a:1:{i:73;s:3:\"15,\";}',1,73,73,1,64,15602,'46f56efbac31b956e81abde41e62928d',0,0,'',0,0,'2015-03-04 22:56:13','2015-03-04 22:58:05'),(352,1,1,15,'',3,91,91,1,80,15762,'057977ccc3f11858b75c44c1f5f28373',0,0,'',0,0,'2015-03-04 23:13:26','2015-03-04 23:24:44'),(353,1,1,15,'',3,92,91,1,80,15762,'057977ccc3f11858b75c44c1f5f28373',0,0,'',0,0,'2015-03-04 23:33:46','2015-03-04 23:37:37'),(354,1,1,15,'',3,0,0,1,0,15776,'',0,0,'',0,0,'2015-03-04 23:35:51','2015-03-04 23:36:23'),(355,1,1,15,'',1,0,0,1,0,15724,'',0,0,'',0,0,'2015-03-05 01:11:25','2015-03-05 01:11:40'),(356,1,1,0,'',3,56,56,1,50,15843,'f841f9b9b7bff06584f9f9bf6f7f351a',0,0,'',0,0,'2015-03-05 01:17:11','2015-03-05 01:17:11'),(357,1,1,15,'',3,0,0,1,0,15878,'',0,0,'',0,0,'2015-03-05 02:36:27','2015-03-05 02:36:28'),(358,1,1,15,'',3,0,0,1,0,16033,'',0,0,'',0,0,'2015-03-05 07:19:55','2015-03-05 07:23:36'),(359,1,1,15,'',3,0,0,1,0,16056,'',0,0,'',0,0,'2015-03-05 07:59:04','2015-03-05 07:59:05'),(360,1,1,17,'a:1:{i:94;s:3:\"17,\";}',3,94,95,1,82,16060,'70b1ed2f576aa3dd20291c82f4d298a5',0,0,'',0,0,'2015-03-05 07:59:37','2015-03-05 08:23:52'),(361,1,1,15,'',3,0,0,1,0,16076,'',0,0,'',0,0,'2015-03-05 09:24:51','2015-03-05 09:24:52'),(362,1,1,15,'',3,0,0,1,0,16128,'',0,0,'',0,0,'2015-03-05 09:58:22','2015-03-05 09:58:22'),(363,1,1,15,'',1,0,0,1,0,16167,'',0,0,'',0,0,'2015-03-05 10:48:08','2015-03-05 10:49:00'),(364,1,1,15,'',1,0,0,1,0,16265,'',0,0,'',0,0,'2015-03-05 13:08:39','2015-03-05 13:08:39'),(365,1,1,15,'',3,0,0,1,0,16349,'',0,0,'',0,0,'2015-03-05 14:48:35','2015-03-05 14:53:07'),(366,1,1,15,'',3,0,0,1,0,15430,'',0,0,'',0,0,'2015-03-05 16:36:57','2015-03-05 22:14:44'),(367,1,1,15,'',3,0,0,1,0,16498,'',0,0,'',0,0,'2015-03-05 17:11:42','2015-03-05 17:11:43'),(368,1,1,15,'',1,0,0,1,0,16508,'',0,0,'',0,0,'2015-03-05 17:26:50','2015-03-05 17:26:51'),(369,1,1,15,'',3,0,0,1,0,16531,'',0,0,'',0,0,'2015-03-05 17:44:24','2015-03-05 17:47:17'),(370,1,1,15,'',3,0,0,1,0,16566,'',0,0,'',0,0,'2015-03-05 18:39:42','2015-03-05 18:39:42'),(371,1,1,15,'',1,0,0,1,0,16608,'',0,0,'',0,0,'2015-03-05 20:10:38','2015-03-05 20:10:39'),(372,1,1,15,'',1,0,0,1,0,16701,'',0,0,'',0,0,'2015-03-05 21:37:17','2015-03-05 21:37:18'),(373,1,1,15,'',1,0,0,1,0,16744,'',0,0,'',0,0,'2015-03-05 22:18:30','2015-03-05 22:18:30'),(374,1,1,15,'',3,0,0,1,0,17021,'',0,0,'',0,0,'2015-03-06 06:07:25','2015-03-06 06:07:26'),(375,1,1,15,'',3,0,0,1,0,17028,'',0,0,'',0,0,'2015-03-06 06:38:20','2015-03-06 06:38:27'),(376,1,1,17,'a:1:{i:95;s:3:\"17,\";}',3,95,95,1,82,17068,'70b1ed2f576aa3dd20291c82f4d298a5',0,0,'',0,0,'2015-03-06 07:50:56','2015-03-06 07:55:10'),(377,1,1,15,'',3,0,0,1,0,17081,'',0,0,'',0,0,'2015-03-06 08:24:33','2015-03-06 08:25:16'),(378,1,1,15,'a:1:{i:65;s:3:\"15,\";}',1,65,65,1,57,17096,'2c7d5386f7b648c6a728d88fa1a414cf',0,0,'',0,0,'2015-03-06 08:51:10','2015-03-06 08:51:35'),(379,1,1,15,'a:1:{i:65;s:3:\"15,\";}',1,65,65,1,57,17101,'2c7d5386f7b648c6a728d88fa1a414cf',0,0,'',0,0,'2015-03-06 09:01:34','2015-03-06 09:01:47'),(380,1,1,15,'a:1:{i:65;s:3:\"15,\";}',1,70,70,1,57,17107,'2c7d5386f7b648c6a728d88fa1a414cf',0,0,'',0,0,'2015-03-06 09:09:07','2015-03-06 09:09:20'),(381,1,1,15,'',1,65,65,1,57,7030,'2c7d5386f7b648c6a728d88fa1a414cf',0,0,'',0,0,'2015-03-06 09:21:37','2015-03-06 09:21:38'),(382,1,1,15,'',3,97,96,1,83,17161,'08a6ad4a4d474d4563041de6f929d082',0,0,'',0,0,'2015-03-06 13:27:38','2015-03-06 13:34:01'),(383,1,1,15,'',3,96,96,1,83,17161,'08a6ad4a4d474d4563041de6f929d082',0,0,'',0,0,'2015-03-06 13:37:09','2015-03-06 13:38:29'),(384,1,1,15,'',1,0,0,1,0,17356,'',0,0,'',0,0,'2015-03-06 14:13:58','2015-03-06 19:12:11'),(385,1,1,15,'',3,0,0,1,0,16993,'',0,0,'',0,0,'2015-03-06 15:01:00','2015-03-06 15:01:00'),(386,1,1,15,'',3,0,0,1,0,17512,'',0,0,'',0,0,'2015-03-06 19:30:57','2015-03-06 19:30:58'),(387,1,1,15,'a:1:{i:98;s:3:\"15,\";}',3,98,98,1,84,17536,'54b4e7bfc4994bd191b72fc3244a401b',0,0,'',0,0,'2015-03-06 20:01:11','2015-03-06 20:09:04'),(388,1,1,15,'',3,0,0,1,0,17429,'',0,0,'',0,0,'2015-03-06 23:11:19','2015-03-06 23:11:20'),(389,1,1,0,'',3,56,56,1,50,17744,'f841f9b9b7bff06584f9f9bf6f7f351a',0,0,'',0,0,'2015-03-07 01:29:50','2015-03-07 01:29:50'),(390,1,1,15,'a:1:{i:99;s:3:\"15,\";}',3,99,99,1,85,18037,'75919f543010413d56848b8bc990901c',0,0,'',0,0,'2015-03-07 10:05:51','2015-03-07 14:30:16'),(391,1,1,15,'',3,0,0,1,0,18047,'',0,0,'',0,0,'2015-03-07 10:26:37','2015-03-07 10:26:38'),(392,1,1,15,'',1,0,0,1,0,18065,'',0,0,'',0,0,'2015-03-07 10:50:48','2015-03-07 22:08:04'),(393,1,1,0,'',1,0,0,1,0,18370,'',0,0,'',0,0,'2015-03-07 18:26:07','2015-03-07 18:26:51'),(394,1,1,15,'',3,0,0,1,0,18622,'',0,0,'',0,0,'2015-03-08 07:49:56','2015-03-08 07:49:57'),(395,1,1,15,'',3,0,0,1,0,18621,'',0,0,'',0,0,'2015-03-08 07:50:40','2015-03-08 07:50:41'),(396,1,1,0,'',3,0,0,1,0,18629,'',0,0,'',0,0,'2015-03-08 08:09:36','2015-03-08 08:11:20'),(397,1,1,15,'',1,0,0,1,0,18652,'',0,0,'',0,0,'2015-03-08 09:46:25','2015-03-08 09:46:26'),(398,1,1,15,'a:1:{i:100;s:3:\"15,\";}',3,100,100,1,86,18720,'fb6667a4aeeeca0b785d67bf1be3a875',0,0,'',0,0,'2015-03-08 13:19:50','2015-03-08 13:24:47'),(399,1,1,15,'',3,105,105,1,79,17563,'4996e5bea13d5a6ea2f33ff050950e7c',0,0,'',0,0,'2015-03-08 17:49:35','2015-03-12 19:27:16'),(400,1,1,15,'',3,0,0,1,0,19428,'',0,0,'',0,0,'2015-03-08 18:49:24','2015-03-08 18:49:24'),(401,1,1,15,'',1,0,0,1,0,19526,'',0,0,'',0,0,'2015-03-08 22:50:29','2015-03-08 22:52:36'),(402,1,1,15,'',3,0,0,1,0,19587,'',0,0,'',0,0,'2015-03-09 01:12:40','2015-03-09 01:13:56'),(403,1,1,15,'a:1:{i:0;s:3:\"15,\";}',3,0,0,1,0,19600,'',0,0,'',0,0,'2015-03-09 01:32:19','2015-03-09 01:32:51'),(404,1,1,15,'a:1:{i:0;s:3:\"15,\";}',3,0,0,1,0,19659,'',0,0,'',0,0,'2015-03-09 03:30:24','2015-03-09 06:51:01'),(405,1,1,15,'a:1:{i:101;s:3:\"15,\";}',3,101,101,1,87,19668,'19a01cf56d745028c4b7d497f85f1b8b',0,0,'',0,0,'2015-03-09 04:21:04','2015-03-09 04:28:22'),(406,1,1,0,'',3,44,44,1,39,19699,'a286b2895ed03ed4f18615b23000d363',0,0,'',0,0,'2015-03-09 06:04:43','2015-03-09 06:04:43'),(407,1,1,17,'a:1:{i:102;s:3:\"17,\";}',3,102,102,1,88,19705,'eefd298c9ccc5c130bf3f42ceed1722d',0,0,'',0,0,'2015-03-09 06:43:34','2015-03-09 06:47:05'),(408,1,1,15,'',3,0,0,1,0,19783,'',0,0,'',0,0,'2015-03-09 10:26:50','2015-03-09 10:26:51'),(409,1,1,15,'',1,0,0,1,0,19854,'',0,0,'',0,0,'2015-03-09 12:03:23','2015-03-09 12:03:23'),(410,1,1,15,'',3,0,0,1,0,19890,'',0,0,'',0,0,'2015-03-09 13:35:38','2015-03-09 13:35:39'),(411,1,1,15,'',1,0,0,1,0,19897,'',0,0,'',0,0,'2015-03-09 13:53:14','2015-03-09 13:53:15'),(412,1,1,15,'',3,0,0,1,0,19896,'',0,0,'',0,0,'2015-03-09 14:12:07','2015-03-09 15:28:39'),(413,1,1,15,'',1,0,0,1,0,20066,'',0,0,'',0,0,'2015-03-09 20:39:03','2015-03-09 20:39:52'),(414,1,1,15,'',3,0,0,1,0,20108,'',0,0,'',0,0,'2015-03-09 22:36:03','2015-03-09 22:36:03'),(415,1,1,0,'',3,102,102,1,88,20118,'eefd298c9ccc5c130bf3f42ceed1722d',0,0,'',0,0,'2015-03-09 22:56:58','2015-03-09 23:01:02'),(416,1,1,15,'',3,0,0,1,0,20176,'',0,0,'',0,0,'2015-03-10 01:37:16','2015-03-10 01:37:17'),(417,1,1,0,'',3,56,56,1,50,20180,'f841f9b9b7bff06584f9f9bf6f7f351a',0,0,'',0,0,'2015-03-10 01:50:41','2015-03-10 01:50:41'),(418,1,1,15,'',1,0,0,1,0,20208,'',0,0,'',0,0,'2015-03-10 04:34:40','2015-03-10 05:21:27'),(419,1,1,17,'a:1:{i:95;s:3:\"17,\";}',3,95,95,1,82,20266,'70b1ed2f576aa3dd20291c82f4d298a5',0,0,'',0,0,'2015-03-10 07:58:10','2015-03-10 08:12:36'),(420,1,1,15,'',3,0,0,1,0,20347,'',0,0,'',0,0,'2015-03-10 11:51:28','2015-03-10 11:51:28'),(421,1,1,15,'',3,0,0,1,0,20288,'',0,0,'',0,0,'2015-03-10 15:47:47','2015-03-10 15:47:48'),(422,1,1,15,'',1,0,0,1,0,20474,'',0,0,'',0,0,'2015-03-10 16:54:02','2015-03-10 16:54:02'),(423,1,1,15,'a:1:{i:103;s:3:\"15,\";}',3,103,103,1,89,20482,'2a1108911d449b6d84456e9a3529dce8',0,0,'',0,0,'2015-03-10 17:04:08','2015-03-10 17:11:46'),(424,1,1,0,'',1,52,52,1,47,20540,'d792731d168b3fe38b3c924934d6c72a',0,0,'',0,0,'2015-03-10 19:18:28','2015-03-10 19:18:28'),(425,1,1,15,'',3,0,0,1,0,20536,'',0,0,'',0,0,'2015-03-10 21:59:25','2015-03-10 21:59:25'),(426,1,1,17,'a:1:{i:0;s:3:\"17,\";}',3,0,0,1,0,20579,'',0,0,'',0,0,'2015-03-10 22:03:03','2015-03-10 22:04:11'),(427,1,1,15,'',3,0,0,1,0,20930,'',0,0,'',0,0,'2015-03-11 08:53:26','2015-03-11 08:53:27'),(428,1,1,15,'a:1:{i:106;s:3:\"15,\";}',1,106,106,1,91,20945,'560e7c7305bd847dbc9c546c1ffd46f1',0,0,'',0,0,'2015-03-11 10:23:34','2015-03-11 10:39:32'),(429,1,1,15,'',3,0,0,1,0,20963,'',0,0,'',0,0,'2015-03-11 11:05:45','2015-03-11 11:05:46'),(430,1,1,15,'',1,0,0,1,0,20974,'',0,0,'',0,0,'2015-03-11 11:29:44','2015-03-11 11:29:45'),(431,1,1,15,'a:1:{i:107;s:3:\"15,\";}',1,107,107,1,92,21011,'6f818d2147f719b7b0415036cbb63daf',0,0,'',0,0,'2015-03-11 13:14:39','2015-03-11 13:21:33'),(432,1,1,15,'',3,0,0,1,0,20999,'',0,0,'',0,0,'2015-03-11 13:42:52','2015-03-11 13:42:53'),(433,1,1,15,'',1,0,0,1,0,21039,'',0,0,'',0,0,'2015-03-11 14:58:40','2015-03-11 15:02:10'),(434,1,1,15,'a:1:{i:109;s:3:\"15,\";}',3,109,109,1,94,21109,'6b018a18563883db946306a7f69d869a',0,0,'',0,0,'2015-03-11 17:46:41','2015-03-11 18:22:41'),(435,1,1,15,'',3,0,0,1,0,21129,'',0,0,'',0,0,'2015-03-11 18:30:02','2015-03-11 18:30:02'),(436,1,1,11,'a:1:{i:0;s:3:\"11,\";}',3,0,0,1,0,21131,'',0,0,'',0,0,'2015-03-11 18:38:52','2015-03-11 18:40:49'),(437,1,1,15,'',3,0,0,1,0,21149,'',0,0,'',0,0,'2015-03-11 19:35:19','2015-03-12 16:07:52'),(438,1,1,15,'',3,0,0,1,0,21170,'',0,0,'',0,0,'2015-03-11 20:43:00','2015-03-11 20:43:01'),(439,1,1,0,'',3,102,102,1,88,21187,'eefd298c9ccc5c130bf3f42ceed1722d',0,0,'',0,0,'2015-03-11 21:18:40','2015-03-11 21:18:40'),(440,1,1,15,'',1,0,0,1,0,21307,'',0,0,'',0,0,'2015-03-12 04:13:40','2015-03-12 04:19:48'),(441,1,1,15,'',3,0,0,1,0,21368,'',0,0,'',0,0,'2015-03-12 09:09:31','2015-03-12 09:09:41'),(442,1,1,15,'',1,0,0,1,0,21430,'',0,0,'',0,0,'2015-03-12 12:24:44','2015-03-12 14:25:46'),(443,1,1,0,'',3,91,91,1,80,21462,'057977ccc3f11858b75c44c1f5f28373',0,0,'',0,0,'2015-03-12 13:35:37','2015-03-12 13:35:37'),(444,1,1,0,'',1,0,0,1,0,21454,'',0,0,'',0,0,'2015-03-12 14:00:48','2015-03-12 14:01:51'),(445,1,1,15,'',3,0,0,1,0,21474,'',0,0,'',0,0,'2015-03-12 14:05:30','2015-03-12 14:05:31'),(446,1,1,0,'',3,105,105,1,79,21386,'4996e5bea13d5a6ea2f33ff050950e7c',0,0,'',0,0,'2015-03-12 15:27:52','2015-03-12 15:30:30'),(447,1,1,0,'',3,90,90,1,79,15062,'4996e5bea13d5a6ea2f33ff050950e7c',0,0,'',0,0,'2015-03-12 20:02:14','2015-03-12 20:02:21'),(448,1,1,15,'',3,0,0,1,0,21607,'',0,0,'',0,0,'2015-03-12 21:00:59','2015-03-12 21:09:19'),(449,1,1,15,'',3,0,0,1,0,22017,'',0,0,'',0,0,'2015-03-12 23:28:13','2015-03-12 23:28:13'),(450,1,1,15,'',1,0,0,1,0,22040,'',0,0,'',0,0,'2015-03-13 01:29:44','2015-03-13 01:29:44'),(451,1,1,15,'',3,0,0,1,0,22048,'',0,0,'',0,0,'2015-03-13 02:17:03','2015-03-13 02:17:03'),(452,1,1,0,'',3,110,110,1,95,21563,'9a8004015c476596cdec46c839c02717',0,0,'',0,0,'2015-03-13 02:26:04','2015-03-13 02:31:59'),(453,1,1,0,'',3,102,102,1,88,22067,'eefd298c9ccc5c130bf3f42ceed1722d',0,0,'',0,0,'2015-03-13 03:32:22','2015-03-13 03:32:22'),(454,1,1,15,'',3,0,0,1,0,22175,'',0,0,'',0,0,'2015-03-13 11:37:13','2015-03-13 11:41:03'),(455,1,1,0,'',3,44,44,1,39,22184,'a286b2895ed03ed4f18615b23000d363',0,0,'',0,0,'2015-03-13 12:23:19','2015-03-13 12:23:19'),(456,1,1,15,'a:1:{i:111;s:3:\"15,\";}',3,111,111,1,96,22196,'055b42c9d09a274acca4671268509bc0',0,0,'',0,0,'2015-03-13 13:18:11','2015-03-13 13:21:25'),(457,1,1,15,'a:1:{i:37;s:3:\"15,\";}',1,37,37,1,33,22208,'417f02db1ba8d9d06547239e3b0a3b85',0,0,'',0,0,'2015-03-13 13:58:42','2015-03-13 16:33:54'),(458,1,1,15,'',1,0,0,1,0,22259,'',0,0,'',0,0,'2015-03-13 16:24:15','2015-03-13 16:24:16'),(459,1,1,15,'a:1:{i:112;s:3:\"15,\";}',3,112,112,1,97,22255,'24e9383ace11164ffa12c0c6f20a0c6e',0,0,'',0,0,'2015-03-13 16:39:11','2015-03-13 16:43:46'),(460,1,1,15,'',3,0,0,1,0,22299,'',0,0,'',0,0,'2015-03-13 18:24:39','2015-03-13 18:24:58'),(461,1,1,15,'a:1:{i:114;s:3:\"15,\";}',3,114,114,1,99,22331,'4c8d42401a04e98626c511757477a9e2',0,0,'',0,0,'2015-03-13 19:51:16','2015-03-13 19:55:45'),(462,1,1,15,'',1,0,0,1,0,22388,'',0,0,'',0,0,'2015-03-13 23:33:45','2015-03-13 23:34:36'),(463,1,1,15,'',3,0,0,1,0,22458,'',0,0,'',0,0,'2015-03-14 06:16:21','2015-03-14 06:16:22'),(464,1,1,0,'',3,44,44,1,39,22593,'a286b2895ed03ed4f18615b23000d363',0,0,'',0,0,'2015-03-14 15:27:58','2015-03-14 15:27:58'),(465,1,1,0,'',3,44,44,1,39,22593,'a286b2895ed03ed4f18615b23000d363',0,0,'',0,0,'2015-03-14 15:29:12','2015-03-14 15:29:12'),(466,1,1,15,'',3,0,0,1,0,22607,'',0,0,'',0,0,'2015-03-14 16:15:29','2015-03-14 23:05:03'),(467,1,1,15,'',1,0,0,1,0,22660,'',0,0,'',0,0,'2015-03-15 02:51:06','2015-03-15 02:55:35'),(468,1,1,15,'',3,0,0,1,0,22848,'',0,0,'',0,0,'2015-03-15 08:22:14','2015-03-15 08:22:53'),(469,1,1,15,'',1,0,0,1,0,23426,'',0,0,'',0,0,'2015-03-15 17:10:46','2015-03-15 17:10:47'),(470,1,1,15,'',3,0,0,1,0,23478,'',0,0,'',0,0,'2015-03-15 17:19:43','2015-03-15 17:19:44'),(471,1,1,0,'',3,82,82,1,72,23775,'6641e112c4523b5478d2e9c5b36c439a',0,0,'',0,0,'2015-03-16 08:13:55','2015-03-16 08:59:01'),(472,1,1,15,'',1,0,0,1,0,23809,'',0,0,'',0,0,'2015-03-16 11:47:52','2015-03-16 11:47:53'),(473,1,1,15,'',1,0,0,1,0,23887,'',0,0,'',0,0,'2015-03-16 13:01:27','2015-03-16 13:01:28'),(474,1,1,15,'',3,0,0,1,0,23898,'',0,0,'',0,0,'2015-03-16 13:33:45','2015-03-16 13:33:45'),(475,1,1,15,'',3,115,115,1,100,23924,'f4405c548f2f8edddbab777497b1b6a1',0,0,'',0,0,'2015-03-16 14:51:19','2015-03-16 15:16:03'),(476,1,1,0,'',3,56,56,1,50,23858,'f841f9b9b7bff06584f9f9bf6f7f351a',0,0,'',0,0,'2015-03-16 15:59:13','2015-03-16 15:59:13'),(477,1,1,15,'a:1:{i:116;s:3:\"15,\";}',3,117,116,1,101,23977,'06e404a5b9ab2d3c5384a9b93d4516ed',0,0,'',0,0,'2015-03-16 16:48:44','2015-03-16 17:26:32'),(478,1,1,15,'',3,0,0,1,0,24135,'',0,0,'',0,0,'2015-03-16 22:21:39','2015-03-16 22:21:39'),(479,1,1,15,'',3,0,0,1,0,24132,'',0,0,'',0,0,'2015-03-17 05:52:08','2015-03-17 05:53:33'),(480,1,1,0,'',3,56,56,1,50,24538,'f841f9b9b7bff06584f9f9bf6f7f351a',0,0,'',0,0,'2015-03-17 08:56:10','2015-03-17 08:56:10'),(481,1,1,15,'a:1:{i:65;s:3:\"15,\";}',1,65,65,1,57,24552,'2c7d5386f7b648c6a728d88fa1a414cf',0,0,'',0,0,'2015-03-17 09:39:30','2015-03-17 13:07:30'),(482,1,1,15,'a:1:{i:119;s:3:\"15,\";}',1,119,119,1,103,24605,'46b23963d49f61b8cca127cddcda0387',0,0,'',0,0,'2015-03-17 11:55:54','2015-03-17 12:03:47'),(483,1,1,15,'',1,0,0,1,0,24613,'',0,0,'',0,0,'2015-03-17 12:26:09','2015-03-17 12:26:10'),(484,1,1,0,'',1,0,0,1,0,24613,'',0,0,'',0,0,'2015-03-17 12:26:09','2015-03-17 12:26:10'),(485,1,1,15,'',3,0,0,1,0,24800,'',0,0,'',0,0,'2015-03-17 18:17:20','2015-03-17 18:41:01'),(486,1,1,11,'a:1:{i:0;s:3:\"11,\";}',3,0,0,1,0,24804,'',0,0,'',0,0,'2015-03-17 18:42:23','2015-03-17 18:43:09'),(487,1,1,15,'',1,0,0,1,0,25066,'',0,0,'',0,0,'2015-03-18 00:18:12','2015-03-18 00:19:44'),(488,1,1,15,'',1,0,0,1,0,25065,'',0,0,'',0,0,'2015-03-18 00:18:23','2015-03-18 00:18:25'),(489,1,1,15,'',1,0,0,1,0,25143,'',0,0,'',0,0,'2015-03-18 05:52:48','2015-03-18 05:52:49'),(490,1,1,15,'',3,0,0,1,0,25162,'',0,0,'',0,0,'2015-03-18 06:15:17','2015-03-18 06:15:17'),(491,1,1,15,'',1,0,0,1,0,25223,'',0,0,'',0,0,'2015-03-18 09:52:37','2015-03-18 09:52:38'),(492,1,1,11,'a:1:{i:0;s:3:\"11,\";}',1,0,0,1,0,25233,'',0,0,'',0,0,'2015-03-18 10:19:34','2015-03-18 10:20:24'),(493,1,1,15,'',3,0,0,1,0,25353,'',0,0,'',0,0,'2015-03-18 14:31:15','2015-03-18 14:32:16'),(494,1,1,15,'a:1:{i:120;s:3:\"15,\";}',3,120,120,1,104,25276,'c614379931fed8f42bded5557b33221f',0,0,'',0,0,'2015-03-18 14:38:08','2015-03-18 14:40:21'),(495,1,1,15,'',3,0,0,1,0,25205,'',0,0,'',0,0,'2015-03-18 18:38:07','2015-03-18 18:38:38'),(496,1,1,0,'',1,107,107,1,92,25505,'6f818d2147f719b7b0415036cbb63daf',0,0,'',0,0,'2015-03-18 20:47:52','2015-03-18 20:47:52'),(497,1,1,15,'',1,0,0,1,0,25508,'',0,0,'',0,0,'2015-03-18 21:16:00','2015-03-18 21:19:04'),(498,1,1,15,'a:1:{i:51;s:3:\"15,\";}',3,51,51,1,46,25526,'ee52fe093d10cd7589e090a5332fcee8',0,0,'',0,0,'2015-03-18 21:53:06','2015-03-18 21:53:42'),(499,1,1,15,'',1,0,0,1,0,25100,'',0,0,'',0,0,'2015-03-19 01:48:33','2015-03-19 01:48:34'),(500,1,1,15,'',3,121,121,1,105,25628,'26b2a65f293fcc2c75021e68127ac83f',0,0,'',0,0,'2015-03-19 04:29:28','2015-03-19 05:16:46'),(501,1,1,15,'',3,0,0,1,0,25641,'',0,0,'',0,0,'2015-03-19 04:53:58','2015-03-19 04:53:59'),(502,1,1,0,'',3,94,94,1,82,25645,'70b1ed2f576aa3dd20291c82f4d298a5',0,0,'',0,0,'2015-03-19 05:24:00','2015-03-19 05:24:00'),(503,1,1,15,'a:1:{i:122;s:3:\"15,\";}',3,122,122,1,106,25547,'8563f7ca7706bdc30b6f2e6e11a9adfd',0,0,'',0,0,'2015-03-19 12:22:54','2015-03-19 22:35:14'),(504,1,1,15,'',1,0,0,1,0,25808,'',0,0,'',0,0,'2015-03-19 14:14:06','2015-03-19 14:14:57'),(505,1,1,15,'',3,0,0,1,0,25846,'',0,0,'',0,0,'2015-03-19 16:29:03','2015-03-19 16:29:03'),(506,1,1,0,'',3,94,94,1,82,25862,'70b1ed2f576aa3dd20291c82f4d298a5',0,0,'',0,0,'2015-03-19 16:53:28','2015-03-19 16:53:28'),(507,1,1,0,'',1,44,44,1,39,25887,'a286b2895ed03ed4f18615b23000d363',0,0,'',0,0,'2015-03-19 17:55:52','2015-03-19 17:55:52'),(508,1,1,15,'',1,0,0,1,0,25956,'',0,0,'',0,0,'2015-03-19 20:53:06','2015-03-19 20:53:08'),(509,1,1,15,'',1,0,0,1,0,25951,'',0,0,'',0,0,'2015-03-19 21:59:26','2015-03-19 21:59:27'),(510,1,1,15,'',3,0,0,1,0,25975,'',0,0,'',0,0,'2015-03-19 22:07:47','2015-03-19 22:07:49'),(511,1,1,15,'',1,0,0,1,0,25948,'',0,0,'',0,0,'2015-03-19 22:09:54','2015-03-19 22:09:54'),(512,1,1,15,'',3,0,0,1,0,25996,'',0,0,'',0,0,'2015-03-19 23:14:24','2015-03-19 23:14:25'),(513,1,1,15,'',3,0,0,1,0,26056,'',0,0,'',0,0,'2015-03-20 04:13:22','2015-03-20 04:13:23'),(514,1,1,15,'',3,0,0,1,0,26156,'',0,0,'',0,0,'2015-03-20 13:28:32','2015-03-20 17:45:28'),(515,1,1,15,'',1,0,0,1,0,26196,'',0,0,'',0,0,'2015-03-20 15:13:33','2015-03-20 15:18:34'),(516,1,1,15,'',3,0,0,1,0,26288,'',0,0,'',0,0,'2015-03-20 18:25:23','2015-03-20 18:25:24'),(517,1,1,15,'a:1:{i:123;s:3:\"15,\";}',3,123,123,1,107,26291,'febb8fe55edcc5ab094ce2918cce3adc',0,0,'',0,0,'2015-03-20 18:47:42','2015-03-20 18:49:30'),(518,1,1,15,'',3,51,51,1,46,26414,'ee52fe093d10cd7589e090a5332fcee8',0,0,'',0,0,'2015-03-21 00:32:38','2015-03-21 00:33:38'),(519,1,1,15,'',3,0,0,1,0,26416,'',0,0,'',0,0,'2015-03-21 00:41:44','2015-03-21 02:32:29'),(520,1,1,18,'a:1:{i:124;s:3:\"18,\";}',3,124,124,1,108,26451,'be5a6375e58cb14e022bf66e8a5954fb',0,0,'',0,0,'2015-03-21 03:05:08','2015-03-21 03:21:29'),(521,1,1,15,'',3,0,0,1,0,26856,'',0,0,'',0,0,'2015-03-21 07:52:32','2015-03-21 07:54:52'),(522,1,1,18,'a:1:{i:125;s:3:\"18,\";}',3,125,125,1,109,26908,'868b9cb1a12f7c11cb0eb147c07dd97e',0,0,'',0,0,'2015-03-21 11:12:23','2015-03-21 11:14:48'),(523,1,1,15,'a:1:{i:126;s:3:\"15,\";}',1,126,126,1,110,26939,'005cead81786c89610336f0d22aaa423',0,0,'',0,0,'2015-03-21 13:17:31','2015-03-21 13:19:39'),(524,1,1,15,'a:1:{i:126;s:3:\"15,\";}',1,126,126,1,110,26939,'005cead81786c89610336f0d22aaa423',0,0,'',0,0,'2015-03-21 13:24:55','2015-03-21 13:24:55'),(525,1,1,15,'',1,0,0,1,0,26452,'',0,0,'',0,0,'2015-03-21 14:21:01','2015-03-21 14:21:02'),(526,1,1,15,'',1,0,0,1,0,26979,'',0,0,'',0,0,'2015-03-21 15:20:07','2015-03-21 15:20:08'),(527,1,1,15,'',3,0,0,1,0,27003,'',0,0,'',0,0,'2015-03-21 15:55:51','2015-03-21 16:10:33'),(528,1,1,15,'a:1:{i:127;s:3:\"15,\";}',3,127,127,1,111,27009,'b0d554f1fb6d7ed8925431caf0b67d75',0,0,'',0,0,'2015-03-21 16:16:01','2015-03-21 16:27:45'),(529,1,1,18,'a:1:{i:128;s:3:\"18,\";}',1,128,128,1,112,27036,'4033c357705a81ac4512239abe3de521',0,0,'',0,0,'2015-03-21 17:26:59','2015-03-21 17:30:47'),(530,1,1,15,'',1,0,0,1,0,27080,'',0,0,'',0,0,'2015-03-21 19:03:07','2015-03-21 19:03:07'),(531,1,1,15,'',3,0,0,1,0,27096,'',0,0,'',0,0,'2015-03-21 19:48:55','2015-03-21 19:48:56'),(532,1,1,15,'',1,0,0,1,0,27124,'',0,0,'',0,0,'2015-03-21 21:19:56','2015-03-21 21:19:56'),(533,1,1,15,'',3,0,0,1,0,27190,'',0,0,'',0,0,'2015-03-21 23:00:45','2015-03-21 23:00:46'),(534,1,1,0,'',3,129,129,1,113,27271,'46c7281787323c6a8f0b668ab1df6db3',0,0,'',0,0,'2015-03-22 04:28:05','2015-03-22 04:34:36'),(535,1,1,15,'a:1:{i:130;s:3:\"15,\";}',3,130,130,1,114,27296,'ee84e30035a0169b27f35c77a91cb675',0,0,'',0,0,'2015-03-22 07:56:24','2015-03-22 08:26:50'),(536,1,1,15,'',3,0,0,1,0,27446,'',0,0,'',0,0,'2015-03-22 16:13:46','2015-03-22 16:13:47'),(537,1,1,15,'',3,132,132,1,116,27452,'47c18c73ce188a5df7f10591e7457605',0,0,'',0,0,'2015-03-22 17:17:38','2015-03-22 17:41:18'),(538,1,1,15,'',1,0,0,1,0,27370,'',0,0,'',0,0,'2015-03-22 17:22:14','2015-03-24 10:33:49'),(539,1,1,0,'',3,44,44,1,39,27502,'a286b2895ed03ed4f18615b23000d363',0,0,'',0,0,'2015-03-22 17:46:50','2015-03-22 17:46:50'),(540,1,1,15,'',1,0,0,1,0,27421,'',0,0,'',0,0,'2015-03-22 18:34:49','2015-03-22 19:06:52'),(541,1,1,0,'',1,0,0,1,0,27585,'',0,0,'',0,0,'2015-03-22 21:42:54','2015-03-22 21:46:35'),(542,1,1,15,'',3,0,0,1,0,27597,'',0,0,'',0,0,'2015-03-22 22:41:01','2015-03-22 22:46:06'),(543,1,1,15,'',3,0,0,1,0,27671,'',0,0,'',0,0,'2015-03-23 06:24:28','2015-03-23 06:26:53'),(544,1,1,15,'',3,133,133,1,117,28097,'745951ae39a78e05bc380ba5ff2367c5',0,0,'',0,0,'2015-03-23 10:06:28','2015-03-23 10:06:28'),(545,1,1,15,'',3,0,0,1,0,28108,'',0,0,'',0,0,'2015-03-23 11:15:52','2015-03-23 22:23:28'),(546,1,1,15,'',3,0,0,1,0,28133,'',0,0,'',0,0,'2015-03-23 11:33:40','2015-03-23 11:33:40'),(547,1,1,15,'a:1:{i:134;s:3:\"15,\";}',3,134,134,1,118,28153,'707b95a4f8ce3c559595c7fad69c0311',0,0,'',0,0,'2015-03-23 12:23:49','2015-03-23 12:26:40'),(548,1,1,15,'',1,0,0,1,0,28181,'',0,0,'',0,0,'2015-03-23 14:40:22','2015-03-23 14:40:23'),(549,1,1,0,'',3,0,0,1,0,28197,'',0,0,'',0,0,'2015-03-23 14:54:32','2015-03-23 15:02:28'),(550,1,1,15,'',1,0,0,1,0,28353,'',0,0,'',0,0,'2015-03-23 22:19:44','2015-03-23 22:19:44'),(551,1,1,15,'',1,0,0,1,0,28404,'',0,0,'',0,0,'2015-03-24 01:25:29','2015-03-24 01:25:29'),(552,1,1,15,'',1,0,0,1,0,28530,'',0,0,'',0,0,'2015-03-24 07:28:21','2015-03-24 07:28:46'),(553,1,1,15,'',1,0,0,1,0,28565,'',0,0,'',0,0,'2015-03-24 12:09:13','2015-03-24 12:09:27'),(554,1,1,15,'',1,0,0,1,0,28681,'',0,0,'',0,0,'2015-03-24 14:07:48','2015-03-24 14:08:40'),(555,1,1,15,'',1,0,0,1,0,28592,'',0,0,'',0,0,'2015-03-24 14:18:07','2015-03-24 14:18:07'),(556,1,1,15,'',1,0,0,1,0,28753,'',0,0,'',0,0,'2015-03-24 17:38:23','2015-03-24 17:38:24'),(557,1,1,15,'a:1:{i:136;s:3:\"15,\";}',3,136,136,1,120,28767,'f15767bd2e924da8c53f4ed89542c200',0,0,'',0,0,'2015-03-24 18:31:03','2015-03-24 18:32:59'),(558,1,1,15,'a:1:{i:137;s:3:\"15,\";}',3,137,137,1,121,28785,'0ec4cf7366078bfc2bc4a44201c8b357',0,0,'',0,0,'2015-03-24 19:23:12','2015-03-24 19:35:49'),(559,1,1,0,'',3,137,137,1,121,28803,'0ec4cf7366078bfc2bc4a44201c8b357',0,0,'',0,0,'2015-03-24 20:35:06','2015-03-24 20:35:06'),(560,1,1,15,'',3,0,0,1,0,28914,'',0,0,'',0,0,'2015-03-25 02:40:23','2015-03-25 02:40:24'),(561,1,1,15,'',3,0,0,1,0,28927,'',0,0,'',0,0,'2015-03-25 04:14:35','2015-03-25 04:18:59'),(562,1,1,15,'',3,0,0,1,0,29360,'',0,0,'',0,0,'2015-03-25 09:57:09','2015-03-25 09:59:39'),(563,1,1,15,'a:1:{i:138;s:3:\"15,\";}',1,138,138,1,122,29369,'72ca2d960232152fbb7d8dfcbce80107',0,0,'',0,0,'2015-03-25 10:52:01','2015-03-25 10:55:11'),(564,1,1,0,'',3,137,137,1,121,29608,'0ec4cf7366078bfc2bc4a44201c8b357',0,0,'',0,0,'2015-03-25 12:15:40','2015-03-25 12:17:12'),(565,1,1,15,'a:1:{i:137;s:3:\"15,\";}',3,137,137,1,121,28785,'0ec4cf7366078bfc2bc4a44201c8b357',0,0,'',0,0,'2015-03-25 12:17:12','2015-03-25 12:17:12'),(566,1,1,15,'',1,0,0,1,0,29630,'',0,0,'',0,0,'2015-03-25 14:12:22','2015-03-25 14:12:37'),(567,1,1,15,'a:1:{i:137;s:3:\"15,\";}',3,137,137,1,121,28785,'0ec4cf7366078bfc2bc4a44201c8b357',0,0,'',0,0,'2015-03-25 14:52:11','2015-03-25 14:53:43'),(568,1,1,0,'',3,137,137,1,121,29653,'0ec4cf7366078bfc2bc4a44201c8b357',0,0,'',0,0,'2015-03-25 14:56:58','2015-03-25 14:56:58'),(569,1,1,0,'',3,90,90,1,79,29358,'4996e5bea13d5a6ea2f33ff050950e7c',0,0,'',0,0,'2015-03-25 15:52:17','2015-03-25 15:52:17'),(570,1,1,18,'a:1:{i:0;s:3:\"18,\";}',1,0,0,1,0,29674,'',0,0,'',0,0,'2015-03-25 15:55:11','2015-03-25 15:55:24'),(571,1,1,15,'',3,0,0,1,0,29732,'',0,0,'',0,0,'2015-03-25 17:40:50','2015-03-25 17:40:51'),(572,1,1,15,'',1,0,0,1,0,29811,'',0,0,'',0,0,'2015-03-25 21:44:12','2015-03-25 21:50:21'),(573,1,1,15,'',3,0,0,1,0,29841,'',0,0,'',0,0,'2015-03-25 22:54:19','2015-03-25 22:54:19'),(574,1,1,0,'',3,94,94,1,82,29958,'70b1ed2f576aa3dd20291c82f4d298a5',0,0,'',0,0,'2015-03-26 04:30:39','2015-03-26 04:33:15'),(575,1,1,17,'a:1:{i:95;s:3:\"17,\";}',3,95,95,1,82,17068,'70b1ed2f576aa3dd20291c82f4d298a5',0,0,'',0,0,'2015-03-26 04:33:15','2015-03-26 04:33:15'),(576,1,1,15,'',1,0,0,1,0,29783,'',0,0,'',0,0,'2015-03-26 05:36:54','2015-03-26 05:36:55'),(577,1,1,15,'a:1:{i:139;s:3:\"15,\";}',3,139,139,1,123,29992,'a9d60e3b1c6c73e6c356ea95de4ead37',0,0,'',0,0,'2015-03-26 06:16:48','2015-03-26 06:20:09'),(578,1,1,0,'',3,90,90,1,79,28501,'4996e5bea13d5a6ea2f33ff050950e7c',0,0,'',0,0,'2015-03-26 06:35:16','2015-03-26 06:35:16'),(579,1,1,15,'',3,0,0,1,0,30004,'',0,0,'',0,0,'2015-03-26 07:29:47','2015-03-26 07:29:48'),(580,1,1,15,'',3,0,0,1,0,30021,'',0,0,'',0,0,'2015-03-26 08:42:51','2015-03-26 08:48:10'),(581,1,1,15,'',3,0,0,1,0,30119,'',0,0,'',0,0,'2015-03-26 13:15:11','2015-03-26 13:15:11'),(582,1,1,18,'a:1:{i:140;s:3:\"18,\";}',3,140,140,1,124,30135,'c708a8ed2fb2cee4e0014168de303d72',0,0,'',0,0,'2015-03-26 13:46:43','2015-03-26 14:04:08'),(583,1,1,15,'a:1:{i:0;s:3:\"15,\";}',3,0,0,1,0,30139,'',0,0,'',0,0,'2015-03-26 14:19:20','2015-03-26 14:20:38'),(584,1,1,0,'',3,90,90,1,79,30100,'4996e5bea13d5a6ea2f33ff050950e7c',0,0,'',0,0,'2015-03-26 15:48:11','2015-03-26 15:48:14'),(585,1,1,0,'',3,94,94,1,82,30207,'70b1ed2f576aa3dd20291c82f4d298a5',0,0,'',0,0,'2015-03-26 16:16:54','2015-03-26 16:16:54'),(586,1,1,15,'',1,0,0,1,0,30242,'',0,0,'',0,0,'2015-03-26 16:30:35','2015-03-26 16:38:17'),(587,1,1,15,'',3,0,0,1,0,30103,'',0,0,'',0,0,'2015-03-26 16:52:22','2015-03-26 16:52:23'),(588,1,1,15,'',1,0,0,1,0,30284,'',0,0,'',0,0,'2015-03-26 16:58:06','2015-03-26 16:58:16'),(589,1,1,0,'',3,141,141,1,125,30315,'8ba96111bcbe1b5ebdb9f55dd5d69612',0,0,'',0,0,'2015-03-26 16:59:32','2015-03-26 16:59:32'),(590,1,1,15,'a:1:{i:137;s:3:\"15,\";}',3,137,137,1,121,30323,'0ec4cf7366078bfc2bc4a44201c8b357',0,0,'',0,0,'2015-03-26 17:07:39','2015-03-26 17:08:22'),(591,1,1,0,'',3,0,0,1,0,30381,'',0,0,'',0,0,'2015-03-26 18:06:48','2015-03-26 18:06:56'),(592,1,1,15,'',1,0,0,1,0,30396,'',0,0,'',0,0,'2015-03-26 18:19:11','2015-03-26 18:19:11'),(593,1,1,15,'',3,0,0,1,0,30504,'',0,0,'',0,0,'2015-03-26 20:37:46','2015-03-26 20:40:43'),(594,1,1,15,'',1,0,0,1,0,30506,'',0,0,'',0,0,'2015-03-26 20:46:53','2015-03-26 20:46:53'),(595,1,1,15,'',1,0,0,1,0,30531,'',0,0,'',0,0,'2015-03-26 21:34:57','2015-03-26 21:34:58'),(596,1,1,18,'a:1:{i:142;s:3:\"18,\";}',3,142,143,1,126,30528,'e9acc9305b237854697daf01ca253867',0,0,'',0,0,'2015-03-26 22:20:04','2015-03-26 22:25:28'),(597,1,1,15,'a:1:{i:144;s:3:\"15,\";}',3,144,144,1,127,30609,'8c3a9fab41c98879622e1697db8e42fa',0,0,'',0,0,'2015-03-27 02:05:52','2015-03-27 03:23:36'),(598,1,1,0,'',3,0,0,1,0,30686,'',0,0,'',0,0,'2015-03-27 02:49:12','2015-03-27 02:50:45'),(599,1,1,15,'',3,145,145,1,128,30732,'8cbc0de13382dc2859f99532c8babd75',0,0,'',0,0,'2015-03-27 05:05:18','2015-03-27 05:05:19'),(600,1,1,15,'',3,0,0,1,0,30756,'',0,0,'',0,0,'2015-03-27 06:24:29','2015-03-27 06:24:30'),(601,1,1,15,'',1,0,0,1,0,30765,'',0,0,'',0,0,'2015-03-27 07:18:15','2015-03-27 07:18:16'),(602,1,1,15,'',3,0,0,1,0,30778,'',0,0,'',0,0,'2015-03-27 09:20:34','2015-03-27 09:23:41'),(603,1,1,18,'a:1:{i:146;s:3:\"18,\";}',3,146,146,1,129,30869,'7ce697f943ad20b64bcdfe01ab2e3a98',0,0,'',0,0,'2015-03-27 10:45:56','2015-03-27 11:31:26'),(604,1,1,18,'a:1:{i:146;s:3:\"18,\";}',3,146,146,1,129,30895,'7ce697f943ad20b64bcdfe01ab2e3a98',0,0,'',0,0,'2015-03-27 11:55:58','2015-03-27 11:59:13'),(605,1,1,18,'a:1:{i:147;s:3:\"18,\";}',3,147,147,1,130,30903,'345057cd0fecb18ef6226ab936be53a0',0,0,'',0,0,'2015-03-27 12:41:44','2015-03-27 13:11:19'),(606,1,1,15,'a:1:{i:148;s:3:\"15,\";}',3,148,148,1,131,30974,'12e3e008ad5aa1e8c8c290bb10614bcf',0,0,'',0,0,'2015-03-27 15:30:07','2015-03-27 16:35:34'),(607,1,1,15,'a:1:{i:149;s:3:\"15,\";}',3,149,149,1,132,31005,'0f470bf096953ad8c7c0a4f16cad0cb5',0,0,'',0,0,'2015-03-27 16:11:47','2015-03-27 16:21:10'),(608,1,1,0,'',3,90,90,1,79,30862,'4996e5bea13d5a6ea2f33ff050950e7c',0,0,'',0,0,'2015-03-27 16:31:26','2015-03-27 16:31:26'),(609,1,1,15,'a:1:{i:149;s:3:\"15,\";}',3,149,149,1,132,31020,'0f470bf096953ad8c7c0a4f16cad0cb5',0,0,'',0,0,'2015-03-27 16:37:04','2015-03-27 16:38:16'),(610,1,1,15,'a:1:{i:150;s:3:\"15,\";}',1,150,150,1,133,31042,'560a6a3068a86efbf20b9a9f7385251c',0,0,'',0,0,'2015-03-27 17:25:22','2015-03-27 17:26:47'),(611,1,1,15,'',3,0,0,1,0,31045,'',0,0,'',0,0,'2015-03-27 17:34:17','2015-03-27 17:35:23'),(612,1,1,15,'',1,0,0,1,0,31050,'',0,0,'',0,0,'2015-03-27 17:40:40','2015-03-27 17:52:11'),(613,1,1,0,'',1,0,0,1,0,31049,'',0,0,'',0,0,'2015-03-27 18:04:19','2015-03-27 18:04:35'),(614,1,1,15,'',1,0,0,1,0,31015,'',0,0,'',0,0,'2015-03-27 19:26:44','2015-03-27 19:26:53'),(615,1,1,15,'',3,0,0,1,0,31154,'',0,0,'',0,0,'2015-03-27 22:47:00','2015-03-27 22:47:01'),(616,1,1,0,'',3,116,116,1,101,31165,'06e404a5b9ab2d3c5384a9b93d4516ed',0,0,'',0,0,'2015-03-27 22:55:46','2015-03-27 22:55:46'),(617,1,1,15,'',1,0,0,1,0,31156,'',0,0,'',0,0,'2015-03-28 00:02:11','2015-03-28 00:02:12'),(618,1,1,15,'',3,0,0,1,0,31465,'',0,0,'',0,0,'2015-03-28 09:51:57','2015-03-28 09:51:58'),(619,1,1,18,'a:1:{i:77;s:3:\"18,\";}',3,77,77,1,67,31512,'32bded83f616a9f090bca5685a1e443d',0,0,'',0,0,'2015-03-28 12:18:20','2015-03-28 13:05:29'),(620,1,1,15,'',3,0,0,1,0,31555,'',0,0,'',0,0,'2015-03-28 15:03:15','2015-03-28 15:03:16'),(621,1,1,0,'',3,0,0,1,0,31564,'',0,0,'',0,0,'2015-03-28 15:20:44','2015-03-28 15:20:52'),(622,1,1,15,'',3,0,0,1,0,31568,'',0,0,'',0,0,'2015-03-28 15:53:47','2015-03-28 15:53:48'),(623,1,1,0,'',3,56,56,1,50,31393,'f841f9b9b7bff06584f9f9bf6f7f351a',0,0,'',0,0,'2015-03-28 17:10:10','2015-03-28 17:10:19'),(624,1,1,0,'',3,149,149,1,132,31615,'0f470bf096953ad8c7c0a4f16cad0cb5',0,0,'',0,0,'2015-03-28 18:16:15','2015-03-28 18:16:15'),(625,1,1,15,'',3,0,0,1,0,31622,'',0,0,'',0,0,'2015-03-28 18:30:04','2015-03-28 20:01:29'),(626,1,1,15,'a:1:{i:151;s:3:\"15,\";}',3,151,151,1,134,31668,'b1cb805b32c07d61a29d046994439d42',0,0,'',0,0,'2015-03-28 20:51:31','2015-03-28 20:57:12'),(627,1,1,15,'',1,0,0,1,0,31690,'',0,0,'',0,0,'2015-03-28 22:08:38','2015-03-28 22:08:38'),(628,1,1,15,'',1,0,0,1,0,31703,'',0,0,'',0,0,'2015-03-28 22:55:08','2015-03-28 23:17:21'),(629,1,1,18,'a:1:{i:0;s:3:\"18,\";}',1,0,0,1,0,31720,'',0,0,'',0,0,'2015-03-29 00:40:09','2015-03-29 00:42:03'),(630,1,1,15,'',3,0,0,1,0,31825,'',0,0,'',0,0,'2015-03-29 10:07:08','2015-03-29 10:08:24'),(631,1,1,0,'',1,0,0,1,0,31841,'',0,0,'',0,0,'2015-03-29 10:39:25','2015-03-29 10:39:25'),(632,1,1,15,'',1,0,0,1,0,31841,'',0,0,'',0,0,'2015-03-29 10:39:26','2015-03-29 10:39:28'),(633,1,1,0,'',3,140,140,1,124,31499,'c708a8ed2fb2cee4e0014168de303d72',0,0,'',0,0,'2015-03-29 10:41:28','2015-03-29 10:41:28'),(634,1,1,0,'',1,46,46,1,41,31934,'de39365912b7f26e6bcae4922161aa18',0,0,'',0,0,'2015-03-29 15:59:21','2015-03-29 15:59:21'),(635,1,1,15,'',3,0,0,1,0,32002,'',0,0,'',0,0,'2015-03-29 17:36:09','2015-03-29 17:36:09'),(636,1,1,15,'',3,0,0,1,0,32005,'',0,0,'',0,0,'2015-03-29 17:51:40','2015-03-29 17:51:41'),(637,1,1,0,'',3,68,68,1,60,31882,'18b1045cd0a4fd93cc9dc463e290d630',0,0,'',0,0,'2015-03-29 18:56:31','2015-03-29 18:56:31'),(638,1,1,0,'',3,68,68,1,60,32045,'18b1045cd0a4fd93cc9dc463e290d630',0,0,'',0,0,'2015-03-29 19:00:43','2015-03-29 19:00:43'),(639,1,1,0,'',3,146,146,1,129,31846,'7ce697f943ad20b64bcdfe01ab2e3a98',0,0,'',0,0,'2015-03-29 20:41:03','2015-03-29 20:41:03'),(640,1,1,15,'a:1:{i:152;s:3:\"15,\";}',3,152,153,1,135,32120,'69f00a1261d68dcb11e36fdbaaf5da24',0,0,'',0,0,'2015-03-29 22:44:53','2015-03-29 22:52:57'),(641,1,1,15,'',1,0,0,1,0,32137,'',0,0,'',0,0,'2015-03-29 23:05:32','2015-03-29 23:05:32'),(642,1,1,15,'',1,0,0,1,0,32075,'',0,0,'',0,0,'2015-03-29 23:11:44','2015-03-29 23:20:21'),(643,1,1,15,'a:1:{i:152;s:3:\"15,\";}',3,152,153,1,135,32120,'69f00a1261d68dcb11e36fdbaaf5da24',0,0,'',0,0,'2015-03-29 23:21:15','2015-03-29 23:21:15'),(644,1,1,15,'a:1:{i:154;s:3:\"15,\";}',3,154,155,1,136,32181,'ce65268bd15564bffd4c595bfee19c7c',0,0,'',0,0,'2015-03-30 02:17:02','2015-03-30 02:20:32'),(645,1,1,15,'a:1:{i:157;s:3:\"15,\";}',3,157,157,1,138,32197,'a2eb40255bc93e8a7c2e92883eee54b3',0,0,'',0,0,'2015-03-30 03:43:59','2015-03-30 04:58:46'),(646,1,1,15,'',1,0,0,1,0,32212,'',0,0,'',0,0,'2015-03-30 04:55:42','2015-03-30 04:56:08'),(647,1,1,15,'',3,0,0,1,0,32198,'',0,0,'',0,0,'2015-03-30 05:25:08','2015-03-30 05:25:09'),(648,1,1,15,'',3,0,0,1,0,32644,'',0,0,'',0,0,'2015-03-30 09:04:49','2015-03-30 09:10:44'),(649,1,1,15,'',3,0,0,1,0,32648,'',0,0,'',0,0,'2015-03-30 09:18:23','2015-03-30 09:19:03'),(650,1,1,0,'',3,90,90,1,79,32661,'4996e5bea13d5a6ea2f33ff050950e7c',0,0,'',0,0,'2015-03-30 09:51:45','2015-03-30 09:51:45'),(651,1,1,15,'',1,0,0,1,0,32667,'',0,0,'',0,0,'2015-03-30 10:18:28','2015-03-30 10:18:37'),(652,1,1,15,'a:1:{i:158;s:3:\"15,\";}',3,158,158,1,139,32686,'c4755d0bda742ad34f8bc287827d33a7',0,0,'',0,0,'2015-03-30 10:33:32','2015-03-30 10:36:35'),(653,1,1,0,'',1,126,126,1,110,32747,'005cead81786c89610336f0d22aaa423',0,0,'',0,0,'2015-03-30 11:47:53','2015-03-30 11:47:53'),(654,1,1,15,'',3,0,0,1,0,32778,'',0,0,'',0,0,'2015-03-30 13:40:38','2015-03-30 15:57:03'),(655,1,1,0,'',3,137,137,1,121,32783,'0ec4cf7366078bfc2bc4a44201c8b357',0,0,'',0,0,'2015-03-30 14:04:50','2015-03-30 14:04:50'),(656,1,1,0,'',3,116,116,1,101,32813,'06e404a5b9ab2d3c5384a9b93d4516ed',0,0,'',0,0,'2015-03-30 15:56:13','2015-03-30 15:57:30'),(657,1,1,0,'',3,140,140,1,124,32844,'c708a8ed2fb2cee4e0014168de303d72',0,0,'',0,0,'2015-03-30 17:28:56','2015-03-30 17:30:04'),(658,1,1,18,'a:1:{i:140;s:3:\"18,\";}',3,140,140,1,124,30135,'c708a8ed2fb2cee4e0014168de303d72',0,0,'',0,0,'2015-03-30 17:29:40','2015-03-30 17:29:40'),(659,1,1,18,'a:1:{i:140;s:3:\"18,\";}',3,140,140,1,124,30135,'c708a8ed2fb2cee4e0014168de303d72',0,0,'',0,0,'2015-03-30 17:30:04','2015-03-30 17:30:04'),(660,1,1,15,'',3,0,0,1,0,32864,'',0,0,'',0,0,'2015-03-30 18:17:46','2015-03-30 18:17:47'),(661,1,1,15,'a:1:{i:159;s:3:\"15,\";}',3,159,159,1,140,32870,'611aab0e3336e4aca951a0f9a5a33cec',0,0,'',0,0,'2015-03-30 18:36:13','2015-03-30 18:39:23'),(662,1,1,15,'',1,0,0,1,0,32901,'',0,0,'',0,0,'2015-03-30 19:36:45','2015-03-30 19:36:46'),(663,1,1,15,'',1,0,0,1,0,32910,'',0,0,'',0,0,'2015-03-30 20:11:02','2015-03-30 20:11:14'),(664,1,1,15,'',1,0,0,1,0,32918,'',0,0,'',0,0,'2015-03-30 20:42:44','2015-03-30 20:42:45'),(665,1,1,15,'',3,0,0,1,0,32837,'',0,0,'',0,0,'2015-03-30 22:05:33','2015-03-30 22:05:33'),(666,1,1,0,'',1,0,0,1,0,32991,'',0,0,'',0,0,'2015-03-30 23:25:50','2015-03-30 23:26:08'),(667,1,1,0,'',3,0,0,1,0,33012,'',0,0,'',0,0,'2015-03-31 00:45:22','2015-03-31 00:45:23'),(668,1,1,15,'',1,0,0,1,0,33011,'',0,0,'',0,0,'2015-03-31 00:52:30','2015-03-31 00:52:31'),(669,1,1,15,'',3,0,0,1,0,33038,'',0,0,'',0,0,'2015-03-31 02:39:36','2015-03-31 02:39:37'),(670,1,1,15,'',3,0,0,1,0,33059,'',0,0,'',0,0,'2015-03-31 04:49:47','2015-03-31 04:50:06'),(671,1,1,0,'',3,140,140,1,124,33087,'c708a8ed2fb2cee4e0014168de303d72',0,0,'',0,0,'2015-03-31 08:55:33','2015-03-31 19:58:16'),(672,1,1,18,'a:1:{i:140;s:3:\"18,\";}',3,140,140,1,124,30135,'c708a8ed2fb2cee4e0014168de303d72',0,0,'',0,0,'2015-03-31 08:55:51','2015-03-31 08:55:51'),(673,1,1,0,'',3,96,96,1,83,33092,'08a6ad4a4d474d4563041de6f929d082',0,0,'',0,0,'2015-03-31 09:21:54','2015-03-31 09:21:54'),(674,1,1,0,'',3,116,116,1,101,33114,'06e404a5b9ab2d3c5384a9b93d4516ed',0,0,'',0,0,'2015-03-31 10:55:04','2015-03-31 10:55:04'),(675,1,1,0,'',3,90,90,1,79,33112,'4996e5bea13d5a6ea2f33ff050950e7c',0,0,'',0,0,'2015-03-31 11:03:22','2015-03-31 11:03:22'),(676,1,1,0,'',1,160,160,1,141,33152,'fe81480d97a15a8e64943b4479c80b0d',0,0,'',0,0,'2015-03-31 12:34:28','2015-03-31 20:00:52'),(677,1,1,0,'',3,140,140,1,124,33170,'c708a8ed2fb2cee4e0014168de303d72',0,0,'',0,0,'2015-03-31 13:17:47','2015-03-31 13:17:47'),(678,1,1,15,'a:1:{i:161;s:3:\"15,\";}',1,161,161,1,142,33196,'8524dddfd992ff97b18bccf5cddf3a0a',0,0,'',0,0,'2015-03-31 15:18:21','2015-03-31 15:20:14'),(679,1,1,0,'',1,27,27,1,24,33198,'73676272051b8b5a9179a29c3d4f4f3d',0,0,'',0,0,'2015-03-31 15:19:07','2015-03-31 15:20:21'),(680,1,1,0,'',1,126,126,1,110,33223,'005cead81786c89610336f0d22aaa423',0,0,'',0,0,'2015-03-31 16:29:28','2015-03-31 16:29:28'),(681,1,1,15,'',3,0,0,1,0,33236,'',0,0,'',0,0,'2015-03-31 17:11:38','2015-03-31 17:11:39'),(682,1,1,15,'',3,0,0,1,0,33115,'',0,0,'',0,0,'2015-03-31 17:33:31','2015-03-31 17:46:46'),(683,1,1,15,'',3,0,0,1,0,33289,'',0,0,'',0,0,'2015-03-31 19:41:55','2015-03-31 19:41:58'),(684,1,1,18,'a:1:{i:140;s:3:\"18,\";}',3,140,140,1,124,30135,'c708a8ed2fb2cee4e0014168de303d72',0,0,'',0,0,'2015-03-31 19:57:10','2015-03-31 19:57:10'),(685,1,1,18,'a:1:{i:140;s:3:\"18,\";}',3,140,140,1,124,30135,'c708a8ed2fb2cee4e0014168de303d72',0,0,'',0,0,'2015-03-31 19:58:15','2015-03-31 19:58:15'),(686,1,1,15,'a:1:{i:162;s:3:\"15,\";}',3,162,162,1,143,33579,'bf91462021cfbeaff6b6a2e648b37303',0,0,'',0,0,'2015-04-01 02:24:07','2015-04-01 03:30:23'),(687,1,1,15,'',3,0,0,1,0,33648,'',0,0,'',0,0,'2015-04-01 03:55:01','2015-04-01 04:00:25'),(688,1,1,15,'a:1:{i:163;s:3:\"15,\";}',3,163,163,1,144,33644,'2844f63cf7d851a6603a2561ee7c6e32',0,0,'',0,0,'2015-04-01 03:55:02','2015-04-01 03:56:51'),(689,1,1,0,'',3,146,146,1,129,33678,'7ce697f943ad20b64bcdfe01ab2e3a98',0,0,'',0,0,'2015-04-01 05:13:58','2015-04-01 05:13:58'),(690,1,1,15,'',3,0,0,1,0,33712,'',0,0,'',0,0,'2015-04-01 07:19:43','2015-04-01 07:19:46'),(691,1,1,0,'',3,0,0,1,0,33718,'',0,0,'',0,0,'2015-04-01 07:29:52','2015-04-01 07:30:11'),(692,1,1,15,'',1,0,0,1,0,33748,'',0,0,'',0,0,'2015-04-01 09:17:14','2015-04-01 09:17:15'),(693,1,1,15,'',3,0,0,1,0,33759,'',0,0,'',0,0,'2015-04-01 09:45:26','2015-04-01 09:45:27'),(694,1,1,15,'',3,0,0,1,0,33781,'',0,0,'',0,0,'2015-04-01 10:45:21','2015-04-01 10:45:23'),(695,1,1,15,'',3,0,0,1,0,33816,'',0,0,'',0,0,'2015-04-01 11:55:56','2015-04-01 11:55:57'),(696,1,1,0,'',3,116,116,1,101,33843,'06e404a5b9ab2d3c5384a9b93d4516ed',0,0,'',0,0,'2015-04-01 12:56:52','2015-04-01 12:56:52'),(697,1,1,0,'',3,96,96,1,83,33873,'08a6ad4a4d474d4563041de6f929d082',0,0,'',0,0,'2015-04-01 14:10:06','2015-04-01 14:10:06'),(698,1,1,0,'',3,96,96,1,83,33875,'08a6ad4a4d474d4563041de6f929d082',0,0,'',0,0,'2015-04-01 14:21:39','2015-04-01 14:21:39'),(699,1,1,15,'',1,0,0,1,0,33876,'',0,0,'',0,0,'2015-04-01 14:28:02','2015-04-01 19:45:32'),(700,1,1,15,'',3,0,0,1,0,33900,'',0,0,'',0,0,'2015-04-01 15:10:20','2015-04-01 15:10:45'),(701,1,1,0,'',3,140,140,1,124,33856,'c708a8ed2fb2cee4e0014168de303d72',0,0,'',0,0,'2015-04-01 15:47:03','2015-04-01 16:24:56'),(702,1,1,18,'a:1:{i:140;s:3:\"18,\";}',3,140,140,1,124,30135,'c708a8ed2fb2cee4e0014168de303d72',0,0,'',0,0,'2015-04-01 15:47:22','2015-04-01 15:47:22'),(703,1,1,15,'a:1:{i:164;s:3:\"15,\";}',3,164,166,1,145,33667,'cca50e4a81da0361bcc741603b07fd74',0,0,'',0,0,'2015-04-01 16:10:33','2015-04-01 16:15:29'),(704,1,1,0,'',3,167,167,1,146,33978,'a3cf2771010885e67e25246d30c0f395',0,0,'',0,0,'2015-04-01 17:48:38','2015-04-01 18:14:50'),(705,1,1,15,'',1,0,0,1,0,34004,'',0,0,'',0,0,'2015-04-01 18:32:56','2015-04-01 18:43:49'),(706,1,1,0,'',1,73,73,1,64,34036,'46f56efbac31b956e81abde41e62928d',0,0,'',0,0,'2015-04-01 19:51:56','2015-04-01 19:51:56'),(707,1,1,15,'a:1:{i:168;s:3:\"15,\";}',3,168,168,1,147,34027,'04cd0924afc2498960b2ed5fa7ddc0e2',0,0,'',0,0,'2015-04-01 20:07:39','2015-04-01 20:09:10'),(708,1,1,0,'',3,137,137,1,121,34059,'0ec4cf7366078bfc2bc4a44201c8b357',0,0,'',0,0,'2015-04-01 21:02:32','2015-04-01 21:02:32'),(709,1,1,18,'a:1:{i:169;s:3:\"18,\";}',3,169,169,1,148,34057,'9f90d80ab400d7ad7a76cbbe0b8cb8b9',0,0,'',0,0,'2015-04-01 21:04:46','2015-04-01 21:07:40'),(710,1,1,15,'',3,0,0,1,0,34145,'',0,0,'',0,0,'2015-04-02 00:56:44','2015-04-02 01:00:02'),(711,1,1,15,'',1,0,0,1,0,34159,'',0,0,'',0,0,'2015-04-02 01:19:43','2015-04-02 01:19:44'),(712,1,1,0,'',3,0,0,1,0,34143,'',0,0,'',0,0,'2015-04-02 05:10:59','2015-04-02 05:16:06'),(713,1,1,18,'a:1:{i:56;s:3:\"18,\";}',3,56,56,1,50,34602,'f841f9b9b7bff06584f9f9bf6f7f351a',0,0,'',0,0,'2015-04-02 05:48:01','2015-04-02 07:31:58'),(714,1,1,0,'',3,146,146,1,129,34630,'7ce697f943ad20b64bcdfe01ab2e3a98',0,0,'',0,0,'2015-04-02 07:07:19','2015-04-02 07:07:19'),(715,1,1,18,'a:1:{i:56;s:3:\"18,\";}',3,56,56,1,50,34637,'f841f9b9b7bff06584f9f9bf6f7f351a',0,0,'',0,0,'2015-04-02 07:41:45','2015-04-02 07:45:40'),(716,1,1,0,'',3,116,116,1,101,34678,'06e404a5b9ab2d3c5384a9b93d4516ed',0,0,'',0,0,'2015-04-02 09:09:13','2015-04-02 12:12:33'),(717,1,1,15,'',1,0,0,1,0,34101,'',0,0,'',0,0,'2015-04-02 09:23:09','2015-04-02 09:25:22'),(718,1,1,15,'a:1:{i:170;s:3:\"15,\";}',3,170,170,1,149,34781,'5d5637a5a852fa44271824d5d5a84338',0,0,'',0,0,'2015-04-02 12:18:41','2015-04-02 12:21:36'),(719,1,1,15,'',3,0,0,1,0,34799,'',0,0,'',0,0,'2015-04-02 13:08:17','2015-04-02 13:08:18'),(720,1,1,15,'',3,171,171,1,150,34951,'6c49d1eed64857943c80412503e15cc9',0,0,'',0,0,'2015-04-02 16:43:34','2015-04-02 16:55:03'),(721,1,1,15,'a:1:{i:0;s:3:\"15,\";}',3,0,0,1,0,34960,'',0,0,'',0,0,'2015-04-02 17:03:12','2015-04-02 17:03:40'),(722,1,1,0,'',1,46,46,1,41,34973,'de39365912b7f26e6bcae4922161aa18',0,0,'',0,0,'2015-04-02 17:18:21','2015-04-02 17:18:21'),(723,1,1,15,'',3,0,0,1,0,34995,'',0,0,'',0,0,'2015-04-02 18:27:30','2015-04-02 18:27:31'),(724,1,1,0,'',3,137,137,1,121,35015,'0ec4cf7366078bfc2bc4a44201c8b357',0,0,'',0,0,'2015-04-02 19:33:04','2015-04-02 19:33:04'),(725,1,1,0,'',1,73,73,1,64,35020,'46f56efbac31b956e81abde41e62928d',0,0,'',0,0,'2015-04-02 19:54:39','2015-04-02 19:54:39'),(726,1,1,15,'a:1:{i:172;s:3:\"15,\";}',1,172,172,1,151,35058,'3713cc30c1a25abd7a590d204a9f9337',0,0,'',0,0,'2015-04-02 22:15:37','2015-04-03 09:35:49'),(727,1,1,15,'a:1:{i:173;s:3:\"15,\";}',3,173,173,1,152,35164,'36c4234135816a9fe0120cc56b7a6d66',0,0,'',0,0,'2015-04-03 03:00:24','2015-04-03 03:02:23'),(728,1,1,15,'',3,0,0,1,0,35209,'',0,0,'',0,0,'2015-04-03 06:09:29','2015-04-03 06:09:35'),(729,1,1,0,'',3,0,0,1,0,35277,'',0,0,'',0,0,'2015-04-03 09:17:05','2015-04-03 09:19:11'),(730,1,1,0,'',1,73,73,1,64,35279,'46f56efbac31b956e81abde41e62928d',0,0,'',0,0,'2015-04-03 09:17:22','2015-04-03 09:17:22'),(731,1,1,15,'a:1:{i:142;s:3:\"15,\";}',3,142,143,1,126,35363,'e9acc9305b237854697daf01ca253867',0,0,'',0,0,'2015-04-03 10:38:36','2015-04-03 10:40:16'),(732,1,1,15,'',1,0,0,1,0,35440,'',0,0,'',0,0,'2015-04-03 13:54:06','2015-04-03 13:54:08'),(733,1,1,18,'a:1:{i:174;s:3:\"18,\";}',3,174,175,1,153,35481,'2adf152a98197659fc33442168a9aa56',0,0,'',0,0,'2015-04-03 15:09:54','2015-04-03 15:29:14'),(734,1,1,15,'',1,0,0,1,0,35484,'',0,0,'',0,0,'2015-04-03 15:17:48','2015-04-03 15:17:49'),(735,1,1,15,'',3,176,160,1,141,35477,'fe81480d97a15a8e64943b4479c80b0d',0,0,'',0,0,'2015-04-03 15:39:38','2015-04-03 15:48:14'),(736,1,1,15,'',3,176,177,1,141,35506,'fe81480d97a15a8e64943b4479c80b0d',0,0,'',0,0,'2015-04-03 15:52:00','2015-04-03 15:56:06'),(737,1,1,0,'',3,146,146,1,129,35511,'7ce697f943ad20b64bcdfe01ab2e3a98',0,0,'',0,0,'2015-04-03 16:04:56','2015-04-03 16:04:56'),(738,1,1,0,'',3,160,160,1,141,35510,'fe81480d97a15a8e64943b4479c80b0d',0,0,'',0,0,'2015-04-03 16:26:11','2015-04-03 16:26:11'),(739,1,1,15,'',3,0,0,1,0,35532,'',0,0,'',0,0,'2015-04-03 16:44:53','2015-04-03 16:44:54'),(740,1,1,15,'',1,0,0,1,0,35615,'',0,0,'',0,0,'2015-04-03 19:57:48','2015-04-03 19:59:43'),(741,1,1,15,'',3,0,0,1,0,35663,'',0,0,'',0,0,'2015-04-03 21:28:35','2015-04-03 21:28:42'),(742,1,1,15,'a:1:{i:172;s:3:\"15,\";}',3,172,172,1,151,35676,'3713cc30c1a25abd7a590d204a9f9337',0,0,'',0,0,'2015-04-03 21:57:45','2015-04-03 22:05:13'),(743,1,1,0,'',3,149,149,1,132,36043,'0f470bf096953ad8c7c0a4f16cad0cb5',0,0,'',0,0,'2015-04-03 22:18:04','2015-04-03 22:18:04'),(744,1,1,15,'a:1:{i:178;s:3:\"15,\";}',3,178,178,1,154,36082,'0ad24860fa54d43272e22d4f21f94dba',0,0,'',0,0,'2015-04-03 23:54:56','2015-04-04 01:15:46'),(745,1,1,15,'',1,0,0,1,0,36103,'',0,0,'',0,0,'2015-04-04 00:53:59','2015-04-04 00:54:00'),(746,1,1,15,'',3,0,0,1,0,35622,'',0,0,'',0,0,'2015-04-04 03:31:15','2015-04-04 03:31:15'),(747,1,1,18,'a:1:{i:179;s:3:\"18,\";}',3,179,179,1,155,36159,'6e3033f9df774daad031b625dd4fea69',0,0,'',0,0,'2015-04-04 04:32:39','2015-04-04 05:04:19'),(748,1,1,0,'',1,56,56,1,50,36181,'f841f9b9b7bff06584f9f9bf6f7f351a',0,0,'',0,0,'2015-04-04 05:46:55','2015-04-04 16:40:38'),(749,1,1,15,'a:1:{i:180;s:3:\"15,\";}',3,180,180,1,156,36199,'f46abccffdb14a19dbdf947c635dbcbb',0,0,'',0,0,'2015-04-04 06:46:57','2015-04-04 06:52:43'),(750,1,1,0,'',3,140,140,1,124,35540,'c708a8ed2fb2cee4e0014168de303d72',0,0,'',0,0,'2015-04-04 06:47:10','2015-04-04 06:47:10'),(751,1,1,15,'',3,0,0,1,0,36234,'',0,0,'',0,0,'2015-04-04 07:51:43','2015-04-04 19:25:48'),(752,1,1,15,'',1,0,0,1,0,36348,'',0,0,'',0,0,'2015-04-04 14:31:13','2015-04-04 14:31:16'),(753,1,1,15,'',3,0,0,1,0,36361,'',0,0,'',0,0,'2015-04-04 15:15:47','2015-04-04 17:57:18'),(754,1,1,15,'a:1:{i:181;s:3:\"15,\";}',1,181,181,1,157,36407,'94b6422d81edf9de1259d1bc14a51c79',0,0,'',0,0,'2015-04-04 17:27:14','2015-04-04 17:33:54'),(755,1,1,15,'',3,0,0,1,0,36400,'',0,0,'',0,0,'2015-04-04 18:39:54','2015-04-04 18:39:55'),(756,1,1,15,'',3,0,0,1,0,36434,'',0,0,'',0,0,'2015-04-04 18:52:47','2015-04-04 19:16:15'),(757,1,1,11,'a:1:{i:0;s:3:\"11,\";}',1,0,0,1,0,36448,'',0,0,'',0,0,'2015-04-04 19:00:38','2015-04-04 19:04:19'),(758,1,1,0,'',3,0,0,1,0,36526,'',0,0,'',0,0,'2015-04-04 21:27:29','2015-04-04 21:27:38'),(759,1,1,15,'a:1:{i:182;s:3:\"15,\";}',3,182,182,1,158,36616,'4c6e7bb9249403826702f3d2a8e35b3c',0,0,'',0,0,'2015-04-05 03:39:34','2015-04-05 03:40:51'),(760,1,1,15,'',3,0,0,1,0,36652,'',0,0,'',0,0,'2015-04-05 06:43:06','2015-04-05 06:43:07'),(761,1,1,15,'',1,0,0,1,0,36678,'',0,0,'',0,0,'2015-04-05 08:30:51','2015-04-05 08:34:11'),(762,1,1,15,'a:1:{i:183;s:3:\"15,\";}',3,183,183,1,159,37094,'be2b89289cfeceb88ec400d2d20d9c3e',0,0,'',0,0,'2015-04-05 12:53:43','2015-04-05 12:56:59'),(763,1,1,15,'',3,0,0,1,0,37128,'',0,0,'',0,0,'2015-04-05 14:59:21','2015-04-05 14:59:22'),(764,1,1,15,'a:1:{i:184;s:3:\"15,\";}',3,184,184,1,160,37173,'fe0b7466f33e5db139740172924052b1',0,0,'',0,0,'2015-04-05 16:29:34','2015-04-05 16:44:10'),(765,1,1,0,'',1,73,73,1,64,36702,'46f56efbac31b956e81abde41e62928d',0,0,'',0,0,'2015-04-05 17:33:32','2015-04-05 17:33:32'),(766,1,1,15,'a:1:{i:185;s:3:\"15,\";}',3,185,185,1,161,37212,'7903082ab4ed0288232f0abe1633f50a',0,0,'',0,0,'2015-04-05 18:09:26','2015-04-05 18:19:48'),(767,1,1,15,'',1,0,0,1,0,37285,'',0,0,'',0,0,'2015-04-05 21:36:31','2015-04-05 21:39:26'),(768,1,1,15,'',3,186,186,1,162,37322,'238e3ed76868bee64f264c6de3ef4de7',0,0,'',0,0,'2015-04-05 23:53:22','2015-04-06 00:14:56'),(769,1,1,15,'a:1:{i:187;s:3:\"15,\";}',3,187,187,1,163,37331,'86984a2c1c35f7e6fce889edd09c1f08',0,0,'',0,0,'2015-04-06 00:33:12','2015-04-06 02:40:03'),(770,1,1,15,'',3,0,0,1,0,37346,'',0,0,'',0,0,'2015-04-06 01:17:23','2015-04-06 01:20:49'),(771,1,1,11,'a:1:{i:0;s:3:\"11,\";}',3,0,0,1,0,37364,'',0,0,'',0,0,'2015-04-06 02:29:21','2015-04-06 02:29:52'),(772,1,1,15,'',3,188,188,1,164,37369,'44fac337500df2d8556a650253020069',0,0,'',0,0,'2015-04-06 03:06:03','2015-04-06 03:28:47'),(773,1,1,0,'',3,146,146,1,129,37372,'7ce697f943ad20b64bcdfe01ab2e3a98',0,0,'',0,0,'2015-04-06 03:10:47','2015-04-06 03:10:47'),(774,1,1,15,'',3,0,0,1,0,37412,'',0,0,'',0,0,'2015-04-06 06:40:53','2015-04-06 06:41:18'),(775,1,1,0,'',3,189,189,1,165,37439,'9c600e0e5cc5b659e999ee438a09573a',0,0,'',0,0,'2015-04-06 09:03:06','2015-04-06 09:05:09'),(776,1,1,15,'',3,0,0,1,0,37450,'',0,0,'',0,0,'2015-04-06 11:37:51','2015-04-06 11:37:51'),(777,1,1,15,'',3,0,0,1,0,37505,'',0,0,'',0,0,'2015-04-06 12:26:57','2015-04-06 12:41:04'),(778,1,1,15,'',1,0,0,1,0,37514,'',0,0,'',0,0,'2015-04-06 12:48:28','2015-04-06 12:55:39'),(779,1,1,15,'',3,0,0,1,0,37485,'',0,0,'',0,0,'2015-04-06 13:06:57','2015-04-06 13:10:29'),(780,1,1,0,'',1,0,0,1,0,37549,'',0,0,'',0,0,'2015-04-06 14:20:56','2015-04-06 14:21:21'),(781,1,1,15,'',3,0,0,1,0,37386,'',0,0,'',0,0,'2015-04-06 14:29:05','2015-04-06 14:29:07'),(782,1,1,0,'',3,137,137,1,121,37616,'0ec4cf7366078bfc2bc4a44201c8b357',0,0,'',0,0,'2015-04-06 17:37:26','2015-04-06 17:37:26'),(783,1,1,0,'',1,0,0,1,0,37619,'',0,0,'',0,0,'2015-04-06 17:41:44','2015-04-06 17:41:44'),(784,1,1,15,'',1,0,0,1,0,37619,'',0,0,'',0,0,'2015-04-06 17:41:44','2015-04-06 17:47:31'),(785,1,1,15,'',1,0,0,1,0,37653,'',0,0,'',0,0,'2015-04-06 19:38:01','2015-04-06 19:38:02'),(786,1,1,0,'',1,190,190,1,166,37717,'8b20cc19f5cca120fa1d5477b0c8f710',0,0,'',0,0,'2015-04-06 20:47:34','2015-04-06 21:02:32'),(787,1,1,15,'a:1:{i:186;s:3:\"15,\";}',3,186,186,1,162,37746,'238e3ed76868bee64f264c6de3ef4de7',0,0,'',0,0,'2015-04-06 21:51:59','2015-04-06 21:52:18'),(788,1,1,0,'',3,183,183,1,159,37780,'be2b89289cfeceb88ec400d2d20d9c3e',0,0,'',0,0,'2015-04-06 23:49:05','2015-04-06 23:49:05'),(789,1,1,15,'',3,0,0,1,0,37822,'',0,0,'',0,0,'2015-04-07 01:38:02','2015-04-07 01:38:03'),(790,1,1,15,'',3,0,0,1,0,37768,'',0,0,'',0,0,'2015-04-07 03:37:29','2015-04-07 03:38:37'),(791,1,1,15,'',3,0,0,1,0,37866,'',0,0,'',0,0,'2015-04-07 04:27:25','2015-04-07 04:56:26'),(792,1,1,15,'',3,0,0,1,0,38283,'',0,0,'',0,0,'2015-04-07 09:10:50','2015-04-07 09:13:59'),(793,1,1,0,'',3,180,180,1,156,38349,'f46abccffdb14a19dbdf947c635dbcbb',0,0,'',0,0,'2015-04-07 11:35:15','2015-04-07 11:35:15'),(794,1,1,0,'',3,160,160,1,141,38361,'fe81480d97a15a8e64943b4479c80b0d',0,0,'',0,0,'2015-04-07 12:28:15','2015-04-07 12:29:09'),(795,1,1,15,'',1,0,0,1,0,38383,'',0,0,'',0,0,'2015-04-07 13:05:01','2015-04-07 13:05:01'),(796,1,1,15,'',1,0,0,1,0,38394,'',0,0,'',0,0,'2015-04-07 13:31:41','2015-04-07 17:51:01'),(797,1,1,15,'',3,0,0,1,0,38401,'',0,0,'',0,0,'2015-04-07 13:45:58','2015-04-07 13:51:19'),(798,1,1,0,'',3,68,68,1,60,38412,'18b1045cd0a4fd93cc9dc463e290d630',0,0,'',0,0,'2015-04-07 14:20:15','2015-04-08 13:40:50'),(799,1,1,15,'',3,0,0,1,0,38464,'',0,0,'',0,0,'2015-04-07 16:13:16','2015-04-07 16:13:47'),(800,1,1,15,'a:1:{i:192;s:3:\"15,\";}',1,192,192,1,168,38315,'94a081fc3543a6462ce9408f964753cd',0,0,'',0,0,'2015-04-07 16:19:59','2015-04-07 20:12:42'),(801,1,1,15,'',3,0,0,1,0,38502,'',0,0,'',0,0,'2015-04-07 17:18:21','2015-04-07 17:18:21'),(802,1,1,15,'',3,0,0,1,0,38512,'',0,0,'',0,0,'2015-04-07 18:03:41','2015-04-07 18:03:41'),(803,1,1,15,'a:1:{i:79;s:3:\"15,\";}',3,79,79,1,69,38531,'88ff1afb98e58a23cae6372b90126b79',0,0,'',0,0,'2015-04-07 18:34:03','2015-04-07 21:08:49'),(804,1,1,15,'',3,0,0,1,0,38564,'',0,0,'',0,0,'2015-04-07 20:47:14','2015-04-07 20:47:18'),(805,1,1,15,'',1,0,0,1,0,38575,'',0,0,'',0,0,'2015-04-07 21:16:26','2015-04-07 21:16:27'),(806,1,1,0,'',3,191,191,1,167,38585,'0d6ea7350147a9233fe12dc0fbd0ebb3',0,0,'',0,0,'2015-04-07 21:47:18','2015-04-07 21:47:18'),(807,1,1,15,'',1,0,0,1,0,38603,'',0,0,'',0,0,'2015-04-07 22:14:10','2015-04-07 22:14:11'),(808,1,1,15,'',1,192,192,1,168,38315,'94a081fc3543a6462ce9408f964753cd',0,0,'',0,0,'2015-04-07 22:15:23','2015-04-07 22:15:24'),(809,1,1,15,'',1,0,0,1,0,38399,'',0,0,'',0,0,'2015-04-07 22:30:48','2015-04-10 00:15:20'),(810,1,1,15,'',3,0,0,1,0,38613,'',0,0,'',0,0,'2015-04-07 22:36:37','2015-04-07 22:36:39'),(811,1,1,15,'',1,0,0,1,0,38620,'',0,0,'',0,0,'2015-04-07 23:20:15','2015-04-07 23:20:17'),(812,1,1,0,'',3,186,186,1,162,38558,'238e3ed76868bee64f264c6de3ef4de7',0,0,'',0,0,'2015-04-07 23:26:53','2015-04-07 23:27:03'),(813,1,1,0,'',3,137,137,1,121,38634,'0ec4cf7366078bfc2bc4a44201c8b357',0,0,'',0,0,'2015-04-07 23:26:55','2015-04-07 23:26:55'),(814,1,1,0,'',1,171,171,1,150,38637,'6c49d1eed64857943c80412503e15cc9',0,0,'',0,0,'2015-04-07 23:43:06','2015-04-07 23:44:03'),(815,1,1,15,'',3,0,0,1,0,38647,'',0,0,'',0,0,'2015-04-08 00:19:15','2015-04-08 00:19:35'),(816,1,1,0,'',3,0,0,1,0,38498,'',0,0,'',0,0,'2015-04-08 02:27:39','2015-04-08 16:58:43'),(817,1,1,15,'',3,0,0,1,0,38761,'',0,0,'',0,0,'2015-04-08 07:50:43','2015-04-08 07:50:44'),(818,1,1,15,'',3,0,0,1,0,38777,'',0,0,'',0,0,'2015-04-08 08:23:58','2015-04-08 08:48:40'),(819,1,1,0,'',3,160,160,1,141,38787,'fe81480d97a15a8e64943b4479c80b0d',0,0,'',0,0,'2015-04-08 09:01:22','2015-04-08 09:01:28'),(820,1,1,18,'a:1:{i:193;s:3:\"18,\";}',1,193,193,1,169,38788,'0a545863f5e0655adee1c8108e056f8b',0,0,'',0,0,'2015-04-08 09:06:12','2015-04-08 09:11:19'),(821,1,1,15,'',3,0,0,1,0,38792,'',0,0,'',0,0,'2015-04-08 09:11:57','2015-04-08 09:11:58'),(822,1,1,15,'',3,0,0,1,0,38795,'',0,0,'',0,0,'2015-04-08 09:15:09','2015-04-08 15:32:21'),(823,1,1,0,'',1,160,160,1,141,38789,'fe81480d97a15a8e64943b4479c80b0d',0,0,'',0,0,'2015-04-08 10:11:36','2015-04-08 10:11:36'),(824,1,1,0,'',1,0,0,1,0,38875,'',0,0,'',0,0,'2015-04-08 10:51:51','2015-04-08 10:51:51'),(825,1,1,18,'a:1:{i:0;s:3:\"18,\";}',1,0,0,1,0,38875,'',0,0,'',0,0,'2015-04-08 10:51:51','2015-04-08 10:52:38'),(826,1,1,0,'',1,73,73,1,64,39118,'46f56efbac31b956e81abde41e62928d',0,0,'',0,0,'2015-04-08 13:22:59','2015-04-08 13:22:59'),(827,1,1,0,'',3,180,180,1,156,39183,'f46abccffdb14a19dbdf947c635dbcbb',0,0,'',0,0,'2015-04-08 15:51:10','2015-04-08 15:51:10'),(828,1,1,15,'',3,79,79,1,69,39218,'88ff1afb98e58a23cae6372b90126b79',0,0,'',0,0,'2015-04-08 17:15:53','2015-04-08 17:16:55'),(829,1,1,15,'',3,0,0,1,0,39222,'',0,0,'',0,0,'2015-04-08 17:30:28','2015-04-08 17:30:28'),(830,1,1,0,'',3,188,188,1,164,39248,'44fac337500df2d8556a650253020069',0,0,'',0,0,'2015-04-08 18:17:23','2015-04-08 18:17:23'),(831,1,1,15,'',1,0,0,1,0,39412,'',0,0,'',0,0,'2015-04-08 20:46:54','2015-04-08 20:46:55'),(832,1,1,15,'a:1:{i:194;s:3:\"15,\";}',3,194,194,1,170,39441,'5c63bbe660b45bcd57a4c6b6f3481fe4',0,0,'',0,0,'2015-04-08 20:51:03','2015-04-08 20:58:13'),(833,1,1,15,'',1,0,0,1,0,39457,'',0,0,'',0,0,'2015-04-08 21:15:09','2015-04-08 21:17:03'),(834,1,1,15,'',3,0,0,1,0,39481,'',0,0,'',0,0,'2015-04-08 22:23:05','2015-04-08 22:23:06'),(835,1,1,15,'',3,0,0,1,0,39549,'',0,0,'',0,0,'2015-04-09 00:46:44','2015-04-09 00:46:45'),(836,1,1,0,'',3,146,146,1,129,39581,'7ce697f943ad20b64bcdfe01ab2e3a98',0,0,'',0,0,'2015-04-09 02:31:19','2015-04-09 02:31:19'),(837,1,1,0,'',3,180,180,1,156,39585,'f46abccffdb14a19dbdf947c635dbcbb',0,0,'',0,0,'2015-04-09 02:39:55','2015-04-09 02:39:55'),(838,1,1,15,'',3,0,0,1,0,39608,'',0,0,'',0,0,'2015-04-09 04:14:28','2015-04-09 10:58:59'),(839,1,1,0,'',1,160,160,1,141,39694,'fe81480d97a15a8e64943b4479c80b0d',0,0,'',0,0,'2015-04-09 08:47:05','2015-04-09 10:39:54'),(840,1,1,15,'a:1:{i:27;s:3:\"15,\";}',1,27,27,1,24,40139,'73676272051b8b5a9179a29c3d4f4f3d',0,0,'',0,0,'2015-04-09 11:58:39','2015-04-09 18:29:38'),(841,1,1,15,'a:1:{i:202;s:3:\"15,\";}',1,202,202,1,174,40140,'acd4aefd6b3f58f9af191558e9edb034',0,0,'',0,0,'2015-04-09 11:58:55','2015-04-09 19:00:31'),(842,1,1,15,'',1,0,0,1,0,40205,'',0,0,'',0,0,'2015-04-09 13:55:12','2015-04-09 14:01:00'),(843,1,1,0,'',1,192,192,1,168,40245,'94a081fc3543a6462ce9408f964753cd',0,0,'',0,0,'2015-04-09 15:07:23','2015-04-09 15:07:23'),(844,1,1,15,'a:1:{i:196;s:3:\"15,\";}',3,196,196,1,172,40269,'16ed93c65ffe8fb02e36a52af187142a',0,0,'',0,0,'2015-04-09 15:52:39','2015-04-09 16:11:14'),(845,1,1,15,'',3,0,0,1,0,40301,'',0,0,'',0,0,'2015-04-09 16:51:55','2015-04-09 20:40:23'),(846,1,1,15,'a:1:{i:197;s:3:\"15,\";}',1,27,27,1,24,40330,'73676272051b8b5a9179a29c3d4f4f3d',0,0,'',0,0,'2015-04-09 17:45:42','2015-04-09 18:00:36'),(847,1,1,0,'',3,180,180,1,156,40336,'f46abccffdb14a19dbdf947c635dbcbb',0,0,'',0,0,'2015-04-09 17:49:16','2015-04-09 17:49:16'),(848,1,1,15,'',1,0,0,1,0,40353,'',0,0,'',0,0,'2015-04-09 18:20:04','2015-04-09 18:49:55'),(849,1,1,15,'',3,0,0,1,0,39661,'',0,0,'',0,0,'2015-04-09 18:42:09','2015-04-09 18:59:33'),(850,1,1,15,'',3,0,0,1,0,40376,'',0,0,'',0,0,'2015-04-09 19:22:30','2015-04-09 19:25:17'),(851,1,1,15,'',1,0,0,1,0,40389,'',0,0,'',0,0,'2015-04-09 19:48:43','2015-04-09 19:48:44'),(852,1,1,0,'',3,186,186,1,162,40395,'238e3ed76868bee64f264c6de3ef4de7',0,0,'',0,0,'2015-04-09 20:00:53','2015-04-09 20:00:53'),(853,1,1,0,'',3,149,149,1,132,40396,'0f470bf096953ad8c7c0a4f16cad0cb5',0,0,'',0,0,'2015-04-09 20:05:16','2015-04-09 20:05:16'),(854,1,1,15,'',1,0,0,1,0,40511,'',0,0,'',0,0,'2015-04-09 21:50:50','2015-04-09 21:50:50'),(855,1,1,15,'',3,0,0,1,0,40498,'',0,0,'',0,0,'2015-04-09 21:58:22','2015-04-09 21:58:23'),(856,1,1,0,'',1,192,192,1,168,40514,'94a081fc3543a6462ce9408f964753cd',0,0,'',0,0,'2015-04-09 22:13:35','2015-04-09 22:13:35'),(857,1,1,15,'',3,0,0,1,0,40532,'',0,0,'',0,0,'2015-04-09 23:08:54','2015-04-09 23:08:55'),(858,1,1,15,'',3,0,0,1,0,40543,'',0,0,'',0,0,'2015-04-09 23:33:28','2015-04-09 23:33:29'),(859,1,1,15,'',3,0,0,1,0,40557,'',0,0,'',0,0,'2015-04-10 00:17:17','2015-04-10 00:17:18'),(860,1,1,15,'a:1:{i:7;s:3:\"15,\";}',1,7,7,1,4,40691,'22c369885e218d54316ef8690170609f',0,0,'',0,0,'2015-04-10 06:03:23','2015-04-10 06:04:38'),(861,1,1,15,'',1,0,0,1,0,40803,'',0,0,'',0,0,'2015-04-10 11:09:19','2015-04-10 11:09:19'),(862,1,1,15,'',3,0,0,1,0,40852,'',0,0,'',0,0,'2015-04-10 13:31:18','2015-04-10 13:31:22'),(863,1,1,15,'',1,0,0,1,0,40847,'',0,0,'',0,0,'2015-04-10 13:55:55','2015-04-10 13:55:55'),(864,1,1,15,'',3,0,0,1,0,40861,'',0,0,'',0,0,'2015-04-10 13:58:29','2015-04-10 13:59:02'),(865,1,1,15,'',3,0,0,1,0,40866,'',0,0,'',0,0,'2015-04-10 14:18:54','2015-04-10 14:19:10'),(866,1,1,15,'',1,0,0,1,0,40875,'',0,0,'',0,0,'2015-04-10 14:24:55','2015-04-10 14:24:56'),(867,1,1,18,'a:1:{i:0;s:3:\"18,\";}',3,0,0,1,0,40876,'',0,0,'',0,0,'2015-04-10 14:28:23','2015-04-10 14:32:47'),(868,1,1,15,'',1,0,0,1,0,40917,'',0,0,'',0,0,'2015-04-10 16:05:24','2015-04-10 16:05:24'),(869,1,1,15,'',3,0,0,1,0,40944,'',0,0,'',0,0,'2015-04-10 17:02:06','2015-04-10 17:02:07'),(870,1,1,0,'',1,73,73,1,64,40960,'46f56efbac31b956e81abde41e62928d',0,0,'',0,0,'2015-04-10 17:06:06','2015-04-10 17:06:06'),(871,1,1,15,'a:1:{i:196;s:3:\"15,\";}',3,196,196,1,172,40959,'16ed93c65ffe8fb02e36a52af187142a',0,0,'',0,0,'2015-04-10 17:24:33','2015-04-10 17:31:36'),(872,1,1,18,'a:1:{i:0;s:3:\"18,\";}',3,0,0,1,0,40945,'',0,0,'',0,0,'2015-04-10 18:58:50','2015-04-10 19:00:11'),(873,1,1,20,'',1,203,203,1,175,41078,'65f1278d94832e7e32fb3f0038dae336',0,0,'',0,0,'2015-04-10 22:48:00','2015-04-10 23:03:36'),(874,1,1,20,'a:1:{i:204;s:3:\"20,\";}',3,204,204,1,176,41065,'3817958b13a1d948a56522bb051d9f5c',0,0,'',0,0,'2015-04-10 23:20:52','2015-04-11 00:48:57'),(875,1,1,20,'',3,206,206,1,178,41100,'3b706e58d97055383f35a796b46478e7',0,0,'',0,0,'2015-04-11 00:04:56','2015-04-11 08:40:22'),(876,1,1,20,'',3,0,0,1,0,41175,'',0,0,'',0,0,'2015-04-11 04:12:03','2015-04-11 04:12:05'),(877,1,1,0,'',1,205,205,1,177,41571,'d739888689e012f60e64d6a5ded846ee',0,0,'',0,0,'2015-04-11 07:58:02','2015-04-11 07:58:25'),(878,1,1,20,'a:1:{i:7;s:3:\"20,\";}',1,7,7,1,4,41660,'22c369885e218d54316ef8690170609f',0,0,'',0,0,'2015-04-11 11:39:55','2015-04-11 11:42:45'),(879,1,1,20,'a:1:{i:7;s:3:\"20,\";}',1,7,7,1,4,41668,'22c369885e218d54316ef8690170609f',0,0,'',0,0,'2015-04-11 11:51:41','2015-04-11 11:52:12'),(880,1,1,20,'',1,7,7,1,4,454,'22c369885e218d54316ef8690170609f',0,0,'',0,0,'2015-04-11 11:53:44','2015-04-11 11:53:45'),(881,1,1,20,'',1,7,7,1,4,454,'22c369885e218d54316ef8690170609f',0,0,'',0,0,'2015-04-11 11:57:41','2015-04-11 11:57:42'),(882,1,1,20,'a:1:{i:140;s:3:\"20,\";}',3,140,140,1,124,41670,'c708a8ed2fb2cee4e0014168de303d72',0,0,'',0,0,'2015-04-11 12:58:47','2015-04-11 13:09:21'),(883,1,1,20,'',3,0,0,1,0,41628,'',0,0,'',0,0,'2015-04-11 15:05:13','2015-04-11 15:05:14'),(884,1,1,20,'',1,0,0,1,0,41764,'',0,0,'',0,0,'2015-04-11 15:11:11','2015-04-11 15:11:12'),(885,1,1,20,'',1,0,0,1,0,41775,'',0,0,'',0,0,'2015-04-11 15:22:44','2015-04-11 15:22:45'),(886,1,1,0,'',3,0,0,1,0,41873,'',0,0,'',0,0,'2015-04-11 17:29:09','2015-04-11 17:29:21'),(887,1,1,20,'',3,0,0,1,0,41992,'',0,0,'',0,0,'2015-04-11 19:36:21','2015-04-11 19:36:22'),(888,1,1,20,'',3,0,0,1,0,42063,'',0,0,'',0,0,'2015-04-11 21:25:39','2015-04-11 21:25:40'),(889,1,1,20,'',3,0,0,1,0,42212,'',0,0,'',0,0,'2015-04-12 01:41:38','2015-04-12 01:41:39'),(890,1,1,20,'',3,0,0,1,0,42248,'',0,0,'',0,0,'2015-04-12 03:35:11','2015-04-12 03:35:12'),(891,1,1,20,'',3,0,0,1,0,42041,'',0,0,'',0,0,'2015-04-12 06:30:24','2015-04-12 06:36:11'),(892,1,1,20,'',1,0,0,1,0,42392,'',0,0,'',0,0,'2015-04-12 07:34:00','2015-04-12 07:34:00'),(893,1,1,20,'',3,0,0,1,0,42407,'',0,0,'',0,0,'2015-04-12 08:39:37','2015-04-12 17:02:50'),(894,1,1,20,'',3,0,0,1,0,42455,'',0,0,'',0,0,'2015-04-12 09:49:01','2015-04-12 14:17:31'),(895,1,1,0,'',3,140,140,1,124,42507,'c708a8ed2fb2cee4e0014168de303d72',0,0,'',0,0,'2015-04-12 11:03:39','2015-04-12 11:03:39'),(896,1,1,0,'',3,0,0,1,0,42625,'',0,0,'',0,0,'2015-04-12 14:01:28','2015-04-12 14:01:37'),(897,1,1,0,'',3,0,0,1,0,42677,'',0,0,'',0,0,'2015-04-12 15:39:57','2015-04-12 15:39:57'),(898,1,1,20,'',3,0,0,1,0,42613,'',0,0,'',0,0,'2015-04-12 17:02:02','2015-04-12 17:02:30'),(899,1,1,18,'a:1:{i:56;s:3:\"18,\";}',3,56,56,1,50,42706,'f841f9b9b7bff06584f9f9bf6f7f351a',0,0,'',0,0,'2015-04-12 17:08:31','2015-04-12 17:08:58'),(900,1,1,0,'a:1:{i:207;s:3:\"20,\";}',3,207,208,1,179,42723,'e07bbeea7acb51b5b4a741c5a540a807',0,0,'',0,0,'2015-04-12 17:46:32','2015-04-12 17:48:19'),(901,1,1,20,'',1,0,0,1,0,42745,'',0,0,'',0,0,'2015-04-12 18:32:18','2015-04-12 18:32:19'),(902,1,1,20,'',3,0,0,1,0,42790,'',0,0,'',0,0,'2015-04-12 20:20:46','2015-04-12 20:21:01'),(903,1,1,20,'',3,0,0,1,0,42713,'',0,0,'',0,0,'2015-04-12 20:33:05','2015-04-12 20:34:21'),(904,1,1,0,'',3,183,183,1,159,42812,'be2b89289cfeceb88ec400d2d20d9c3e',0,0,'',0,0,'2015-04-12 21:52:13','2015-04-12 21:52:13'),(905,1,1,18,'a:1:{i:56;s:3:\"18,\";}',3,56,56,1,50,42685,'f841f9b9b7bff06584f9f9bf6f7f351a',0,0,'',0,0,'2015-04-12 22:53:33','2015-04-12 22:53:52'),(906,1,1,18,'a:1:{i:141;s:3:\"18,\";}',3,141,141,1,125,42837,'8ba96111bcbe1b5ebdb9f55dd5d69612',0,0,'',0,0,'2015-04-12 23:04:00','2015-04-12 23:05:09'),(907,1,1,20,'',1,0,0,1,0,42856,'',0,0,'',0,0,'2015-04-12 23:58:18','2015-04-13 00:00:59'),(908,1,1,20,'',3,0,0,1,0,42880,'',0,0,'',0,0,'2015-04-13 01:18:30','2015-04-13 01:22:46'),(909,1,1,20,'',3,0,0,1,0,42888,'',0,0,'',0,0,'2015-04-13 01:45:18','2015-04-13 01:45:19'),(910,1,1,20,'',3,0,0,1,0,42899,'',0,0,'',0,0,'2015-04-13 02:44:57','2015-04-13 02:44:57'),(911,1,1,18,'a:1:{i:209;s:3:\"20,\";}',3,209,209,1,180,42924,'8124549ed289c1bb813d83b8cc86e776',0,0,'',0,0,'2015-04-13 04:38:26','2015-04-13 04:39:33'),(912,1,1,18,'a:1:{i:211;s:3:\"18,\";}',3,211,211,1,182,42953,'db8e0b5f35cfa2f05c2a8159aaabde51',0,0,'',0,0,'2015-04-13 06:29:36','2015-04-13 17:49:51'),(913,1,1,20,'',3,0,0,1,0,42954,'',0,0,'',0,0,'2015-04-13 06:58:07','2015-04-13 18:22:06'),(914,1,1,18,'a:1:{i:210;s:3:\"18,\";}',3,210,210,1,181,42990,'f9f0f767831bdd1c7753332251d80526',0,0,'',0,0,'2015-04-13 08:26:04','2015-04-13 08:34:24'),(915,1,1,20,'',3,0,0,1,0,43483,'',0,0,'',0,0,'2015-04-13 13:42:54','2015-04-13 13:42:55'),(916,1,1,0,'',1,56,56,1,50,43063,'f841f9b9b7bff06584f9f9bf6f7f351a',0,0,'',0,0,'2015-04-13 13:56:38','2015-04-13 14:12:26'),(917,1,1,0,'',1,192,192,1,168,43499,'94a081fc3543a6462ce9408f964753cd',0,0,'',0,0,'2015-04-13 14:14:56','2015-04-13 14:22:06'),(918,1,1,0,'',3,141,141,1,125,43526,'8ba96111bcbe1b5ebdb9f55dd5d69612',0,0,'',0,0,'2015-04-13 15:15:42','2015-04-13 15:15:42'),(919,1,1,20,'',1,0,0,1,0,43568,'',0,0,'',0,0,'2015-04-13 16:46:07','2015-04-13 16:46:08'),(920,1,1,0,'',3,0,0,1,0,43577,'',0,0,'',0,0,'2015-04-13 17:11:06','2015-04-13 17:11:21'),(921,1,1,0,'',1,116,116,1,101,43590,'06e404a5b9ab2d3c5384a9b93d4516ed',0,0,'',0,0,'2015-04-13 17:30:31','2015-04-13 17:35:26'),(922,1,1,0,'',3,140,140,1,124,43475,'c708a8ed2fb2cee4e0014168de303d72',0,0,'',0,0,'2015-04-13 17:39:54','2015-04-14 00:19:55'),(923,1,1,0,'a:1:{i:212;s:3:\"20,\";}',1,212,212,1,183,43613,'d180c000dabf0c8d1c76cfb86ea4f405',0,0,'',0,0,'2015-04-13 18:21:41','2015-04-13 18:34:17'),(924,1,1,18,'a:1:{i:214;s:3:\"18,\";}',3,214,214,1,185,43625,'60ad22a37c758138fa2381f6273fa0a4',0,0,'',0,0,'2015-04-13 19:01:06','2015-04-13 19:07:10'),(925,1,1,20,'',3,0,0,1,0,43630,'',0,0,'',0,0,'2015-04-13 19:16:43','2015-04-13 19:16:43'),(926,1,1,20,'',3,0,0,1,0,43635,'',0,0,'',0,0,'2015-04-13 19:21:34','2015-04-13 19:21:34'),(927,1,1,0,'',1,141,141,1,125,43636,'8ba96111bcbe1b5ebdb9f55dd5d69612',0,0,'',0,0,'2015-04-13 19:23:58','2015-04-13 19:25:24'),(928,1,1,18,'a:1:{i:193;s:3:\"18,\";}',1,193,193,1,169,43699,'0a545863f5e0655adee1c8108e056f8b',0,0,'',0,0,'2015-04-13 22:01:36','2015-04-13 22:19:16'),(929,1,1,0,'',3,211,211,1,182,43601,'db8e0b5f35cfa2f05c2a8159aaabde51',0,0,'',0,0,'2015-04-13 22:14:53','2015-04-13 22:14:53'),(930,1,1,0,'',3,171,171,1,150,43725,'6c49d1eed64857943c80412503e15cc9',0,0,'',0,0,'2015-04-13 22:39:49','2015-04-13 22:39:49'),(931,1,1,20,'a:1:{i:140;s:3:\"20,\";}',3,140,140,1,124,41670,'c708a8ed2fb2cee4e0014168de303d72',0,0,'',0,0,'2015-04-14 00:19:55','2015-04-14 00:19:55'),(932,1,1,18,'a:1:{i:215;s:3:\"18,\";}',3,215,215,1,186,43791,'ddfe9de1b468266c32175748cc9fc1d4',0,0,'',0,0,'2015-04-14 03:24:54','2015-04-14 03:50:21'),(933,1,1,18,'a:1:{i:215;s:3:\"18,\";}',3,215,215,1,186,43797,'ddfe9de1b468266c32175748cc9fc1d4',0,0,'',0,0,'2015-04-14 03:53:08','2015-04-14 03:53:45'),(934,1,1,20,'',3,0,0,1,0,43704,'',0,0,'',0,0,'2015-04-14 03:57:46','2015-04-14 03:57:47'),(935,1,1,18,'',3,215,215,1,186,43804,'ddfe9de1b468266c32175748cc9fc1d4',0,0,'',0,0,'2015-04-14 04:30:58','2015-04-14 04:31:21'),(936,1,1,0,'',1,56,56,1,50,43808,'f841f9b9b7bff06584f9f9bf6f7f351a',0,0,'',0,0,'2015-04-14 04:48:40','2015-04-14 14:23:21'),(937,1,1,18,'a:1:{i:216;s:3:\"18,\";}',3,216,216,1,187,43852,'1127bbb9b0d5914693f8e1186e6ed320',0,0,'',0,0,'2015-04-14 08:36:20','2015-04-14 09:13:45'),(938,1,1,18,'a:1:{i:216;s:3:\"18,\";}',3,216,216,1,187,43864,'1127bbb9b0d5914693f8e1186e6ed320',0,0,'',0,0,'2015-04-14 09:14:27','2015-04-14 09:26:54'),(939,1,1,20,'',3,0,0,1,0,43886,'',0,0,'',0,0,'2015-04-14 10:32:05','2015-04-14 10:32:06'),(940,1,1,0,'',3,180,180,1,156,43891,'f46abccffdb14a19dbdf947c635dbcbb',0,0,'',0,0,'2015-04-14 10:41:52','2015-04-14 10:41:52'),(941,1,1,20,'',3,0,0,1,0,43909,'',0,0,'',0,0,'2015-04-14 11:23:49','2015-04-14 11:24:13'),(942,1,1,0,'',3,213,213,1,184,43919,'ef9a2c64b666dd3809374ec8935e46c8',0,0,'',0,0,'2015-04-14 11:48:35','2015-04-14 15:36:34'),(943,1,1,20,'',1,0,0,1,0,43939,'',0,0,'',0,0,'2015-04-14 13:03:06','2015-04-14 13:03:07'),(944,1,1,20,'',1,0,0,1,0,43882,'',0,0,'',0,0,'2015-04-14 13:15:41','2015-04-14 13:17:26'),(945,1,1,0,'',3,140,140,1,124,43906,'c708a8ed2fb2cee4e0014168de303d72',0,0,'',0,0,'2015-04-14 16:23:51','2015-04-14 22:22:22'),(946,1,1,20,'a:1:{i:140;s:3:\"20,\";}',3,140,140,1,124,41670,'c708a8ed2fb2cee4e0014168de303d72',0,0,'',0,0,'2015-04-14 16:24:15','2015-04-14 16:24:15'),(947,1,1,0,'',3,216,216,1,187,44020,'1127bbb9b0d5914693f8e1186e6ed320',0,0,'',0,0,'2015-04-14 16:37:03','2015-04-14 16:50:47'),(948,1,1,0,'',3,56,56,1,50,44021,'f841f9b9b7bff06584f9f9bf6f7f351a',0,0,'',0,0,'2015-04-14 16:38:35','2015-04-14 16:38:35'),(949,1,1,20,'a:1:{i:217;s:3:\"20,\";}',3,217,217,1,188,44049,'e57eb92a0e45c5ca666c94e3b1bbedb6',0,0,'',0,0,'2015-04-14 17:09:39','2015-04-14 17:29:26'),(950,1,1,20,'',3,0,0,1,0,44068,'',0,0,'',0,0,'2015-04-14 17:24:04','2015-04-14 17:24:04'),(951,1,1,18,'a:1:{i:218;s:3:\"18,\";}',1,218,219,1,189,43993,'c469879441f407fc99db847e163cd98d',0,0,'',0,0,'2015-04-14 18:11:16','2015-04-14 18:17:19'),(952,1,1,20,'a:1:{i:220;s:3:\"20,\";}',3,220,220,1,190,44099,'c05655421cf38556defd20bcff83dbe0',0,0,'',0,0,'2015-04-14 18:39:34','2015-04-14 18:47:59'),(953,1,1,0,'',3,215,215,1,186,44102,'ddfe9de1b468266c32175748cc9fc1d4',0,0,'',0,0,'2015-04-14 18:45:05','2015-04-14 18:45:05'),(954,1,1,0,'',3,0,0,1,0,44098,'',0,0,'',0,0,'2015-04-14 18:45:13','2015-04-14 18:45:25'),(955,1,1,0,'',3,96,96,1,83,44108,'08a6ad4a4d474d4563041de6f929d082',0,0,'',0,0,'2015-04-14 18:59:07','2015-04-14 18:59:07'),(956,1,1,0,'',3,79,79,1,69,44111,'88ff1afb98e58a23cae6372b90126b79',0,0,'',0,0,'2015-04-14 19:05:06','2015-04-14 19:05:06'),(957,1,1,18,'a:1:{i:221;s:3:\"18,\";}',3,221,221,1,191,44148,'0e349ce68d6fc3a81e8cadd527d2da4a',0,0,'',0,0,'2015-04-14 20:49:44','2015-04-14 21:06:51'),(958,1,1,0,'',3,137,137,1,121,44165,'0ec4cf7366078bfc2bc4a44201c8b357',0,0,'',0,0,'2015-04-14 21:27:48','2015-04-14 21:27:48'),(959,1,1,18,'a:1:{i:221;s:3:\"18,\";}',3,221,221,1,191,44148,'0e349ce68d6fc3a81e8cadd527d2da4a',0,0,'',0,0,'2015-04-14 21:42:39','2015-04-14 21:42:39'),(960,1,1,0,'',3,215,215,1,186,44178,'ddfe9de1b468266c32175748cc9fc1d4',0,0,'',0,0,'2015-04-14 21:58:29','2015-04-14 21:58:29'),(961,1,1,20,'a:1:{i:140;s:3:\"20,\";}',3,140,140,1,124,41670,'c708a8ed2fb2cee4e0014168de303d72',0,0,'',0,0,'2015-04-14 22:22:22','2015-04-14 22:22:22'),(962,1,1,18,'a:1:{i:223;s:3:\"18,\";}',3,223,223,1,192,44180,'1e69816ed449491ab81e2c810078ce0a',0,0,'',0,0,'2015-04-14 22:38:32','2015-04-15 00:41:06'),(963,1,1,18,'a:1:{i:0;s:3:\"18,\";}',3,0,0,1,0,44201,'',0,0,'',0,0,'2015-04-15 00:24:20','2015-04-15 00:36:45'),(964,1,1,20,'',3,0,0,1,0,44252,'',0,0,'',0,0,'2015-04-15 01:03:29','2015-04-15 01:03:30'),(965,1,1,0,'',1,56,56,1,50,44286,'f841f9b9b7bff06584f9f9bf6f7f351a',0,0,'',0,0,'2015-04-15 02:40:49','2015-04-15 02:40:49'),(966,1,1,18,'a:1:{i:224;s:3:\"18,\";}',3,224,224,1,193,44295,'1756ab45a712b6458656d2cf26e6bf9b',0,0,'',0,0,'2015-04-15 03:35:33','2015-04-15 03:41:41'),(967,1,1,0,'',3,211,211,1,182,44319,'db8e0b5f35cfa2f05c2a8159aaabde51',0,0,'',0,0,'2015-04-15 06:15:04','2015-04-15 06:15:04'),(968,1,1,18,'a:1:{i:225;s:3:\"18,\";}',3,225,225,1,194,44339,'98c61836a8769065a3ab35dc2cb5ca03',0,0,'',0,0,'2015-04-15 07:34:26','2015-04-15 07:40:16'),(969,1,1,0,'a:1:{i:226;s:3:\"20,\";}',3,226,226,1,195,44543,'8321e5bf0250a966ad4511a0f91a8b6e',0,0,'',0,0,'2015-04-15 09:06:50','2015-04-15 09:12:06'),(970,1,1,20,'a:1:{i:227;s:3:\"20,\";}',1,227,228,1,196,44571,'53c96318d36fa7aeb15abf8c42f9b9a8',0,0,'',0,0,'2015-04-15 10:37:38','2015-04-15 10:38:55'),(971,1,1,20,'',3,0,0,1,0,44578,'',0,0,'',0,0,'2015-04-15 10:52:24','2015-04-15 10:52:25'),(972,1,1,20,'',3,0,0,1,0,44581,'',0,0,'',0,0,'2015-04-15 10:55:03','2015-04-15 10:55:03'),(973,1,1,0,'',3,204,204,1,176,44608,'3817958b13a1d948a56522bb051d9f5c',0,0,'',0,0,'2015-04-15 11:15:26','2015-04-15 11:15:26'),(974,1,1,18,'a:1:{i:0;s:3:\"18,\";}',1,0,0,1,0,44711,'',0,0,'',0,0,'2015-04-15 15:54:41','2015-04-15 17:25:53'),(975,1,1,0,'',3,213,213,1,184,44729,'ef9a2c64b666dd3809374ec8935e46c8',0,0,'',0,0,'2015-04-15 16:51:20','2015-04-15 16:51:20'),(976,1,1,20,'',3,0,0,1,0,44771,'',0,0,'',0,0,'2015-04-15 18:06:40','2015-04-15 18:08:37'),(977,1,1,20,'',1,0,0,1,0,44751,'',0,0,'',0,0,'2015-04-15 19:14:02','2015-04-15 19:14:02'),(978,1,1,20,'',1,0,0,1,0,44802,'',0,0,'',0,0,'2015-04-15 19:32:34','2015-04-15 19:39:35'),(979,1,1,0,'',3,216,216,1,187,44807,'1127bbb9b0d5914693f8e1186e6ed320',0,0,'',0,0,'2015-04-15 19:41:33','2015-04-15 19:53:51'),(980,1,1,18,'',3,230,229,1,197,44808,'efbaea4153cd99bb15afe132dd89aa1a',0,0,'',0,0,'2015-04-15 19:50:49','2015-04-15 19:58:05'),(981,1,1,20,'',1,0,0,1,0,44814,'',0,0,'',0,0,'2015-04-15 20:01:49','2015-04-15 22:44:10'),(982,1,1,0,'',3,186,186,1,162,44885,'238e3ed76868bee64f264c6de3ef4de7',0,0,'',0,0,'2015-04-15 22:36:36','2015-04-15 22:36:36'),(983,1,1,0,'',3,0,0,1,0,44920,'',0,0,'',0,0,'2015-04-16 00:24:07','2015-04-16 00:31:24'),(984,1,1,20,'a:1:{i:231;s:3:\"20,\";}',3,231,231,1,198,44830,'ae80ff8d3a40d5d16154f77144c9c319',0,0,'',0,0,'2015-04-16 00:40:27','2015-04-16 00:40:54'),(985,1,1,20,'',3,0,0,1,0,44924,'',0,0,'',0,0,'2015-04-16 01:44:39','2015-04-16 01:44:40'),(986,1,1,20,'',3,0,0,1,0,44955,'',0,0,'',0,0,'2015-04-16 02:26:20','2015-04-16 02:27:27'),(987,1,1,0,'',1,229,229,1,197,44817,'efbaea4153cd99bb15afe132dd89aa1a',0,0,'',0,0,'2015-04-16 03:48:11','2015-04-16 03:48:11'),(988,1,1,0,'',3,225,225,1,194,44999,'98c61836a8769065a3ab35dc2cb5ca03',0,0,'',0,0,'2015-04-16 06:38:39','2015-04-16 06:38:39'),(989,1,1,20,'',1,0,0,1,0,45003,'',0,0,'',0,0,'2015-04-16 07:05:12','2015-04-16 07:12:10'),(990,1,1,20,'',1,0,0,1,0,45015,'',0,0,'',0,0,'2015-04-16 07:56:33','2015-04-16 07:56:34'),(991,1,1,18,'a:1:{i:234;s:3:\"18,\";}',3,234,234,1,200,45408,'2270ff2fa1d816c30f99317c9075ef00',0,0,'',0,0,'2015-04-16 08:54:07','2015-04-16 12:56:11'),(992,1,1,20,'a:1:{i:227;s:3:\"20,\";}',1,227,227,1,196,45409,'53c96318d36fa7aeb15abf8c42f9b9a8',0,0,'',0,0,'2015-04-16 08:58:31','2015-04-16 11:33:50'),(993,1,1,0,'',1,229,229,1,197,45440,'efbaea4153cd99bb15afe132dd89aa1a',0,0,'',0,0,'2015-04-16 10:11:06','2015-04-16 13:04:13'),(994,1,1,20,'a:1:{i:232;s:3:\"20,\";}',3,232,233,1,199,45496,'81856f26dc3aa3b88e9d197b2e48b8e3',0,0,'',0,0,'2015-04-16 12:08:08','2015-04-16 12:25:07'),(995,1,1,20,'',3,0,0,1,0,45485,'',0,0,'',0,0,'2015-04-16 12:14:52','2015-04-16 19:56:59'),(996,1,1,20,'',1,0,0,1,0,45534,'',0,0,'',0,0,'2015-04-16 13:11:52','2015-04-16 13:11:52'),(997,1,1,0,'',3,113,113,1,98,45565,'97c87470e50b7c937cca73ef4d151c8d',0,0,'',0,0,'2015-04-16 14:24:14','2015-04-16 14:24:14'),(998,1,1,20,'',3,0,0,1,0,45772,'',0,0,'',0,0,'2015-04-16 17:02:45','2015-04-16 17:02:46'),(999,1,1,0,'a:1:{i:235;s:3:\"20,\";}',1,235,235,1,201,45836,'d0919fab644048210e0222a015884378',0,0,'',0,0,'2015-04-16 17:57:06','2015-04-16 18:02:17'),(1000,1,1,20,'a:1:{i:236;s:3:\"20,\";}',1,236,236,1,202,45849,'f1e612c33dc4560842a975c935362d56',0,0,'',0,0,'2015-04-16 18:24:51','2015-04-16 18:28:16'),(1001,1,1,20,'',3,0,0,1,0,45895,'',0,0,'',0,0,'2015-04-16 20:11:06','2015-04-16 20:11:07'),(1002,1,1,20,'a:1:{i:227;s:3:\"20,\";}',1,227,227,1,196,45898,'53c96318d36fa7aeb15abf8c42f9b9a8',0,0,'',0,0,'2015-04-16 20:39:51','2015-04-16 20:40:14'),(1003,1,1,20,'',3,0,0,1,0,45911,'',0,0,'',0,0,'2015-04-16 20:57:44','2015-04-16 21:15:22'),(1004,1,1,18,'a:1:{i:141;s:3:\"18,\";}',3,141,141,1,125,45907,'8ba96111bcbe1b5ebdb9f55dd5d69612',0,0,'',0,0,'2015-04-16 21:03:07','2015-04-16 21:16:30'),(1005,1,1,0,'',3,204,204,1,176,45943,'3817958b13a1d948a56522bb051d9f5c',0,0,'',0,0,'2015-04-16 23:08:29','2015-04-16 23:08:29'),(1006,1,1,20,'',3,0,0,1,0,46063,'',0,0,'',0,0,'2015-04-17 08:54:06','2015-04-17 09:00:38'),(1007,1,1,0,'',3,0,0,1,0,46079,'',0,0,'',0,0,'2015-04-17 09:14:07','2015-04-17 09:14:07'),(1008,1,1,20,'',1,0,0,1,0,46081,'',0,0,'',0,0,'2015-04-17 09:17:47','2015-04-17 09:44:52'),(1009,1,1,0,'',3,146,146,1,129,46095,'7ce697f943ad20b64bcdfe01ab2e3a98',0,0,'',0,0,'2015-04-17 09:44:21','2015-04-17 09:44:21'),(1010,1,1,0,'',3,141,141,1,125,46100,'8ba96111bcbe1b5ebdb9f55dd5d69612',0,0,'',0,0,'2015-04-17 09:47:36','2015-04-17 09:47:36'),(1011,1,1,0,'',3,141,141,1,125,46101,'8ba96111bcbe1b5ebdb9f55dd5d69612',0,0,'',0,0,'2015-04-17 12:16:01','2015-04-17 18:32:25'),(1012,1,1,0,'',1,227,227,1,196,46281,'53c96318d36fa7aeb15abf8c42f9b9a8',0,0,'',0,0,'2015-04-17 14:28:46','2015-04-17 14:28:46'),(1013,1,1,20,'a:1:{i:237;s:3:\"20,\";}',3,237,237,1,203,46284,'57b068ec4227107e817f7c5e4b554b01',0,0,'',0,0,'2015-04-17 14:36:18','2015-04-17 14:56:21'),(1014,1,1,20,'',3,0,0,1,0,46304,'',0,0,'',0,0,'2015-04-17 15:10:32','2015-04-17 20:05:53'),(1015,1,1,0,'',1,229,229,1,197,46133,'efbaea4153cd99bb15afe132dd89aa1a',0,0,'',0,0,'2015-04-17 17:11:34','2015-04-17 17:11:34'),(1016,1,1,18,'a:1:{i:238;s:3:\"18,\";}',3,238,238,1,204,46434,'2ce0317864a7a5a97e8ae8168f267467',0,0,'',0,0,'2015-04-17 18:35:20','2015-04-17 19:03:40'),(1017,1,1,20,'',3,0,0,1,0,46439,'',0,0,'',0,0,'2015-04-17 18:48:51','2015-04-17 18:49:01'),(1018,1,1,0,'',3,0,0,1,0,46432,'',0,0,'',0,0,'2015-04-17 18:54:06','2015-04-17 18:54:49'),(1019,1,1,20,'',3,0,0,1,0,46451,'',0,0,'',0,0,'2015-04-17 18:54:23','2015-04-17 18:54:23'),(1020,1,1,20,'',1,0,0,1,0,46456,'',0,0,'',0,0,'2015-04-17 18:54:47','2015-04-17 18:54:48'),(1021,1,1,0,'',1,227,227,1,196,46483,'53c96318d36fa7aeb15abf8c42f9b9a8',0,0,'',0,0,'2015-04-17 19:12:40','2015-04-17 19:12:40'),(1022,1,1,20,'',3,0,0,1,0,46214,'',0,0,'',0,0,'2015-04-17 19:15:54','2015-04-17 19:15:54'),(1023,1,1,18,'a:1:{i:51;s:3:\"18,\";}',3,51,51,1,46,46512,'ee52fe093d10cd7589e090a5332fcee8',0,0,'',0,0,'2015-04-17 19:50:47','2015-04-17 19:51:34'),(1024,1,1,20,'',3,0,0,1,0,46548,'',0,0,'',0,0,'2015-04-17 20:29:42','2015-04-17 20:29:43'),(1025,1,1,20,'a:1:{i:134;s:3:\"20,\";}',3,134,134,1,118,46552,'707b95a4f8ce3c559595c7fad69c0311',0,0,'',0,0,'2015-04-17 20:35:01','2015-04-17 20:56:04'),(1026,1,1,20,'',3,0,0,1,0,46561,'',0,0,'',0,0,'2015-04-17 20:45:29','2015-04-17 20:45:42'),(1027,1,1,20,'',1,0,0,1,0,46601,'',0,0,'',0,0,'2015-04-17 21:58:16','2015-04-18 07:47:32'),(1028,1,1,20,'',3,0,0,1,0,46615,'',0,0,'',0,0,'2015-04-17 22:19:12','2015-04-17 22:21:16'),(1029,1,1,20,'',1,0,0,1,0,46617,'',0,0,'',0,0,'2015-04-17 22:23:33','2015-04-17 22:23:33'),(1030,1,1,20,'',1,0,0,1,0,46632,'',0,0,'',0,0,'2015-04-17 23:03:53','2015-04-17 23:04:02'),(1031,1,1,0,'',3,141,141,1,125,46701,'8ba96111bcbe1b5ebdb9f55dd5d69612',0,0,'',0,0,'2015-04-18 01:20:16','2015-04-18 01:20:16'),(1032,1,1,18,'a:1:{i:239;s:3:\"18,\";}',3,239,239,1,205,46698,'74d61d97a7c6fc115a6b9cdaea9d89b9',0,0,'',0,0,'2015-04-18 01:40:55','2015-04-18 01:43:33'),(1033,1,1,20,'',3,0,0,1,0,46636,'',0,0,'',0,0,'2015-04-18 02:21:42','2015-04-18 02:21:43'),(1034,1,1,20,'',1,0,0,1,0,46673,'',0,0,'',0,0,'2015-04-18 02:40:06','2015-04-18 23:31:14'),(1035,1,1,20,'',3,0,0,1,0,46782,'',0,0,'',0,0,'2015-04-18 06:03:14','2015-04-18 06:05:18'),(1036,1,1,20,'',3,0,0,1,0,46891,'',0,0,'',0,0,'2015-04-18 07:02:44','2015-04-18 07:04:15'),(1037,1,1,18,'',1,141,141,1,125,46898,'8ba96111bcbe1b5ebdb9f55dd5d69612',0,0,'',0,0,'2015-04-18 07:28:20','2015-04-18 14:09:02'),(1038,1,1,20,'',3,0,0,1,0,46910,'',0,0,'',0,0,'2015-04-18 08:09:36','2015-04-18 08:10:29'),(1039,1,1,20,'',3,0,0,1,0,46919,'',0,0,'',0,0,'2015-04-18 08:38:15','2015-04-18 08:38:16'),(1040,1,1,0,'',3,157,157,1,138,46926,'a2eb40255bc93e8a7c2e92883eee54b3',0,0,'',0,0,'2015-04-18 08:56:55','2015-04-18 08:56:55'),(1041,1,1,20,'',3,0,0,1,0,46937,'',0,0,'',0,0,'2015-04-18 09:23:56','2015-04-18 09:24:12'),(1042,1,1,20,'',3,0,0,1,0,46982,'',0,0,'',0,0,'2015-04-18 10:57:55','2015-04-18 11:04:58'),(1043,1,1,18,'a:1:{i:240;s:3:\"20,\";}',3,240,240,1,206,47018,'703137c291929b41c03a34d217691391',0,0,'',0,0,'2015-04-18 12:33:29','2015-04-18 12:41:09'),(1044,1,1,20,'',1,0,0,1,0,47040,'',0,0,'',0,0,'2015-04-18 13:08:37','2015-04-18 13:35:42'),(1045,1,1,0,'',1,141,141,1,125,46100,'8ba96111bcbe1b5ebdb9f55dd5d69612',0,0,'',0,0,'2015-04-18 14:16:03','2015-04-18 15:03:09'),(1046,1,1,0,'',3,183,183,1,159,47080,'be2b89289cfeceb88ec400d2d20d9c3e',0,0,'',0,0,'2015-04-18 14:29:22','2015-04-18 14:29:22'),(1047,1,1,0,'a:1:{i:241;s:3:\"20,\";}',3,241,241,1,207,47139,'a243825ab5240b022dc86f090187550a',0,0,'',0,0,'2015-04-18 16:41:13','2015-04-18 16:50:45'),(1048,1,1,0,'',3,141,141,1,125,47158,'8ba96111bcbe1b5ebdb9f55dd5d69612',0,0,'',0,0,'2015-04-18 17:49:07','2015-04-18 17:49:07'),(1049,1,1,18,'a:1:{i:0;s:3:\"18,\";}',3,0,0,1,0,47195,'',0,0,'',0,0,'2015-04-18 19:04:54','2015-04-18 19:35:23'),(1050,1,1,20,'',3,0,0,1,0,47200,'',0,0,'',0,0,'2015-04-18 19:15:23','2015-04-18 19:15:38'),(1051,1,1,20,'',3,242,242,1,208,47008,'f3c799521bde7e93115517027fa6ebab',0,0,'',0,0,'2015-04-18 20:10:32','2015-04-18 20:42:03'),(1052,1,1,20,'',1,0,0,1,0,47221,'',0,0,'',0,0,'2015-04-18 20:26:00','2015-04-18 20:26:01'),(1053,1,1,20,'',3,0,0,1,0,47271,'',0,0,'',0,0,'2015-04-18 22:55:50','2015-04-18 22:55:50'),(1054,1,1,0,'a:1:{i:243;s:3:\"20,\";}',3,243,243,1,209,47270,'a95798adbebb086bc84066593285c6f4',0,0,'',0,0,'2015-04-18 22:58:11','2015-04-18 23:00:42'),(1055,1,1,20,'',1,0,0,1,0,47331,'',0,0,'',0,0,'2015-04-19 02:30:54','2015-04-19 02:30:55'),(1056,1,1,20,'',3,0,0,1,0,47344,'',0,0,'',0,0,'2015-04-19 02:43:42','2015-04-19 02:43:42'),(1057,1,1,20,'',1,0,0,1,0,47641,'',0,0,'',0,0,'2015-04-19 17:08:47','2015-04-19 17:08:48'),(1058,1,1,18,'',3,244,244,1,210,47655,'cf1bc05a05807faf1b7f2d319ee05143',0,0,'',0,0,'2015-04-19 17:59:59','2015-04-19 18:07:46'),(1059,1,1,20,'',3,0,0,1,0,47663,'',0,0,'',0,0,'2015-04-19 18:19:24','2015-04-19 18:19:25'),(1060,1,1,20,'a:1:{i:245;s:3:\"20,\";}',3,245,245,1,211,47719,'b3a09c35b9a2af454b72efa87c92044f',0,0,'',0,0,'2015-04-19 21:00:49','2015-04-19 21:06:12'),(1061,1,1,0,'',3,171,171,1,150,48234,'6c49d1eed64857943c80412503e15cc9',0,0,'',0,0,'2015-04-20 03:17:36','2015-04-20 03:17:36'),(1062,1,1,11,'a:1:{i:0;s:3:\"11,\";}',1,0,0,1,0,48240,'',0,0,'',0,0,'2015-04-20 03:36:25','2015-04-20 03:36:48'),(1063,1,1,20,'',3,0,0,1,0,48286,'',0,0,'',0,0,'2015-04-20 07:27:25','2015-04-20 07:27:25'),(1064,1,1,0,'',1,227,227,1,196,48294,'53c96318d36fa7aeb15abf8c42f9b9a8',0,0,'',0,0,'2015-04-20 08:08:51','2015-04-20 08:08:51'),(1065,1,1,20,'',3,0,0,1,0,48307,'',0,0,'',0,0,'2015-04-20 09:07:49','2015-04-20 09:10:50'),(1066,1,1,20,'',3,0,0,1,0,48408,'',0,0,'',0,0,'2015-04-20 12:49:31','2015-04-20 12:49:32'),(1067,1,1,20,'',3,113,113,1,98,48521,'97c87470e50b7c937cca73ef4d151c8d',0,0,'',0,0,'2015-04-20 15:53:14','2015-04-20 16:04:12'),(1068,1,1,18,'a:1:{i:246;s:3:\"18,\";}',3,246,246,1,212,48533,'af470951e92bbf805b7daff45f2552af',0,0,'',0,0,'2015-04-20 16:12:14','2015-04-20 16:17:21'),(1069,1,1,0,'',3,141,141,1,125,48543,'8ba96111bcbe1b5ebdb9f55dd5d69612',0,0,'',0,0,'2015-04-20 16:26:58','2015-04-20 16:26:58'),(1070,1,1,20,'',1,0,0,1,0,48551,'',0,0,'',0,0,'2015-04-20 16:44:14','2015-04-20 16:44:16'),(1071,1,1,0,'',3,0,0,1,0,48554,'',0,0,'',0,0,'2015-04-20 16:48:36','2015-04-20 16:50:17'),(1072,1,1,20,'',3,0,0,1,0,48630,'',0,0,'',0,0,'2015-04-20 19:36:01','2015-04-20 19:36:02'),(1073,1,1,20,'',1,0,0,1,0,48660,'',0,0,'',0,0,'2015-04-20 20:52:34','2015-04-20 20:52:38'),(1074,1,1,20,'',3,0,0,1,0,48658,'',0,0,'',0,0,'2015-04-20 20:52:36','2015-04-20 20:52:38'),(1075,1,1,0,'',3,204,204,1,176,48752,'3817958b13a1d948a56522bb051d9f5c',0,0,'',0,0,'2015-04-21 00:24:16','2015-04-21 00:24:16'),(1076,1,1,18,'',3,244,244,1,210,48754,'cf1bc05a05807faf1b7f2d319ee05143',0,0,'',0,0,'2015-04-21 00:58:02','2015-04-21 01:00:10'),(1077,1,1,18,'',3,247,247,1,213,48304,'05b1ceff7b18a6573d13c02e3542fe8d',0,0,'',0,0,'2015-04-21 02:00:51','2015-04-21 02:00:53'),(1078,1,1,18,'a:1:{i:248;s:3:\"18,\";}',3,248,248,1,214,48788,'e0ef534c08abea610277b2b228cf002b',0,0,'',0,0,'2015-04-21 03:40:57','2015-04-21 03:45:02'),(1079,1,1,0,'',1,141,141,1,125,48891,'8ba96111bcbe1b5ebdb9f55dd5d69612',0,0,'',0,0,'2015-04-21 09:13:50','2015-04-21 14:22:29'),(1080,1,1,0,'',3,229,229,1,197,48869,'efbaea4153cd99bb15afe132dd89aa1a',0,0,'',0,0,'2015-04-21 10:06:27','2015-04-21 10:06:27'),(1081,1,1,20,'',3,0,0,1,0,48909,'',0,0,'',0,0,'2015-04-21 10:08:20','2015-04-21 10:10:55'),(1082,1,1,20,'a:1:{i:249;s:3:\"20,\";}',3,249,249,1,215,48944,'0e7adfd0fbb6f742822fd0a2e82bbd9d',0,0,'',0,0,'2015-04-21 11:04:31','2015-04-21 11:09:46'),(1083,1,1,18,'a:1:{i:250;s:3:\"18,\";}',3,250,250,1,216,48977,'80800919984f4ff1f00cfa6836f7b39d',0,0,'',0,0,'2015-04-21 11:57:39','2015-04-21 12:04:34'),(1084,1,1,0,'',3,183,183,1,159,49044,'be2b89289cfeceb88ec400d2d20d9c3e',0,0,'',0,0,'2015-04-21 14:11:01','2015-04-21 14:11:01'),(1085,1,1,20,'',1,0,0,1,0,49079,'',0,0,'',0,0,'2015-04-21 15:35:52','2015-04-21 15:35:52'),(1086,1,1,20,'',3,0,0,1,0,49078,'',0,0,'',0,0,'2015-04-21 15:36:27','2015-04-21 15:47:24'),(1087,1,1,20,'a:1:{i:0;s:3:\"20,\";}',3,0,0,1,0,49080,'',0,0,'',0,0,'2015-04-21 15:47:46','2015-04-21 15:48:50'),(1088,1,1,20,'',3,0,0,1,0,49140,'',0,0,'',0,0,'2015-04-21 17:19:59','2015-04-21 17:19:59'),(1089,1,1,20,'a:1:{i:251;s:3:\"20,\";}',1,251,251,1,217,49142,'182992f326f7522be0c47ffe1add7632',0,0,'',0,0,'2015-04-21 17:23:02','2015-04-21 17:27:08'),(1090,1,1,20,'',1,0,0,1,0,49114,'',0,0,'',0,0,'2015-04-21 17:32:47','2015-04-21 17:33:37'),(1091,1,1,18,'a:1:{i:252;s:3:\"20,\";}',3,252,252,1,218,49167,'b10063b92166cf9711cd107583464ea5',0,0,'',0,0,'2015-04-21 18:14:57','2015-04-21 18:19:57'),(1092,1,1,20,'',3,0,0,1,0,49215,'',0,0,'',0,0,'2015-04-21 20:41:55','2015-04-21 20:41:55'),(1093,1,1,20,'a:1:{i:253;s:3:\"20,\";}',3,253,253,1,219,49246,'b36fdc2bfb61b4c0dc27bd66959d75a4',0,0,'',0,0,'2015-04-21 21:42:14','2015-04-21 22:31:31'),(1094,1,1,20,'',3,0,0,1,0,49262,'',0,0,'',0,0,'2015-04-21 22:52:21','2015-04-21 23:19:46'),(1095,1,1,20,'',3,0,0,1,0,49353,'',0,0,'',0,0,'2015-04-22 01:47:22','2015-04-22 01:47:23'),(1096,1,1,20,'',1,0,0,1,0,49399,'',0,0,'',0,0,'2015-04-22 04:37:27','2015-04-22 06:01:41'),(1097,1,1,20,'',3,0,0,1,0,49407,'',0,0,'',0,0,'2015-04-22 04:56:44','2015-04-22 04:57:18'),(1098,1,1,20,'',1,0,0,1,0,49467,'',0,0,'',0,0,'2015-04-22 08:05:29','2015-04-22 08:18:01'),(1099,1,1,0,'',1,171,171,1,150,49480,'6c49d1eed64857943c80412503e15cc9',0,0,'',0,0,'2015-04-22 08:32:47','2015-04-22 08:34:16'),(1100,1,1,20,'',1,0,0,1,0,49485,'',0,0,'',0,0,'2015-04-22 08:45:19','2015-04-22 09:02:52'),(1101,1,1,18,'a:1:{i:0;s:3:\"18,\";}',3,0,0,1,0,49484,'',0,0,'',0,0,'2015-04-22 08:50:17','2015-04-22 09:21:46'),(1102,1,1,20,'',3,0,0,1,0,49752,'',0,0,'',0,0,'2015-04-22 11:37:06','2015-04-22 12:47:19'),(1103,1,1,18,'a:1:{i:254;s:3:\"18,\";}',1,254,254,1,220,49768,'87ba04fbe16c1432177115651a1e8fe5',0,0,'',0,0,'2015-04-22 12:03:20','2015-04-22 12:06:21'),(1104,1,1,20,'',1,0,0,1,0,49543,'',0,0,'',0,0,'2015-04-22 12:48:48','2015-04-22 12:48:49'),(1105,1,1,20,'a:1:{i:255;s:3:\"20,\";}',3,255,255,1,221,49799,'ab6929666b4584b7bdd5dddb914fa34f',0,0,'',0,0,'2015-04-22 12:57:30','2015-04-22 12:58:11'),(1106,1,1,0,'',3,229,229,1,197,49850,'efbaea4153cd99bb15afe132dd89aa1a',0,0,'',0,0,'2015-04-22 14:43:13','2015-04-22 14:43:13'),(1107,1,1,18,'a:1:{i:256;s:3:\"18,\";}',1,256,256,1,222,50190,'a92dde38393bbb93fa0b5dbbbcee9a21',0,0,'',0,0,'2015-04-22 17:25:44','2015-04-22 17:41:43'),(1108,1,1,20,'',3,0,0,1,0,50218,'',0,0,'',0,0,'2015-04-22 18:24:56','2015-04-22 18:24:57'),(1109,1,1,20,'',3,0,0,1,0,50287,'',0,0,'',0,0,'2015-04-22 20:50:27','2015-04-22 20:52:29'),(1110,1,1,20,'',3,0,0,1,0,50341,'',0,0,'',0,0,'2015-04-22 22:49:27','2015-04-23 00:10:33'),(1111,1,1,18,'a:1:{i:258;s:3:\"18,\";}',3,258,258,1,224,50440,'fd597bf8def6c92a858de882223524a5',0,0,'',0,0,'2015-04-23 02:46:47','2015-04-23 11:29:19'),(1112,1,1,20,'',3,257,257,1,223,50448,'8c35b636deffd2fc19b9fb6eb46f59d1',0,0,'',0,0,'2015-04-23 03:14:17','2015-04-23 03:23:59'),(1113,1,1,18,'a:1:{i:0;s:3:\"18,\";}',3,0,0,1,0,50464,'',0,0,'',0,0,'2015-04-23 04:12:36','2015-04-23 04:13:00'),(1114,1,1,20,'',3,0,0,1,0,50470,'',0,0,'',0,0,'2015-04-23 04:26:34','2015-04-23 05:58:09'),(1115,1,1,20,'',3,0,0,1,0,50601,'',0,0,'',0,0,'2015-04-23 09:40:51','2015-04-23 09:40:52'),(1116,1,1,20,'',1,0,0,1,0,50615,'',0,0,'',0,0,'2015-04-23 10:03:52','2015-04-23 10:03:52'),(1117,1,1,20,'',1,0,0,1,0,50699,'',0,0,'',0,0,'2015-04-23 12:56:19','2015-04-23 12:56:19'),(1118,1,1,20,'',1,0,0,1,0,50715,'',0,0,'',0,0,'2015-04-23 13:15:12','2015-04-23 13:15:12'),(1119,1,1,18,'a:1:{i:0;s:3:\"18,\";}',3,0,0,1,0,50779,'',0,0,'',0,0,'2015-04-23 15:22:17','2015-04-23 15:24:32'),(1120,1,1,0,'',3,0,0,1,0,50778,'',0,0,'',0,0,'2015-04-23 15:22:26','2015-04-23 15:27:30'),(1121,1,1,20,'',1,0,0,1,0,50819,'',0,0,'',0,0,'2015-04-23 17:03:26','2015-04-23 17:06:00'),(1122,1,1,20,'',1,0,0,1,0,50830,'',0,0,'',0,0,'2015-04-23 17:17:33','2015-04-23 17:17:33'),(1123,1,1,0,'',3,229,229,1,197,50845,'efbaea4153cd99bb15afe132dd89aa1a',0,0,'',0,0,'2015-04-23 17:38:49','2015-04-23 17:38:49'),(1124,1,1,0,'',3,186,186,1,162,50851,'238e3ed76868bee64f264c6de3ef4de7',0,0,'',0,0,'2015-04-23 17:53:26','2015-04-23 17:53:26'),(1125,1,1,20,'',3,0,0,1,0,50863,'',0,0,'',0,0,'2015-04-23 18:20:51','2015-04-23 18:20:53'),(1126,1,1,20,'a:1:{i:260;s:3:\"20,\";}',3,260,260,1,225,50900,'48644f6e8d87b256834637e27099937a',0,0,'',0,0,'2015-04-23 19:43:55','2015-04-23 20:42:14'),(1127,1,1,20,'a:1:{i:261;s:3:\"20,\";}',3,261,261,1,226,50913,'8e02074f0d6eed2957089e2c47bea62e',0,0,'',0,0,'2015-04-23 20:16:42','2015-04-23 21:26:28'),(1128,1,1,18,'a:1:{i:0;s:3:\"18,\";}',3,0,0,1,0,50995,'',0,0,'',0,0,'2015-04-23 22:47:00','2015-04-23 22:48:30'),(1129,1,1,20,'',3,261,261,1,226,51006,'8e02074f0d6eed2957089e2c47bea62e',0,0,'',0,0,'2015-04-23 23:14:35','2015-04-23 23:15:42'),(1130,1,1,20,'',3,0,0,1,0,51009,'',0,0,'',0,0,'2015-04-23 23:20:11','2015-04-23 23:20:12'),(1131,1,1,20,'',3,0,0,1,0,51015,'',0,0,'',0,0,'2015-04-23 23:51:52','2015-04-23 23:58:51'),(1132,1,1,20,'',1,0,0,1,0,51133,'',0,0,'',0,0,'2015-04-24 08:37:06','2015-04-24 14:40:40'),(1133,1,1,20,'',3,0,0,1,0,51173,'',0,0,'',0,0,'2015-04-24 09:40:49','2015-04-24 09:40:49'),(1134,1,1,20,'',1,0,0,1,0,51203,'',0,0,'',0,0,'2015-04-24 10:57:35','2015-04-24 10:57:35'),(1135,1,1,20,'',3,0,0,1,0,51248,'',0,0,'',0,0,'2015-04-24 12:10:20','2015-04-24 15:44:40'),(1136,1,1,20,'',1,0,0,1,0,51318,'',0,0,'',0,0,'2015-04-24 15:09:31','2015-04-24 15:09:32'),(1137,1,1,20,'',1,262,262,1,189,51307,'c469879441f407fc99db847e163cd98d',0,0,'',0,0,'2015-04-24 15:57:51','2015-04-24 16:10:06'),(1138,1,1,20,'',1,0,0,1,0,51440,'',0,0,'',0,0,'2015-04-24 18:38:16','2015-04-24 18:38:17'),(1139,1,1,20,'',3,0,0,1,0,51444,'',0,0,'',0,0,'2015-04-24 18:43:46','2015-04-24 18:44:53'),(1140,1,1,11,'a:1:{i:0;s:3:\"11,\";}',3,0,0,1,0,51455,'',0,0,'',0,0,'2015-04-24 19:14:56','2015-04-24 19:20:08'),(1141,1,1,11,'a:1:{i:264;s:3:\"11,\";}',3,264,264,1,228,51485,'8df88b2e3a9faac306d5aa2e7dbe7f86',0,0,'',0,0,'2015-04-24 20:24:26','2015-04-24 20:26:49'),(1142,1,1,20,'',1,0,0,1,0,51506,'',0,0,'',0,0,'2015-04-24 21:16:21','2015-04-24 21:16:22'),(1143,1,1,20,'',3,0,0,1,0,51522,'',0,0,'',0,0,'2015-04-24 21:51:57','2015-04-24 21:54:10'),(1144,1,1,20,'',3,0,0,1,0,51545,'',0,0,'',0,0,'2015-04-24 22:59:09','2015-04-24 22:59:10'),(1145,1,1,18,'a:1:{i:265;s:3:\"18,\";}',3,265,265,1,229,51550,'458f37c99ed4d659a6e5c5bca162f754',0,0,'',0,0,'2015-04-24 23:16:09','2015-04-24 23:20:10'),(1146,1,1,20,'',3,0,0,1,0,51259,'',0,0,'',0,0,'2015-04-24 23:56:45','2015-04-24 23:56:45'),(1147,1,1,20,'',3,0,0,1,0,51597,'',0,0,'',0,0,'2015-04-25 02:08:15','2015-04-25 02:08:17'),(1148,1,1,20,'',3,0,0,1,0,51628,'',0,0,'',0,0,'2015-04-25 04:23:51','2015-04-25 04:23:52'),(1149,1,1,18,'',3,267,267,1,231,52081,'c2930dd3cb00c67fbc591a52e1bbdef6',0,0,'',0,0,'2015-04-25 09:57:32','2015-04-25 10:08:56'),(1150,1,1,20,'',3,0,0,1,0,52102,'',0,0,'',0,0,'2015-04-25 10:24:53','2015-04-25 10:27:22'),(1151,1,1,20,'',1,0,0,1,0,52127,'',0,0,'',0,0,'2015-04-25 11:56:39','2015-04-25 11:56:40'),(1152,1,1,20,'a:1:{i:268;s:3:\"20,\";}',3,268,268,1,232,52234,'361307e6a89437ac3756095fa81ae41d',0,0,'',0,0,'2015-04-25 16:02:10','2015-04-25 16:03:48'),(1153,1,1,20,'',1,0,0,1,0,52190,'',0,0,'',0,0,'2015-04-25 16:36:32','2015-04-25 16:36:33'),(1154,1,1,20,'',1,0,0,1,0,52249,'',0,0,'',0,0,'2015-04-25 17:15:29','2015-04-25 17:15:29'),(1155,1,1,20,'',3,0,0,1,0,52331,'',0,0,'',0,0,'2015-04-25 19:49:23','2015-04-25 19:49:24'),(1156,1,1,18,'a:1:{i:269;s:3:\"18,\";}',3,269,269,1,233,52299,'61183214a9130e0860c2fb6bcc885f0d',0,0,'',0,0,'2015-04-25 20:49:04','2015-04-25 20:53:08'),(1157,1,1,20,'',3,0,0,1,0,52425,'',0,0,'',0,0,'2015-04-26 00:05:44','2015-04-26 00:10:56'),(1158,1,1,20,'',3,0,0,1,0,52427,'',0,0,'',0,0,'2015-04-26 00:16:08','2015-04-26 00:16:09'),(1159,1,1,0,'',3,265,265,1,229,52346,'458f37c99ed4d659a6e5c5bca162f754',0,0,'',0,0,'2015-04-26 01:06:00','2015-04-26 01:06:00'),(1160,1,1,18,'',3,271,271,1,235,52452,'5b07fe712aba459710327d3fe4a5059f',0,0,'',0,0,'2015-04-26 01:31:39','2015-04-26 01:41:40'),(1161,1,1,20,'',3,0,0,1,0,52483,'',0,0,'',0,0,'2015-04-26 02:58:11','2015-04-26 02:58:18'),(1162,1,1,11,'a:1:{i:0;s:3:\"11,\";}',3,0,0,1,0,52544,'',0,0,'',0,0,'2015-04-26 07:33:22','2015-04-26 07:35:09'),(1163,1,1,20,'',3,273,273,1,236,52562,'c12abda1fd33030aa1400acb329b15df',0,0,'',0,0,'2015-04-26 09:13:29','2015-04-26 09:20:11'),(1164,1,1,20,'',3,0,0,1,0,52586,'',0,0,'',0,0,'2015-04-26 10:18:39','2015-04-26 10:19:01'),(1165,1,1,18,'a:1:{i:0;s:3:\"18,\";}',3,0,0,1,0,52604,'',0,0,'',0,0,'2015-04-26 12:04:09','2015-04-26 12:05:14'),(1166,1,1,20,'',1,0,0,1,0,52658,'',0,0,'',0,0,'2015-04-26 13:35:22','2015-04-26 13:35:23'),(1167,1,1,20,'a:1:{i:274;s:3:\"20,\";}',1,274,274,1,237,52722,'aa2d9a32c7ee998f022d8cc8384788fb',0,0,'',0,0,'2015-04-26 16:04:16','2015-04-26 16:06:44'),(1168,1,1,20,'',3,0,0,1,0,52768,'',0,0,'',0,0,'2015-04-26 17:46:11','2015-04-26 17:46:11'),(1169,1,1,20,'a:1:{i:275;s:3:\"20,\";}',3,275,275,1,238,52797,'7c43583ea0fef8ba44aedbf35d2df498',0,0,'',0,0,'2015-04-26 19:07:10','2015-04-26 19:18:53'),(1170,1,1,20,'a:1:{i:277;s:3:\"20,\";}',3,277,277,1,240,52908,'51858acabc64d785bead08739decd0fc',0,0,'',0,0,'2015-04-27 00:26:05','2015-04-27 01:55:31'),(1171,1,1,20,'',3,0,0,1,0,53000,'',0,0,'',0,0,'2015-04-27 07:00:04','2015-04-27 07:00:05'),(1172,1,1,20,'',3,0,0,1,0,53011,'',0,0,'',0,0,'2015-04-27 07:13:00','2015-04-27 07:13:01'),(1173,1,1,20,'a:1:{i:0;s:3:\"20,\";}',3,0,0,1,0,53065,'',0,0,'',0,0,'2015-04-27 07:57:33','2015-04-27 08:00:41'),(1174,1,1,20,'',3,0,0,1,0,53468,'',0,0,'',0,0,'2015-04-27 12:23:41','2015-04-27 12:23:43'),(1175,1,1,20,'a:1:{i:278;s:3:\"20,\";}',3,278,278,1,241,53529,'f16320cadc0025bb586dfc05df30ec8a',0,0,'',0,0,'2015-04-27 13:57:46','2015-04-27 14:03:33'),(1176,1,1,20,'',3,0,0,1,0,53615,'',0,0,'',0,0,'2015-04-27 15:59:01','2015-04-27 15:59:02'),(1177,1,1,20,'',3,0,0,1,0,53648,'',0,0,'',0,0,'2015-04-27 16:42:57','2015-04-27 16:42:58'),(1178,1,1,20,'',3,0,0,1,0,53670,'',0,0,'',0,0,'2015-04-27 17:13:07','2015-04-27 17:14:23'),(1179,1,1,0,'',3,265,265,1,229,53718,'458f37c99ed4d659a6e5c5bca162f754',0,0,'',0,0,'2015-04-27 20:57:04','2015-04-27 20:57:04'),(1180,1,1,18,'',3,279,279,1,242,53897,'66828601c7ee58a921fc73c556e81958',0,0,'',0,0,'2015-04-28 02:14:32','2015-04-28 03:12:50'),(1181,1,1,18,'a:1:{i:280;s:3:\"18,\";}',3,280,280,1,243,53642,'b9c330797487e8556d930fab83aec584',0,0,'',0,0,'2015-04-28 05:30:13','2015-04-28 05:32:15'),(1182,1,1,20,'',1,0,0,1,0,53967,'',0,0,'',0,0,'2015-04-28 07:34:37','2015-04-28 10:10:14'),(1183,1,1,0,'',1,274,274,1,237,54031,'aa2d9a32c7ee998f022d8cc8384788fb',0,0,'',0,0,'2015-04-28 10:43:45','2015-04-28 10:43:45'),(1184,1,1,20,'a:1:{i:281;s:3:\"20,\";}',1,281,282,1,244,54051,'a712f582b1a0517ccb1f91468be8fcbd',0,0,'',0,0,'2015-04-28 12:06:00','2015-04-28 12:13:07'),(1185,1,1,20,'',1,0,0,1,0,54084,'',0,0,'',0,0,'2015-04-28 12:58:08','2015-04-28 12:58:09'),(1186,1,1,18,'a:1:{i:283;s:3:\"18,\";}',3,283,283,1,245,54143,'50b55b18bb7eb9cfdbf06556f4524ba5',0,0,'',0,0,'2015-04-28 15:28:20','2015-04-28 15:31:04'),(1187,1,1,20,'',1,0,0,1,0,54162,'',0,0,'',0,0,'2015-04-28 16:04:53','2015-04-28 16:04:54'),(1188,1,1,20,'',1,0,0,1,0,54208,'',0,0,'',0,0,'2015-04-28 17:45:44','2015-04-28 17:45:45'),(1189,1,1,20,'',1,0,0,1,0,54250,'',0,0,'',0,0,'2015-04-28 19:39:58','2015-04-28 21:46:26'),(1190,1,1,20,'',1,0,0,1,0,54279,'',0,0,'',0,0,'2015-04-28 21:55:38','2015-04-28 21:55:38'),(1191,1,1,20,'',1,0,0,1,0,54326,'',0,0,'',0,0,'2015-04-28 22:08:52','2015-04-28 22:08:53'),(1192,1,1,20,'',3,0,0,1,0,54390,'',0,0,'',0,0,'2015-04-29 00:52:09','2015-04-29 00:52:09'),(1193,1,1,20,'',3,0,0,1,0,54385,'',0,0,'',0,0,'2015-04-29 01:04:35','2015-04-29 01:04:36'),(1194,1,1,20,'',3,0,0,1,0,54466,'',0,0,'',0,0,'2015-04-29 05:36:06','2015-04-29 05:36:07'),(1195,1,1,20,'',3,0,0,1,0,54486,'',0,0,'',0,0,'2015-04-29 06:09:19','2015-04-29 06:09:20'),(1196,1,1,20,'',3,0,0,1,0,54521,'',0,0,'',0,0,'2015-04-29 08:24:26','2015-04-29 08:25:04'),(1197,1,1,20,'',1,0,0,1,0,54524,'',0,0,'',0,0,'2015-04-29 08:50:15','2015-04-29 08:50:16'),(1198,1,1,20,'',3,0,0,1,0,54535,'',0,0,'',0,0,'2015-04-29 09:25:53','2015-04-29 11:01:45'),(1199,1,1,20,'',3,0,0,1,0,54545,'',0,0,'',0,0,'2015-04-29 10:18:30','2015-04-29 10:18:31'),(1200,1,1,20,'a:1:{i:284;s:3:\"20,\";}',1,284,284,1,246,54549,'f879cbb5e5b1e5caa7117ce976329351',0,0,'',0,0,'2015-04-29 10:23:03','2015-04-29 10:28:28'),(1201,1,1,20,'',3,0,0,1,0,54667,'',0,0,'',0,0,'2015-04-29 13:22:22','2015-04-29 13:22:24'),(1202,1,1,20,'',3,0,0,1,0,54720,'',0,0,'',0,0,'2015-04-29 15:17:27','2015-04-29 15:19:07'),(1203,1,1,20,'',3,0,0,1,0,54884,'',0,0,'',0,0,'2015-04-29 17:42:34','2015-04-29 17:43:09'),(1204,1,1,20,'',1,0,0,1,0,54881,'',0,0,'',0,0,'2015-04-29 17:46:28','2015-04-29 17:56:44'),(1205,1,1,20,'',3,0,0,1,0,54954,'',0,0,'',0,0,'2015-04-29 20:39:55','2015-04-29 20:50:13'),(1206,1,1,20,'',1,0,0,1,0,54960,'',0,0,'',0,0,'2015-04-29 20:56:01','2015-04-29 20:56:01'),(1207,1,1,20,'',1,0,0,1,0,54961,'',0,0,'',0,0,'2015-04-29 20:56:39','2015-04-29 21:00:37'),(1208,1,1,20,'',3,0,0,1,0,55007,'',0,0,'',0,0,'2015-04-29 23:23:07','2015-04-29 23:23:08'),(1209,1,1,0,'a:1:{i:285;s:3:\"20,\";}',3,285,285,1,247,55026,'2e06247efa61e5991d965d3e44cd548a',0,0,'',0,0,'2015-04-30 00:03:47','2015-04-30 00:07:09'),(1210,1,1,20,'',3,0,0,1,0,55029,'',0,0,'',0,0,'2015-04-30 00:19:36','2015-04-30 00:19:36'),(1211,1,1,20,'',1,0,0,1,0,55031,'',0,0,'',0,0,'2015-04-30 05:33:05','2015-04-30 09:41:07'),(1212,1,1,20,'',3,0,0,1,0,55175,'',0,0,'',0,0,'2015-04-30 09:17:06','2015-04-30 09:17:07'),(1213,1,1,20,'',1,0,0,1,0,55302,'',0,0,'',0,0,'2015-04-30 14:49:12','2015-04-30 14:49:12'),(1214,1,1,20,'',3,0,0,1,0,55323,'',0,0,'',0,0,'2015-04-30 15:59:20','2015-04-30 16:02:59'),(1215,1,1,20,'',3,0,0,1,0,55364,'',0,0,'',0,0,'2015-04-30 17:25:13','2015-04-30 17:25:13'),(1216,1,1,20,'',3,0,0,1,0,55388,'',0,0,'',0,0,'2015-04-30 18:29:57','2015-04-30 18:31:28'),(1217,1,1,20,'',3,0,0,1,0,55421,'',0,0,'',0,0,'2015-04-30 20:23:26','2015-04-30 20:23:52'),(1218,1,1,18,'a:1:{i:287;s:3:\"18,\";}',3,287,287,1,249,55426,'8011302cf634f2a0aa436c16b8c251bc',0,0,'',0,0,'2015-04-30 20:56:25','2015-04-30 21:04:19'),(1219,1,1,0,'a:1:{i:288;s:3:\"20,\";}',3,288,290,1,250,55428,'11a931da002ca20460f681c17d8c5ef4',0,0,'',0,0,'2015-04-30 21:10:32','2015-04-30 22:13:42'),(1220,1,1,20,'',1,0,0,1,0,55530,'',0,0,'',0,0,'2015-05-01 01:59:29','2015-05-01 01:59:30'),(1221,1,1,20,'',3,0,0,1,0,55611,'',0,0,'',0,0,'2015-05-01 08:20:10','2015-05-01 08:20:11'),(1222,1,1,20,'',3,0,0,1,0,55614,'',0,0,'',0,0,'2015-05-01 08:41:51','2015-05-01 08:41:52'),(1223,1,1,20,'a:1:{i:293;s:3:\"20,\";}',3,293,293,1,253,55654,'9a8f401c71cbe3cb9ae8b20d66f342c1',0,0,'',0,0,'2015-05-01 11:13:51','2015-05-01 17:04:39'),(1224,1,1,20,'a:1:{i:291;s:3:\"20,\";}',1,291,291,1,251,55785,'ea8c7c6ff4b26c38099802dd0b3bf8e5',0,0,'',0,0,'2015-05-01 16:03:19','2015-05-01 21:38:11'),(1225,1,1,20,'',3,0,0,1,0,55792,'',0,0,'',0,0,'2015-05-01 16:07:17','2015-05-01 16:09:54'),(1226,1,1,20,'a:1:{i:292;s:3:\"20,\";}',3,292,292,1,252,55804,'1b1e1759f61bd195b8d8576a8db28b5e',0,0,'',0,0,'2015-05-01 16:38:26','2015-05-01 16:39:07'),(1227,1,1,20,'',3,0,0,1,0,55584,'',0,0,'',0,0,'2015-05-01 17:10:25','2015-05-01 17:10:56'),(1228,1,1,0,'',1,50,50,1,45,55830,'36b78256cce8d71db8fa449d77e752a0',0,0,'',0,0,'2015-05-01 17:22:31','2015-05-01 17:22:31'),(1229,1,1,11,'a:1:{i:0;s:3:\"11,\";}',3,0,0,1,0,55841,'',0,0,'',0,0,'2015-05-01 17:50:16','2015-05-01 17:50:50'),(1230,1,1,20,'',3,0,0,1,0,55882,'',0,0,'',0,0,'2015-05-01 19:47:45','2015-05-01 19:48:13'),(1231,1,1,20,'',3,0,0,1,0,55889,'',0,0,'',0,0,'2015-05-01 19:52:52','2015-05-01 19:55:31'),(1232,1,1,20,'',3,0,0,1,0,55634,'',0,0,'',0,0,'2015-05-01 19:58:19','2015-05-01 20:00:34'),(1233,1,1,20,'',1,0,0,1,0,56254,'',0,0,'',0,0,'2015-05-01 20:26:33','2015-05-01 20:26:34'),(1234,1,1,20,'',1,0,0,1,0,56276,'',0,0,'',0,0,'2015-05-01 22:53:46','2015-05-01 22:53:46'),(1235,1,1,20,'',3,0,0,1,0,56297,'',0,0,'',0,0,'2015-05-01 23:20:00','2015-05-01 23:20:01'),(1236,1,1,20,'',3,0,0,1,0,56392,'',0,0,'',0,0,'2015-05-02 06:45:03','2015-05-02 06:45:04'),(1237,1,1,20,'',3,0,0,1,0,56409,'',0,0,'',0,0,'2015-05-02 07:48:28','2015-05-02 07:48:29'),(1238,1,1,20,'',3,0,0,1,0,56419,'',0,0,'',0,0,'2015-05-02 08:04:09','2015-05-02 08:04:10'),(1239,1,1,20,'',3,0,0,1,0,56441,'',0,0,'',0,0,'2015-05-02 09:30:00','2015-05-02 11:40:42'),(1240,1,1,20,'',1,0,0,1,0,56464,'',0,0,'',0,0,'2015-05-02 11:02:14','2015-05-02 11:02:14'),(1241,1,1,18,'a:1:{i:56;s:3:\"18,\";}',3,56,56,1,50,56366,'f841f9b9b7bff06584f9f9bf6f7f351a',0,0,'',0,0,'2015-05-02 16:03:04','2015-05-02 16:03:35'),(1242,1,1,20,'',3,0,0,1,0,56596,'',0,0,'',0,0,'2015-05-02 18:19:48','2015-05-02 18:22:48'),(1243,1,1,11,'a:1:{i:294;s:3:\"11,\";}',3,294,294,1,254,56606,'53f92104a96a488b508fed2656803a8e',0,0,'',0,0,'2015-05-02 19:01:00','2015-05-02 19:02:29'),(1244,1,1,20,'',1,0,0,1,0,56617,'',0,0,'',0,0,'2015-05-02 19:38:30','2015-05-02 19:38:31'),(1245,1,1,20,'',3,0,0,1,0,56626,'',0,0,'',0,0,'2015-05-02 20:06:26','2015-05-02 20:06:27'),(1246,1,1,20,'a:1:{i:295;s:3:\"20,\";}',3,295,295,1,255,57097,'fbaa38efdfdaff696ff65c7232e69477',0,0,'',0,0,'2015-05-03 16:10:34','2015-05-03 16:25:54'),(1247,1,1,0,'',3,293,293,1,253,57183,'9a8f401c71cbe3cb9ae8b20d66f342c1',0,0,'',0,0,'2015-05-03 20:19:31','2015-05-03 20:19:31'),(1248,1,1,20,'',3,0,0,1,0,57310,'',0,0,'',0,0,'2015-05-04 04:01:00','2015-05-04 04:01:01'),(1249,1,1,20,'',3,0,0,1,0,57304,'',0,0,'',0,0,'2015-05-04 04:50:05','2015-05-04 04:50:06'),(1250,1,1,20,'',1,0,0,1,0,58081,'',0,0,'',0,0,'2015-05-04 09:24:50','2015-05-04 09:24:51'),(1251,1,1,20,'a:1:{i:296;s:3:\"20,\";}',3,296,296,1,256,58097,'720f194bfd75c97ad3a2081a9d6cee1e',0,0,'',0,0,'2015-05-04 10:07:38','2015-05-04 11:17:01'),(1252,1,1,20,'',1,0,0,1,0,58204,'',0,0,'',0,0,'2015-05-04 14:46:13','2015-05-04 14:46:16'),(1253,1,1,20,'',3,0,0,1,0,58212,'',0,0,'',0,0,'2015-05-04 15:08:49','2015-05-04 15:13:50'),(1254,1,1,12,'a:1:{i:0;s:3:\"12,\";}',3,0,0,1,0,58216,'',0,0,'',0,0,'2015-05-04 15:34:26','2015-05-04 15:35:20'),(1255,1,1,20,'',3,0,0,1,0,58219,'',0,0,'',0,0,'2015-05-04 15:37:04','2015-05-04 15:39:04'),(1256,1,1,20,'',1,0,0,1,0,58243,'',0,0,'',0,0,'2015-05-04 16:53:36','2015-05-04 20:51:04'),(1257,1,1,20,'',3,0,0,1,0,58247,'',0,0,'',0,0,'2015-05-04 17:05:07','2015-05-04 17:06:26'),(1258,1,1,18,'a:1:{i:0;s:3:\"18,\";}',3,0,0,1,0,58258,'',0,0,'',0,0,'2015-05-04 17:58:39','2015-05-04 18:00:47'),(1259,1,1,20,'',3,0,0,1,0,58276,'',0,0,'',0,0,'2015-05-04 18:42:54','2015-05-04 18:42:56'),(1260,1,1,20,'',3,0,0,1,0,58320,'',0,0,'',0,0,'2015-05-04 21:41:33','2015-05-04 22:53:56'),(1261,1,1,20,'',1,0,0,1,0,58339,'',0,0,'',0,0,'2015-05-04 22:04:12','2015-05-04 22:04:12'),(1262,1,1,11,'a:1:{i:0;s:3:\"11,\";}',3,0,0,1,0,58405,'',0,0,'',0,0,'2015-05-05 01:01:36','2015-05-05 01:15:50'),(1263,1,1,20,'',3,0,0,1,0,58422,'',0,0,'',0,0,'2015-05-05 01:50:43','2015-05-05 01:58:42'),(1264,1,1,18,'a:1:{i:286;s:3:\"18,\";}',1,286,286,1,248,58463,'179d739ce73759ba3c0714aad6138b63',0,0,'',0,0,'2015-05-05 04:23:46','2015-05-05 06:16:10'),(1265,1,1,0,'',1,0,0,1,0,58508,'',0,0,'',0,0,'2015-05-05 07:14:51','2015-05-05 08:52:53'),(1266,1,1,0,'',3,293,293,1,253,58513,'9a8f401c71cbe3cb9ae8b20d66f342c1',0,0,'',0,0,'2015-05-05 07:39:01','2015-05-05 07:39:01'),(1267,1,1,18,'a:1:{i:297;s:3:\"18,\";}',3,297,297,1,257,58514,'94bbad38896cc02eb59f19b49ad58458',0,0,'',0,0,'2015-05-05 07:47:07','2015-05-05 18:17:52'),(1268,1,1,0,'',3,111,111,1,96,58517,'055b42c9d09a274acca4671268509bc0',0,0,'',0,0,'2015-05-05 07:51:59','2015-05-05 07:51:59'),(1269,1,1,20,'',1,0,0,1,0,58702,'',0,0,'',0,0,'2015-05-05 16:37:19','2015-05-05 16:37:19'),(1270,1,1,20,'',3,0,0,1,0,58998,'',0,0,'',0,0,'2015-05-05 21:20:04','2015-05-05 21:33:59'),(1271,1,1,0,'',1,298,298,1,258,59075,'54441e9779795d8d372c3e5c96e4dce6',0,0,'',0,0,'2015-05-06 01:55:44','2015-05-06 14:09:27'),(1272,1,1,20,'',3,298,298,1,258,59084,'54441e9779795d8d372c3e5c96e4dce6',0,0,'',0,0,'2015-05-06 02:48:12','2015-05-06 02:59:16'),(1273,1,1,20,'',3,0,0,1,0,59120,'',0,0,'',0,0,'2015-05-06 04:44:50','2015-05-06 04:47:45'),(1274,1,1,11,'a:1:{i:299;s:3:\"11,\";}',1,299,299,1,259,59371,'6c4bd691b2ca5649650736a6d1329f2e',0,0,'',0,0,'2015-05-06 08:39:37','2015-05-06 08:43:08'),(1275,1,1,20,'',3,0,0,1,0,59529,'',0,0,'',0,0,'2015-05-06 18:16:48','2015-05-06 18:16:49'),(1276,1,1,20,'a:1:{i:300;s:3:\"20,\";}',3,300,300,1,260,59600,'7ea7463d6ce442202740761598a0b0e8',0,0,'',0,0,'2015-05-06 18:42:13','2015-05-06 19:11:54'),(1277,1,1,20,'a:1:{i:301;s:3:\"20,\";}',3,301,301,1,261,59616,'e5b9bb97aa39683e4d5c9ebda51c2135',0,0,'',0,0,'2015-05-06 19:14:40','2015-05-06 19:16:01'),(1278,1,1,20,'',3,0,0,1,0,59643,'',0,0,'',0,0,'2015-05-06 20:16:58','2015-05-06 20:17:01'),(1279,1,1,0,'',3,293,293,1,253,59657,'9a8f401c71cbe3cb9ae8b20d66f342c1',0,0,'',0,0,'2015-05-06 20:37:25','2015-05-06 20:37:25'),(1280,1,1,20,'a:1:{i:303;s:3:\"20,\";}',1,303,303,1,263,59680,'59884408c02b60e846044df09f3f430d',0,0,'',0,0,'2015-05-06 22:01:00','2015-05-06 22:03:23'),(1281,1,1,20,'',3,0,0,1,0,59678,'',0,0,'',0,0,'2015-05-06 22:02:59','2015-05-06 22:03:00'),(1282,1,1,20,'',3,0,0,1,0,59687,'',0,0,'',0,0,'2015-05-06 22:26:29','2015-05-06 22:27:44'),(1283,1,1,20,'',1,0,0,1,0,59696,'',0,0,'',0,0,'2015-05-06 22:56:36','2015-05-07 10:24:07'),(1284,1,1,20,'',3,0,0,1,0,59713,'',0,0,'',0,0,'2015-05-07 00:38:50','2015-05-07 00:38:51'),(1285,1,1,20,'',3,0,0,1,0,59728,'',0,0,'',0,0,'2015-05-07 01:00:26','2015-05-07 01:27:04'),(1286,1,1,20,'',3,0,0,1,0,59780,'',0,0,'',0,0,'2015-05-07 04:48:33','2015-05-07 04:48:34'),(1287,1,1,20,'a:1:{i:304;s:3:\"20,\";}',3,304,304,1,264,59968,'33b227cfe7462424b346c87cb246741e',0,0,'',0,0,'2015-05-07 07:21:05','2015-05-07 07:23:05'),(1288,1,1,20,'',3,0,0,1,0,60121,'',0,0,'',0,0,'2015-05-07 09:29:01','2015-05-07 09:29:37'),(1289,1,1,20,'',3,0,0,1,0,60166,'',0,0,'',0,0,'2015-05-07 11:06:02','2015-05-07 11:06:03'),(1290,1,1,20,'',1,0,0,1,0,60184,'',0,0,'',0,0,'2015-05-07 11:41:09','2015-05-07 11:42:26'),(1291,1,1,20,'',3,0,0,1,0,60241,'',0,0,'',0,0,'2015-05-07 13:56:44','2015-05-07 13:56:44'),(1292,1,1,20,'',3,0,0,1,0,60345,'',0,0,'',0,0,'2015-05-07 15:16:45','2015-05-08 00:57:44'),(1293,1,1,20,'',3,0,0,1,0,60645,'',0,0,'',0,0,'2015-05-07 16:08:24','2015-05-07 16:08:25'),(1294,1,1,20,'',1,0,0,1,0,60646,'',0,0,'',0,0,'2015-05-07 16:18:10','2015-05-07 16:18:14'),(1295,1,1,20,'a:1:{i:304;s:3:\"20,\";}',3,304,304,1,264,59968,'33b227cfe7462424b346c87cb246741e',0,0,'',0,0,'2015-05-07 19:02:20','2015-05-07 19:02:20'),(1296,1,1,20,'',3,0,0,1,0,61015,'',0,0,'',0,0,'2015-05-07 23:49:03','2015-05-07 23:49:04'),(1297,1,1,20,'',1,0,0,1,0,60981,'',0,0,'',0,0,'2015-05-08 02:09:52','2015-05-08 02:09:52'),(1298,1,1,20,'',3,0,0,1,0,61073,'',0,0,'',0,0,'2015-05-08 04:46:49','2015-05-08 04:49:08'),(1299,1,1,20,'',3,0,0,1,0,61130,'',0,0,'',0,0,'2015-05-08 09:21:16','2015-05-08 17:49:29'),(1300,1,1,20,'',1,0,0,1,0,61164,'',0,0,'',0,0,'2015-05-08 11:27:37','2015-05-08 11:27:38'),(1301,1,1,20,'',1,0,0,1,0,61169,'',0,0,'',0,0,'2015-05-08 11:36:34','2015-05-08 11:36:35'),(1302,1,1,20,'a:1:{i:306;s:3:\"20,\";}',1,306,306,1,266,61170,'b40853ad8ddcf4b2e9c1885c15bbbee8',0,0,'',0,0,'2015-05-08 11:38:32','2015-05-08 11:41:24'),(1303,1,1,20,'',1,0,0,1,0,61299,'',0,0,'',0,0,'2015-05-08 16:45:40','2015-05-08 16:45:40'),(1304,1,1,20,'',3,307,307,1,267,61146,'0b835a52c05d1ad2e59e2b883c1b144e',0,0,'',0,0,'2015-05-08 17:06:11','2015-05-08 17:06:11'),(1305,1,1,18,'a:1:{i:308;s:3:\"20,\";}',3,308,308,1,268,61330,'6463242691790698acbd9b5fd679e7b1',0,0,'',0,0,'2015-05-08 18:20:09','2015-05-08 19:04:28'),(1306,1,1,20,'',1,0,0,1,0,61352,'',0,0,'',0,0,'2015-05-08 19:25:36','2015-05-08 19:25:36'),(1307,1,1,20,'',3,0,0,1,0,61283,'',0,0,'',0,0,'2015-05-08 22:21:14','2015-05-08 22:24:06'),(1308,1,1,20,'',3,0,0,1,0,61473,'',0,0,'',0,0,'2015-05-09 03:26:45','2015-05-09 03:32:45'),(1309,1,1,20,'',3,0,0,1,0,61509,'',0,0,'',0,0,'2015-05-09 07:59:04','2015-05-09 07:59:04'),(1310,1,1,20,'',3,0,0,1,0,61589,'',0,0,'',0,0,'2015-05-09 11:27:55','2015-05-09 11:27:55'),(1311,1,1,20,'a:1:{i:309;s:3:\"20,\";}',3,309,309,1,269,61618,'69888da6a89564fc893e4c8bcdd1291b',0,0,'',0,0,'2015-05-09 13:20:25','2015-05-09 13:31:19'),(1312,1,1,20,'',1,0,0,1,0,62094,'',0,0,'',0,0,'2015-05-09 18:15:49','2015-05-09 18:15:50'),(1313,1,1,20,'',3,0,0,1,0,62095,'',0,0,'',0,0,'2015-05-09 18:23:43','2015-05-09 18:23:44'),(1314,1,1,18,'a:1:{i:311;s:3:\"18,\";}',3,311,311,1,267,62379,'0b835a52c05d1ad2e59e2b883c1b144e',0,0,'',0,0,'2015-05-09 23:52:29','2015-05-10 06:31:45'),(1315,1,1,20,'a:1:{i:0;s:3:\"20,\";}',3,0,0,1,0,62272,'',0,0,'',0,0,'2015-05-10 00:19:08','2015-05-10 00:22:50'),(1316,1,1,20,'',1,0,0,1,0,62386,'',0,0,'',0,0,'2015-05-10 00:29:15','2015-05-10 00:29:15'),(1317,1,1,18,'a:1:{i:310;s:3:\"20,\";}',3,310,310,1,270,62419,'5b49f36446c5154d9dc2fe260d6baceb',0,0,'',0,0,'2015-05-10 03:00:51','2015-05-10 03:02:15'),(1318,1,1,20,'',3,0,0,1,0,62494,'',0,0,'',0,0,'2015-05-10 06:09:28','2015-05-10 06:09:29'),(1319,1,1,20,'',1,0,0,1,0,62493,'',0,0,'',0,0,'2015-05-10 06:10:09','2015-05-10 06:48:20'),(1320,1,1,20,'',3,0,0,1,0,62519,'',0,0,'',0,0,'2015-05-10 08:34:29','2015-05-10 08:36:33'),(1321,1,1,20,'',3,0,0,1,0,62541,'',0,0,'',0,0,'2015-05-10 09:24:36','2015-05-10 09:24:37'),(1322,1,1,20,'',3,0,0,1,0,62788,'',0,0,'',0,0,'2015-05-10 13:48:40','2015-05-10 13:49:59'),(1323,1,1,20,'',3,312,312,1,271,62841,'585206e92ce0916f27bbb9369052f927',0,0,'',0,0,'2015-05-10 16:38:49','2015-05-10 16:46:16'),(1324,1,1,20,'',3,0,0,1,0,62846,'',0,0,'',0,0,'2015-05-10 16:53:18','2015-05-10 16:53:25'),(1325,1,1,20,'',3,0,0,1,0,62867,'',0,0,'',0,0,'2015-05-10 17:35:22','2015-05-10 21:04:56'),(1326,1,1,20,'',3,0,0,1,0,62392,'',0,0,'',0,0,'2015-05-10 17:45:57','2015-05-11 10:52:01'),(1327,1,1,20,'a:1:{i:0;s:3:\"20,\";}',1,0,0,1,0,62887,'',0,0,'',0,0,'2015-05-10 18:24:49','2015-05-10 21:21:11'),(1328,1,1,0,'',3,314,314,1,273,62954,'5fda8c2f9e96550f90f3a077d147d18d',0,0,'',0,0,'2015-05-11 01:46:53','2015-05-11 07:07:04'),(1329,1,1,20,'',3,0,0,1,0,63053,'',0,0,'',0,0,'2015-05-11 04:06:46','2015-05-11 04:06:47'),(1330,1,1,20,'',1,0,0,1,0,63216,'',0,0,'',0,0,'2015-05-11 12:13:40','2015-05-11 12:13:40'),(1331,1,1,0,'',1,306,306,1,266,63231,'b40853ad8ddcf4b2e9c1885c15bbbee8',0,0,'',0,0,'2015-05-11 12:30:54','2015-05-11 12:30:54'),(1332,1,1,20,'',3,0,0,1,0,63323,'',0,0,'',0,0,'2015-05-11 15:22:36','2015-05-11 15:23:25'),(1333,1,1,0,'',1,122,122,1,106,63175,'8563f7ca7706bdc30b6f2e6e11a9adfd',0,0,'',0,0,'2015-05-11 16:25:10','2015-05-11 16:25:10'),(1334,1,1,18,'a:1:{i:316;s:3:\"18,\";}',3,316,316,1,275,63364,'26002f6c34333eaf8b1e7590fa1a18f5',0,0,'',0,0,'2015-05-11 16:54:09','2015-05-11 22:38:48'),(1335,1,1,20,'',3,0,0,1,0,63382,'',0,0,'',0,0,'2015-05-11 17:40:05','2015-05-11 17:50:06'),(1336,1,1,20,'a:1:{i:237;s:3:\"20,\";}',3,237,237,1,203,63386,'57b068ec4227107e817f7c5e4b554b01',0,0,'',0,0,'2015-05-11 17:45:32','2015-05-11 17:50:54'),(1337,1,1,18,'',3,314,314,1,273,63427,'5fda8c2f9e96550f90f3a077d147d18d',0,0,'',0,0,'2015-05-11 20:02:16','2015-05-11 20:02:35'),(1338,1,1,18,'a:1:{i:186;s:3:\"18,\";}',3,186,186,1,162,63479,'238e3ed76868bee64f264c6de3ef4de7',0,0,'',0,0,'2015-05-11 23:03:40','2015-05-11 23:03:59'),(1339,1,1,11,'a:1:{i:0;s:3:\"11,\";}',3,0,0,1,0,63481,'',0,0,'',0,0,'2015-05-11 23:10:39','2015-05-11 23:11:20'),(1340,1,1,20,'',3,0,0,1,0,63507,'',0,0,'',0,0,'2015-05-12 00:13:33','2015-05-12 00:15:19'),(1341,1,1,11,'a:1:{i:0;s:3:\"11,\";}',3,0,0,1,0,64152,'',0,0,'',0,0,'2015-05-12 13:07:27','2015-05-12 13:08:34'),(1342,1,1,18,'',3,318,318,1,277,63828,'048caf8dca702e0cc9c3df61a98690f7',0,0,'',0,0,'2015-05-12 13:21:31','2015-05-12 13:21:32'),(1343,1,1,0,'',1,263,263,1,227,64250,'afee0c81ab31adba3c563ddad8c9c569',0,0,'',0,0,'2015-05-12 16:13:01','2015-05-12 16:13:01'),(1344,1,1,0,'',1,316,316,1,275,64321,'26002f6c34333eaf8b1e7590fa1a18f5',0,0,'',0,0,'2015-05-12 17:59:24','2015-05-12 21:50:30'),(1345,1,1,20,'',1,0,0,1,0,64342,'',0,0,'',0,0,'2015-05-12 18:53:42','2015-05-12 19:05:52'),(1346,1,1,18,'a:1:{i:319;s:3:\"18,\";}',3,319,319,1,278,64387,'70c2f429625b00e1c6b4367d6c4b01cb',0,0,'',0,0,'2015-05-12 20:09:55','2015-05-13 06:04:21'),(1347,1,1,20,'',3,0,0,1,0,64432,'',0,0,'',0,0,'2015-05-12 22:17:42','2015-05-12 22:17:43'),(1348,1,1,20,'',3,0,0,1,0,64728,'',0,0,'',0,0,'2015-05-13 03:20:12','2015-05-13 03:30:15'),(1349,1,1,11,'a:1:{i:0;s:3:\"11,\";}',3,0,0,1,0,64757,'',0,0,'',0,0,'2015-05-13 03:53:12','2015-05-13 03:54:02'),(1350,1,1,20,'',3,0,0,1,0,64855,'',0,0,'',0,0,'2015-05-13 08:16:12','2015-05-13 08:20:05'),(1351,1,1,20,'',3,0,0,1,0,64856,'',0,0,'',0,0,'2015-05-13 08:18:08','2015-05-13 08:19:41'),(1352,1,1,20,'a:1:{i:320;s:3:\"20,\";}',1,320,321,1,279,64944,'f2c340c37e2c77049ee27172bca96c70',0,0,'',0,0,'2015-05-13 10:38:34','2015-05-13 10:48:47'),(1353,1,1,20,'',3,0,0,1,0,64958,'',0,0,'',0,0,'2015-05-13 11:10:14','2015-05-13 11:13:01'),(1354,1,1,20,'',3,0,0,1,0,65008,'',0,0,'',0,0,'2015-05-13 12:45:24','2015-05-13 12:48:16'),(1355,1,1,18,'a:1:{i:322;s:3:\"18,\";}',3,322,323,1,280,65106,'fa8f10a10768681ac9cbda2ff45e3e8c',0,0,'',0,0,'2015-05-13 15:00:58','2015-05-13 15:16:10'),(1356,1,1,20,'',1,0,0,1,0,65152,'',0,0,'',0,0,'2015-05-13 16:55:54','2015-05-13 16:55:55'),(1357,1,1,0,'',1,186,186,1,162,65235,'238e3ed76868bee64f264c6de3ef4de7',0,0,'',0,0,'2015-05-13 20:27:15','2015-05-13 22:05:01'),(1358,1,1,20,'',3,0,0,1,0,65247,'',0,0,'',0,0,'2015-05-13 21:07:38','2015-05-13 21:07:40'),(1359,1,1,20,'',3,0,0,1,0,65307,'',0,0,'',0,0,'2015-05-13 23:37:15','2015-05-13 23:37:16'),(1360,1,1,11,'a:1:{i:324;s:3:\"11,\";}',3,324,324,1,281,65417,'0c5e24230f17017523ab70551aed10a0',0,0,'',0,0,'2015-05-14 06:40:47','2015-05-14 06:47:24'),(1361,1,1,20,'',1,0,0,1,0,65992,'',0,0,'',0,0,'2015-05-14 14:15:21','2015-05-14 14:15:23'),(1362,1,1,20,'',3,0,0,1,0,66053,'',0,0,'',0,0,'2015-05-14 16:27:49','2015-05-14 21:05:44'),(1363,1,1,20,'a:1:{i:142;s:3:\"20,\";}',3,142,143,1,126,66225,'e9acc9305b237854697daf01ca253867',0,0,'',0,0,'2015-05-15 00:09:55','2015-05-15 00:18:44'),(1364,1,1,20,'',3,0,0,1,0,66262,'',0,0,'',0,0,'2015-05-15 02:27:02','2015-05-15 02:28:48'),(1365,1,1,20,'',3,0,0,1,0,66402,'',0,0,'',0,0,'2015-05-15 07:38:31','2015-05-15 07:44:22'),(1366,1,1,20,'a:1:{i:325;s:3:\"20,\";}',3,325,325,1,282,66639,'888999c5327120c780a683c189ee0b93',0,0,'',0,0,'2015-05-15 17:19:46','2015-05-15 17:21:48'),(1367,1,1,20,'',3,0,0,1,0,66702,'',0,0,'',0,0,'2015-05-15 20:05:02','2015-05-15 20:08:23'),(1368,1,1,20,'',3,0,0,1,0,66720,'',0,0,'',0,0,'2015-05-15 21:21:58','2015-05-15 21:26:38'),(1369,1,1,20,'',1,0,0,1,0,66774,'',0,0,'',0,0,'2015-05-15 23:21:07','2015-05-15 23:25:15'),(1370,1,1,20,'',3,0,0,1,0,66871,'',0,0,'',0,0,'2015-05-16 04:22:15','2015-05-16 04:22:33'),(1371,1,1,20,'',3,0,0,1,0,66943,'',0,0,'',0,0,'2015-05-16 08:54:24','2015-05-16 08:54:24'),(1372,1,1,20,'a:1:{i:291;s:3:\"20,\";}',3,291,291,1,251,66994,'ea8c7c6ff4b26c38099802dd0b3bf8e5',0,0,'',0,0,'2015-05-16 11:21:36','2015-05-16 11:24:11'),(1373,1,1,20,'',1,0,0,1,0,66998,'',0,0,'',0,0,'2015-05-16 11:39:16','2015-05-16 11:39:17'),(1374,1,1,20,'',1,0,0,1,0,67422,'',0,0,'',0,0,'2015-05-16 15:24:40','2015-05-16 15:24:40'),(1375,1,1,20,'a:1:{i:327;s:3:\"20,\";}',3,327,327,1,284,67431,'bdacf051307210b5e07eba329e505ff5',0,0,'',0,0,'2015-05-16 15:59:25','2015-05-16 16:01:31'),(1376,1,1,20,'a:1:{i:328;s:3:\"20,\";}',3,328,329,1,285,67439,'8ef31cfab1fcb464683b13a54a13fece',0,0,'',0,0,'2015-05-16 16:20:26','2015-05-16 16:23:15'),(1377,1,1,20,'',3,0,0,1,0,67455,'',0,0,'',0,0,'2015-05-16 17:14:20','2015-05-16 17:14:21'),(1378,1,1,0,'',3,122,122,1,106,67461,'8563f7ca7706bdc30b6f2e6e11a9adfd',0,0,'',0,0,'2015-05-16 17:23:46','2015-05-16 17:24:00'),(1379,1,1,20,'',1,0,0,1,0,67496,'',0,0,'',0,0,'2015-05-16 19:15:25','2015-05-16 19:15:26'),(1380,1,1,18,'a:1:{i:330;s:3:\"18,\";}',3,330,331,1,286,67584,'486697580c993aef881448e30b887a0b',0,0,'',0,0,'2015-05-17 00:19:24','2015-05-17 00:36:43'),(1381,1,1,20,'',3,0,0,1,0,67641,'',0,0,'',0,0,'2015-05-17 06:15:17','2015-05-17 06:15:18'),(1382,1,1,20,'',3,0,0,1,0,67447,'',0,0,'',0,0,'2015-05-17 09:13:52','2015-05-17 09:13:55'),(1383,1,1,20,'',1,0,0,1,0,67727,'',0,0,'',0,0,'2015-05-17 11:50:04','2015-05-17 11:50:07'),(1384,1,1,20,'',3,0,0,1,0,67749,'',0,0,'',0,0,'2015-05-17 13:59:24','2015-05-17 13:59:25'),(1385,1,1,20,'',3,0,0,1,0,67787,'',0,0,'',0,0,'2015-05-17 14:46:56','2015-05-17 18:14:46'),(1386,1,1,20,'',3,0,0,1,0,67840,'',0,0,'',0,0,'2015-05-17 16:43:58','2015-05-17 16:43:59'),(1387,1,1,20,'a:1:{i:332;s:3:\"20,\";}',3,332,333,1,287,67866,'110dc591741fd0bdc51ea66769807fb4',0,0,'',0,0,'2015-05-17 18:05:42','2015-05-17 18:24:00'),(1388,1,1,20,'',1,0,0,1,0,67922,'',0,0,'',0,0,'2015-05-17 20:56:03','2015-05-17 21:03:24'),(1389,1,1,18,'a:1:{i:334;s:3:\"18,\";}',3,334,334,1,288,68211,'6f4ddee0b25577f8cc19eee5c8d605cc',0,0,'',0,0,'2015-05-18 02:49:06','2015-05-18 02:50:27'),(1390,1,1,20,'',1,0,0,1,0,68235,'',0,0,'',0,0,'2015-05-18 05:58:25','2015-05-18 05:58:26'),(1391,1,1,20,'',3,0,0,1,0,68357,'',0,0,'',0,0,'2015-05-18 10:07:20','2015-05-18 10:07:21'),(1392,1,1,20,'',3,0,0,1,0,68461,'',0,0,'',0,0,'2015-05-18 12:37:47','2015-05-18 15:02:56'),(1393,1,1,20,'',3,0,0,1,0,68580,'',0,0,'',0,0,'2015-05-18 17:42:17','2015-05-18 17:42:17'),(1394,1,1,0,'',3,237,237,1,203,68621,'57b068ec4227107e817f7c5e4b554b01',0,0,'',0,0,'2015-05-18 19:17:51','2015-05-18 19:17:51'),(1395,1,1,20,'',1,0,0,1,0,68333,'',0,0,'',0,0,'2015-05-18 19:27:31','2015-05-18 19:27:31'),(1396,1,1,20,'',1,335,335,1,289,68594,'117f600c043fc7c6fd30cb6eea1b34fe',0,0,'',0,0,'2015-05-18 20:28:11','2015-05-18 20:34:15'),(1397,1,1,20,'',1,0,0,1,0,68654,'',0,0,'',0,0,'2015-05-19 00:13:11','2015-05-19 00:13:12'),(1398,1,1,18,'a:1:{i:0;s:3:\"18,\";}',1,0,0,1,0,69169,'',0,0,'',0,0,'2015-05-19 08:28:07','2015-05-19 08:28:29'),(1399,1,1,20,'',3,0,0,1,0,69164,'',0,0,'',0,0,'2015-05-19 08:51:28','2015-05-19 08:53:26'),(1400,1,1,20,'',3,0,0,1,0,69190,'',0,0,'',0,0,'2015-05-19 09:47:21','2015-05-19 09:47:21'),(1401,1,1,0,'',1,335,335,1,289,69192,'117f600c043fc7c6fd30cb6eea1b34fe',0,0,'',0,0,'2015-05-19 09:50:06','2015-05-19 09:50:06'),(1402,1,1,20,'',3,0,0,1,0,69257,'',0,0,'',0,0,'2015-05-19 12:33:09','2015-05-19 12:33:10'),(1403,1,1,20,'',3,0,0,1,0,69279,'',0,0,'',0,0,'2015-05-19 13:08:34','2015-05-19 13:08:34'),(1404,1,1,20,'',3,0,0,1,0,69373,'',0,0,'',0,0,'2015-05-19 15:50:25','2015-05-19 15:51:08'),(1405,1,1,0,'',3,237,237,1,203,69465,'57b068ec4227107e817f7c5e4b554b01',0,0,'',0,0,'2015-05-19 18:51:53','2015-05-19 18:51:53'),(1406,1,1,0,'',1,335,335,1,289,69193,'117f600c043fc7c6fd30cb6eea1b34fe',0,0,'',0,0,'2015-05-19 20:26:36','2015-05-19 20:26:36'),(1407,1,1,0,'',3,36,36,1,32,69388,'9a34c8a0e0d55d0cf93336b56b3d4bf6',0,0,'',0,0,'2015-05-19 23:07:29','2015-05-20 02:36:35'),(1408,1,1,0,'a:1:{i:336;s:3:\"20,\";}',3,336,336,1,290,69615,'06f6186dfd6b3d8772d7c54e15767689',0,0,'',0,0,'2015-05-20 00:55:36','2015-05-20 00:57:15'),(1409,1,1,20,'',3,0,0,1,0,69677,'',0,0,'',0,0,'2015-05-20 04:57:01','2015-05-20 04:57:01'),(1410,1,1,20,'',3,0,0,1,0,69679,'',0,0,'',0,0,'2015-05-20 05:10:03','2015-05-20 05:10:07'),(1411,1,1,20,'',3,0,0,1,0,69706,'',0,0,'',0,0,'2015-05-20 07:15:10','2015-05-20 07:15:11'),(1412,1,1,0,'a:1:{i:339;s:3:\"20,\";}',3,339,339,1,293,70044,'34ca58266c2a0244bd74274ed6650c43',0,0,'',0,0,'2015-05-20 14:28:59','2015-05-20 14:41:13'),(1413,1,1,20,'a:1:{i:338;s:3:\"20,\";}',1,338,338,1,292,70049,'70990b7edc701cf5d4d539e85ec33930',0,0,'',0,0,'2015-05-20 14:30:13','2015-05-20 14:32:00'),(1414,1,1,20,'',1,0,0,1,0,70050,'',0,0,'',0,0,'2015-05-20 14:30:32','2015-05-20 14:30:32'),(1415,1,1,20,'a:1:{i:337;s:3:\"20,\";}',1,337,337,1,291,70048,'f6acfc58197854861cb1b58866244a34',0,0,'',0,0,'2015-05-20 14:30:44','2015-05-20 14:31:45'),(1416,1,1,20,'',3,0,0,1,0,70156,'',0,0,'',0,0,'2015-05-20 18:36:10','2015-05-20 23:26:02'),(1417,1,1,20,'',3,0,0,1,0,70198,'',0,0,'',0,0,'2015-05-20 18:57:25','2015-05-20 18:58:25'),(1418,1,1,18,'a:1:{i:340;s:3:\"18,\";}',3,340,340,1,294,70251,'7e4b49b008a462a96b47a33bf56f9ec0',0,0,'',0,0,'2015-05-20 21:56:57','2015-05-21 04:24:07'),(1419,1,1,18,'a:1:{i:51;s:3:\"18,\";}',3,51,51,1,46,70312,'ee52fe093d10cd7589e090a5332fcee8',0,0,'',0,0,'2015-05-21 00:53:53','2015-05-21 00:54:24'),(1420,1,1,20,'',3,0,0,1,0,70314,'',0,0,'',0,0,'2015-05-21 01:14:32','2015-05-21 01:14:33'),(1421,1,1,20,'',1,0,0,1,0,70324,'',0,0,'',0,0,'2015-05-21 02:50:57','2015-05-21 02:53:16'),(1422,1,1,20,'',3,0,0,1,0,70345,'',0,0,'',0,0,'2015-05-21 03:46:04','2015-05-21 03:46:06'),(1423,1,1,20,'',1,0,0,1,0,70734,'',0,0,'',0,0,'2015-05-21 13:20:11','2015-05-21 13:26:31'),(1424,1,1,18,'a:1:{i:343;s:3:\"18,\";}',3,343,343,1,296,70736,'07d5b41395370895e5f855e2518a0931',0,0,'',0,0,'2015-05-21 13:27:57','2015-05-21 13:45:29'),(1425,1,1,20,'',3,0,0,1,0,70776,'',0,0,'',0,0,'2015-05-21 15:01:55','2015-05-21 15:01:55'),(1426,1,1,20,'',3,0,0,1,0,70782,'',0,0,'',0,0,'2015-05-21 15:27:06','2015-05-21 15:27:06'),(1427,1,1,20,'',3,0,0,1,0,70750,'',0,0,'',0,0,'2015-05-21 15:34:10','2015-05-21 15:40:45'),(1428,1,1,20,'a:1:{i:344;s:3:\"20,\";}',1,344,344,1,297,70789,'ff1862b02bc10daa1bd62f678842ab36',0,0,'',0,0,'2015-05-21 15:40:51','2015-05-21 15:42:18'),(1429,1,1,20,'',3,0,0,1,0,70985,'',0,0,'',0,0,'2015-05-21 22:33:33','2015-05-21 22:33:33'),(1430,1,1,20,'',3,0,0,1,0,71001,'',0,0,'',0,0,'2015-05-21 23:38:05','2015-05-21 23:39:56'),(1431,1,1,18,'',3,314,314,1,273,71078,'5fda8c2f9e96550f90f3a077d147d18d',0,0,'',0,0,'2015-05-22 03:41:36','2015-05-22 04:21:38'),(1432,1,1,20,'a:1:{i:295;s:3:\"20,\";}',3,295,295,1,255,71122,'fbaa38efdfdaff696ff65c7232e69477',0,0,'',0,0,'2015-05-22 07:32:23','2015-05-22 07:35:00'),(1433,1,1,20,'',3,0,0,1,0,71245,'',0,0,'',0,0,'2015-05-22 12:37:20','2015-05-22 12:37:21'),(1434,1,1,20,'a:1:{i:346;s:3:\"20,\";}',3,346,346,1,299,71335,'640222af143f3dbcede6b274f6950440',0,0,'',0,0,'2015-05-22 16:54:42','2015-05-22 17:00:39'),(1435,1,1,18,'a:1:{i:347;s:3:\"18,\";}',3,347,347,1,300,71395,'802a4b3b58e0c1103d644764654f5930',0,0,'',0,0,'2015-05-22 18:12:22','2015-05-22 18:25:53'),(1436,1,1,20,'',3,0,0,1,0,71479,'',0,0,'',0,0,'2015-05-22 23:00:48','2015-05-22 23:00:48'),(1437,1,1,0,'a:1:{i:348;s:3:\"20,\";}',3,348,348,1,301,71573,'8ebcfc9c6d3ad7ad35eaf978f656a176',0,0,'',0,0,'2015-05-23 04:42:08','2015-05-23 04:47:02'),(1438,1,1,0,'',3,295,295,1,255,71594,'fbaa38efdfdaff696ff65c7232e69477',0,0,'',0,0,'2015-05-23 08:04:20','2015-05-23 08:04:25'),(1439,1,1,18,'a:1:{i:349;s:3:\"18,\";}',1,349,349,1,302,71675,'0c0e362b3636794cc9cc6359308c934c',0,0,'',0,0,'2015-05-23 11:33:12','2015-05-23 12:26:32'),(1440,1,1,20,'',1,0,0,1,0,71687,'',0,0,'',0,0,'2015-05-23 11:49:57','2015-05-23 11:49:58'),(1441,1,1,20,'',1,0,0,1,0,71707,'',0,0,'',0,0,'2015-05-23 12:39:42','2015-05-23 12:39:42'),(1442,1,1,20,'',3,0,0,1,0,71643,'',0,0,'',0,0,'2015-05-23 12:59:41','2015-05-23 12:59:42'),(1443,1,1,20,'',3,0,0,1,0,71751,'',0,0,'',0,0,'2015-05-23 14:23:15','2015-05-23 14:25:13'),(1444,1,1,20,'',1,0,0,1,0,71781,'',0,0,'',0,0,'2015-05-23 15:08:37','2015-05-23 15:08:37'),(1445,1,1,18,'a:1:{i:350;s:3:\"18,\";}',3,350,350,1,303,71784,'8c376b4c88527dc65f5a9a920d48d0a6',0,0,'',0,0,'2015-05-23 15:15:54','2015-05-23 15:17:11'),(1446,1,1,18,'a:1:{i:316;s:3:\"18,\";}',3,316,316,1,275,71822,'26002f6c34333eaf8b1e7590fa1a18f5',0,0,'',0,0,'2015-05-23 16:24:02','2015-05-23 16:37:56'),(1447,1,1,11,'a:1:{i:50;s:3:\"11,\";}',1,50,50,1,45,71828,'36b78256cce8d71db8fa449d77e752a0',0,0,'',0,0,'2015-05-23 16:36:38','2015-05-23 18:57:16'),(1448,1,1,0,'a:1:{i:351;s:3:\"20,\";}',3,351,351,1,304,71888,'4be17e9bd91cb40ac07fe52aa4362499',0,0,'',0,0,'2015-05-23 18:46:23','2015-05-23 18:48:55'),(1449,1,1,0,'',3,0,0,1,0,71867,'',0,0,'',0,0,'2015-05-23 23:35:41','2015-05-24 03:40:25'),(1450,1,1,0,'',3,0,0,1,0,72160,'',0,0,'',0,0,'2015-05-24 03:42:27','2015-05-24 03:47:58'),(1451,1,1,20,'',1,0,0,1,0,72235,'',0,0,'',0,0,'2015-05-24 09:31:03','2015-05-24 09:31:07'),(1452,1,1,20,'',1,0,0,1,0,72236,'',0,0,'',0,0,'2015-05-24 09:39:30','2015-05-24 09:39:31'),(1453,1,1,20,'a:1:{i:304;s:3:\"20,\";}',1,304,304,1,264,72277,'33b227cfe7462424b346c87cb246741e',0,0,'',0,0,'2015-05-24 12:53:16','2015-05-24 12:53:41'),(1454,1,1,20,'',1,0,0,1,0,72308,'',0,0,'',0,0,'2015-05-24 13:26:38','2015-05-24 13:26:39'),(1455,1,1,20,'',3,0,0,1,0,72415,'',0,0,'',0,0,'2015-05-24 18:34:42','2015-05-24 18:34:55'),(1456,1,1,18,'a:1:{i:314;s:3:\"18,\";}',3,314,314,1,273,72455,'5fda8c2f9e96550f90f3a077d147d18d',0,0,'',0,0,'2015-05-25 08:04:08','2015-05-25 15:14:48'),(1457,1,1,20,'a:1:{i:355;s:3:\"20,\";}',3,355,355,1,307,72739,'81762f78b9517e0ec440642f8c0fea13',0,0,'',0,0,'2015-05-25 13:00:20','2015-05-25 13:02:22'),(1458,1,1,20,'',1,0,0,1,0,72793,'',0,0,'',0,0,'2015-05-25 15:13:05','2015-05-25 15:14:16'),(1459,1,1,20,'',3,0,0,1,0,72666,'',0,0,'',0,0,'2015-05-25 20:25:42','2015-05-25 20:25:43'),(1460,1,1,20,'',1,0,0,1,0,72918,'',0,0,'',0,0,'2015-05-25 21:24:10','2015-05-25 21:25:17'),(1461,1,1,0,'',3,346,346,1,299,72976,'640222af143f3dbcede6b274f6950440',0,0,'',0,0,'2015-05-25 22:57:14','2015-05-25 22:57:14'),(1462,1,1,20,'',1,0,0,1,0,72988,'',0,0,'',0,0,'2015-05-25 23:08:24','2015-05-25 23:22:21'),(1463,1,1,20,'',3,0,0,1,0,73045,'',0,0,'',0,0,'2015-05-26 01:16:54','2015-05-26 01:16:55'),(1464,1,1,20,'',3,0,0,1,0,73093,'',0,0,'',0,0,'2015-05-26 03:48:43','2015-05-26 03:49:37'),(1465,1,1,0,'',1,356,356,1,308,72780,'48c680707ac8264fe957e74fc53816cb',0,0,'',0,0,'2015-05-26 10:38:43','2015-05-26 13:40:56'),(1466,1,1,0,'',3,295,295,1,255,73357,'fbaa38efdfdaff696ff65c7232e69477',0,0,'',0,0,'2015-05-26 13:08:17','2015-05-26 13:08:22'),(1467,1,1,18,'a:1:{i:56;s:3:\"18,\";}',3,56,56,1,50,73207,'f841f9b9b7bff06584f9f9bf6f7f351a',0,0,'',0,0,'2015-05-26 17:54:22','2015-05-26 17:55:29'),(1468,1,1,18,'a:1:{i:357;s:3:\"18,\";}',3,357,357,1,309,73657,'224f04c05ee50a5673cc24f9f5321e73',0,0,'',0,0,'2015-05-26 23:48:45','2015-05-26 23:57:54'),(1469,1,1,0,'',1,0,0,1,0,73669,'',0,0,'',0,0,'2015-05-27 00:41:29','2015-05-27 00:41:47'),(1470,1,1,20,'',1,0,0,1,0,73810,'',0,0,'',0,0,'2015-05-27 09:02:04','2015-05-27 09:02:05'),(1471,1,1,20,'',3,0,0,1,0,73811,'',0,0,'',0,0,'2015-05-27 09:07:52','2015-05-27 09:07:53'),(1472,1,1,18,'a:1:{i:357;s:3:\"18,\";}',1,357,357,1,309,73875,'224f04c05ee50a5673cc24f9f5321e73',0,0,'',0,0,'2015-05-27 11:41:54','2015-05-27 16:51:06'),(1473,1,1,20,'',1,0,0,1,0,73945,'',0,0,'',0,0,'2015-05-27 14:33:08','2015-05-27 14:45:04'),(1474,1,1,18,'a:1:{i:357;s:3:\"18,\";}',1,357,357,1,309,74003,'224f04c05ee50a5673cc24f9f5321e73',0,0,'',0,0,'2015-05-27 16:51:57','2015-05-27 16:52:41'),(1475,1,1,20,'',1,0,0,1,0,74045,'',0,0,'',0,0,'2015-05-27 19:03:01','2015-05-27 19:03:02'),(1476,1,1,20,'',3,0,0,1,0,74046,'',0,0,'',0,0,'2015-05-27 19:04:34','2015-05-27 19:04:35'),(1477,1,1,20,'a:1:{i:360;s:3:\"20,\";}',3,360,360,1,312,74059,'419079d94feb5cf7ef2b11f15a3f904c',0,0,'',0,0,'2015-05-27 19:38:13','2015-05-27 19:43:22'),(1478,1,1,20,'',3,0,0,1,0,74126,'',0,0,'',0,0,'2015-05-27 21:45:26','2015-05-27 21:45:28'),(1479,1,1,20,'',3,0,0,1,0,74137,'',0,0,'',0,0,'2015-05-27 22:12:50','2015-05-27 22:12:51'),(1480,1,1,18,'a:1:{i:362;s:3:\"18,\";}',3,362,362,1,314,74007,'3d8c3f8d89f47112b37129d99c93e44d',0,0,'',0,0,'2015-05-27 23:34:23','2015-05-27 23:49:39'),(1481,1,1,18,'',3,318,318,1,277,74206,'048caf8dca702e0cc9c3df61a98690f7',0,0,'',0,0,'2015-05-28 00:48:53','2015-05-28 00:49:29'),(1482,1,1,0,'a:1:{i:363;s:3:\"20,\";}',3,363,363,1,315,74259,'00cdda223a2bf8976bf7ce406618e70f',0,0,'',0,0,'2015-05-28 04:07:27','2015-05-28 04:09:21'),(1483,1,1,20,'',1,0,0,1,0,74392,'',0,0,'',0,0,'2015-05-28 11:37:28','2015-05-28 11:37:29'),(1484,1,1,20,'',3,0,0,1,0,74404,'',0,0,'',0,0,'2015-05-28 12:04:54','2015-05-28 12:09:20'),(1485,1,1,20,'',1,0,0,1,0,74458,'',0,0,'',0,0,'2015-05-28 14:40:36','2015-05-28 14:40:36'),(1486,1,1,20,'',1,0,0,1,0,74502,'',0,0,'',0,0,'2015-05-28 17:09:38','2015-05-28 17:09:39'),(1487,1,1,0,'',1,360,360,1,312,74517,'419079d94feb5cf7ef2b11f15a3f904c',0,0,'',0,0,'2015-05-28 17:49:39','2015-05-28 17:49:39'),(1488,1,1,20,'',1,0,0,1,0,74547,'',0,0,'',0,0,'2015-05-28 18:56:20','2015-05-28 19:09:29'),(1489,1,1,20,'',3,0,0,1,0,74555,'',0,0,'',0,0,'2015-05-28 20:14:55','2015-05-28 20:14:57'),(1490,1,1,20,'',1,0,0,1,0,74570,'',0,0,'',0,0,'2015-05-28 20:34:21','2015-05-28 20:34:23'),(1491,1,1,20,'',3,0,0,1,0,74587,'',0,0,'',0,0,'2015-05-28 21:31:41','2015-05-28 21:31:42'),(1492,1,1,20,'a:1:{i:364;s:3:\"20,\";}',3,364,364,1,316,74579,'302eca2c775ae380a641323680a09def',0,0,'',0,0,'2015-05-28 22:21:20','2015-05-28 22:22:51'),(1493,1,1,20,'',1,0,0,1,0,74653,'',0,0,'',0,0,'2015-05-29 00:01:59','2015-05-29 00:01:59'),(1494,1,1,20,'',3,0,0,1,0,74675,'',0,0,'',0,0,'2015-05-29 01:08:17','2015-05-29 01:08:18'),(1495,1,1,20,'',3,0,0,1,0,74766,'',0,0,'',0,0,'2015-05-29 08:18:48','2015-05-29 08:18:49'),(1496,1,1,0,'',3,360,360,1,312,74790,'419079d94feb5cf7ef2b11f15a3f904c',0,0,'',0,0,'2015-05-29 09:44:47','2015-05-29 09:44:54'),(1497,1,1,20,'',3,0,0,1,0,74859,'',0,0,'',0,0,'2015-05-29 12:39:21','2015-05-29 14:06:22'),(1498,1,1,20,'',1,0,0,1,0,74861,'',0,0,'',0,0,'2015-05-29 12:42:51','2015-05-29 12:42:52'),(1499,1,1,18,'a:1:{i:365;s:3:\"20,\";}',3,365,365,1,317,75029,'427592df3c137ec8e1338c45b8bf71b9',0,0,'',0,0,'2015-05-29 19:36:08','2015-05-29 19:54:14'),(1500,1,1,18,'a:1:{i:366;s:3:\"18,\";}',3,366,366,1,318,75045,'a39213e41763a6f02f5cdf4cf105853e',0,0,'',0,0,'2015-05-29 20:54:55','2015-05-29 20:57:11'),(1501,1,1,18,'',3,367,368,1,319,75046,'49bbb01052fb419c4686184a5d1aef2c',0,0,'',0,0,'2015-05-29 21:18:13','2015-05-29 21:38:53'),(1502,1,1,20,'',1,0,0,1,0,75194,'',0,0,'',0,0,'2015-05-30 02:28:22','2015-05-30 02:29:42'),(1503,1,1,20,'',3,0,0,1,0,75242,'',0,0,'',0,0,'2015-05-30 05:25:41','2015-05-30 05:39:50'),(1504,1,1,0,'',3,304,304,1,264,75346,'33b227cfe7462424b346c87cb246741e',0,0,'',0,0,'2015-05-30 09:55:10','2015-05-30 09:55:10'),(1505,1,1,20,'',1,0,0,1,0,75311,'',0,0,'',0,0,'2015-05-30 10:37:18','2015-05-30 10:37:41'),(1506,1,1,20,'',1,0,0,1,0,75410,'',0,0,'',0,0,'2015-05-30 13:36:42','2015-05-30 13:36:43'),(1507,1,1,0,'a:1:{i:371;s:3:\"20,\";}',3,371,371,1,322,75467,'a0ad18d4fcec553e53b5197a032e360d',0,0,'',0,0,'2015-05-30 18:08:19','2015-06-02 16:18:00'),(1508,1,1,0,'a:1:{i:372;s:3:\"20,\";}',3,372,372,1,323,75687,'c89b3f246a11ebf6e5b6d753c0fd1970',0,0,'',0,0,'2015-05-31 02:52:16','2015-05-31 02:55:22'),(1509,1,1,20,'',3,0,0,1,0,75822,'',0,0,'',0,0,'2015-05-31 07:13:54','2015-05-31 07:15:34'),(1510,1,1,20,'',1,0,0,1,0,75863,'',0,0,'',0,0,'2015-05-31 09:16:47','2015-05-31 09:16:47'),(1511,1,1,12,'a:1:{i:374;s:3:\"12,\";}',1,374,374,1,325,75933,'b6cbdb827864c564db9ec747e806006a',0,0,'',0,0,'2015-05-31 11:02:41','2015-05-31 17:12:16'),(1512,1,1,18,'a:1:{i:311;s:3:\"18,\";}',3,311,307,1,267,75979,'0b835a52c05d1ad2e59e2b883c1b144e',0,0,'',0,0,'2015-05-31 13:02:45','2015-06-01 06:02:40'),(1513,1,1,20,'',1,0,0,1,0,75996,'',0,0,'',0,0,'2015-05-31 13:43:00','2015-05-31 13:49:14'),(1514,1,1,18,'a:1:{i:0;s:3:\"18,\";}',3,0,0,1,0,76012,'',0,0,'',0,0,'2015-05-31 16:22:57','2015-05-31 16:25:55'),(1515,1,1,18,'a:1:{i:375;s:3:\"18,\";}',3,375,375,1,326,76491,'0978b798e6f09457e08119f6fb247ccd',0,0,'',0,0,'2015-05-31 18:53:08','2015-05-31 18:55:43'),(1516,1,1,20,'',3,0,0,1,0,77014,'',0,0,'',0,0,'2015-06-01 12:42:54','2015-06-01 12:43:04'),(1517,1,1,20,'',1,0,0,1,0,77031,'',0,0,'',0,0,'2015-06-01 12:50:36','2015-06-01 12:50:37'),(1518,1,1,20,'',3,0,0,1,0,77062,'',0,0,'',0,0,'2015-06-01 14:07:41','2015-06-01 14:07:41'),(1519,1,1,20,'',3,0,0,1,0,77122,'',0,0,'',0,0,'2015-06-01 16:07:53','2015-06-01 16:07:54'),(1520,1,1,0,'',1,374,374,1,325,77143,'b6cbdb827864c564db9ec747e806006a',0,0,'',0,0,'2015-06-01 17:03:02','2015-06-01 17:03:02'),(1521,1,1,20,'',1,0,0,1,0,77144,'',0,0,'',0,0,'2015-06-01 17:14:38','2015-06-01 17:14:39'),(1522,1,1,18,'a:1:{i:377;s:3:\"18,\";}',3,377,377,1,328,77191,'cbbd13f1b1ed0fd16707dca21e73d4c4',0,0,'',0,0,'2015-06-01 18:52:05','2015-06-01 19:08:32'),(1523,1,1,20,'',3,0,0,1,0,77196,'',0,0,'',0,0,'2015-06-01 18:56:35','2015-06-01 18:56:36'),(1524,1,1,20,'',3,0,0,1,0,77327,'',0,0,'',0,0,'2015-06-01 23:36:18','2015-06-01 23:40:40'),(1525,1,1,20,'',3,0,0,1,0,77356,'',0,0,'',0,0,'2015-06-02 01:30:02','2015-06-02 01:31:43'),(1526,1,1,20,'',3,0,0,1,0,77374,'',0,0,'',0,0,'2015-06-02 02:32:22','2015-06-02 02:34:51'),(1527,1,1,18,'a:1:{i:378;s:3:\"18,\";}',3,378,378,1,329,77468,'d775824533a13fd57427fef826a5d0ae',0,0,'',0,0,'2015-06-02 08:43:56','2015-06-02 08:56:20'),(1528,1,1,20,'',1,0,0,1,0,77484,'',0,0,'',0,0,'2015-06-02 09:50:58','2015-06-02 09:50:58'),(1529,1,1,20,'',1,0,0,1,0,77351,'',0,0,'',0,0,'2015-06-02 11:27:01','2015-06-02 11:27:02'),(1530,1,1,18,'a:1:{i:379;s:3:\"18,\";}',3,379,380,1,330,77597,'a0cafec30c2d774c100e9e5c167865a2',0,0,'',0,0,'2015-06-02 15:45:01','2015-06-02 15:56:01'),(1531,1,1,18,'a:1:{i:379;s:3:\"18,\";}',3,379,380,1,330,77597,'a0cafec30c2d774c100e9e5c167865a2',0,0,'',0,0,'2015-06-02 16:05:22','2015-06-02 16:05:23'),(1532,1,1,18,'a:1:{i:379;s:3:\"18,\";}',3,379,380,1,330,77597,'a0cafec30c2d774c100e9e5c167865a2',0,0,'',0,0,'2015-06-02 16:06:41','2015-06-02 16:06:41'),(1533,1,1,18,'a:1:{i:379;s:3:\"18,\";}',3,379,380,1,330,77597,'a0cafec30c2d774c100e9e5c167865a2',0,0,'',0,0,'2015-06-02 16:06:59','2015-06-02 16:06:59'),(1534,1,1,18,'a:1:{i:277;s:3:\"18,\";}',3,277,277,1,240,77615,'51858acabc64d785bead08739decd0fc',0,0,'',0,0,'2015-06-02 18:24:04','2015-06-02 18:24:50'),(1535,1,1,20,'',3,382,382,1,332,77688,'e36d34c8b385f56872d87ec30a1b3e09',0,0,'',0,0,'2015-06-02 19:03:14','2015-06-02 19:11:40'),(1536,1,1,0,'a:1:{i:381;s:3:\"20,\";}',3,381,381,1,331,77669,'bed870de7e2240b2a1d3a9f0d210378e',0,0,'',0,0,'2015-06-02 19:05:35','2015-06-02 19:07:24'),(1537,1,1,20,'',3,0,0,1,0,78595,'',0,0,'',0,0,'2015-06-03 12:25:01','2015-06-03 12:25:02'),(1538,1,1,0,'',3,0,0,1,0,78654,'',0,0,'',0,0,'2015-06-03 14:57:27','2015-06-03 14:58:24'),(1539,1,1,20,'',1,0,0,1,0,78665,'',0,0,'',0,0,'2015-06-03 15:12:19','2015-06-03 15:12:20'),(1540,1,1,0,'',3,360,360,1,312,78711,'419079d94feb5cf7ef2b11f15a3f904c',0,0,'',0,0,'2015-06-03 16:43:29','2015-06-03 16:43:29'),(1541,1,1,20,'',1,0,0,1,0,78728,'',0,0,'',0,0,'2015-06-03 17:08:43','2015-06-03 17:08:45'),(1542,1,1,20,'',3,0,0,1,0,78810,'',0,0,'',0,0,'2015-06-03 19:56:32','2015-06-03 19:56:33'),(1543,1,1,0,'',3,360,360,1,312,78780,'419079d94feb5cf7ef2b11f15a3f904c',0,0,'',0,0,'2015-06-03 20:36:56','2015-06-03 20:36:56'),(1544,1,1,20,'',3,0,0,1,0,78880,'',0,0,'',0,0,'2015-06-04 00:06:39','2015-06-04 00:06:42'),(1545,1,1,0,'',3,0,0,1,0,78894,'',0,0,'',0,0,'2015-06-04 00:44:03','2015-06-04 00:44:03'),(1546,1,1,0,'',3,0,0,1,0,78894,'',0,0,'',0,0,'2015-06-04 00:44:03','2015-06-04 00:44:03'),(1547,1,1,20,'',3,0,0,1,0,78894,'',0,0,'',0,0,'2015-06-04 00:44:03','2015-06-04 00:44:05'),(1548,1,1,11,'a:1:{i:369;s:3:\"11,\";}',3,369,369,1,320,78633,'fdf6a19b6de5700a84cb8379ec1fc45a',0,0,'',0,0,'2015-06-04 03:29:57','2015-06-04 03:30:22'),(1549,1,1,20,'',3,0,0,1,0,79314,'',0,0,'',0,0,'2015-06-04 04:42:55','2015-06-04 04:43:57'),(1550,1,1,0,'',1,379,379,1,330,79343,'a0cafec30c2d774c100e9e5c167865a2',0,0,'',0,0,'2015-06-04 07:16:22','2015-06-04 07:16:22'),(1551,1,1,18,'a:1:{i:358;s:3:\"18,\";}',3,358,358,1,310,79568,'49e891f3c097ece84f2bbff2db318c73',0,0,'',0,0,'2015-06-04 18:23:43','2015-06-04 18:33:00'),(1552,1,1,11,'a:1:{i:369;s:3:\"11,\";}',3,369,369,1,320,79548,'fdf6a19b6de5700a84cb8379ec1fc45a',0,0,'',0,0,'2015-06-04 19:15:23','2015-06-04 19:15:40'),(1553,1,1,20,'',1,0,0,1,0,79631,'',0,0,'',0,0,'2015-06-04 19:16:13','2015-06-04 19:19:58'),(1554,1,1,20,'',3,369,369,1,320,78633,'fdf6a19b6de5700a84cb8379ec1fc45a',0,0,'',0,0,'2015-06-04 19:25:38','2015-06-04 21:15:53'),(1555,1,1,20,'',3,0,0,1,0,79643,'',0,0,'',0,0,'2015-06-04 19:35:38','2015-06-04 19:35:38'),(1556,1,1,20,'',1,0,0,1,0,79673,'',0,0,'',0,0,'2015-06-04 20:27:28','2015-06-04 20:27:28'),(1557,1,1,20,'',1,0,0,1,0,79682,'',0,0,'',0,0,'2015-06-04 21:16:42','2015-06-04 21:16:42'),(1558,1,1,20,'',1,0,0,1,0,79382,'',0,0,'',0,0,'2015-06-04 22:05:11','2015-06-04 22:05:11'),(1559,1,1,20,'',3,0,0,1,0,80104,'',0,0,'',0,0,'2015-06-05 08:00:44','2015-06-05 08:00:45'),(1560,1,1,20,'a:1:{i:383;s:3:\"20,\";}',1,384,384,1,334,80173,'a67bbec5fb6137fda848cdec40e132ee',0,0,'',0,0,'2015-06-05 10:44:48','2015-06-05 11:04:41'),(1561,1,1,20,'',3,0,0,1,0,80250,'',0,0,'',0,0,'2015-06-05 13:24:00','2015-06-05 16:29:12'),(1562,1,1,0,'',3,369,369,1,320,80269,'fdf6a19b6de5700a84cb8379ec1fc45a',0,0,'',0,0,'2015-06-05 14:02:06','2015-06-05 17:04:19'),(1563,1,1,20,'',3,0,0,1,0,80278,'',0,0,'',0,0,'2015-06-05 14:33:10','2015-06-05 14:36:19'),(1564,1,1,0,'',3,0,0,1,0,80307,'',0,0,'',0,0,'2015-06-05 15:16:52','2015-06-05 15:17:12'),(1565,1,1,20,'',1,0,0,1,0,80341,'',0,0,'',0,0,'2015-06-05 17:53:22','2015-06-05 17:53:23'),(1566,1,1,0,'',3,277,277,1,240,80457,'51858acabc64d785bead08739decd0fc',0,0,'',0,0,'2015-06-05 19:26:45','2015-06-05 19:26:45'),(1567,1,1,20,'',3,0,0,1,0,80091,'',0,0,'',0,0,'2015-06-05 20:23:00','2015-06-05 20:23:01'),(1568,1,1,20,'',1,0,0,1,0,80505,'',0,0,'',0,0,'2015-06-05 22:03:33','2015-06-05 22:06:30'),(1569,1,1,20,'',3,0,0,1,0,80592,'',0,0,'',0,0,'2015-06-06 04:11:15','2015-06-06 04:11:16'),(1570,1,1,20,'',3,0,0,1,0,80782,'',0,0,'',0,0,'2015-06-06 15:53:16','2015-06-06 15:53:30'),(1571,1,1,18,'a:1:{i:386;s:3:\"18,\";}',3,386,386,1,336,80819,'ed423c1c556f23459751786a52e0930e',0,0,'',0,0,'2015-06-06 16:53:42','2015-06-06 17:47:19'),(1572,1,1,18,'a:1:{i:387;s:3:\"20,\";}',1,387,387,1,337,81377,'389564ae12fd91ef36dc19e0fc79ba9a',0,0,'',0,0,'2015-06-07 03:45:21','2015-06-07 03:59:47'),(1573,1,1,20,'',3,111,111,1,96,81543,'055b42c9d09a274acca4671268509bc0',0,0,'',0,0,'2015-06-07 13:52:37','2015-06-07 13:55:08'),(1574,1,1,11,'a:1:{i:0;s:3:\"11,\";}',3,0,0,1,0,81588,'',0,0,'',0,0,'2015-06-07 17:39:15','2015-06-07 17:39:40'),(1575,1,1,20,'',3,0,0,1,0,81692,'',0,0,'',0,0,'2015-06-08 02:24:19','2015-06-08 02:24:20'),(1576,1,1,20,'',3,0,0,1,0,81735,'',0,0,'',0,0,'2015-06-08 03:01:51','2015-06-08 03:01:51'),(1577,1,1,20,'',3,0,0,1,0,82177,'',0,0,'',0,0,'2015-06-08 08:48:02','2015-06-08 08:48:03'),(1578,1,1,20,'',3,0,0,1,0,82178,'',0,0,'',0,0,'2015-06-08 08:49:27','2015-06-08 08:55:50'),(1579,1,1,0,'',1,277,277,1,240,82189,'51858acabc64d785bead08739decd0fc',0,0,'',0,0,'2015-06-08 09:35:32','2015-06-08 09:36:13'),(1580,1,1,0,'',3,369,369,1,320,82206,'fdf6a19b6de5700a84cb8379ec1fc45a',0,0,'',0,0,'2015-06-08 10:26:41','2015-06-08 10:26:41'),(1581,1,1,20,'',3,0,0,1,0,82205,'',0,0,'',0,0,'2015-06-08 11:04:50','2015-06-08 11:04:51'),(1582,1,1,20,'',3,0,0,1,0,82185,'',0,0,'',0,0,'2015-06-08 12:18:48','2015-06-08 21:07:37'),(1583,1,1,20,'',1,0,0,1,0,82393,'',0,0,'',0,0,'2015-06-08 15:34:51','2015-06-08 15:34:52'),(1584,1,1,20,'',3,0,0,1,0,82436,'',0,0,'',0,0,'2015-06-08 16:07:38','2015-06-08 16:07:40'),(1585,1,1,0,'',3,277,277,1,240,82463,'51858acabc64d785bead08739decd0fc',0,0,'',0,0,'2015-06-08 16:26:42','2015-06-08 16:26:42'),(1586,1,1,0,'',3,369,369,1,320,82565,'fdf6a19b6de5700a84cb8379ec1fc45a',0,0,'',0,0,'2015-06-08 20:03:47','2015-06-09 01:10:35'),(1587,1,1,11,'a:1:{i:389;s:3:\"11,\";}',3,389,389,1,339,82567,'9752c34ea1b0398a6060bdce195ad156',0,0,'',0,0,'2015-06-08 20:06:14','2015-06-08 20:16:48'),(1588,1,1,20,'',1,0,0,1,0,82631,'',0,0,'',0,0,'2015-06-08 23:06:28','2015-06-08 23:07:03'),(1589,1,1,20,'',3,0,0,1,0,82892,'',0,0,'',0,0,'2015-06-09 10:20:55','2015-06-09 10:26:39'),(1590,1,1,20,'',3,0,0,1,0,82973,'',0,0,'',0,0,'2015-06-09 14:00:18','2015-06-09 14:00:19'),(1591,1,1,11,'a:1:{i:390;s:3:\"11,\";}',1,390,390,1,340,83003,'bd49325a56b1c16abf018faf35e3d43d',0,0,'',0,0,'2015-06-09 15:02:49','2015-06-09 19:53:55'),(1592,1,1,20,'',1,0,0,1,0,83013,'',0,0,'',0,0,'2015-06-09 15:20:56','2015-06-09 15:20:57'),(1593,1,1,11,'a:1:{i:390;s:3:\"11,\";}',3,390,390,1,340,83026,'bd49325a56b1c16abf018faf35e3d43d',0,0,'',0,0,'2015-06-09 15:39:30','2015-06-09 15:40:49'),(1594,1,1,0,'',3,369,369,1,320,83060,'fdf6a19b6de5700a84cb8379ec1fc45a',0,0,'',0,0,'2015-06-09 17:03:08','2015-06-09 17:03:49'),(1595,1,1,20,'',3,0,0,1,0,83206,'',0,0,'',0,0,'2015-06-09 22:45:01','2015-06-09 22:46:17'),(1596,1,1,20,'',1,0,0,1,0,83294,'',0,0,'',0,0,'2015-06-10 00:23:04','2015-06-10 00:23:06'),(1597,1,1,20,'',1,0,0,1,0,83328,'',0,0,'',0,0,'2015-06-10 02:20:07','2015-06-10 02:20:08'),(1598,1,1,20,'',3,0,0,1,0,83381,'',0,0,'',0,0,'2015-06-10 05:51:24','2015-06-10 05:51:26'),(1599,1,1,0,'',3,111,111,1,96,83423,'055b42c9d09a274acca4671268509bc0',0,0,'',0,0,'2015-06-10 11:32:39','2015-06-10 11:32:39'),(1600,1,1,20,'',3,0,0,1,0,83533,'',0,0,'',0,0,'2015-06-10 11:33:04','2015-06-10 11:33:05'),(1601,1,1,20,'',1,0,0,1,0,83458,'',0,0,'',0,0,'2015-06-10 13:03:36','2015-06-10 13:12:19'),(1602,1,1,20,'',1,0,0,1,0,83631,'',0,0,'',0,0,'2015-06-10 15:26:11','2015-06-10 15:44:42'),(1603,1,1,20,'',3,0,0,1,0,84067,'',0,0,'',0,0,'2015-06-10 17:14:42','2015-06-10 17:15:54'),(1604,1,1,20,'a:1:{i:391;s:3:\"20,\";}',1,391,391,1,341,84081,'20867ff59f16a9c41868dd79c8759926',0,0,'',0,0,'2015-06-10 17:45:44','2015-06-10 17:54:33'),(1605,1,1,0,'',3,391,391,1,341,84085,'20867ff59f16a9c41868dd79c8759926',0,0,'',0,0,'2015-06-10 18:50:09','2015-06-10 18:51:02'),(1606,1,1,20,'a:1:{i:391;s:3:\"20,\";}',1,391,391,1,341,84081,'20867ff59f16a9c41868dd79c8759926',0,0,'',0,0,'2015-06-10 18:50:29','2015-06-10 18:50:29'),(1607,1,1,18,'a:1:{i:392;s:3:\"18,\";}',3,392,392,1,342,84112,'d5f27b46881882a2c26f0bcc992390c6',0,0,'',0,0,'2015-06-10 19:14:15','2015-06-10 19:17:25'),(1608,1,1,18,'a:1:{i:311;s:3:\"18,\";}',3,311,307,1,267,84116,'0b835a52c05d1ad2e59e2b883c1b144e',0,0,'',0,0,'2015-06-10 19:25:57','2015-06-10 19:30:00'),(1609,1,1,0,'',3,391,391,1,341,84128,'20867ff59f16a9c41868dd79c8759926',0,0,'',0,0,'2015-06-10 20:04:33','2015-06-10 20:04:47'),(1610,1,1,20,'',3,0,0,1,0,84354,'',0,0,'',0,0,'2015-06-11 06:22:52','2015-06-11 06:22:54'),(1611,1,1,0,'',1,391,391,1,341,84420,'20867ff59f16a9c41868dd79c8759926',0,0,'',0,0,'2015-06-11 08:47:55','2015-06-11 12:01:55'),(1612,1,1,20,'',3,0,0,1,0,84512,'',0,0,'',0,0,'2015-06-11 12:07:52','2015-06-11 12:07:53'),(1613,1,1,0,'',3,392,392,1,342,84534,'d5f27b46881882a2c26f0bcc992390c6',0,0,'',0,0,'2015-06-11 13:07:34','2015-06-11 13:07:43'),(1614,1,1,20,'',1,0,0,1,0,84527,'',0,0,'',0,0,'2015-06-11 13:30:17','2015-06-11 14:28:07'),(1615,1,1,20,'',3,0,0,1,0,84591,'',0,0,'',0,0,'2015-06-11 14:27:14','2015-06-11 14:27:16'),(1616,1,1,20,'',1,0,0,1,0,84615,'',0,0,'',0,0,'2015-06-11 15:26:04','2015-06-11 15:26:05'),(1617,1,1,20,'',3,0,0,1,0,84661,'',0,0,'',0,0,'2015-06-11 17:16:16','2015-06-11 17:16:18'),(1618,1,1,20,'',3,0,0,1,0,84672,'',0,0,'',0,0,'2015-06-11 17:47:28','2015-06-11 17:47:28'),(1619,1,1,18,'a:1:{i:0;s:3:\"18,\";}',3,0,0,1,0,84710,'',0,0,'',0,0,'2015-06-11 18:51:54','2015-06-11 18:54:18'),(1620,1,1,0,'',3,391,391,1,341,84754,'20867ff59f16a9c41868dd79c8759926',0,0,'',0,0,'2015-06-11 20:53:35','2015-06-11 20:53:35'),(1621,1,1,20,'',3,0,0,1,0,84777,'',0,0,'',0,0,'2015-06-11 22:28:24','2015-06-11 22:28:25'),(1622,1,1,20,'',1,395,395,1,344,84778,'6eaba8a654406d7476d89ccfb8d07238',0,0,'',0,0,'2015-06-11 22:35:40','2015-06-12 00:36:01'),(1623,1,1,20,'',3,396,396,1,345,84974,'ff3577fe15f4c0c8840f2721cbc5f30c',0,0,'',0,0,'2015-06-12 10:10:14','2015-06-12 10:12:03'),(1624,1,1,20,'',3,0,0,1,0,84988,'',0,0,'',0,0,'2015-06-12 10:10:43','2015-06-12 10:10:44'),(1625,1,1,0,'',3,307,307,1,267,85011,'0b835a52c05d1ad2e59e2b883c1b144e',0,0,'',0,0,'2015-06-12 10:47:00','2015-06-12 10:47:00'),(1626,1,1,20,'',3,0,0,1,0,85054,'',0,0,'',0,0,'2015-06-12 11:54:03','2015-06-12 12:01:00'),(1627,1,1,20,'',1,395,395,1,344,85122,'6eaba8a654406d7476d89ccfb8d07238',0,0,'',0,0,'2015-06-12 14:41:46','2015-06-12 14:43:15'),(1628,1,1,20,'',1,0,0,1,0,85168,'',0,0,'',0,0,'2015-06-12 16:42:01','2015-06-12 16:47:45'),(1629,1,1,20,'',3,398,397,1,344,85122,'6eaba8a654406d7476d89ccfb8d07238',0,0,'',0,0,'2015-06-12 20:00:11','2015-06-12 20:07:06'),(1630,1,1,20,'',3,398,397,1,344,85122,'6eaba8a654406d7476d89ccfb8d07238',0,0,'',0,0,'2015-06-12 20:09:20','2015-06-12 20:09:20'),(1631,1,1,20,'',1,0,0,1,0,85828,'',0,0,'',0,0,'2015-06-13 12:05:44','2015-06-13 12:05:45'),(1632,1,1,20,'',3,0,0,1,0,85866,'',0,0,'',0,0,'2015-06-13 14:09:36','2015-06-13 14:13:29'),(1633,1,1,20,'a:1:{i:399;s:3:\"20,\";}',3,399,399,1,346,85950,'4cce23d4dd3392a1035c4d2e62720a1e',0,0,'',0,0,'2015-06-13 17:17:50','2015-06-13 18:18:25'),(1634,1,1,20,'',1,0,0,1,0,85979,'',0,0,'',0,0,'2015-06-13 18:54:54','2015-06-13 18:54:55'),(1635,1,1,20,'',3,0,0,1,0,86005,'',0,0,'',0,0,'2015-06-13 20:06:50','2015-06-13 20:06:50'),(1636,1,1,20,'',3,0,0,1,0,86208,'',0,0,'',0,0,'2015-06-14 08:03:12','2015-06-14 08:03:13'),(1637,1,1,0,'',1,108,108,1,93,86305,'33549bf5e21d63395821fe76a7f13f55',0,0,'',0,0,'2015-06-14 11:54:16','2015-06-14 11:54:16'),(1638,1,1,20,'',3,0,0,1,0,86387,'',0,0,'',0,0,'2015-06-14 14:44:04','2015-06-14 14:44:04'),(1639,1,1,20,'',3,0,0,1,0,86404,'',0,0,'',0,0,'2015-06-14 15:13:44','2015-06-14 15:13:45'),(1640,1,1,20,'',3,0,0,1,0,86533,'',0,0,'',0,0,'2015-06-14 20:17:24','2015-06-14 20:20:50'),(1641,1,1,0,'',3,369,369,1,320,86685,'fdf6a19b6de5700a84cb8379ec1fc45a',0,0,'',0,0,'2015-06-15 01:20:16','2015-06-15 01:20:16'),(1642,1,1,18,'',3,225,225,1,194,86686,'98c61836a8769065a3ab35dc2cb5ca03',0,0,'',0,0,'2015-06-15 01:22:15','2015-06-15 01:25:15'),(1643,1,1,18,'',3,400,400,1,194,86688,'98c61836a8769065a3ab35dc2cb5ca03',0,0,'',0,0,'2015-06-15 01:31:31','2015-06-15 01:41:46'),(1644,1,1,20,'',1,401,401,1,347,86695,'77a94693ee5755149d6715c7e7ff1989',0,0,'',0,0,'2015-06-15 02:48:23','2015-06-15 02:50:54'),(1645,1,1,20,'',3,0,0,1,0,86721,'',0,0,'',0,0,'2015-06-15 05:30:27','2015-06-15 05:34:45'),(1646,1,1,18,'',3,400,400,1,194,86945,'98c61836a8769065a3ab35dc2cb5ca03',0,0,'',0,0,'2015-06-15 15:25:16','2015-06-15 15:34:37'),(1647,1,1,18,'',3,400,400,1,194,86957,'98c61836a8769065a3ab35dc2cb5ca03',0,0,'',0,0,'2015-06-15 15:43:09','2015-06-15 15:47:47'),(1648,1,1,20,'a:1:{i:251;s:3:\"20,\";}',1,251,251,1,217,87037,'182992f326f7522be0c47ffe1add7632',0,0,'',0,0,'2015-06-15 17:58:30','2015-06-15 17:59:59'),(1649,1,1,0,'',1,0,0,1,0,87037,'',0,0,'',0,0,'2015-06-15 17:58:30','2015-06-15 17:58:30'),(1650,1,1,20,'',1,0,0,1,0,87060,'',0,0,'',0,0,'2015-06-15 18:33:47','2015-06-15 19:23:48'),(1651,1,1,0,'',3,0,0,1,0,87026,'',0,0,'',0,0,'2015-06-15 19:24:11','2015-06-15 19:25:06'),(1652,1,1,20,'',3,0,0,1,0,87102,'',0,0,'',0,0,'2015-06-15 19:42:23','2015-06-15 19:42:23'),(1653,1,1,18,'',1,400,400,1,194,87613,'98c61836a8769065a3ab35dc2cb5ca03',0,0,'',0,0,'2015-06-16 00:49:18','2015-06-16 02:49:16'),(1654,1,1,20,'',3,0,0,1,0,87630,'',0,0,'',0,0,'2015-06-16 01:59:17','2015-06-16 01:59:19'),(1655,1,1,0,'',3,402,402,1,348,0,'93260d20d69e1d2e5419b3010a781158',0,0,'',0,0,'2015-06-16 02:16:44','2015-06-16 02:16:50'),(1656,1,1,20,'',3,0,0,1,0,87641,'',0,0,'',0,0,'2015-06-16 02:48:38','2015-06-16 02:55:57'),(1657,1,1,18,'',3,400,400,1,194,87645,'98c61836a8769065a3ab35dc2cb5ca03',0,0,'',0,0,'2015-06-16 02:50:35','2015-06-16 02:52:17'),(1658,1,1,20,'',3,0,0,1,0,87697,'',0,0,'',0,0,'2015-06-16 05:43:11','2015-06-16 05:45:49'),(1659,1,1,20,'',3,0,0,1,0,87805,'',0,0,'',0,0,'2015-06-16 10:31:33','2015-06-16 10:31:34'),(1660,1,1,20,'',1,0,0,1,0,87880,'',0,0,'',0,0,'2015-06-16 13:19:17','2015-06-16 13:19:18'),(1661,1,1,20,'',1,0,0,1,0,87898,'',0,0,'',0,0,'2015-06-16 13:55:34','2015-06-16 13:55:34'),(1662,1,1,0,'',1,399,399,1,346,87900,'4cce23d4dd3392a1035c4d2e62720a1e',0,0,'',0,0,'2015-06-16 14:01:44','2015-06-17 01:31:29'),(1663,1,1,0,'',3,277,277,1,240,87946,'51858acabc64d785bead08739decd0fc',0,0,'',0,0,'2015-06-16 15:22:01','2015-06-16 15:22:01'),(1664,1,1,20,'',1,0,0,1,0,87975,'',0,0,'',0,0,'2015-06-16 16:25:57','2015-06-16 16:30:00'),(1665,1,1,18,'a:1:{i:403;s:3:\"18,\";}',3,403,403,1,349,88014,'732d1f50b2e7d591fcf01446826c8285',0,0,'',0,0,'2015-06-16 17:42:15','2015-06-16 17:43:26'),(1666,1,1,20,'',1,0,0,1,0,88017,'',0,0,'',0,0,'2015-06-16 17:48:55','2015-06-16 17:51:15'),(1667,1,1,20,'',1,0,0,1,0,88053,'',0,0,'',0,0,'2015-06-16 18:59:42','2015-06-16 18:59:43'),(1668,1,1,20,'',3,0,0,1,0,88052,'',0,0,'',0,0,'2015-06-16 19:01:47','2015-06-16 19:01:49'),(1669,1,1,20,'',3,0,0,1,0,88119,'',0,0,'',0,0,'2015-06-16 22:25:26','2015-06-16 22:25:26'),(1670,1,1,20,'',3,0,0,1,0,88280,'',0,0,'',0,0,'2015-06-17 05:27:03','2015-06-17 05:28:58'),(1671,1,1,18,'a:1:{i:405;s:3:\"18,\";}',3,405,405,1,351,88528,'7731a7cac0449cffad22da55b819e6d5',0,0,'',0,0,'2015-06-17 15:12:04','2015-06-17 15:24:14'),(1672,1,1,0,'',3,399,399,1,346,89006,'4cce23d4dd3392a1035c4d2e62720a1e',0,0,'',0,0,'2015-06-18 02:42:53','2015-06-18 02:42:53'),(1673,1,1,20,'',3,0,0,1,0,89035,'',0,0,'',0,0,'2015-06-18 04:03:48','2015-06-18 04:07:55'),(1674,1,1,20,'',1,0,0,1,0,89207,'',0,0,'',0,0,'2015-06-18 13:45:34','2015-06-18 13:45:35'),(1675,1,1,20,'a:1:{i:353;s:3:\"20,\";}',3,354,353,1,306,89234,'e590141bc673dcb933f2c5aa51ce33b5',0,0,'',0,0,'2015-06-18 14:48:46','2015-06-18 15:15:57'),(1676,1,1,20,'',3,0,0,1,0,89249,'',0,0,'',0,0,'2015-06-18 14:53:41','2015-06-18 14:53:42'),(1677,1,1,20,'',3,0,0,1,0,89254,'',0,0,'',0,0,'2015-06-18 14:58:04','2015-06-18 14:58:05'),(1678,1,1,18,'a:1:{i:407;s:3:\"18,\";}',3,407,407,1,352,89229,'3ce067506c048a98d432ebcd958bcb5d',0,0,'',0,0,'2015-06-18 15:02:53','2015-06-18 15:08:35'),(1679,1,1,0,'a:1:{i:411;s:3:\"20,\";}',3,411,412,1,356,89274,'18170eafecb5164b6ce3d5cabcdbe644',0,0,'',0,0,'2015-06-18 15:05:05','2015-06-18 16:12:48'),(1680,1,1,20,'',3,0,0,1,0,89270,'',0,0,'',0,0,'2015-06-18 15:06:51','2015-06-18 15:06:53'),(1681,1,1,20,'',3,0,0,1,0,89287,'',0,0,'',0,0,'2015-06-18 15:08:22','2015-06-18 15:14:19'),(1682,1,1,18,'a:1:{i:229;s:3:\"18,\";}',3,229,229,1,197,89294,'efbaea4153cd99bb15afe132dd89aa1a',0,0,'',0,0,'2015-06-18 15:10:37','2015-06-18 15:11:23'),(1683,1,1,20,'a:1:{i:272;s:3:\"20,\";}',3,272,272,1,236,89299,'c12abda1fd33030aa1400acb329b15df',0,0,'',0,0,'2015-06-18 15:13:38','2015-06-18 15:26:04'),(1684,1,1,0,'',3,409,409,1,354,89313,'81f1ef07e6f9e65499557bdeb9476832',0,0,'',0,0,'2015-06-18 15:22:50','2015-06-18 21:38:14'),(1685,1,1,20,'',3,0,0,1,0,89310,'',0,0,'',0,0,'2015-06-18 15:26:15','2015-06-18 15:36:54'),(1686,1,1,20,'a:1:{i:408;s:3:\"20,\";}',3,408,408,1,353,89167,'2d2067d0fe77c7bd8eb38ec754bc452f',0,0,'',0,0,'2015-06-18 15:27:04','2015-06-18 15:30:28'),(1687,1,1,0,'',3,57,57,1,51,89397,'43156058e86c27f0ecf140c61768d6c7',0,0,'',0,0,'2015-06-18 15:28:16','2015-06-18 15:52:49'),(1688,1,1,18,'a:1:{i:410;s:3:\"20,\";}',3,410,410,1,355,89449,'f60ef5dbf28181b6e35c32b4c556f87b',0,0,'',0,0,'2015-06-18 15:38:00','2015-06-18 15:55:18'),(1689,1,1,20,'',3,0,0,1,0,89684,'',0,0,'',0,0,'2015-06-18 15:41:28','2015-06-18 15:43:34'),(1690,1,1,20,'',3,0,0,1,0,89409,'',0,0,'',0,0,'2015-06-18 15:48:39','2015-06-18 16:00:04'),(1691,1,1,0,'',1,0,0,1,0,89759,'',0,0,'',0,0,'2015-06-18 15:58:19','2015-06-18 15:59:15'),(1692,1,1,20,'',3,0,0,1,0,89778,'',0,0,'',0,0,'2015-06-18 16:06:00','2015-06-18 16:14:38'),(1693,1,1,20,'a:1:{i:0;s:3:\"20,\";}',3,0,0,1,0,89806,'',0,0,'',0,0,'2015-06-18 16:20:02','2015-06-18 16:36:05'),(1694,1,1,20,'',3,0,0,1,0,89780,'',0,0,'',0,0,'2015-06-18 16:26:00','2015-06-18 16:26:46'),(1695,1,1,20,'a:1:{i:414;s:3:\"20,\";}',3,414,414,1,358,89817,'cd91a751cc77beb6c83ac0aa05da709b',0,0,'',0,0,'2015-06-18 16:28:58','2015-06-18 16:33:44'),(1696,1,1,18,'',3,51,51,1,46,89800,'ee52fe093d10cd7589e090a5332fcee8',0,0,'',0,0,'2015-06-18 16:29:25','2015-06-18 16:30:11'),(1697,1,1,20,'',1,0,0,1,0,89826,'',0,0,'',0,0,'2015-06-18 16:31:08','2015-06-18 16:38:53'),(1698,1,1,20,'',3,0,0,1,0,89822,'',0,0,'',0,0,'2015-06-18 16:38:08','2015-06-18 17:13:10'),(1699,1,1,20,'',3,0,0,1,0,89850,'',0,0,'',0,0,'2015-06-18 16:53:11','2015-06-18 16:53:11'),(1700,1,1,20,'',3,0,0,1,0,89856,'',0,0,'',0,0,'2015-06-18 16:56:20','2015-06-18 16:56:21'),(1701,1,1,20,'',3,0,0,1,0,89869,'',0,0,'',0,0,'2015-06-18 17:10:11','2015-06-18 17:10:12'),(1702,1,1,20,'a:1:{i:356;s:3:\"20,\";}',1,356,356,1,308,89878,'48c680707ac8264fe957e74fc53816cb',0,0,'',0,0,'2015-06-18 17:14:41','2015-06-18 20:43:21'),(1703,1,1,20,'',3,0,0,1,0,89875,'',0,0,'',0,0,'2015-06-18 17:16:41','2015-06-18 17:26:52'),(1704,1,1,20,'',1,0,0,1,0,89899,'',0,0,'',0,0,'2015-06-18 17:38:16','2015-06-18 17:39:31'),(1705,1,1,20,'',3,415,415,1,359,89901,'1b88b97b666c1a2bd258e5a25153c25f',0,0,'',0,0,'2015-06-18 17:53:45','2015-06-18 17:59:49'),(1706,1,1,20,'',1,0,0,1,0,89911,'',0,0,'',0,0,'2015-06-18 17:54:24','2015-06-18 17:54:25'),(1707,1,1,20,'',1,0,0,1,0,89921,'',0,0,'',0,0,'2015-06-18 18:01:28','2015-06-18 18:01:29'),(1708,1,1,20,'',3,0,0,1,0,89910,'',0,0,'',0,0,'2015-06-18 18:08:00','2015-06-18 18:08:01'),(1709,1,1,20,'',3,0,0,1,0,89943,'',0,0,'',0,0,'2015-06-18 18:20:01','2015-06-18 18:20:14'),(1710,1,1,20,'',3,0,0,1,0,89279,'',0,0,'',0,0,'2015-06-18 18:23:00','2015-06-19 06:45:16'),(1711,1,1,20,'',3,0,0,1,0,89970,'',0,0,'',0,0,'2015-06-18 18:31:01','2015-06-18 18:31:53'),(1712,1,1,20,'',3,0,0,1,0,89969,'',0,0,'',0,0,'2015-06-18 18:34:13','2015-06-18 18:34:14'),(1713,1,1,20,'a:1:{i:416;s:3:\"20,\";}',3,416,416,1,360,89983,'df550bd25e74840ff4d49b376ff46b09',0,0,'',0,0,'2015-06-18 18:50:48','2015-06-18 19:17:28'),(1714,1,1,20,'a:1:{i:356;s:3:\"20,\";}',1,356,356,1,308,89146,'48c680707ac8264fe957e74fc53816cb',0,0,'',0,0,'2015-06-18 19:00:56','2015-06-18 19:05:35'),(1715,1,1,20,'',3,0,0,1,0,90013,'',0,0,'',0,0,'2015-06-18 19:47:36','2015-06-18 19:47:37'),(1716,1,1,20,'',1,45,45,1,40,90020,'a49e09728483eb48715df55f001ea219',0,0,'',0,0,'2015-06-18 20:01:28','2015-06-18 20:04:39'),(1717,1,1,20,'a:1:{i:356;s:3:\"20,\";}',1,356,356,1,308,90047,'48c680707ac8264fe957e74fc53816cb',0,0,'',0,0,'2015-06-18 20:51:16','2015-06-18 20:54:30'),(1718,1,1,20,'',3,0,0,1,0,90059,'',0,0,'',0,0,'2015-06-18 21:03:02','2015-06-18 21:03:02'),(1719,1,1,20,'a:1:{i:417;s:3:\"20,\";}',3,417,417,1,361,90082,'0de90c1b304fdf63b44a98fe207d4ebd',0,0,'',0,0,'2015-06-18 21:39:33','2015-06-18 21:43:04'),(1720,1,1,18,'',3,56,56,1,50,90070,'f841f9b9b7bff06584f9f9bf6f7f351a',0,0,'',0,0,'2015-06-18 21:59:49','2015-06-18 22:02:24'),(1721,1,1,20,'',3,0,0,1,0,90119,'',0,0,'',0,0,'2015-06-18 22:52:36','2015-06-18 22:52:37'),(1722,1,1,20,'',1,0,0,1,0,89892,'',0,0,'',0,0,'2015-06-18 23:26:08','2015-06-18 23:26:09'),(1723,1,1,20,'',3,0,0,1,0,90147,'',0,0,'',0,0,'2015-06-18 23:49:47','2015-06-18 23:49:48'),(1724,1,1,20,'',1,0,0,1,0,90166,'',0,0,'',0,0,'2015-06-19 00:28:18','2015-06-19 00:45:25'),(1725,1,1,20,'',1,0,0,1,0,90198,'',0,0,'',0,0,'2015-06-19 01:48:22','2015-06-19 01:55:48'),(1726,1,1,18,'',3,56,56,1,50,90227,'f841f9b9b7bff06584f9f9bf6f7f351a',0,0,'',0,0,'2015-06-19 03:26:48','2015-06-19 03:30:40'),(1727,1,1,18,'a:1:{i:347;s:3:\"18,\";}',3,347,347,1,300,90248,'802a4b3b58e0c1103d644764654f5930',0,0,'',0,0,'2015-06-19 03:54:52','2015-06-19 03:59:05'),(1728,1,1,20,'',3,0,0,1,0,90169,'',0,0,'',0,0,'2015-06-19 04:20:31','2015-06-19 05:47:30'),(1729,1,1,11,'a:1:{i:418;s:3:\"11,\";}',3,418,418,1,362,90255,'6d4a22f00a154097e16c1029ea8023ba',0,0,'',0,0,'2015-06-19 04:32:06','2015-06-19 21:57:20'),(1730,1,1,18,'',3,51,51,1,46,90257,'ee52fe093d10cd7589e090a5332fcee8',0,0,'',0,0,'2015-06-19 04:50:48','2015-06-19 04:53:15'),(1731,1,1,20,'',3,0,0,1,0,90319,'',0,0,'',0,0,'2015-06-19 08:51:27','2015-06-19 09:07:46'),(1732,1,1,20,'',3,0,0,1,0,90338,'',0,0,'',0,0,'2015-06-19 09:41:02','2015-06-19 09:41:03'),(1733,1,1,11,'a:1:{i:0;s:3:\"11,\";}',3,0,0,1,0,90342,'',0,0,'',0,0,'2015-06-19 09:53:20','2015-06-19 09:53:44'),(1734,1,1,0,'',1,384,384,1,334,90371,'a67bbec5fb6137fda848cdec40e132ee',0,0,'',0,0,'2015-06-19 10:41:30','2015-06-19 10:41:30'),(1735,1,1,20,'a:1:{i:419;s:3:\"20,\";}',3,419,419,1,363,90209,'3fb8f47630f7cf7c83515229fbec305e',0,0,'',0,0,'2015-06-19 10:42:41','2015-06-19 10:46:19'),(1736,1,1,20,'',3,0,0,1,0,90400,'',0,0,'',0,0,'2015-06-19 11:41:08','2015-06-19 11:41:09'),(1737,1,1,20,'a:1:{i:0;s:3:\"20,\";}',3,0,0,1,0,90412,'',0,0,'',0,0,'2015-06-19 12:03:41','2015-06-19 12:20:15'),(1738,1,1,20,'',3,0,0,1,0,90404,'',0,0,'',0,0,'2015-06-19 12:59:56','2015-06-19 12:59:58'),(1739,1,1,20,'',1,0,0,1,0,90464,'',0,0,'',0,0,'2015-06-19 13:27:37','2015-06-19 13:28:14'),(1740,1,1,20,'',1,0,0,1,0,90466,'',0,0,'',0,0,'2015-06-19 13:35:50','2015-06-19 13:35:51'),(1741,1,1,20,'',3,0,0,1,0,90473,'',0,0,'',0,0,'2015-06-19 14:02:23','2015-06-19 14:02:24'),(1742,1,1,18,'a:1:{i:77;s:3:\"18,\";}',3,77,77,1,67,90478,'32bded83f616a9f090bca5685a1e443d',0,0,'',0,0,'2015-06-19 14:13:53','2015-06-19 14:22:20'),(1743,1,1,0,'',1,399,399,1,346,90409,'4cce23d4dd3392a1035c4d2e62720a1e',0,0,'',0,0,'2015-06-19 14:43:29','2015-06-19 14:43:29'),(1744,1,1,20,'a:1:{i:420;s:3:\"20,\";}',3,420,420,1,364,90541,'a040f886ca1244dfdc3c4fec1c38ae3f',0,0,'',0,0,'2015-06-19 15:57:34','2015-06-19 15:59:46'),(1745,1,1,20,'',1,0,0,1,0,90302,'',0,0,'',0,0,'2015-06-19 17:15:29','2015-06-19 18:25:07'),(1746,1,1,18,'a:1:{i:421;s:3:\"20,\";}',3,422,422,1,366,90545,'5a562e9bb8e7e0feea6593e7a9a96815',0,0,'',0,0,'2015-06-19 17:34:26','2015-06-19 17:43:29'),(1747,1,1,20,'',3,0,0,1,0,90477,'',0,0,'',0,0,'2015-06-19 20:11:31','2015-06-19 20:11:32'),(1748,1,1,18,'a:1:{i:424;s:3:\"18,\";}',3,424,424,1,367,90628,'15ae5b606fd5c184761926f7f736a5e4',0,0,'',0,0,'2015-06-19 20:19:53','2015-06-19 20:22:24'),(1749,1,1,20,'',3,0,0,1,0,90672,'',0,0,'',0,0,'2015-06-19 21:49:59','2015-06-19 21:49:59'),(1750,1,1,20,'',3,0,0,1,0,90687,'',0,0,'',0,0,'2015-06-19 22:38:24','2015-06-19 22:38:25'),(1751,1,1,18,'a:1:{i:286;s:3:\"18,\";}',3,286,286,1,248,90766,'179d739ce73759ba3c0714aad6138b63',0,0,'',0,0,'2015-06-20 02:40:11','2015-06-20 02:41:11'),(1752,1,1,18,'a:1:{i:0;s:3:\"18,\";}',3,0,0,1,0,90788,'',0,0,'',0,0,'2015-06-20 04:15:57','2015-06-20 04:16:34'),(1753,1,1,18,'a:1:{i:77;s:3:\"18,\";}',3,77,77,1,67,90792,'32bded83f616a9f090bca5685a1e443d',0,0,'',0,0,'2015-06-20 04:28:16','2015-06-20 04:28:47'),(1754,1,1,18,'a:1:{i:248;s:3:\"18,\";}',3,248,248,1,214,90828,'e0ef534c08abea610277b2b228cf002b',0,0,'',0,0,'2015-06-20 06:41:46','2015-06-20 06:43:42'),(1755,1,1,20,'',3,0,0,1,0,90847,'',0,0,'',0,0,'2015-06-20 07:57:27','2015-06-20 07:57:28'),(1756,1,1,11,'a:1:{i:418;s:3:\"11,\";}',1,418,418,1,362,90871,'6d4a22f00a154097e16c1029ea8023ba',0,0,'',0,0,'2015-06-20 09:10:06','2015-06-20 09:11:41'),(1757,1,1,20,'a:1:{i:46;s:3:\"20,\";}',3,46,46,1,41,90884,'de39365912b7f26e6bcae4922161aa18',0,0,'',0,0,'2015-06-20 10:03:50','2015-06-20 10:28:41'),(1758,1,1,20,'',3,0,0,1,0,91010,'',0,0,'',0,0,'2015-06-20 13:14:07','2015-06-20 13:14:07'),(1759,1,1,20,'',1,0,0,1,0,90993,'',0,0,'',0,0,'2015-06-20 13:17:04','2015-06-20 13:17:18'),(1760,1,1,20,'',3,0,0,1,0,91064,'',0,0,'',0,0,'2015-06-20 14:52:00','2015-06-20 14:52:01'),(1761,1,1,20,'',1,0,0,1,0,91077,'',0,0,'',0,0,'2015-06-20 15:29:19','2015-06-20 15:29:20'),(1762,1,1,20,'a:1:{i:425;s:3:\"20,\";}',1,425,425,1,368,91115,'eda915072136cda7427c016ee94704d9',0,0,'',0,0,'2015-06-20 16:36:26','2015-06-20 19:13:18'),(1763,1,1,0,'',1,426,426,1,369,91177,'2fb33974320e0942febcec938afb852f',0,0,'',0,0,'2015-06-20 19:06:02','2015-06-20 22:57:40'),(1764,1,1,20,'',3,0,0,1,0,91667,'',0,0,'',0,0,'2015-06-21 02:07:25','2015-06-21 02:07:26'),(1765,1,1,18,'',3,427,427,1,370,91668,'c8a7427c5132f6cedf69eb27d3fc23c8',0,0,'',0,0,'2015-06-21 02:13:05','2015-06-21 02:29:09'),(1766,1,1,20,'',3,0,0,1,0,91724,'',0,0,'',0,0,'2015-06-21 04:21:19','2015-06-21 04:21:20'),(1767,1,1,18,'a:1:{i:428;s:3:\"18,\";}',3,428,428,1,371,91730,'92a9cbc752a415844b377597b150c016',0,0,'',0,0,'2015-06-21 04:51:21','2015-06-21 04:54:48'),(1768,1,1,18,'a:1:{i:429;s:3:\"18,\";}',3,429,429,1,372,91736,'a393e5b22d3f45ed4a673351f8e93934',0,0,'',0,0,'2015-06-21 05:24:13','2015-06-21 05:25:39'),(1769,1,1,0,'a:1:{i:430;s:3:\"20,\";}',3,430,430,1,373,91739,'bef5b4ef0efbbe65871dc1223398089c',0,0,'',0,0,'2015-06-21 05:31:54','2015-06-21 05:32:48'),(1770,1,1,20,'',1,0,0,1,0,91808,'',0,0,'',0,0,'2015-06-21 08:43:31','2015-06-21 08:43:31'),(1771,1,1,18,'',3,427,427,1,370,92017,'c8a7427c5132f6cedf69eb27d3fc23c8',0,0,'',0,0,'2015-06-21 15:54:44','2015-06-21 16:11:02'),(1772,1,1,20,'',3,0,0,1,0,92038,'',0,0,'',0,0,'2015-06-21 17:00:44','2015-06-21 17:01:57'),(1773,1,1,20,'',3,0,0,1,0,92053,'',0,0,'',0,0,'2015-06-21 17:29:41','2015-06-21 17:29:42'),(1774,1,1,0,'',3,0,0,1,0,92067,'',0,0,'',0,0,'2015-06-21 17:53:37','2015-06-21 17:55:44'),(1775,1,1,20,'',3,0,0,1,0,92095,'',0,0,'',0,0,'2015-06-21 19:40:00','2015-06-21 19:40:01'),(1776,1,1,18,'a:1:{i:248;s:3:\"18,\";}',3,248,248,1,214,92141,'e0ef534c08abea610277b2b228cf002b',0,0,'',0,0,'2015-06-21 21:22:30','2015-06-21 21:25:24'),(1777,1,1,20,'a:1:{i:431;s:3:\"20,\";}',3,431,431,1,374,92161,'6922b1678e90a8d401d92c6854d601fc',0,0,'',0,0,'2015-06-21 22:49:11','2015-06-21 22:54:50'),(1778,1,1,20,'',1,0,0,1,0,92201,'',0,0,'',0,0,'2015-06-21 23:00:23','2015-06-21 23:00:26'),(1779,1,1,20,'',3,415,415,1,359,92213,'1b88b97b666c1a2bd258e5a25153c25f',0,0,'',0,0,'2015-06-21 23:57:03','2015-06-21 23:57:54'),(1780,1,1,18,'',3,427,427,1,370,91965,'c8a7427c5132f6cedf69eb27d3fc23c8',0,0,'',0,0,'2015-06-22 02:21:12','2015-06-22 03:06:56'),(1781,1,1,0,'',3,423,423,1,366,92262,'5a562e9bb8e7e0feea6593e7a9a96815',0,0,'',0,0,'2015-06-22 02:23:34','2015-06-22 02:23:34'),(1782,1,1,20,'',3,0,0,1,0,92279,'',0,0,'',0,0,'2015-06-22 03:37:57','2015-06-22 03:37:58'),(1783,1,1,20,'',1,0,0,1,0,92504,'',0,0,'',0,0,'2015-06-22 13:32:59','2015-06-22 13:33:00'),(1784,1,1,20,'',3,0,0,1,0,92549,'',0,0,'',0,0,'2015-06-22 18:51:27','2015-06-22 19:05:14'),(1785,1,1,20,'',3,0,0,1,0,92785,'',0,0,'',0,0,'2015-06-22 22:05:19','2015-06-22 22:05:19'),(1786,1,1,0,'',3,414,414,1,358,92755,'cd91a751cc77beb6c83ac0aa05da709b',0,0,'',0,0,'2015-06-22 22:49:44','2015-06-22 22:49:44'),(1787,1,1,0,'',3,423,423,1,366,92912,'5a562e9bb8e7e0feea6593e7a9a96815',0,0,'',0,0,'2015-06-23 01:38:52','2015-06-23 01:38:52'),(1788,1,1,0,'',3,416,416,1,360,93105,'df550bd25e74840ff4d49b376ff46b09',0,0,'',0,0,'2015-06-23 11:28:03','2015-06-23 11:28:03'),(1789,1,1,20,'',3,0,0,1,0,93116,'',0,0,'',0,0,'2015-06-23 11:39:12','2015-06-23 11:41:36'),(1790,1,1,20,'',1,0,0,1,0,93144,'',0,0,'',0,0,'2015-06-23 11:55:36','2015-06-23 11:55:36'),(1791,1,1,20,'',3,0,0,1,0,93166,'',0,0,'',0,0,'2015-06-23 11:56:22','2015-06-23 11:57:49'),(1792,1,1,0,'',3,0,0,1,0,93103,'',0,0,'',0,0,'2015-06-23 12:05:00','2015-06-23 12:05:09'),(1793,1,1,20,'',3,0,0,1,0,93189,'',0,0,'',0,0,'2015-06-23 12:05:12','2015-06-23 12:05:16'),(1794,1,1,20,'',3,0,0,1,0,93225,'',0,0,'',0,0,'2015-06-23 12:24:10','2015-06-23 12:24:11'),(1795,1,1,20,'',3,0,0,1,0,93236,'',0,0,'',0,0,'2015-06-23 12:36:28','2015-06-23 13:10:14'),(1796,1,1,20,'',3,0,0,1,0,93255,'',0,0,'',0,0,'2015-06-23 12:46:01','2015-06-23 12:46:01'),(1797,1,1,0,'',3,0,0,1,0,93285,'',0,0,'',0,0,'2015-06-23 12:57:48','2015-06-23 12:57:51'),(1798,1,1,20,'',3,0,0,1,0,93285,'',0,0,'',0,0,'2015-06-23 12:58:00','2015-06-23 12:58:00'),(1799,1,1,20,'',3,0,0,1,0,93283,'',0,0,'',0,0,'2015-06-23 13:12:02','2015-06-23 13:12:04'),(1800,1,1,20,'',3,0,0,1,0,93299,'',0,0,'',0,0,'2015-06-23 13:13:24','2015-06-23 13:17:04'),(1801,1,1,20,'',3,0,0,1,0,93298,'',0,0,'',0,0,'2015-06-23 13:16:11','2015-06-23 13:16:12'),(1802,1,1,11,'a:1:{i:369;s:3:\"11,\";}',3,369,369,1,320,93146,'fdf6a19b6de5700a84cb8379ec1fc45a',0,0,'',0,0,'2015-06-23 13:24:38','2015-06-24 02:52:53'),(1803,1,1,20,'',1,0,0,1,0,93305,'',0,0,'',0,0,'2015-06-23 13:28:07','2015-06-23 13:28:08'),(1804,1,1,20,'',3,0,0,1,0,93327,'',0,0,'',0,0,'2015-06-23 13:41:29','2015-06-23 13:41:29'),(1805,1,1,20,'',3,0,0,1,0,93328,'',0,0,'',0,0,'2015-06-23 13:44:18','2015-06-23 13:44:19'),(1806,1,1,20,'',3,0,0,1,0,93337,'',0,0,'',0,0,'2015-06-23 13:52:55','2015-06-23 13:53:32'),(1807,1,1,0,'',3,0,0,1,0,93350,'',0,0,'',0,0,'2015-06-23 14:10:17','2015-06-23 14:10:17'),(1808,1,1,20,'',1,0,0,1,0,93242,'',0,0,'',0,0,'2015-06-23 14:12:27','2015-06-23 20:12:10'),(1809,1,1,20,'',3,0,0,1,0,93393,'',0,0,'',0,0,'2015-06-23 14:52:46','2015-06-23 15:25:01'),(1810,1,1,20,'',3,0,0,1,0,93404,'',0,0,'',0,0,'2015-06-23 15:07:54','2015-06-23 15:07:55'),(1811,1,1,20,'',3,0,0,1,0,93406,'',0,0,'',0,0,'2015-06-23 15:11:19','2015-06-23 15:11:20'),(1812,1,1,20,'',3,0,0,1,0,93440,'',0,0,'',0,0,'2015-06-23 16:04:46','2015-06-23 16:04:47'),(1813,1,1,18,'a:1:{i:432;s:3:\"20,\";}',3,432,432,1,375,93512,'1cdacc7a4ebdaa8a53460e4d697cc130',0,0,'',0,0,'2015-06-23 17:16:07','2015-06-23 17:19:33'),(1814,1,1,20,'a:1:{i:434;s:3:\"20,\";}',3,434,434,1,377,92917,'6999bcbeac6db6d05614109f1922023f',0,0,'',0,0,'2015-06-23 17:39:00','2015-06-24 02:53:03'),(1815,1,1,0,'',1,0,0,1,0,93518,'',0,0,'',0,0,'2015-06-23 17:39:37','2015-06-23 17:40:25'),(1816,1,1,20,'',3,0,0,1,0,93505,'',0,0,'',0,0,'2015-06-23 17:54:26','2015-06-23 17:54:27'),(1817,1,1,20,'',3,0,0,1,0,93561,'',0,0,'',0,0,'2015-06-23 18:03:05','2015-06-23 18:03:06'),(1818,1,1,20,'',1,0,0,1,0,93565,'',0,0,'',0,0,'2015-06-23 18:14:53','2015-06-23 18:18:35'),(1819,1,1,20,'',3,0,0,1,0,93682,'',0,0,'',0,0,'2015-06-23 20:41:49','2015-06-23 20:41:51'),(1820,1,1,20,'',1,0,0,1,0,93784,'',0,0,'',0,0,'2015-06-23 23:10:31','2015-06-23 23:10:32'),(1821,1,1,20,'',1,0,0,1,0,93532,'',0,0,'',0,0,'2015-06-24 00:24:27','2015-06-24 00:24:47'),(1822,1,1,20,'',1,0,0,1,0,93883,'',0,0,'',0,0,'2015-06-24 01:37:51','2015-06-24 02:14:17'),(1823,1,1,20,'',1,0,0,1,0,93928,'',0,0,'',0,0,'2015-06-24 04:49:28','2015-06-24 04:49:30'),(1824,1,1,20,'',3,0,0,1,0,93947,'',0,0,'',0,0,'2015-06-24 05:02:52','2015-06-24 05:13:34'),(1825,1,1,20,'',3,0,0,1,0,93927,'',0,0,'',0,0,'2015-06-24 05:35:27','2015-06-25 01:13:54'),(1826,1,1,20,'',3,435,435,1,378,93970,'4e678a9e8ef0aa7fb1e7ce63abe246b2',0,0,'',0,0,'2015-06-24 06:25:44','2015-06-24 06:34:46'),(1827,1,1,0,'a:1:{i:436;s:3:\"20,\";}',3,436,436,1,379,93976,'ce83381221531d185e6cbc1efdf48479',0,0,'',0,0,'2015-06-24 06:47:42','2015-06-24 07:24:36'),(1828,1,1,0,'',3,347,347,1,300,93989,'802a4b3b58e0c1103d644764654f5930',0,0,'',0,0,'2015-06-24 07:15:30','2015-06-24 07:15:30'),(1829,1,1,20,'',3,0,0,1,0,94004,'',0,0,'',0,0,'2015-06-24 07:50:35','2015-06-24 07:50:36'),(1830,1,1,20,'',1,0,0,1,0,94006,'',0,0,'',0,0,'2015-06-24 08:00:30','2015-06-24 08:08:52'),(1831,1,1,20,'',1,0,0,1,0,94013,'',0,0,'',0,0,'2015-06-24 08:22:19','2015-06-24 08:24:03'),(1832,1,1,18,'a:1:{i:438;s:3:\"18,\";}',3,438,438,1,381,94018,'5844450e65d6bcf8bb87d03d675b9ace',0,0,'',0,0,'2015-06-24 08:29:55','2015-06-24 09:19:51'),(1833,1,1,11,'a:1:{i:437;s:3:\"11,\";}',3,437,437,1,380,94014,'62e45b86dc30a435dbd89d04821cd148',0,0,'',0,0,'2015-06-24 08:32:52','2015-06-24 09:10:50'),(1834,1,1,20,'a:1:{i:346;s:3:\"20,\";}',3,346,346,1,299,94025,'640222af143f3dbcede6b274f6950440',0,0,'',0,0,'2015-06-24 08:38:02','2015-06-24 08:46:52'),(1835,1,1,20,'',3,0,0,1,0,94027,'',0,0,'',0,0,'2015-06-24 08:41:50','2015-06-24 08:41:51'),(1836,1,1,0,'',1,46,46,1,41,94043,'de39365912b7f26e6bcae4922161aa18',0,0,'',0,0,'2015-06-24 09:16:51','2015-06-24 09:18:00'),(1837,1,1,20,'a:1:{i:46;s:3:\"20,\";}',3,46,46,1,41,90884,'de39365912b7f26e6bcae4922161aa18',0,0,'',0,0,'2015-06-24 09:17:59','2015-06-24 09:17:59'),(1838,1,1,20,'',3,0,0,1,0,94039,'',0,0,'',0,0,'2015-06-24 09:31:01','2015-06-24 09:35:54'),(1839,1,1,20,'',1,0,0,1,0,93963,'',0,0,'',0,0,'2015-06-24 09:50:51','2015-06-24 10:28:42'),(1840,1,1,20,'',1,0,0,1,0,94091,'',0,0,'',0,0,'2015-06-24 09:55:24','2015-06-24 09:55:25'),(1841,1,1,20,'a:1:{i:440;s:3:\"20,\";}',1,440,441,1,383,94138,'688a3ee3aab2f3f22b2a1e3727b048c7',0,0,'',0,0,'2015-06-24 10:50:15','2015-06-24 11:05:42'),(1842,1,1,20,'a:1:{i:439;s:3:\"20,\";}',1,439,439,1,382,94105,'f0bffde907e894ac269e94fc492d26fb',0,0,'',0,0,'2015-06-24 10:52:25','2015-06-24 10:53:09'),(1843,1,1,20,'',1,0,0,1,0,94172,'',0,0,'',0,0,'2015-06-24 11:54:08','2015-06-24 11:54:09'),(1844,1,1,20,'',3,0,0,1,0,94173,'',0,0,'',0,0,'2015-06-24 11:55:05','2015-06-24 11:55:06'),(1845,1,1,20,'a:1:{i:442;s:3:\"20,\";}',1,442,442,1,384,94176,'93a893353ee5035cf77a8110b270ed19',0,0,'',0,0,'2015-06-24 11:59:56','2015-06-24 12:04:02'),(1846,1,1,20,'',3,0,0,1,0,94185,'',0,0,'',0,0,'2015-06-24 12:06:24','2015-06-24 12:06:25'),(1847,1,1,20,'',1,0,0,1,0,94211,'',0,0,'',0,0,'2015-06-24 12:37:53','2015-06-24 12:37:53'),(1848,1,1,20,'',3,0,0,1,0,94243,'',0,0,'',0,0,'2015-06-24 13:37:30','2015-06-24 13:39:19'),(1849,1,1,20,'',3,0,0,1,0,94241,'',0,0,'',0,0,'2015-06-24 13:53:17','2015-06-24 13:53:18'),(1850,1,1,20,'',1,0,0,1,0,94265,'',0,0,'',0,0,'2015-06-24 14:16:43','2015-06-24 14:16:44'),(1851,1,1,20,'',3,0,0,1,0,94291,'',0,0,'',0,0,'2015-06-24 14:35:47','2015-06-24 14:35:48'),(1852,1,1,20,'',1,0,0,1,0,94149,'',0,0,'',0,0,'2015-06-24 14:58:15','2015-06-24 14:58:15'),(1853,1,1,20,'',3,0,0,1,0,94320,'',0,0,'',0,0,'2015-06-24 15:01:51','2015-06-24 15:01:52'),(1854,1,1,20,'',3,0,0,1,0,94061,'',0,0,'',0,0,'2015-06-24 15:30:00','2015-06-24 15:30:01'),(1855,1,1,20,'',1,0,0,1,0,94366,'',0,0,'',0,0,'2015-06-24 16:18:25','2015-06-24 16:19:15'),(1856,1,1,20,'',3,0,0,1,0,94378,'',0,0,'',0,0,'2015-06-24 16:24:29','2015-06-24 16:24:29'),(1857,1,1,20,'',3,0,0,1,0,94434,'',0,0,'',0,0,'2015-06-24 17:35:11','2015-06-24 17:35:12'),(1858,1,1,20,'',1,0,0,1,0,94444,'',0,0,'',0,0,'2015-06-24 17:38:51','2015-06-24 17:38:52'),(1859,1,1,18,'a:1:{i:358;s:3:\"18,\";}',3,358,358,1,310,94460,'49e891f3c097ece84f2bbff2db318c73',0,0,'',0,0,'2015-06-24 18:08:26','2015-06-24 18:09:05'),(1860,1,1,11,'a:1:{i:443;s:3:\"11,\";}',3,443,443,1,385,94479,'1ece33bd18441bd3da82d9fa18e3f8a1',0,0,'',0,0,'2015-06-24 18:31:23','2015-06-24 18:33:08'),(1861,1,1,20,'',3,0,0,1,0,94508,'',0,0,'',0,0,'2015-06-24 19:14:20','2015-06-24 19:14:21'),(1862,1,1,11,'a:1:{i:50;s:3:\"11,\";}',1,50,50,1,45,94552,'36b78256cce8d71db8fa449d77e752a0',0,0,'',0,0,'2015-06-24 19:51:37','2015-06-24 20:02:50'),(1863,1,1,20,'',3,369,369,1,320,78633,'fdf6a19b6de5700a84cb8379ec1fc45a',0,0,'',0,0,'2015-06-24 19:52:12','2015-06-24 22:00:14'),(1864,1,1,20,'',1,0,0,1,0,94383,'',0,0,'',0,0,'2015-06-24 19:56:24','2015-06-24 19:56:24'),(1865,1,1,20,'',3,0,0,1,0,94592,'',0,0,'',0,0,'2015-06-24 20:08:14','2015-06-24 20:08:15'),(1866,1,1,18,'a:1:{i:85;s:3:\"18,\";}',3,86,85,1,75,94371,'f6dcf526b7ae6cb2e0fcee51b8d7e0da',0,0,'',0,0,'2015-06-24 21:10:15','2015-06-24 21:15:59'),(1867,1,1,20,'',3,0,0,1,0,94624,'',0,0,'',0,0,'2015-06-24 21:15:55','2015-06-24 21:16:23'),(1868,1,1,20,'a:1:{i:445;s:3:\"20,\";}',3,445,445,1,387,94433,'d04a92761b43c7345507a2d8e4d8f912',0,0,'',0,0,'2015-06-24 21:29:01','2015-06-24 21:49:41'),(1869,1,1,20,'a:1:{i:446;s:3:\"20,\";}',1,446,446,1,388,94541,'c3c41645f99bc9c58d9ca4e30420e112',0,0,'',0,0,'2015-06-24 22:30:37','2015-06-24 22:33:19'),(1870,1,1,20,'',3,0,0,1,0,94693,'',0,0,'',0,0,'2015-06-24 22:34:04','2015-06-24 22:34:15'),(1871,1,1,20,'',3,0,0,1,0,94694,'',0,0,'',0,0,'2015-06-24 22:41:36','2015-06-24 22:41:55'),(1872,1,1,11,'a:1:{i:0;s:3:\"11,\";}',3,0,0,1,0,94718,'',0,0,'',0,0,'2015-06-24 22:51:01','2015-06-24 22:52:21'),(1873,1,1,18,'a:1:{i:0;s:3:\"18,\";}',3,0,0,1,0,94741,'',0,0,'',0,0,'2015-06-24 23:37:40','2015-06-24 23:38:09'),(1874,1,1,20,'',1,0,0,1,0,94752,'',0,0,'',0,0,'2015-06-24 23:53:25','2015-06-24 23:53:25'),(1875,1,1,11,'a:1:{i:447;s:3:\"11,\";}',3,447,447,1,389,94804,'8d6425d9c42465f7b2a4f7a24419aefe',0,0,'',0,0,'2015-06-25 01:52:46','2015-06-25 01:54:26'),(1876,1,1,0,'',1,0,0,1,0,94841,'',0,0,'',0,0,'2015-06-25 03:16:25','2015-06-25 03:16:25'),(1877,1,1,20,'',3,0,0,1,0,94864,'',0,0,'',0,0,'2015-06-25 04:05:05','2015-06-25 04:05:49'),(1878,1,1,20,'',3,0,0,1,0,94860,'',0,0,'',0,0,'2015-06-25 06:27:05','2015-06-25 06:27:06'),(1879,1,1,20,'',3,0,0,1,0,94992,'',0,0,'',0,0,'2015-06-25 08:17:06','2015-06-25 08:17:07'),(1880,1,1,20,'a:1:{i:448;s:3:\"20,\";}',1,448,448,1,390,95043,'fe4efad53f5a331d8ddf78789e6e8862',0,0,'',0,0,'2015-06-25 10:12:11','2015-06-25 10:19:28'),(1881,1,1,20,'',1,449,449,1,391,95086,'88bff2416b9d60cc570e92b235d78e2b',0,0,'',0,0,'2015-06-25 11:43:56','2015-06-25 15:45:09'),(1882,1,1,0,'',1,50,50,1,45,95100,'36b78256cce8d71db8fa449d77e752a0',0,0,'',0,0,'2015-06-25 12:00:40','2015-06-25 12:00:40'),(1883,1,1,0,'',3,369,369,1,320,95140,'fdf6a19b6de5700a84cb8379ec1fc45a',0,0,'',0,0,'2015-06-25 13:22:09','2015-06-25 13:22:09'),(1884,1,1,20,'',1,0,0,1,0,95169,'',0,0,'',0,0,'2015-06-25 14:17:23','2015-06-25 14:17:23'),(1885,1,1,0,'',3,416,416,1,360,95302,'df550bd25e74840ff4d49b376ff46b09',0,0,'',0,0,'2015-06-25 17:16:10','2015-06-25 17:16:10'),(1886,1,1,20,'a:1:{i:446;s:3:\"20,\";}',1,446,446,1,388,95369,'c3c41645f99bc9c58d9ca4e30420e112',0,0,'',0,0,'2015-06-25 19:11:23','2015-06-25 22:09:49'),(1887,1,1,0,'',3,0,0,1,0,95352,'',0,0,'',0,0,'2015-06-25 19:24:42','2015-06-25 19:25:13'),(1888,1,1,20,'',1,0,0,1,0,95381,'',0,0,'',0,0,'2015-06-25 19:53:03','2015-06-25 19:53:04'),(1889,1,1,20,'',3,0,0,1,0,95730,'',0,0,'',0,0,'2015-06-25 23:35:31','2015-06-25 23:35:32'),(1890,1,1,20,'',3,0,0,1,0,95749,'',0,0,'',0,0,'2015-06-26 00:35:06','2015-06-26 00:35:08'),(1891,1,1,20,'a:1:{i:450;s:3:\"20,\";}',1,450,450,1,392,95308,'bf5342a0e4c506cc5fd30b79b4a1dad1',0,0,'',0,0,'2015-06-26 03:45:06','2015-06-26 03:47:43'),(1892,1,1,0,'',3,347,347,1,300,95802,'802a4b3b58e0c1103d644764654f5930',0,0,'',0,0,'2015-06-26 04:18:26','2015-06-26 04:18:26'),(1893,1,1,18,'',1,451,280,1,243,95820,'b9c330797487e8556d930fab83aec584',0,0,'',0,0,'2015-06-26 05:34:40','2015-06-26 06:21:51'),(1894,1,1,0,'',3,0,0,1,0,95800,'',0,0,'',0,0,'2015-06-26 07:49:39','2015-06-26 07:51:09'),(1895,1,1,20,'a:1:{i:454;s:3:\"20,\";}',3,454,454,1,395,96518,'53267654f9fc8a014123e6e212260216',0,0,'',0,0,'2015-06-26 09:12:44','2015-06-26 14:25:26'),(1896,1,1,20,'a:1:{i:452;s:3:\"20,\";}',3,452,452,1,393,96556,'5a46a4b81d9e99edfb512186e67d4168',0,0,'',0,0,'2015-06-26 10:22:35','2015-06-26 10:34:32'),(1897,1,1,20,'',3,0,0,1,0,96662,'',0,0,'',0,0,'2015-06-26 12:52:18','2015-06-26 12:52:19'),(1898,1,1,20,'',3,0,0,1,0,96680,'',0,0,'',0,0,'2015-06-26 13:19:48','2015-06-26 13:19:49'),(1899,1,1,12,'a:1:{i:453;s:3:\"12,\";}',3,453,453,1,394,96697,'a8f59b978a06f6a6f596a029069abb3f',0,0,'',0,0,'2015-06-26 13:44:30','2015-06-26 13:46:47'),(1900,1,1,20,'a:1:{i:0;s:3:\"20,\";}',3,0,0,1,0,96592,'',0,0,'',0,0,'2015-06-26 14:09:02','2015-06-26 14:18:39'),(1901,1,1,20,'',1,0,0,1,0,96714,'',0,0,'',0,0,'2015-06-26 14:19:50','2015-06-26 14:19:51'),(1902,1,1,0,'',3,369,369,1,320,96684,'fdf6a19b6de5700a84cb8379ec1fc45a',0,0,'',0,0,'2015-06-26 15:55:25','2015-06-26 15:55:25'),(1903,1,1,0,'a:1:{i:455;s:3:\"20,\";}',3,455,455,1,396,96787,'5ad73572d552feeac4bcba81abccec56',0,0,'',0,0,'2015-06-26 16:43:05','2015-06-26 16:48:21'),(1904,1,1,0,'',1,50,50,1,45,96869,'36b78256cce8d71db8fa449d77e752a0',0,0,'',0,0,'2015-06-26 19:42:49','2015-06-26 19:42:49'),(1905,1,1,20,'',1,0,0,1,0,96931,'',0,0,'',0,0,'2015-06-26 20:56:43','2015-06-26 20:56:44'),(1906,1,1,20,'a:1:{i:446;s:3:\"20,\";}',1,446,446,1,388,97011,'c3c41645f99bc9c58d9ca4e30420e112',0,0,'',0,0,'2015-06-26 23:52:36','2015-06-27 10:39:39'),(1907,1,1,20,'a:1:{i:0;s:3:\"20,\";}',3,0,0,1,0,97039,'',0,0,'',0,0,'2015-06-27 00:42:32','2015-06-27 00:45:56'),(1908,1,1,18,'a:1:{i:0;s:3:\"18,\";}',1,0,0,1,0,97050,'',0,0,'',0,0,'2015-06-27 01:07:50','2015-06-27 01:08:20'),(1909,1,1,20,'',3,0,0,1,0,96713,'',0,0,'',0,0,'2015-06-27 01:35:03','2015-06-27 01:35:04'),(1910,1,1,20,'',3,0,0,1,0,97232,'',0,0,'',0,0,'2015-06-27 10:32:08','2015-06-27 10:43:12'),(1911,1,1,20,'a:1:{i:456;s:3:\"20,\";}',1,456,457,1,397,97249,'a246190210985e66738f5cf461fe7e12',0,0,'',0,0,'2015-06-27 10:43:56','2015-06-27 10:49:25'),(1912,1,1,18,'a:1:{i:0;s:3:\"18,\";}',1,0,0,1,0,97642,'',0,0,'',0,0,'2015-06-27 11:48:57','2015-06-27 11:55:16'),(1913,1,1,0,'',1,0,0,1,0,97646,'',0,0,'',0,0,'2015-06-27 12:05:31','2015-06-27 12:11:09'),(1914,1,1,20,'',3,0,0,1,0,97216,'',0,0,'',0,0,'2015-06-27 12:27:13','2015-06-27 12:27:14'),(1915,1,1,18,'a:1:{i:0;s:3:\"18,\";}',1,0,0,1,0,97657,'',0,0,'',0,0,'2015-06-27 12:54:01','2015-06-27 12:55:53'),(1916,1,1,20,'',3,0,0,1,0,97796,'',0,0,'',0,0,'2015-06-27 18:00:36','2015-06-27 18:01:34'),(1917,1,1,20,'',1,0,0,1,0,97811,'',0,0,'',0,0,'2015-06-27 18:46:28','2015-06-27 18:46:28'),(1918,1,1,20,'',3,0,0,1,0,97814,'',0,0,'',0,0,'2015-06-27 18:49:25','2015-06-27 18:49:26'),(1919,1,1,18,'a:1:{i:458;s:3:\"18,\";}',3,458,458,1,398,97831,'178832e4aa0948455ae884746a0b8ce1',0,0,'',0,0,'2015-06-27 19:29:46','2015-06-27 19:33:04'),(1920,1,1,20,'',1,0,0,1,0,97857,'',0,0,'',0,0,'2015-06-27 20:20:02','2015-06-27 20:22:46'),(1921,1,1,20,'',3,0,0,1,0,97933,'',0,0,'',0,0,'2015-06-27 23:42:30','2015-06-27 23:42:31'),(1922,1,1,18,'a:1:{i:0;s:3:\"18,\";}',3,0,0,1,0,97940,'',0,0,'',0,0,'2015-06-28 00:02:54','2015-06-28 00:32:06'),(1923,1,1,0,'',3,248,248,1,214,98012,'e0ef534c08abea610277b2b228cf002b',0,0,'',0,0,'2015-06-28 05:01:31','2015-06-28 05:01:31'),(1924,1,1,0,'',3,0,0,1,0,98043,'',0,0,'',0,0,'2015-06-28 06:34:06','2015-06-28 06:34:07'),(1925,1,1,20,'',3,0,0,1,0,98043,'',0,0,'',0,0,'2015-06-28 06:34:08','2015-06-28 06:34:10'),(1926,1,1,18,'',3,459,459,1,399,98046,'c8137b65cd25e3abbac7ecdf9e1198c1',0,0,'',0,0,'2015-06-28 06:49:56','2015-06-28 06:49:59'),(1927,1,1,0,'',3,459,459,1,399,98053,'c8137b65cd25e3abbac7ecdf9e1198c1',0,0,'',0,0,'2015-06-28 07:10:41','2015-06-28 07:10:41'),(1928,1,1,18,'',3,459,459,1,399,98046,'c8137b65cd25e3abbac7ecdf9e1198c1',0,0,'',0,0,'2015-06-28 07:10:59','2015-06-28 07:10:59'),(1929,1,1,20,'',3,0,0,1,0,98027,'',0,0,'',0,0,'2015-06-28 08:11:36','2015-06-28 08:11:37'),(1930,1,1,0,'',3,0,0,1,0,98071,'',0,0,'',0,0,'2015-06-28 08:47:06','2015-06-28 08:47:06'),(1931,1,1,20,'',1,0,0,1,0,98075,'',0,0,'',0,0,'2015-06-28 09:22:14','2015-06-28 17:31:10'),(1932,1,1,20,'',3,0,0,1,0,98124,'',0,0,'',0,0,'2015-06-28 11:16:49','2015-06-28 11:16:50'),(1933,1,1,20,'a:1:{i:460;s:3:\"20,\";}',3,460,460,1,400,98152,'d41d9aec9d03ed78ab206d0157aff01f',0,0,'',0,0,'2015-06-28 12:30:44','2015-06-28 12:31:56'),(1934,1,1,20,'',1,0,0,1,0,98189,'',0,0,'',0,0,'2015-06-28 13:33:07','2015-06-28 13:35:46'),(1935,1,1,18,'a:1:{i:415;s:3:\"18,\";}',3,415,415,1,359,98198,'1b88b97b666c1a2bd258e5a25153c25f',0,0,'',0,0,'2015-06-28 13:47:37','2015-06-28 13:58:13'),(1936,1,1,20,'',3,0,0,1,0,98219,'',0,0,'',0,0,'2015-06-28 14:24:51','2015-06-28 14:24:52'),(1937,1,1,20,'',3,0,0,1,0,98240,'',0,0,'',0,0,'2015-06-28 15:21:47','2015-06-28 15:22:53'),(1938,1,1,0,'',3,459,459,1,399,98246,'c8137b65cd25e3abbac7ecdf9e1198c1',0,0,'',0,0,'2015-06-28 15:31:46','2015-06-28 15:31:46'),(1939,1,1,0,'',3,458,458,1,398,98249,'178832e4aa0948455ae884746a0b8ce1',0,0,'',0,0,'2015-06-28 15:42:32','2015-06-28 15:42:32'),(1940,1,1,0,'',3,435,435,1,378,98344,'4e678a9e8ef0aa7fb1e7ce63abe246b2',0,0,'',0,0,'2015-06-28 19:11:26','2015-06-28 19:11:26'),(1941,1,1,20,'a:1:{i:461;s:3:\"20,\";}',1,461,461,1,401,98368,'a0a9366a17715205fc5b525332467684',0,0,'',0,0,'2015-06-28 20:02:13','2015-06-28 20:21:13'),(1942,1,1,20,'a:1:{i:462;s:3:\"20,\";}',3,462,462,1,402,98298,'bfb444dab733c654db04edae3e177859',0,0,'',0,0,'2015-06-28 22:11:42','2015-06-28 22:18:45'),(1943,1,1,20,'',3,0,0,1,0,98568,'',0,0,'',0,0,'2015-06-29 06:02:47','2015-06-29 06:04:25'),(1944,1,1,20,'',1,0,0,1,0,98620,'',0,0,'',0,0,'2015-06-29 09:41:38','2015-06-29 09:41:41'),(1945,1,1,0,'',3,458,458,1,398,98679,'178832e4aa0948455ae884746a0b8ce1',0,0,'',0,0,'2015-06-29 09:43:44','2015-06-29 09:43:44'),(1946,1,1,20,'',3,0,0,1,0,98708,'',0,0,'',0,0,'2015-06-29 10:35:51','2015-06-29 10:36:48'),(1947,1,1,20,'',1,0,0,1,0,98717,'',0,0,'',0,0,'2015-06-29 10:47:23','2015-06-29 10:47:24'),(1948,1,1,0,'',3,459,459,1,399,98733,'c8137b65cd25e3abbac7ecdf9e1198c1',0,0,'',0,0,'2015-06-29 11:22:38','2015-06-29 11:22:38'),(1949,1,1,20,'',3,462,462,1,402,98742,'bfb444dab733c654db04edae3e177859',0,0,'',0,0,'2015-06-29 11:51:33','2015-06-29 13:38:49'),(1950,1,1,20,'',1,0,0,1,0,98755,'',0,0,'',0,0,'2015-06-29 12:00:12','2015-06-29 12:00:17'),(1951,1,1,20,'',3,0,0,1,0,98764,'',0,0,'',0,0,'2015-06-29 12:15:28','2015-06-29 12:16:03'),(1952,1,1,20,'',1,0,0,1,0,98787,'',0,0,'',0,0,'2015-06-29 12:37:07','2015-06-29 12:37:09'),(1953,1,1,0,'',3,459,459,1,399,98858,'c8137b65cd25e3abbac7ecdf9e1198c1',0,0,'',0,0,'2015-06-29 15:17:10','2015-06-29 15:17:10'),(1954,1,1,20,'',1,0,0,1,0,98879,'',0,0,'',0,0,'2015-06-29 16:02:02','2015-06-29 16:02:03'),(1955,1,1,0,'',3,415,415,1,359,99054,'1b88b97b666c1a2bd258e5a25153c25f',0,0,'',0,0,'2015-06-29 19:24:17','2015-06-29 19:24:23'),(1956,1,1,0,'',3,0,0,1,0,99115,'',0,0,'',0,0,'2015-06-29 21:46:34','2015-06-29 21:46:35'),(1957,1,1,20,'',3,0,0,1,0,99115,'',0,0,'',0,0,'2015-06-29 21:46:35','2015-06-29 21:56:02'),(1958,1,1,0,'',3,438,438,1,381,99192,'5844450e65d6bcf8bb87d03d675b9ace',0,0,'',0,0,'2015-06-29 23:53:12','2015-06-29 23:53:12'),(1959,1,1,20,'',3,0,0,1,0,99215,'',0,0,'',0,0,'2015-06-30 00:41:10','2015-06-30 00:41:12'),(1960,1,1,0,'',3,458,458,1,398,99230,'178832e4aa0948455ae884746a0b8ce1',0,0,'',0,0,'2015-06-30 00:46:49','2015-06-30 00:46:49'),(1961,1,1,18,'a:1:{i:463;s:3:\"18,\";}',3,463,465,1,403,99378,'92f8a24a76410a4181aa275918fc15eb',0,0,'',0,0,'2015-06-30 08:27:49','2015-06-30 08:43:57'),(1962,1,1,20,'a:1:{i:466;s:3:\"20,\";}',1,466,466,1,404,99469,'247ae98829700baed5abf53d975fa116',0,0,'',0,0,'2015-06-30 12:04:41','2015-06-30 12:16:16'),(1963,1,1,11,'a:1:{i:0;s:3:\"11,\";}',3,0,0,1,0,99573,'',0,0,'',0,0,'2015-06-30 15:32:27','2015-06-30 15:40:21'),(1964,1,1,18,'a:1:{i:85;s:3:\"18,\";}',3,86,85,1,75,99570,'f6dcf526b7ae6cb2e0fcee51b8d7e0da',0,0,'',0,0,'2015-06-30 16:55:04','2015-06-30 16:57:49'),(1965,1,1,20,'',1,0,0,1,0,99619,'',0,0,'',0,0,'2015-06-30 17:18:01','2015-06-30 17:40:40'),(1966,1,1,20,'',1,0,0,1,0,99621,'',0,0,'',0,0,'2015-06-30 17:18:05','2015-06-30 17:32:17'),(1967,1,1,18,'a:1:{i:85;s:3:\"18,\";}',3,86,85,1,75,99627,'f6dcf526b7ae6cb2e0fcee51b8d7e0da',0,0,'',0,0,'2015-06-30 17:40:18','2015-06-30 17:44:15'),(1968,1,1,0,'a:1:{i:467;s:3:\"20,\";}',3,467,467,1,405,99679,'3f2239e48684650a61d65d9b1f745f78',0,0,'',0,0,'2015-06-30 19:39:14','2015-06-30 19:51:45'),(1969,1,1,20,'',3,0,0,1,0,99735,'',0,0,'',0,0,'2015-06-30 22:21:46','2015-06-30 22:21:49'),(1970,1,1,20,'',3,0,0,1,0,99759,'',0,0,'',0,0,'2015-06-30 23:07:41','2015-06-30 23:13:39'),(1971,1,1,20,'a:1:{i:469;s:3:\"20,\";}',3,471,470,1,407,99772,'816d1c4a410b7d1dbd6ae669dfa68f1e',0,0,'',0,0,'2015-06-30 23:37:04','2015-07-01 08:32:58'),(1972,1,1,18,'a:1:{i:248;s:3:\"18,\";}',3,248,248,1,214,99885,'e0ef534c08abea610277b2b228cf002b',0,0,'',0,0,'2015-07-01 04:30:49','2015-07-01 04:36:32'),(1973,1,1,18,'a:1:{i:248;s:3:\"18,\";}',3,248,248,1,214,99885,'e0ef534c08abea610277b2b228cf002b',0,0,'',0,0,'2015-07-01 04:47:10','2015-07-01 04:47:10'),(1974,1,1,0,'',3,459,459,1,399,99902,'c8137b65cd25e3abbac7ecdf9e1198c1',0,0,'',0,0,'2015-07-01 05:46:40','2015-07-01 05:46:40'),(1975,1,1,18,'a:1:{i:468;s:3:\"20,\";}',3,468,468,1,406,99907,'8548c07ffb987b28cf790225dc4f5244',0,0,'',0,0,'2015-07-01 05:51:03','2015-07-01 05:55:24'),(1976,1,1,0,'',3,462,462,1,402,99962,'bfb444dab733c654db04edae3e177859',0,0,'',0,0,'2015-07-01 09:14:19','2015-07-01 09:14:19'),(1977,1,1,20,'',1,0,0,1,0,100075,'',0,0,'',0,0,'2015-07-01 15:33:07','2015-07-01 15:34:36'),(1978,1,1,20,'a:1:{i:472;s:3:\"20,\";}',1,472,472,1,408,100351,'61c642f71498cdca12878d2fd4b7edf8',0,0,'',0,0,'2015-07-01 16:32:31','2015-07-01 16:34:20'),(1979,1,1,20,'',3,0,0,1,0,100417,'',0,0,'',0,0,'2015-07-01 17:30:23','2015-07-01 17:31:30'),(1980,1,1,20,'',1,0,0,1,0,100440,'',0,0,'',0,0,'2015-07-01 18:52:08','2015-07-01 18:52:09'),(1981,1,1,20,'',1,0,0,1,0,100465,'',0,0,'',0,0,'2015-07-01 19:12:01','2015-07-01 19:12:02'),(1982,1,1,20,'',3,0,0,1,0,100477,'',0,0,'',0,0,'2015-07-01 19:35:09','2015-07-01 19:49:15'),(1983,1,1,12,'a:1:{i:0;s:3:\"12,\";}',1,0,0,1,0,100485,'',0,0,'',0,0,'2015-07-01 19:50:34','2015-07-01 19:51:32'),(1984,1,1,20,'a:1:{i:237;s:3:\"20,\";}',3,237,237,1,203,100486,'57b068ec4227107e817f7c5e4b554b01',0,0,'',0,0,'2015-07-01 19:51:03','2015-07-01 19:55:05'),(1985,1,1,20,'',1,0,0,1,0,100539,'',0,0,'',0,0,'2015-07-01 22:09:30','2015-07-01 22:09:31'),(1986,1,1,0,'',3,248,248,1,214,100348,'e0ef534c08abea610277b2b228cf002b',0,0,'',0,0,'2015-07-01 23:39:30','2015-07-01 23:39:30'),(1987,1,1,0,'a:1:{i:473;s:3:\"20,\";}',3,473,473,1,409,100595,'9ec217df16f8c358d62fdc730b38e858',0,0,'',0,0,'2015-07-02 00:10:13','2015-07-02 00:11:46'),(1988,1,1,20,'',3,0,0,1,0,100349,'',0,0,'',0,0,'2015-07-02 01:11:52','2015-07-02 01:11:53'),(1989,1,1,20,'',3,0,0,1,0,100681,'',0,0,'',0,0,'2015-07-02 05:53:50','2015-07-02 06:01:46'),(1990,1,1,0,'',1,384,384,1,334,100819,'a67bbec5fb6137fda848cdec40e132ee',0,0,'',0,0,'2015-07-02 10:14:34','2015-07-02 10:14:34'),(1991,1,1,20,'',3,275,275,1,238,100827,'7c43583ea0fef8ba44aedbf35d2df498',0,0,'',0,0,'2015-07-02 10:24:51','2015-07-02 10:36:58'),(1992,1,1,0,'',3,459,459,1,399,100950,'c8137b65cd25e3abbac7ecdf9e1198c1',0,0,'',0,0,'2015-07-02 14:36:57','2015-07-02 14:36:57'),(1993,1,1,20,'',1,0,0,1,0,100997,'',0,0,'',0,0,'2015-07-02 16:00:32','2015-07-02 16:00:33'),(1994,1,1,20,'',3,0,0,1,0,101047,'',0,0,'',0,0,'2015-07-02 17:15:47','2015-07-02 17:15:48'),(1995,1,1,20,'a:1:{i:474;s:3:\"20,\";}',3,474,474,1,410,101128,'d6ccf83cedc9a05d80df6ac8b59c9dea',0,0,'',0,0,'2015-07-02 18:50:36','2015-07-02 18:55:39'),(1996,1,1,20,'a:1:{i:475;s:3:\"20,\";}',3,475,475,1,411,101167,'9219baed2420f02efb783f3e9d4383a3',0,0,'',0,0,'2015-07-02 19:58:00','2015-07-02 21:49:26'),(1997,1,1,0,'',1,450,450,1,392,101002,'bf5342a0e4c506cc5fd30b79b4a1dad1',0,0,'',0,0,'2015-07-02 20:42:22','2015-07-02 20:42:22'),(1998,1,1,20,'',3,0,0,1,0,101192,'',0,0,'',0,0,'2015-07-02 21:01:09','2015-07-02 21:01:11'),(1999,1,1,0,'',3,343,343,1,296,101239,'07d5b41395370895e5f855e2518a0931',0,0,'',0,0,'2015-07-02 22:48:27','2015-07-02 22:48:27'),(2000,1,1,20,'',3,0,0,1,0,101249,'',0,0,'',0,0,'2015-07-02 23:18:20','2015-07-02 23:19:25'),(2001,1,1,18,'a:1:{i:85;s:3:\"18,\";}',3,86,85,1,75,101276,'f6dcf526b7ae6cb2e0fcee51b8d7e0da',0,0,'',0,0,'2015-07-03 00:09:31','2015-07-03 00:11:56'),(2002,1,1,0,'',3,369,369,1,320,101289,'fdf6a19b6de5700a84cb8379ec1fc45a',0,0,'',0,0,'2015-07-03 00:37:06','2015-07-03 00:37:06'),(2003,1,1,20,'',1,0,0,1,0,101325,'',0,0,'',0,0,'2015-07-03 01:32:42','2015-07-03 01:34:00'),(2004,1,1,0,'',3,459,459,1,399,101371,'c8137b65cd25e3abbac7ecdf9e1198c1',0,0,'',0,0,'2015-07-03 04:44:09','2015-07-03 04:44:09'),(2005,1,1,0,'',3,459,459,1,399,101372,'c8137b65cd25e3abbac7ecdf9e1198c1',0,0,'',0,0,'2015-07-03 04:51:23','2015-07-03 04:51:23'),(2006,1,1,18,'',3,86,85,1,75,14135,'f6dcf526b7ae6cb2e0fcee51b8d7e0da',0,0,'',0,0,'2015-07-03 06:27:45','2015-07-03 06:28:03'),(2007,1,1,20,'',3,0,0,1,0,101420,'',0,0,'',0,0,'2015-07-03 07:15:18','2015-07-03 07:15:56'),(2008,1,1,18,'a:1:{i:476;s:3:\"18,\";}',3,476,476,1,412,101470,'2f8b16e7357617ae3a2efd6705b78ace',0,0,'',0,0,'2015-07-03 09:24:28','2015-07-03 09:27:46'),(2009,1,1,18,'a:1:{i:0;s:3:\"18,\";}',3,0,0,1,0,101525,'',0,0,'',0,0,'2015-07-03 10:12:09','2015-07-03 10:13:00'),(2010,1,1,20,'',3,477,477,1,413,101571,'d22c99cebbacf269dfb07f39de68de73',0,0,'',0,0,'2015-07-03 11:19:35','2015-07-03 11:19:36'),(2011,1,1,20,'',1,0,0,1,0,101572,'',0,0,'',0,0,'2015-07-03 11:26:17','2015-07-03 14:10:52'),(2012,1,1,20,'a:1:{i:474;s:3:\"20,\";}',1,474,474,1,410,101611,'d6ccf83cedc9a05d80df6ac8b59c9dea',0,0,'',0,0,'2015-07-03 12:49:26','2015-07-03 19:35:29'),(2013,1,1,20,'a:1:{i:482;s:3:\"20,\";}',3,482,482,1,417,101639,'d97c2963aad9dc792381fe58585a847e',0,0,'',0,0,'2015-07-03 13:27:46','2015-07-03 22:26:13'),(2014,1,1,20,'',3,0,0,1,0,101640,'',0,0,'',0,0,'2015-07-03 13:32:38','2015-07-03 13:32:39'),(2015,1,1,20,'a:1:{i:478;s:3:\"20,\";}',3,478,478,1,414,101638,'9fc8e534e05d85bdfe17a287ff0f6751',0,0,'',0,0,'2015-07-03 13:51:17','2015-07-03 15:58:59'),(2016,1,1,20,'a:1:{i:474;s:3:\"20,\";}',3,474,474,1,410,101685,'d6ccf83cedc9a05d80df6ac8b59c9dea',0,0,'',0,0,'2015-07-03 15:40:32','2015-07-03 16:35:31'),(2017,1,1,18,'a:1:{i:0;s:3:\"18,\";}',3,0,0,1,0,101701,'',0,0,'',0,0,'2015-07-03 16:31:16','2015-07-03 16:32:42'),(2018,1,1,18,'a:1:{i:479;s:3:\"18,\";}',3,479,480,1,415,101715,'c527d7c7c0f985202b0e900e5dd75840',0,0,'',0,0,'2015-07-03 17:03:22','2015-07-03 17:15:56'),(2019,1,1,20,'',3,0,0,1,0,101717,'',0,0,'',0,0,'2015-07-03 17:12:52','2015-07-03 17:12:52'),(2020,1,1,20,'',1,0,0,1,0,101752,'',0,0,'',0,0,'2015-07-03 18:50:29','2015-07-03 18:50:30'),(2021,1,1,20,'a:1:{i:481;s:3:\"20,\";}',3,481,481,1,416,101760,'bcc1495c0452c1fa36c89ba2346ea6ad',0,0,'',0,0,'2015-07-03 19:24:58','2015-07-03 19:29:57'),(2022,1,1,20,'',3,0,0,1,0,101801,'',0,0,'',0,0,'2015-07-03 21:47:40','2015-07-03 21:47:41'),(2023,1,1,20,'',1,0,0,1,0,101847,'',0,0,'',0,0,'2015-07-04 00:19:06','2015-07-04 00:19:07'),(2024,1,1,0,'',1,0,0,1,0,102046,'',0,0,'',0,0,'2015-07-04 11:38:48','2015-07-04 11:38:48'),(2025,1,1,20,'',3,0,0,1,0,102046,'',0,0,'',0,0,'2015-07-04 11:38:48','2015-07-04 11:39:13'),(2026,1,1,18,'a:1:{i:0;s:3:\"18,\";}',1,483,483,1,418,102053,'f9669b7165611407a532bf787fb6ecdd',0,0,'',0,0,'2015-07-04 13:06:26','2015-07-04 13:20:41'),(2027,1,1,20,'',1,0,0,1,0,102137,'',0,0,'',0,0,'2015-07-04 16:17:17','2015-07-04 16:17:54'),(2028,1,1,20,'a:1:{i:484;s:3:\"20,\";}',3,484,484,1,419,102148,'9fb71bfc93cfa7a6fa79ddd7e0c5d47e',0,0,'',0,0,'2015-07-04 16:30:54','2015-07-04 16:39:35'),(2029,1,1,20,'',1,0,0,1,0,102187,'',0,0,'',0,0,'2015-07-04 17:36:53','2015-07-04 17:36:53'),(2030,1,1,20,'',1,0,0,1,0,102200,'',0,0,'',0,0,'2015-07-04 18:15:27','2015-07-04 18:15:28'),(2031,1,1,0,'a:1:{i:485;s:3:\"20,\";}',3,485,485,1,420,102122,'5da750fdd8e3d8ccc14f63b4943148fe',0,0,'',0,0,'2015-07-04 18:27:18','2015-07-04 18:38:17'),(2032,1,1,20,'',1,0,0,1,0,102221,'',0,0,'',0,0,'2015-07-04 19:05:51','2015-07-04 19:05:53'),(2033,1,1,20,'',3,0,0,1,0,102384,'',0,0,'',0,0,'2015-07-05 02:48:10','2015-07-05 03:17:04'),(2034,1,1,0,'',3,0,0,1,0,102394,'',0,0,'',0,0,'2015-07-05 04:18:56','2015-07-05 04:20:33'),(2035,1,1,0,'',1,483,483,1,418,102512,'f9669b7165611407a532bf787fb6ecdd',0,0,'',0,0,'2015-07-05 11:08:56','2015-07-05 11:08:56'),(2036,1,1,20,'',1,0,0,1,0,102761,'',0,0,'',0,0,'2015-07-05 18:09:17','2015-07-05 18:09:17'),(2037,1,1,20,'',3,0,0,1,0,102790,'',0,0,'',0,0,'2015-07-05 18:54:30','2015-07-05 18:54:31'),(2038,1,1,20,'',3,0,0,1,0,102862,'',0,0,'',0,0,'2015-07-05 21:47:07','2015-07-05 21:51:59'),(2039,1,1,20,'a:1:{i:474;s:3:\"20,\";}',3,474,474,1,410,102882,'d6ccf83cedc9a05d80df6ac8b59c9dea',0,0,'',0,0,'2015-07-05 22:55:06','2015-07-05 22:58:39'),(2040,1,1,20,'',3,0,0,1,0,102884,'',0,0,'',0,0,'2015-07-05 23:00:38','2015-07-05 23:05:35'),(2041,1,1,0,'a:1:{i:486;s:3:\"20,\";}',3,486,486,1,421,102892,'d90f03899f8c9a60e248f99cac735975',0,0,'',0,0,'2015-07-05 23:16:05','2015-07-05 23:56:10'),(2042,1,1,20,'',3,0,0,1,0,102951,'',0,0,'',0,0,'2015-07-06 01:40:18','2015-07-06 01:40:20'),(2043,1,1,20,'',1,0,0,1,0,102966,'',0,0,'',0,0,'2015-07-06 02:29:05','2015-07-06 02:29:06'),(2044,1,1,0,'',1,384,384,1,334,103099,'a67bbec5fb6137fda848cdec40e132ee',0,0,'',0,0,'2015-07-06 10:31:28','2015-07-06 10:31:28'),(2045,1,1,0,'',1,483,483,1,418,103114,'f9669b7165611407a532bf787fb6ecdd',0,0,'',0,0,'2015-07-06 11:24:21','2015-07-06 11:24:21'),(2046,1,1,20,'a:1:{i:487;s:3:\"20,\";}',3,487,487,1,422,103134,'e21c2e6851e88a2b504e637b996e1e57',0,0,'',0,0,'2015-07-06 12:27:05','2015-07-06 12:30:39'),(2047,1,1,20,'',3,0,0,1,0,103176,'',0,0,'',0,0,'2015-07-06 13:31:42','2015-07-06 13:35:15'),(2048,1,1,20,'a:1:{i:488;s:3:\"20,\";}',3,488,488,1,423,103181,'0b7347a30f3ead6acb0f2c28cdbfcb4e',0,0,'',0,0,'2015-07-06 13:39:14','2015-07-06 13:43:50'),(2049,1,1,18,'a:1:{i:51;s:3:\"18,\";}',3,51,51,1,46,103188,'ee52fe093d10cd7589e090a5332fcee8',0,0,'',0,0,'2015-07-06 13:47:59','2015-07-06 13:48:27'),(2050,1,1,20,'',1,0,0,1,0,103216,'',0,0,'',0,0,'2015-07-06 15:37:35','2015-07-06 15:40:04'),(2051,1,1,0,'',3,85,85,1,75,103252,'f6dcf526b7ae6cb2e0fcee51b8d7e0da',0,0,'',0,0,'2015-07-06 16:32:41','2015-07-06 16:32:41'),(2052,1,1,0,'',3,482,482,1,417,103320,'d97c2963aad9dc792381fe58585a847e',0,0,'',0,0,'2015-07-06 18:57:42','2015-07-06 18:57:42'),(2053,1,1,20,'',3,0,0,1,0,103397,'',0,0,'',0,0,'2015-07-06 21:23:00','2015-07-06 21:24:33'),(2054,1,1,18,'a:1:{i:490;s:3:\"20,\";}',3,490,490,1,425,103533,'1f6bc6b0663ab4fb58e354a1b722b78e',0,0,'',0,0,'2015-07-07 02:47:20','2015-07-07 03:00:08'),(2055,1,1,0,'a:2:{i:492;s:2:\"0,\";i:491;s:3:\"18,\";}',3,492,492,1,427,103543,'466b146f38970971af37dd7377a5f94c',0,0,'',0,0,'2015-07-07 03:01:26','2015-07-07 03:03:48'),(2056,1,1,20,'',3,0,0,1,0,103584,'',0,0,'',0,0,'2015-07-07 05:42:05','2015-07-07 13:42:10'),(2057,1,1,20,'',3,0,0,1,0,103585,'',0,0,'',0,0,'2015-07-07 05:47:53','2015-07-07 05:47:54'),(2058,1,1,20,'',3,0,0,1,0,103669,'',0,0,'',0,0,'2015-07-07 09:41:17','2015-07-07 09:41:18'),(2059,1,1,20,'',3,0,0,1,0,103702,'',0,0,'',0,0,'2015-07-07 10:58:21','2015-07-07 10:58:23'),(2060,1,1,20,'a:1:{i:448;s:3:\"20,\";}',1,448,448,1,390,103734,'fe4efad53f5a331d8ddf78789e6e8862',0,0,'',0,0,'2015-07-07 12:17:43','2015-07-07 16:10:28'),(2061,1,1,20,'',3,0,0,1,0,103881,'',0,0,'',0,0,'2015-07-07 16:33:36','2015-07-07 16:33:38'),(2062,1,1,20,'',1,0,0,1,0,103942,'',0,0,'',0,0,'2015-07-07 17:01:13','2015-07-07 17:01:27'),(2063,1,1,20,'',3,0,0,1,0,103970,'',0,0,'',0,0,'2015-07-07 17:37:05','2015-07-07 17:38:10'),(2064,1,1,18,'a:1:{i:493;s:3:\"18,\";}',3,493,493,1,428,103999,'123ac22b701ceb1d1e40be3045def940',0,0,'',0,0,'2015-07-07 18:04:05','2015-07-07 18:05:13'),(2065,1,1,20,'',3,0,0,1,0,104086,'',0,0,'',0,0,'2015-07-07 20:08:59','2015-07-07 20:09:01'),(2066,1,1,20,'',1,0,0,1,0,104097,'',0,0,'',0,0,'2015-07-07 20:22:43','2015-07-07 20:22:44'),(2067,1,1,20,'',1,0,0,1,0,104130,'',0,0,'',0,0,'2015-07-07 21:10:46','2015-07-07 21:10:47'),(2068,1,1,20,'',3,0,0,1,0,104269,'',0,0,'',0,0,'2015-07-07 23:50:31','2015-07-07 23:50:32'),(2069,1,1,20,'',3,0,0,1,0,104405,'',0,0,'',0,0,'2015-07-08 02:54:56','2015-07-08 02:54:57'),(2070,1,1,20,'',3,0,0,1,0,104489,'',0,0,'',0,0,'2015-07-08 04:26:44','2015-07-08 04:26:46'),(2071,1,1,20,'',1,0,0,1,0,104508,'',0,0,'',0,0,'2015-07-08 04:49:16','2015-07-08 04:49:17'),(2072,1,1,20,'',1,0,0,1,0,104777,'',0,0,'',0,0,'2015-07-08 11:18:26','2015-07-08 11:18:26'),(2073,1,1,20,'',1,0,0,1,0,104819,'',0,0,'',0,0,'2015-07-08 11:58:53','2015-07-08 12:07:00'),(2074,1,1,20,'',3,0,0,1,0,104783,'',0,0,'',0,0,'2015-07-08 12:22:58','2015-07-08 17:59:36'),(2075,1,1,12,'a:1:{i:494;s:3:\"12,\";}',3,494,494,1,429,104882,'b575af04549b4b307974dd036d864d73',0,0,'',0,0,'2015-07-08 13:20:59','2015-07-08 13:24:22'),(2076,1,1,18,'a:1:{i:494;s:3:\"18,\";}',3,495,495,1,429,104887,'b575af04549b4b307974dd036d864d73',0,0,'',0,0,'2015-07-08 13:27:19','2015-07-08 13:37:23'),(2077,1,1,20,'',3,0,0,1,0,104889,'',0,0,'',0,0,'2015-07-08 13:34:11','2015-07-08 13:34:12'),(2078,1,1,0,'',3,474,474,1,410,104898,'d6ccf83cedc9a05d80df6ac8b59c9dea',0,0,'',0,0,'2015-07-08 13:39:15','2015-07-08 13:39:15'),(2079,1,1,0,'',1,0,0,1,0,104921,'',0,0,'',0,0,'2015-07-08 14:07:11','2015-07-08 14:07:11'),(2080,1,1,20,'',1,0,0,1,0,104921,'',0,0,'',0,0,'2015-07-08 14:07:11','2015-07-08 14:09:49'),(2081,1,1,18,'a:1:{i:496;s:3:\"18,\";}',3,496,96,1,83,104734,'08a6ad4a4d474d4563041de6f929d082',0,0,'',0,0,'2015-07-08 14:43:30','2015-07-08 14:46:04'),(2082,1,1,0,'',3,85,85,1,75,105316,'f6dcf526b7ae6cb2e0fcee51b8d7e0da',0,0,'',0,0,'2015-07-08 15:29:49','2015-07-08 15:29:49'),(2083,1,1,18,'a:1:{i:497;s:3:\"20,\";}',3,497,499,1,430,105457,'e99778fa187815b3c74056afa767f245',0,0,'',0,0,'2015-07-08 18:07:38','2015-07-08 18:12:17'),(2084,1,1,11,'a:1:{i:0;s:3:\"11,\";}',3,0,0,1,0,105513,'',0,0,'',0,0,'2015-07-08 18:12:51','2015-07-08 18:18:17'),(2085,1,1,20,'',3,0,0,1,0,104968,'',0,0,'',0,0,'2015-07-08 18:14:28','2015-07-08 18:14:45'),(2086,1,1,20,'a:1:{i:500;s:3:\"20,\";}',1,501,501,1,431,105580,'b671d21b0c06a83028a8fd6f773d2ed2',0,0,'',0,0,'2015-07-08 21:37:47','2015-07-09 12:22:06'),(2087,1,1,20,'',3,0,0,1,0,105853,'',0,0,'',0,0,'2015-07-08 22:05:22','2015-07-08 22:05:24'),(2088,1,1,20,'',3,0,0,1,0,105861,'',0,0,'',0,0,'2015-07-08 22:13:48','2015-07-08 22:15:59'),(2089,1,1,20,'',3,0,0,1,0,105900,'',0,0,'',0,0,'2015-07-08 23:03:38','2015-07-08 23:03:39'),(2090,1,1,11,'a:1:{i:0;s:3:\"11,\";}',1,0,0,1,0,105967,'',0,0,'',0,0,'2015-07-09 01:18:12','2015-07-09 01:20:33'),(2091,1,1,20,'',3,0,0,1,0,106030,'',0,0,'',0,0,'2015-07-09 03:12:24','2015-07-09 03:12:25'),(2092,1,1,20,'',3,502,502,1,432,106090,'5b020d9c18c853357a025266e38ff7fd',0,0,'',0,0,'2015-07-09 05:07:19','2015-07-09 05:34:15'),(2093,1,1,0,'',1,384,384,1,334,106215,'a67bbec5fb6137fda848cdec40e132ee',0,0,'',0,0,'2015-07-09 09:28:51','2015-07-09 09:28:51'),(2094,1,1,11,'a:1:{i:504;s:3:\"11,\";}',1,504,503,1,433,106358,'95e305ef96b793a1aacfd48fd0d7d79c',0,0,'',0,0,'2015-07-09 12:31:35','2015-07-09 12:59:09'),(2095,1,1,20,'',1,0,0,1,0,106395,'',0,0,'',0,0,'2015-07-09 13:04:40','2015-07-09 13:04:40'),(2096,1,1,0,'',1,483,483,1,418,106798,'f9669b7165611407a532bf787fb6ecdd',0,0,'',0,0,'2015-07-09 14:24:38','2015-07-09 14:24:38'),(2097,1,1,20,'',3,0,0,1,0,106855,'',0,0,'',0,0,'2015-07-09 15:29:19','2015-07-09 15:29:29'),(2098,1,1,0,'a:1:{i:505;s:3:\"20,\";}',3,505,505,1,434,106955,'e21e33d9c189b57de83726dcb307e5df',0,0,'',0,0,'2015-07-09 17:47:59','2015-07-09 17:49:16'),(2099,1,1,0,'',3,85,85,1,75,106843,'f6dcf526b7ae6cb2e0fcee51b8d7e0da',0,0,'',0,0,'2015-07-09 18:01:44','2015-07-09 18:01:44'),(2100,1,1,0,'',1,503,503,1,433,106966,'95e305ef96b793a1aacfd48fd0d7d79c',0,0,'',0,0,'2015-07-09 18:27:49','2015-07-09 18:27:49'),(2101,1,1,0,'',1,483,483,1,418,107016,'f9669b7165611407a532bf787fb6ecdd',0,0,'',0,0,'2015-07-09 19:12:49','2015-07-09 19:12:49'),(2102,1,1,20,'',3,0,0,1,0,107042,'',0,0,'',0,0,'2015-07-09 20:06:50','2015-07-09 20:06:51'),(2103,1,1,20,'',3,0,0,1,0,107056,'',0,0,'',0,0,'2015-07-09 20:41:55','2015-07-09 20:41:55'),(2104,1,1,20,'',1,0,0,1,0,107078,'',0,0,'',0,0,'2015-07-09 21:40:14','2015-07-09 21:40:14'),(2105,1,1,20,'',3,0,0,1,0,107138,'',0,0,'',0,0,'2015-07-09 23:41:06','2015-07-10 00:36:13'),(2106,1,1,18,'',3,502,502,1,432,107149,'5b020d9c18c853357a025266e38ff7fd',0,0,'',0,0,'2015-07-09 23:54:46','2015-07-09 23:59:41'),(2107,1,1,20,'',3,0,0,1,0,107147,'',0,0,'',0,0,'2015-07-10 00:03:37','2015-07-10 00:03:38'),(2108,1,1,20,'',3,0,0,1,0,107199,'',0,0,'',0,0,'2015-07-10 01:19:38','2015-07-10 01:19:40'),(2109,1,1,20,'a:1:{i:506;s:3:\"20,\";}',3,506,506,1,435,107455,'6413e6bf5d79e22cd9d724cba14b4274',0,0,'',0,0,'2015-07-10 11:33:11','2015-07-10 11:41:41'),(2110,1,1,20,'',3,0,0,1,0,107464,'',0,0,'',0,0,'2015-07-10 11:55:06','2015-07-10 11:55:07'),(2111,1,1,0,'',1,0,0,1,0,107456,'',0,0,'',0,0,'2015-07-10 12:09:16','2015-07-10 12:13:57'),(2112,1,1,20,'',3,0,0,1,0,107485,'',0,0,'',0,0,'2015-07-10 12:18:55','2015-07-10 12:18:57'),(2113,1,1,20,'',1,0,0,1,0,107488,'',0,0,'',0,0,'2015-07-10 12:21:21','2015-07-10 12:24:23'),(2114,1,1,0,'',1,503,503,1,433,107503,'95e305ef96b793a1aacfd48fd0d7d79c',0,0,'',0,0,'2015-07-10 12:43:10','2015-07-10 12:43:10'),(2115,1,1,20,'',1,0,0,1,0,107443,'',0,0,'',0,0,'2015-07-10 15:56:36','2015-07-10 15:57:37'),(2116,1,1,20,'',1,50,50,1,45,107812,'36b78256cce8d71db8fa449d77e752a0',0,0,'',0,0,'2015-07-10 17:42:12','2015-07-10 17:43:30'),(2117,1,1,20,'',3,0,0,1,0,107865,'',0,0,'',0,0,'2015-07-10 23:19:05','2015-07-10 23:19:07'),(2118,1,1,0,'',3,506,506,1,435,107979,'6413e6bf5d79e22cd9d724cba14b4274',0,0,'',0,0,'2015-07-10 23:36:16','2015-07-10 23:36:16'),(2119,1,1,20,'',3,0,0,1,0,107971,'',0,0,'',0,0,'2015-07-10 23:38:52','2015-07-10 23:38:52'),(2120,1,1,20,'',1,0,0,1,0,108003,'',0,0,'',0,0,'2015-07-11 00:26:36','2015-07-11 00:26:37'),(2121,1,1,20,'',3,0,0,1,0,108035,'',0,0,'',0,0,'2015-07-11 02:18:50','2015-07-11 02:18:52'),(2122,1,1,20,'',3,0,0,1,0,108117,'',0,0,'',0,0,'2015-07-11 07:23:06','2015-07-11 07:23:07'),(2123,1,1,20,'a:1:{i:507;s:3:\"20,\";}',3,507,507,1,436,108154,'b54385498ac0e29e50a63f1962b4f0b5',0,0,'',0,0,'2015-07-11 09:30:55','2015-07-11 09:33:47'),(2124,1,1,18,'a:1:{i:508;s:3:\"18,\";}',3,508,508,1,437,108161,'7dc3b960c0efe09ffefe12419a03dcba',0,0,'',0,0,'2015-07-11 10:03:03','2015-07-11 10:29:28'),(2125,1,1,20,'a:1:{i:509;s:3:\"20,\";}',3,509,509,1,438,108187,'0d68ae0764c46e6c19950b896c990a91',0,0,'',0,0,'2015-07-11 11:22:02','2015-07-11 11:30:57'),(2126,1,1,0,'',1,50,50,1,45,108657,'36b78256cce8d71db8fa449d77e752a0',0,0,'',0,0,'2015-07-11 15:42:18','2015-07-11 15:42:18'),(2127,1,1,0,'',1,50,50,1,45,108792,'36b78256cce8d71db8fa449d77e752a0',0,0,'',0,0,'2015-07-11 20:51:05','2015-07-11 20:51:05'),(2128,1,1,20,'',1,0,0,1,0,108802,'',0,0,'',0,0,'2015-07-11 21:31:16','2015-07-11 21:31:17'),(2129,1,1,0,'',1,0,0,1,0,108817,'',0,0,'',0,0,'2015-07-11 22:16:54','2015-07-11 22:20:42'),(2130,1,1,0,'',3,369,369,1,320,108849,'fdf6a19b6de5700a84cb8379ec1fc45a',0,0,'',0,0,'2015-07-12 00:07:33','2015-07-12 00:07:33'),(2131,1,1,20,'',1,0,0,1,0,108882,'',0,0,'',0,0,'2015-07-12 02:14:37','2015-07-12 02:15:38'),(2132,1,1,20,'',3,0,0,1,0,108934,'',0,0,'',0,0,'2015-07-12 05:46:10','2015-07-12 05:46:12'),(2133,1,1,20,'a:1:{i:510;s:3:\"20,\";}',1,510,510,1,439,109073,'98bb6401d0b4ced9f84e64940670cd8e',0,0,'',0,0,'2015-07-12 12:58:05','2015-07-12 13:07:07'),(2134,1,1,20,'',3,0,0,1,0,108945,'',0,0,'',0,0,'2015-07-12 16:32:12','2015-07-12 16:32:13'),(2135,1,1,20,'a:1:{i:73;s:3:\"20,\";}',1,511,511,1,64,109198,'46f56efbac31b956e81abde41e62928d',0,0,'',0,0,'2015-07-12 23:07:33','2015-07-12 23:26:06'),(2136,1,1,20,'',3,0,0,1,0,109473,'',0,0,'',0,0,'2015-07-13 04:21:05','2015-07-13 04:42:52'),(2137,1,1,20,'a:1:{i:0;s:3:\"20,\";}',3,0,0,1,0,109592,'',0,0,'',0,0,'2015-07-13 10:47:28','2015-07-13 10:49:51'),(2138,1,1,0,'',1,50,50,1,45,109629,'36b78256cce8d71db8fa449d77e752a0',0,0,'',0,0,'2015-07-13 12:10:51','2015-07-13 12:10:51'),(2139,1,1,18,'a:1:{i:44;s:3:\"18,\";}',1,512,512,1,39,109734,'a286b2895ed03ed4f18615b23000d363',0,0,'',0,0,'2015-07-13 15:40:16','2015-07-13 16:01:37'),(2140,1,1,0,'',1,50,50,1,45,109737,'36b78256cce8d71db8fa449d77e752a0',0,0,'',0,0,'2015-07-13 15:43:39','2015-07-13 15:43:39'),(2141,1,1,20,'a:1:{i:513;s:3:\"20,\";}',3,513,513,1,440,109767,'da34ef03f2b28b4966a1bb4e852f6f19',0,0,'',0,0,'2015-07-13 16:48:37','2015-07-13 23:03:13'),(2142,1,1,20,'a:1:{i:514;s:3:\"20,\";}',3,514,514,1,441,110377,'6cfdb608698873a303912409f79028dd',0,0,'',0,0,'2015-07-13 22:00:15','2015-07-13 22:04:45'),(2143,1,1,20,'',3,0,0,1,0,110398,'',0,0,'',0,0,'2015-07-13 22:17:16','2015-07-13 22:17:17'),(2144,1,1,20,'',3,0,0,1,0,110808,'',0,0,'',0,0,'2015-07-14 01:43:12','2015-07-14 01:43:15'),(2145,1,1,18,'',3,508,508,1,437,111054,'7dc3b960c0efe09ffefe12419a03dcba',0,0,'',0,0,'2015-07-14 04:39:03','2015-07-14 04:42:18'),(2146,1,1,18,'',3,512,512,1,39,111108,'a286b2895ed03ed4f18615b23000d363',0,0,'',0,0,'2015-07-14 05:09:59','2015-07-14 05:11:19'),(2147,1,1,0,'',1,448,448,1,390,111518,'fe4efad53f5a331d8ddf78789e6e8862',0,0,'',0,0,'2015-07-14 13:21:22','2015-07-14 13:21:22'),(2148,1,1,20,'',3,0,0,1,0,111543,'',0,0,'',0,0,'2015-07-14 15:48:42','2015-07-14 15:48:43'),(2149,1,1,20,'',3,0,0,1,0,111656,'',0,0,'',0,0,'2015-07-14 17:47:19','2015-07-14 17:48:29'),(2150,1,1,0,'',3,512,512,1,39,111557,'a286b2895ed03ed4f18615b23000d363',0,0,'',0,0,'2015-07-14 20:02:28','2015-07-14 20:02:28'),(2151,1,1,0,'',3,514,514,1,441,111777,'6cfdb608698873a303912409f79028dd',0,0,'',0,0,'2015-07-14 20:52:14','2015-07-14 20:52:14'),(2152,1,1,20,'',3,0,0,1,0,112148,'',0,0,'',0,0,'2015-07-15 05:08:48','2015-07-15 05:08:49'),(2153,1,1,0,'',1,514,514,1,441,112297,'6cfdb608698873a303912409f79028dd',0,0,'',0,0,'2015-07-15 12:00:06','2015-07-15 16:28:27'),(2154,1,1,20,'',3,0,0,1,0,112362,'',0,0,'',0,0,'2015-07-15 15:09:09','2015-07-15 15:09:11'),(2155,1,1,0,'',3,85,85,1,75,112381,'f6dcf526b7ae6cb2e0fcee51b8d7e0da',0,0,'',0,0,'2015-07-15 15:48:33','2015-07-15 15:48:33'),(2156,1,1,18,'a:1:{i:515;s:3:\"18,\";}',3,515,516,1,442,112409,'7082872d79634d35619457800413fbf4',0,0,'',0,0,'2015-07-15 17:02:27','2015-07-15 17:07:03'),(2157,1,1,20,'',3,0,0,1,0,112446,'',0,0,'',0,0,'2015-07-15 18:39:48','2015-07-15 19:01:27'),(2158,1,1,20,'',1,0,0,1,0,112449,'',0,0,'',0,0,'2015-07-15 18:48:15','2015-07-15 18:48:16'),(2159,1,1,0,'',3,514,514,1,441,112918,'6cfdb608698873a303912409f79028dd',0,0,'',0,0,'2015-07-15 23:24:34','2015-07-15 23:24:34'),(2160,1,1,20,'',3,0,0,1,0,113017,'',0,0,'',0,0,'2015-07-16 05:41:04','2015-07-16 05:41:05'),(2161,1,1,20,'',1,0,0,1,0,113018,'',0,0,'',0,0,'2015-07-16 05:45:56','2015-07-16 05:48:09'),(2162,1,1,20,'',3,0,0,1,0,113055,'',0,0,'',0,0,'2015-07-16 07:39:45','2015-07-16 07:39:52'),(2163,1,1,0,'',3,512,512,1,39,113079,'a286b2895ed03ed4f18615b23000d363',0,0,'',0,0,'2015-07-16 08:21:28','2015-07-16 08:21:28'),(2164,1,1,0,'',3,514,514,1,441,113277,'6cfdb608698873a303912409f79028dd',0,0,'',0,0,'2015-07-16 09:10:35','2015-07-16 13:49:59'),(2165,1,1,20,'a:1:{i:517;s:3:\"20,\";}',3,517,517,1,443,113312,'f99310a3e539fb2f75cfae887b4d3122',0,0,'',0,0,'2015-07-16 10:10:47','2015-07-16 10:14:20'),(2166,1,1,20,'',3,0,0,1,0,113328,'',0,0,'',0,0,'2015-07-16 10:48:22','2015-07-16 10:48:23'),(2167,1,1,20,'',3,0,0,1,0,113340,'',0,0,'',0,0,'2015-07-16 11:10:04','2015-07-16 11:10:05'),(2168,1,1,20,'',1,0,0,1,0,113394,'',0,0,'',0,0,'2015-07-16 13:33:01','2015-07-16 13:33:15'),(2169,1,1,20,'a:1:{i:45;s:3:\"20,\";}',3,45,45,1,40,113391,'a49e09728483eb48715df55f001ea219',0,0,'',0,0,'2015-07-16 13:53:26','2015-07-16 22:21:22'),(2170,1,1,20,'',3,0,0,1,0,113445,'',0,0,'',0,0,'2015-07-16 15:52:39','2015-07-16 15:52:40'),(2171,1,1,0,'',3,508,508,1,437,113533,'7dc3b960c0efe09ffefe12419a03dcba',0,0,'',0,0,'2015-07-16 19:44:15','2015-07-16 19:44:15'),(2172,1,1,0,'',3,514,514,1,441,113537,'6cfdb608698873a303912409f79028dd',0,0,'',0,0,'2015-07-16 19:50:45','2015-07-16 19:50:45'),(2173,1,1,20,'',3,45,45,1,40,3486,'a49e09728483eb48715df55f001ea219',0,0,'',0,0,'2015-07-16 22:57:23','2015-07-17 14:00:05'),(2174,1,1,0,'',3,0,0,1,0,113729,'',0,0,'',0,0,'2015-07-17 07:53:43','2015-07-17 07:53:44'),(2175,1,1,0,'',3,514,514,1,441,113738,'6cfdb608698873a303912409f79028dd',0,0,'',0,0,'2015-07-17 08:36:47','2015-07-17 08:36:47'),(2176,1,1,20,'',1,0,0,1,0,113758,'',0,0,'',0,0,'2015-07-17 09:40:27','2015-07-17 22:10:20'),(2177,1,1,20,'',1,0,0,1,0,113831,'',0,0,'',0,0,'2015-07-17 11:53:41','2015-07-17 12:00:21'),(2178,1,1,18,'a:1:{i:0;s:3:\"18,\";}',3,0,0,1,0,113845,'',0,0,'',0,0,'2015-07-17 12:27:25','2015-07-17 12:27:50'),(2179,1,1,18,'a:1:{i:519;s:3:\"18,\";}',3,519,519,1,445,113857,'81dcfc18534cd6b6232968f6e1b1d49c',0,0,'',0,0,'2015-07-17 13:00:44','2015-07-17 13:04:27'),(2180,1,1,18,'a:1:{i:386;s:3:\"18,\";}',3,386,386,1,336,113941,'ed423c1c556f23459751786a52e0930e',0,0,'',0,0,'2015-07-17 16:24:28','2015-07-17 16:25:04'),(2181,1,1,0,'',1,517,517,1,443,113952,'f99310a3e539fb2f75cfae887b4d3122',0,0,'',0,0,'2015-07-17 16:45:00','2015-07-17 17:04:40'),(2182,1,1,20,'',3,0,0,1,0,114045,'',0,0,'',0,0,'2015-07-17 21:00:55','2015-07-17 21:00:56'),(2183,1,1,0,'',3,514,514,1,441,114056,'6cfdb608698873a303912409f79028dd',0,0,'',0,0,'2015-07-17 21:03:32','2015-07-17 21:03:32'),(2184,1,1,18,'a:1:{i:520;s:3:\"18,\";}',3,520,520,1,446,114066,'a42e4769cf85e307ec54d8f9b543dd4f',0,0,'',0,0,'2015-07-17 22:01:32','2015-07-17 22:11:18'),(2185,1,1,20,'',1,0,0,1,0,114067,'',0,0,'',0,0,'2015-07-17 22:45:41','2015-07-17 22:45:42'),(2186,1,1,0,'',3,512,512,1,39,114188,'a286b2895ed03ed4f18615b23000d363',0,0,'',0,0,'2015-07-18 05:34:31','2015-07-18 05:34:31'),(2187,1,1,20,'a:1:{i:521;s:3:\"20,\";}',3,521,521,1,447,114452,'9de8d7a0f4c34aa1087c6ec1b2a6d470',0,0,'',0,0,'2015-07-18 18:17:42','2015-07-18 18:35:44'),(2188,1,1,20,'',1,0,0,1,0,114485,'',0,0,'',0,0,'2015-07-18 20:30:56','2015-07-18 20:30:57'),(2189,1,1,20,'',1,0,0,1,0,114573,'',0,0,'',0,0,'2015-07-19 00:09:13','2015-07-19 00:09:17'),(2190,1,1,0,'',3,0,0,1,0,114580,'',0,0,'',0,0,'2015-07-19 09:49:20','2015-07-19 09:49:21'),(2191,1,1,20,'',3,0,0,1,0,114580,'',0,0,'',0,0,'2015-07-19 09:49:22','2015-07-19 09:49:52'),(2192,1,1,20,'',1,0,0,1,0,115321,'',0,0,'',0,0,'2015-07-19 13:25:56','2015-07-19 13:25:57'),(2193,1,1,20,'',3,0,0,1,0,115354,'',0,0,'',0,0,'2015-07-19 15:22:20','2015-07-19 15:22:21'),(2194,1,1,20,'a:1:{i:73;s:3:\"20,\";}',1,73,511,1,64,115412,'46f56efbac31b956e81abde41e62928d',0,0,'',0,0,'2015-07-19 18:35:16','2015-07-19 18:37:21'),(2195,1,1,0,'',3,514,514,1,441,115467,'6cfdb608698873a303912409f79028dd',0,0,'',0,0,'2015-07-19 21:10:51','2015-07-19 21:10:51'),(2196,1,1,20,'',3,0,0,1,0,115478,'',0,0,'',0,0,'2015-07-19 21:57:51','2015-07-19 21:57:52'),(2197,1,1,0,'',1,73,73,1,64,9039,'46f56efbac31b956e81abde41e62928d',0,0,'',0,0,'2015-07-19 22:46:52','2015-07-19 22:47:45'),(2198,1,1,20,'',3,0,0,1,0,115490,'',0,0,'',0,0,'2015-07-19 22:48:30','2015-07-19 22:48:44'),(2199,1,1,20,'',3,0,0,1,0,115508,'',0,0,'',0,0,'2015-07-19 23:36:38','2015-07-19 23:36:38'),(2200,1,1,11,'a:1:{i:0;s:3:\"11,\";}',3,0,0,1,0,115618,'',0,0,'',0,0,'2015-07-20 08:42:55','2015-07-20 08:43:29'),(2201,1,1,0,'',3,45,45,1,40,115654,'a49e09728483eb48715df55f001ea219',0,0,'',0,0,'2015-07-20 10:16:47','2015-07-20 14:53:15'),(2202,1,1,20,'a:1:{i:45;s:3:\"20,\";}',3,45,45,1,40,113391,'a49e09728483eb48715df55f001ea219',0,0,'',0,0,'2015-07-20 10:16:59','2015-07-20 10:16:59'),(2203,1,1,0,'',3,514,514,1,441,115665,'6cfdb608698873a303912409f79028dd',0,0,'',0,0,'2015-07-20 10:50:34','2015-07-20 10:50:34'),(2204,1,1,20,'a:1:{i:522;s:3:\"20,\";}',3,522,522,1,448,115667,'e5ce553d08dc7f68b3818d6e493ffa13',0,0,'',0,0,'2015-07-20 10:53:51','2015-07-20 10:57:30'),(2205,1,1,20,'',3,0,0,1,0,115720,'',0,0,'',0,0,'2015-07-20 13:23:07','2015-07-20 13:32:45'),(2206,1,1,20,'a:1:{i:523;s:3:\"20,\";}',3,523,523,1,449,115679,'cfdc21f2a407238a65d115838fb52486',0,0,'',0,0,'2015-07-20 13:27:03','2015-07-20 13:28:42'),(2207,1,1,20,'',3,0,0,1,0,115796,'',0,0,'',0,0,'2015-07-20 15:52:27','2015-07-20 19:49:55'),(2208,1,1,20,'a:1:{i:524;s:3:\"20,\";}',3,524,524,1,450,115900,'9c9227d5061232297e53d19eef67f180',0,0,'',0,0,'2015-07-20 19:46:01','2015-07-20 20:12:29'),(2209,1,1,0,'',1,0,0,1,0,116030,'',0,0,'',0,0,'2015-07-21 00:08:37','2015-07-21 00:08:42'),(2210,1,1,20,'',1,0,0,1,0,116030,'',0,0,'',0,0,'2015-07-21 00:08:42','2015-07-21 00:12:02'),(2211,1,1,0,'',3,514,514,1,441,116203,'6cfdb608698873a303912409f79028dd',0,0,'',0,0,'2015-07-21 11:06:51','2015-07-21 11:06:51'),(2212,1,1,20,'a:1:{i:525;s:3:\"20,\";}',3,525,526,1,451,116206,'7680ff327bc6b92b697b4f4ec8b64bb7',0,0,'',0,0,'2015-07-21 13:32:13','2015-07-21 13:49:02'),(2213,1,1,20,'',3,0,0,1,0,116550,'',0,0,'',0,0,'2015-07-21 17:53:38','2015-07-21 17:53:39'),(2214,1,1,20,'a:1:{i:0;s:3:\"20,\";}',3,0,0,1,0,116804,'',0,0,'',0,0,'2015-07-22 06:40:48','2015-07-22 06:43:34'),(2215,1,1,20,'',3,0,0,1,0,116828,'',0,0,'',0,0,'2015-07-22 07:43:21','2015-07-22 07:43:24'),(2216,1,1,0,'',3,525,525,1,451,116847,'7680ff327bc6b92b697b4f4ec8b64bb7',0,0,'',0,0,'2015-07-22 08:44:17','2015-07-22 08:44:17'),(2217,1,1,20,'',1,0,0,1,0,116908,'',0,0,'',0,0,'2015-07-22 10:44:07','2015-07-22 10:44:08'),(2218,1,1,0,'',3,45,45,1,40,116926,'a49e09728483eb48715df55f001ea219',0,0,'',0,0,'2015-07-22 11:24:52','2015-07-22 11:24:52'),(2219,1,1,20,'',3,0,0,1,0,116965,'',0,0,'',0,0,'2015-07-22 13:01:32','2015-07-22 13:06:40'),(2220,1,1,0,'',1,528,528,1,453,116973,'1343f122f109a0f2a26d4a5b67194f17',0,0,'',0,0,'2015-07-22 13:17:24','2015-07-22 13:26:55'),(2221,1,1,0,'',3,514,514,1,441,117282,'6cfdb608698873a303912409f79028dd',0,0,'',0,0,'2015-07-23 01:31:49','2015-07-23 01:36:54'),(2222,1,1,20,'',3,0,0,1,0,117293,'',0,0,'',0,0,'2015-07-23 02:17:11','2015-07-23 02:17:12'),(2223,1,1,20,'',3,0,0,1,0,117291,'',0,0,'',0,0,'2015-07-23 05:23:24','2015-07-23 05:23:25'),(2224,1,1,20,'',1,529,529,1,454,117475,'a1ffe5db85775921e6b9bcd95b677a4a',0,0,'',0,0,'2015-07-23 10:46:48','2015-07-23 11:18:10'),(2225,1,1,0,'',1,529,529,1,454,117495,'a1ffe5db85775921e6b9bcd95b677a4a',0,0,'',0,0,'2015-07-23 11:31:03','2015-07-23 11:31:03'),(2226,1,1,0,'',1,529,529,1,454,117496,'a1ffe5db85775921e6b9bcd95b677a4a',0,0,'',0,0,'2015-07-23 11:32:25','2015-07-23 11:32:25'),(2227,1,1,20,'',3,0,0,1,0,117563,'',0,0,'',0,0,'2015-07-23 14:51:48','2015-07-23 14:51:49'),(2228,1,1,20,'',3,0,0,1,0,117578,'',0,0,'',0,0,'2015-07-23 15:27:48','2015-07-23 15:27:48'),(2229,1,1,20,'',1,0,0,1,0,118256,'',0,0,'',0,0,'2015-07-24 03:42:12','2015-07-24 03:45:47'),(2230,1,1,18,'a:1:{i:530;s:3:\"18,\";}',3,530,530,1,455,118261,'e9f76ccd2aefa5d38c9d139bc4a1bd7d',0,0,'',0,0,'2015-07-24 04:33:21','2015-07-24 04:40:58'),(2231,1,1,20,'',1,0,0,1,0,118369,'',0,0,'',0,0,'2015-07-24 09:29:02','2015-07-24 09:29:03'),(2232,1,1,0,'',1,108,108,1,93,118371,'33549bf5e21d63395821fe76a7f13f55',0,0,'',0,0,'2015-07-24 09:31:40','2015-07-24 09:31:40'),(2233,1,1,20,'',1,0,0,1,0,118356,'',0,0,'',0,0,'2015-07-24 10:08:31','2015-07-24 10:20:55'),(2234,1,1,20,'',3,0,0,1,0,118454,'',0,0,'',0,0,'2015-07-24 12:49:34','2015-07-24 12:49:38'),(2235,1,1,20,'',1,0,0,1,0,118597,'',0,0,'',0,0,'2015-07-24 18:16:57','2015-07-24 18:16:59'),(2236,1,1,18,'a:1:{i:530;s:3:\"18,\";}',3,530,530,1,455,118628,'e9f76ccd2aefa5d38c9d139bc4a1bd7d',0,0,'',0,0,'2015-07-24 19:33:25','2015-07-25 06:32:09'),(2237,1,1,20,'',1,0,0,1,0,118626,'',0,0,'',0,0,'2015-07-24 19:34:38','2015-07-24 19:34:38'),(2238,1,1,18,'a:1:{i:533;s:3:\"18,\";}',3,533,533,1,458,118665,'3de7fc14603e8f1cf67269cdfec004da',0,0,'',0,0,'2015-07-24 23:41:14','2015-07-25 00:32:11'),(2239,1,1,20,'',1,0,0,1,0,118720,'',0,0,'',0,0,'2015-07-25 03:33:04','2015-07-25 03:33:06'),(2240,1,1,18,'a:1:{i:530;s:3:\"18,\";}',3,530,530,1,455,118627,'e9f76ccd2aefa5d38c9d139bc4a1bd7d',0,0,'',0,0,'2015-07-25 04:26:19','2015-07-25 04:26:42'),(2241,1,1,20,'',3,0,0,1,0,118754,'',0,0,'',0,0,'2015-07-25 05:22:09','2015-07-25 05:22:09'),(2242,1,1,20,'',3,0,0,1,0,118779,'',0,0,'',0,0,'2015-07-25 07:04:21','2015-07-25 07:04:23'),(2243,1,1,0,'',1,40,40,1,36,118832,'651279068efec80ac2b2a0c72c3c4672',0,0,'',0,0,'2015-07-25 10:00:27','2015-07-25 10:00:27'),(2244,1,1,20,'',3,0,0,1,0,119006,'',0,0,'',0,0,'2015-07-25 19:41:54','2015-07-25 19:41:56'),(2245,1,1,0,'',3,51,51,1,46,119240,'ee52fe093d10cd7589e090a5332fcee8',0,0,'',0,0,'2015-07-29 15:37:10','2015-07-29 15:37:10'),(2246,1,1,0,'',3,534,534,1,459,0,'2d6ac0d478d74baf23058f5962b3f4cc',0,0,'',0,0,'2015-07-31 11:12:09','2015-07-31 11:12:09'),(2247,1,1,20,'',1,0,0,1,0,120638,'',0,0,'',0,0,'2015-09-11 17:48:29','2015-09-11 17:48:52'),(2248,1,1,11,'a:1:{i:536;s:3:\"11,\";}',1,536,536,1,461,120641,'dfb0ae0a09659427812bccb270a9b43b',0,0,'',0,0,'2015-09-14 10:52:27','2015-09-14 10:54:57'),(2249,1,1,20,'',3,0,0,1,0,120740,'',0,0,'',0,0,'2015-09-14 13:37:39','2015-09-14 13:37:39'),(2250,1,1,20,'',3,0,0,1,0,120872,'',0,0,'',0,0,'2015-09-14 14:59:30','2015-09-14 21:24:48'),(2251,1,1,20,'',3,0,0,1,0,120905,'',0,0,'',0,0,'2015-09-14 15:03:18','2015-09-14 15:11:31'),(2252,1,1,20,'',3,0,0,1,0,120912,'',0,0,'',0,0,'2015-09-14 15:09:02','2015-09-14 15:20:40'),(2253,1,1,20,'',3,0,0,1,0,120762,'',0,0,'',0,0,'2015-09-14 15:17:45','2015-09-14 15:17:45'),(2254,1,1,0,'',1,0,0,1,0,120892,'',0,0,'',0,0,'2015-09-14 15:17:56','2015-09-14 22:16:18'),(2255,1,1,18,'a:1:{i:537;s:3:\"18,\";}',3,537,537,1,462,120951,'2a711742f03f0cf8568724bf67f5b157',0,0,'',0,0,'2015-09-14 15:37:41','2015-09-14 17:12:15'),(2256,1,1,20,'',3,0,0,1,0,120966,'',0,0,'',0,0,'2015-09-14 15:50:52','2015-09-14 15:50:53'),(2257,1,1,20,'',3,0,0,1,0,121009,'',0,0,'',0,0,'2015-09-14 16:29:56','2015-09-14 16:29:57'),(2258,1,1,18,'a:1:{i:186;s:3:\"18,\";}',3,186,186,1,162,121072,'238e3ed76868bee64f264c6de3ef4de7',0,0,'',0,0,'2015-09-14 17:38:30','2015-09-14 18:06:40'),(2259,1,1,20,'',3,0,0,1,0,121081,'',0,0,'',0,0,'2015-09-14 17:48:18','2015-09-14 17:48:19'),(2260,1,1,20,'',3,0,0,1,0,121127,'',0,0,'',0,0,'2015-09-14 18:41:16','2015-09-14 18:41:17'),(2261,1,1,20,'',3,0,0,1,0,121253,'',0,0,'',0,0,'2015-09-14 20:25:37','2015-09-14 20:49:06'),(2262,1,1,20,'',1,0,0,1,0,120774,'',0,0,'',0,0,'2015-09-14 22:03:26','2015-09-14 22:11:14'),(2263,1,1,20,'a:1:{i:538;s:3:\"20,\";}',1,538,538,1,463,121347,'49a1e6c1b361a0ad6101a5b4552b6340',0,0,'',0,0,'2015-09-14 23:17:19','2015-09-14 23:18:41'),(2264,1,1,20,'',1,0,0,1,0,121637,'',0,0,'',0,0,'2015-09-15 01:29:22','2015-09-15 01:34:08'),(2265,1,1,20,'',3,0,0,1,0,121672,'',0,0,'',0,0,'2015-09-15 02:08:29','2015-09-15 02:10:15'),(2266,1,1,20,'',3,0,0,1,0,121687,'',0,0,'',0,0,'2015-09-15 02:31:05','2015-09-15 02:31:06'),(2267,1,1,18,'a:1:{i:539;s:3:\"18,\";}',3,539,539,1,464,121684,'042a36f1b0ceb41510105ef2d5fcc6a3',0,0,'',0,0,'2015-09-15 02:31:20','2015-09-15 03:16:26'),(2268,1,1,20,'',3,0,0,1,0,121651,'',0,0,'',0,0,'2015-09-15 03:21:01','2015-09-15 03:52:21'),(2269,1,1,20,'',1,0,0,1,0,121776,'',0,0,'',0,0,'2015-09-15 04:49:14','2015-09-15 04:49:15'),(2270,1,1,20,'',1,0,0,1,0,121323,'',0,0,'',0,0,'2015-09-15 07:03:19','2015-09-15 08:20:35'),(2271,1,1,0,'',3,307,307,1,267,121893,'0b835a52c05d1ad2e59e2b883c1b144e',0,0,'',0,0,'2015-09-15 07:36:17','2015-09-15 07:36:17'),(2272,1,1,20,'',1,0,0,1,0,121927,'',0,0,'',0,0,'2015-09-15 08:47:30','2015-09-15 17:44:13'),(2273,1,1,20,'a:1:{i:540;s:3:\"20,\";}',3,540,541,1,465,121998,'b3e7fca667cef1186e01764297982c11',0,0,'',0,0,'2015-09-15 10:34:58','2015-09-15 10:49:16'),(2274,1,1,20,'',1,0,0,1,0,122054,'',0,0,'',0,0,'2015-09-15 11:20:40','2015-09-15 18:36:21'),(2275,1,1,20,'',1,0,0,1,0,122092,'',0,0,'',0,0,'2015-09-15 11:50:47','2015-09-15 16:00:00'),(2276,1,1,18,'a:1:{i:542;s:3:\"18,\";}',3,542,542,1,466,122173,'98b970725f126fb2130e7f4634e4829b',0,0,'',0,0,'2015-09-15 13:20:15','2015-09-15 21:15:32'),(2277,1,1,20,'a:1:{i:540;s:3:\"20,\";}',3,540,540,1,465,122030,'b3e7fca667cef1186e01764297982c11',0,0,'',0,0,'2015-09-15 13:26:54','2015-09-15 13:27:13'),(2278,1,1,20,'',1,0,0,1,0,122312,'',0,0,'',0,0,'2015-09-15 15:50:14','2015-09-15 15:50:15'),(2279,1,1,11,'a:1:{i:543;s:3:\"11,\";}',3,543,543,1,467,122338,'3ad5f91b1c0534966453d9a3894b0513',0,0,'',0,0,'2015-09-15 16:09:42','2015-09-15 16:12:09'),(2280,1,1,0,'',3,0,0,1,0,122427,'',0,0,'',0,0,'2015-09-15 17:31:18','2015-09-15 17:31:36'),(2281,1,1,20,'',3,0,0,1,0,122507,'',0,0,'',0,0,'2015-09-15 18:15:40','2015-09-15 18:15:42'),(2282,1,1,20,'',1,0,0,1,0,122220,'',0,0,'',0,0,'2015-09-15 19:19:54','2015-09-15 19:23:05'),(2283,1,1,20,'',1,0,0,1,0,122609,'',0,0,'',0,0,'2015-09-15 20:31:33','2015-09-16 07:54:34'),(2284,1,1,20,'a:1:{i:261;s:3:\"20,\";}',1,261,261,1,226,122049,'8e02074f0d6eed2957089e2c47bea62e',0,0,'',0,0,'2015-09-15 20:51:40','2015-09-15 23:35:27'),(2285,1,1,20,'',3,0,0,1,0,122634,'',0,0,'',0,0,'2015-09-15 20:55:03','2015-09-15 20:55:04'),(2286,1,1,20,'',1,0,0,1,0,122194,'',0,0,'',0,0,'2015-09-15 21:14:00','2015-09-15 21:15:50'),(2287,1,1,20,'',1,0,0,1,0,122671,'',0,0,'',0,0,'2015-09-15 21:44:51','2015-09-15 21:44:51'),(2288,1,1,20,'',3,0,0,1,0,122749,'',0,0,'',0,0,'2015-09-15 23:02:51','2015-09-15 23:02:52'),(2289,1,1,20,'',3,0,0,1,0,122777,'',0,0,'',0,0,'2015-09-15 23:21:10','2015-09-15 23:21:10'),(2290,1,1,11,'a:1:{i:0;s:3:\"11,\";}',3,0,0,1,0,122872,'',0,0,'',0,0,'2015-09-16 02:52:17','2015-09-16 02:53:46'),(2291,1,1,20,'',1,0,0,1,0,123003,'',0,0,'',0,0,'2015-09-16 03:25:33','2015-09-16 03:25:34'),(2292,1,1,0,'a:1:{i:544;s:3:\"20,\";}',3,544,544,1,468,123123,'f14bf7acfab00ab80217e9c2f6f61014',0,0,'',0,0,'2015-09-16 05:44:27','2015-09-16 05:51:08'),(2293,1,1,0,'a:1:{i:545;s:3:\"20,\";}',3,545,545,1,469,123125,'4f492b1b352257ad4f53d1e5eacdf9b0',0,0,'',0,0,'2015-09-16 05:53:54','2015-09-16 05:55:52'),(2294,1,1,20,'',1,0,0,1,0,123263,'',0,0,'',0,0,'2015-09-16 08:49:25','2015-09-16 08:49:27'),(2295,1,1,18,'a:1:{i:0;s:3:\"18,\";}',3,0,0,1,0,123392,'',0,0,'',0,0,'2015-09-16 12:34:13','2015-09-16 12:37:46'),(2296,1,1,20,'',1,0,0,1,0,123402,'',0,0,'',0,0,'2015-09-16 13:44:18','2015-09-16 13:44:18'),(2297,1,1,20,'',1,0,0,1,0,123375,'',0,0,'',0,0,'2015-09-16 14:36:22','2015-09-16 14:36:23'),(2298,1,1,20,'',1,0,0,1,0,123608,'',0,0,'',0,0,'2015-09-16 16:04:20','2015-09-16 16:04:21'),(2299,1,1,20,'',1,0,0,1,0,123708,'',0,0,'',0,0,'2015-09-16 17:59:02','2015-09-16 17:59:03'),(2300,1,1,20,'',3,0,0,1,0,123719,'',0,0,'',0,0,'2015-09-16 18:08:05','2015-09-16 18:08:05'),(2301,1,1,20,'',3,0,0,1,0,123771,'',0,0,'',0,0,'2015-09-16 19:26:01','2015-09-16 19:26:02'),(2302,1,1,20,'',1,0,0,1,0,123860,'',0,0,'',0,0,'2015-09-16 21:17:14','2015-09-16 21:17:14'),(2303,1,1,20,'',1,0,0,1,0,123886,'',0,0,'',0,0,'2015-09-16 21:27:53','2015-09-16 21:27:53'),(2304,1,1,18,'a:1:{i:542;s:3:\"18,\";}',3,542,542,1,466,123996,'98b970725f126fb2130e7f4634e4829b',0,0,'',0,0,'2015-09-16 23:19:36','2015-09-16 23:20:00'),(2305,1,1,20,'',3,0,0,1,0,123950,'',0,0,'',0,0,'2015-09-16 23:56:18','2015-09-16 23:56:56'),(2306,1,1,0,'a:1:{i:546;s:3:\"20,\";}',3,546,546,1,470,124395,'eb56b2eea52129721110ba4476d6be4b',0,0,'',0,0,'2015-09-17 02:38:53','2015-09-17 02:41:31'),(2307,1,1,0,'a:1:{i:547;s:3:\"20,\";}',3,547,547,1,471,124444,'cf4d723476d6aa51307ab94f3b18b66a',0,0,'',0,0,'2015-09-17 04:27:02','2015-09-17 04:28:18'),(2308,1,1,20,'',1,0,0,1,0,124447,'',0,0,'',0,0,'2015-09-17 04:39:26','2015-09-17 04:39:27'),(2309,1,1,0,'a:1:{i:548;s:3:\"20,\";}',3,548,548,1,472,124472,'f409388fa590b568bcca399f69be5719',0,0,'',0,0,'2015-09-17 05:03:15','2015-09-17 05:05:39'),(2310,1,1,20,'',3,0,0,1,0,124599,'',0,0,'',0,0,'2015-09-17 07:41:55','2015-09-17 07:59:46'),(2311,1,1,18,'a:1:{i:94;s:3:\"18,\";}',3,95,95,1,82,124637,'70b1ed2f576aa3dd20291c82f4d298a5',0,0,'',0,0,'2015-09-17 08:25:07','2015-09-17 08:25:48'),(2312,1,1,18,'a:1:{i:116;s:3:\"18,\";}',3,117,117,1,101,124642,'06e404a5b9ab2d3c5384a9b93d4516ed',0,0,'',0,0,'2015-09-17 08:31:07','2015-09-17 21:43:41'),(2313,1,1,20,'',3,0,0,1,0,124854,'',0,0,'',0,0,'2015-09-17 11:08:22','2015-09-17 11:08:23'),(2314,1,1,0,'',3,540,540,1,465,124894,'b3e7fca667cef1186e01764297982c11',0,0,'',0,0,'2015-09-17 12:14:50','2015-09-17 12:14:50'),(2315,1,1,0,'',1,540,541,1,465,121998,'b3e7fca667cef1186e01764297982c11',0,0,'',0,0,'2015-09-17 12:15:02','2015-09-17 18:38:34'),(2316,1,1,20,'',1,0,0,1,0,124926,'',0,0,'',0,0,'2015-09-17 12:56:44','2015-09-17 12:56:44'),(2317,1,1,20,'',1,0,0,1,0,124984,'',0,0,'',0,0,'2015-09-17 14:08:34','2015-09-17 14:08:34'),(2318,1,1,20,'',1,0,0,1,0,125000,'',0,0,'',0,0,'2015-09-17 14:46:10','2015-09-17 14:46:10'),(2319,1,1,20,'',3,0,0,1,0,125021,'',0,0,'',0,0,'2015-09-17 14:58:13','2015-09-17 15:02:37'),(2320,1,1,18,'a:1:{i:549;s:3:\"18,\";}',1,549,549,1,473,125034,'705190da0c7283ba7a151bd61b77c46e',0,0,'',0,0,'2015-09-17 15:21:14','2015-09-17 17:38:10'),(2321,1,1,20,'',3,0,0,1,0,125063,'',0,0,'',0,0,'2015-09-17 16:16:34','2015-09-17 16:16:35'),(2322,1,1,20,'',1,0,0,1,0,125092,'',0,0,'',0,0,'2015-09-17 16:24:38','2015-09-17 16:48:45'),(2323,1,1,20,'a:1:{i:550;s:3:\"20,\";}',3,550,550,1,474,125266,'07b571b1dbf59b8448239550e9f20053',0,0,'',0,0,'2015-09-17 19:21:41','2015-09-17 19:24:25'),(2324,1,1,0,'',3,0,0,1,0,121168,'',0,0,'',0,0,'2015-09-17 20:24:28','2015-09-17 20:24:40'),(2325,1,1,18,'a:1:{i:116;s:3:\"18,\";}',3,117,117,1,101,125421,'06e404a5b9ab2d3c5384a9b93d4516ed',0,0,'',0,0,'2015-09-17 21:46:55','2015-09-17 21:48:57'),(2326,1,1,20,'',1,0,0,1,0,125419,'',0,0,'',0,0,'2015-09-17 22:33:52','2015-09-17 22:33:53'),(2327,1,1,20,'',3,0,0,1,0,125477,'',0,0,'',0,0,'2015-09-17 22:43:35','2015-09-17 22:43:36'),(2328,1,1,20,'',1,0,0,1,0,125521,'',0,0,'',0,0,'2015-09-17 23:43:15','2015-09-17 23:43:15'),(2329,1,1,20,'',3,0,0,1,0,125679,'',0,0,'',0,0,'2015-09-18 02:45:33','2015-09-18 02:45:34'),(2330,1,1,20,'',1,0,0,1,0,125924,'',0,0,'',0,0,'2015-09-18 09:09:57','2015-09-18 09:09:58'),(2331,1,1,20,'',3,0,0,1,0,125994,'',0,0,'',0,0,'2015-09-18 10:18:09','2015-09-18 10:18:09'),(2332,1,1,20,'',3,0,0,1,0,125314,'',0,0,'',0,0,'2015-09-18 10:25:26','2015-09-18 10:25:36'),(2333,1,1,20,'',1,0,0,1,0,126014,'',0,0,'',0,0,'2015-09-18 10:54:11','2015-09-18 10:54:11'),(2334,1,1,18,'a:1:{i:551;s:3:\"18,\";}',3,551,551,1,475,126086,'d46ad9ae8fa63caf064d988026c5ea7b',0,0,'',0,0,'2015-09-18 12:56:38','2015-09-18 12:58:07'),(2335,1,1,20,'',3,0,0,1,0,126085,'',0,0,'',0,0,'2015-09-18 13:00:26','2015-09-18 15:40:09'),(2336,1,1,0,'',3,116,116,1,101,126120,'06e404a5b9ab2d3c5384a9b93d4516ed',0,0,'',0,0,'2015-09-18 13:58:04','2015-09-18 13:58:04'),(2337,1,1,18,'',3,542,542,1,466,126144,'98b970725f126fb2130e7f4634e4829b',0,0,'',0,0,'2015-09-18 14:16:13','2015-09-18 17:38:48'),(2338,1,1,18,'',1,74,74,1,57,126329,'2c7d5386f7b648c6a728d88fa1a414cf',0,0,'',0,0,'2015-09-18 16:43:17','2015-09-18 17:13:17'),(2339,1,1,20,'',3,0,0,1,0,126337,'',0,0,'',0,0,'2015-09-18 17:04:09','2015-09-18 17:04:09'),(2340,1,1,18,'a:1:{i:186;s:3:\"18,\";}',1,186,186,1,162,126319,'238e3ed76868bee64f264c6de3ef4de7',0,0,'',0,0,'2015-09-18 18:21:23','2015-09-18 18:22:05'),(2341,1,1,20,'a:1:{i:552;s:3:\"20,\";}',3,552,552,1,476,126463,'29fc8fad3c159fcec7070ae1c04da861',0,0,'',0,0,'2015-09-18 20:58:13','2015-09-19 02:31:31'),(2342,1,1,20,'',1,0,0,1,0,125925,'',0,0,'',0,0,'2015-09-18 20:58:46','2015-09-18 20:58:48'),(2343,1,1,20,'',1,0,0,1,0,126479,'',0,0,'',0,0,'2015-09-18 21:19:58','2015-09-18 21:19:59'),(2344,1,1,20,'',3,0,0,1,0,126495,'',0,0,'',0,0,'2015-09-18 21:51:14','2015-09-18 21:51:14'),(2345,1,1,20,'',1,0,0,1,0,126541,'',0,0,'',0,0,'2015-09-18 22:39:45','2015-09-18 22:39:45'),(2346,1,1,20,'',3,0,0,1,0,126551,'',0,0,'',0,0,'2015-09-18 23:05:57','2015-09-18 23:05:58'),(2347,1,1,20,'',3,0,0,1,0,126572,'',0,0,'',0,0,'2015-09-19 00:10:10','2015-09-19 00:10:11'),(2348,1,1,18,'a:1:{i:116;s:3:\"18,\";}',3,117,117,1,101,126628,'06e404a5b9ab2d3c5384a9b93d4516ed',0,0,'',0,0,'2015-09-19 02:51:11','2015-09-19 02:53:42'),(2349,1,1,18,'',3,117,117,1,101,23977,'06e404a5b9ab2d3c5384a9b93d4516ed',0,0,'',0,0,'2015-09-19 02:56:04','2015-09-19 03:26:07'),(2350,1,1,18,'a:1:{i:554;s:3:\"20,\";}',3,554,554,1,478,126637,'ba90bd75023f6aba45d626abcb565e60',0,0,'',0,0,'2015-09-19 03:19:12','2015-09-19 03:25:54'),(2351,1,1,20,'',3,0,0,1,0,126694,'',0,0,'',0,0,'2015-09-19 05:05:40','2015-09-19 05:05:42'),(2352,1,1,20,'',3,0,0,1,0,126884,'',0,0,'',0,0,'2015-09-19 10:55:14','2015-09-19 10:55:15'),(2353,1,1,0,'',1,73,73,1,64,126912,'46f56efbac31b956e81abde41e62928d',0,0,'',0,0,'2015-09-19 11:37:59','2015-09-19 11:37:59'),(2354,1,1,20,'',3,0,0,1,0,126965,'',0,0,'',0,0,'2015-09-19 13:17:43','2015-09-19 13:17:44'),(2355,1,1,20,'',1,0,0,1,0,126985,'',0,0,'',0,0,'2015-09-19 13:36:33','2015-09-19 13:36:33'),(2356,1,1,0,'',3,0,0,1,0,126682,'',0,0,'',0,0,'2015-09-19 15:34:43','2015-09-19 15:36:10'),(2357,1,1,0,'',3,0,0,1,0,127102,'',0,0,'',0,0,'2015-09-19 15:51:01','2015-09-19 15:59:22'),(2358,1,1,20,'',3,0,0,1,0,127159,'',0,0,'',0,0,'2015-09-19 16:37:07','2015-09-19 21:04:54'),(2359,1,1,20,'',1,0,0,1,0,127257,'',0,0,'',0,0,'2015-09-19 19:21:08','2015-09-19 19:21:09'),(2360,1,1,20,'',3,0,0,1,0,127498,'',0,0,'',0,0,'2015-09-20 00:34:55','2015-09-20 00:34:55'),(2361,1,1,0,'',3,555,555,1,479,127640,'7d6e6d4dc095f5d36a376f5a549bdbd4',0,0,'',0,0,'2015-09-20 03:02:11','2015-09-20 22:25:01'),(2362,1,1,20,'',3,0,0,1,0,127649,'',0,0,'',0,0,'2015-09-20 03:45:11','2015-09-20 03:45:21'),(2363,1,1,20,'',3,0,0,1,0,127846,'',0,0,'',0,0,'2015-09-20 07:00:51','2015-09-20 07:02:39'),(2364,1,1,20,'',1,0,0,1,0,127948,'',0,0,'',0,0,'2015-09-20 10:32:34','2015-09-20 10:32:35'),(2365,1,1,20,'',1,0,0,1,0,127958,'',0,0,'',0,0,'2015-09-20 10:59:54','2015-09-20 10:59:54'),(2366,1,1,20,'',3,0,0,1,0,128012,'',0,0,'',0,0,'2015-09-20 12:42:38','2015-09-20 12:42:39'),(2367,1,1,18,'a:1:{i:555;s:3:\"18,\";}',3,555,555,1,479,128075,'7d6e6d4dc095f5d36a376f5a549bdbd4',0,0,'',0,0,'2015-09-20 14:22:16','2015-09-20 15:11:21'),(2368,1,1,18,'a:1:{i:556;s:3:\"18,\";}',3,556,556,1,480,128046,'b8825108344b289303f98b275fcd46d2',0,0,'',0,0,'2015-09-20 14:42:01','2015-09-20 14:45:12'),(2369,1,1,20,'',3,0,0,1,0,128114,'',0,0,'',0,0,'2015-09-20 15:13:59','2015-09-20 15:14:00'),(2370,1,1,0,'',3,555,555,1,479,128115,'7d6e6d4dc095f5d36a376f5a549bdbd4',0,0,'',0,0,'2015-09-20 15:21:19','2015-09-20 15:35:32'),(2371,1,1,18,'a:1:{i:555;s:3:\"18,\";}',3,555,555,1,479,128075,'7d6e6d4dc095f5d36a376f5a549bdbd4',0,0,'',0,0,'2015-09-20 15:35:31','2015-09-20 15:35:31'),(2372,1,1,0,'',3,116,116,1,101,128313,'06e404a5b9ab2d3c5384a9b93d4516ed',0,0,'',0,0,'2015-09-20 17:31:04','2015-09-20 17:31:04'),(2373,1,1,20,'',3,0,0,1,0,128319,'',0,0,'',0,0,'2015-09-20 17:38:37','2015-09-20 17:54:03'),(2374,1,1,20,'a:1:{i:557;s:3:\"20,\";}',3,557,557,1,481,128359,'29add3075e11b34a50a9aea376d53b56',0,0,'',0,0,'2015-09-20 18:42:48','2015-09-20 18:45:20'),(2375,1,1,0,'',3,542,542,1,466,128365,'98b970725f126fb2130e7f4634e4829b',0,0,'',0,0,'2015-09-20 19:01:36','2015-09-20 19:01:36'),(2376,1,1,20,'',1,0,0,1,0,128458,'',0,0,'',0,0,'2015-09-20 20:44:38','2015-09-20 20:44:39'),(2377,1,1,20,'',3,0,0,1,0,128483,'',0,0,'',0,0,'2015-09-20 21:23:20','2015-09-20 21:43:27'),(2378,1,1,0,'',3,555,555,1,479,129058,'7d6e6d4dc095f5d36a376f5a549bdbd4',0,0,'',0,0,'2015-09-21 11:26:00','2015-09-21 11:26:00'),(2379,1,1,20,'',3,0,0,1,0,129134,'',0,0,'',0,0,'2015-09-21 13:03:53','2015-09-21 13:03:54'),(2380,1,1,18,'a:1:{i:542;s:3:\"18,\";}',3,542,542,1,466,129316,'98b970725f126fb2130e7f4634e4829b',0,0,'',0,0,'2015-09-21 15:05:28','2015-09-21 15:05:45'),(2381,1,1,20,'',3,0,0,1,0,129472,'',0,0,'',0,0,'2015-09-21 16:23:31','2015-09-21 16:23:33'),(2382,1,1,20,'',3,0,0,1,0,129649,'',0,0,'',0,0,'2015-09-21 17:45:54','2015-09-21 17:50:19'),(2383,1,1,20,'',1,0,0,1,0,129641,'',0,0,'',0,0,'2015-09-21 19:59:26','2015-09-21 20:01:50'),(2384,1,1,18,'a:1:{i:77;s:3:\"18,\";}',3,77,77,1,67,129958,'32bded83f616a9f090bca5685a1e443d',0,0,'',0,0,'2015-09-22 00:50:34','2015-09-22 00:56:35'),(2385,1,1,18,'a:1:{i:77;s:3:\"18,\";}',3,77,77,1,67,129989,'32bded83f616a9f090bca5685a1e443d',0,0,'',0,0,'2015-09-22 02:12:42','2015-09-22 02:15:41'),(2386,1,1,0,'',3,540,541,1,465,130337,'b3e7fca667cef1186e01764297982c11',0,0,'',0,0,'2015-09-22 07:31:06','2015-09-22 07:33:15'),(2387,1,1,20,'',1,0,0,1,0,130354,'',0,0,'',0,0,'2015-09-22 08:07:21','2015-09-22 08:07:23'),(2388,1,1,20,'',1,0,0,1,0,130478,'',0,0,'',0,0,'2015-09-22 12:15:43','2015-09-22 12:15:43'),(2389,1,1,20,'',1,0,0,1,0,130503,'',0,0,'',0,0,'2015-09-22 12:47:20','2015-09-22 12:47:21'),(2390,1,1,20,'',1,0,0,1,0,130533,'',0,0,'',0,0,'2015-09-22 13:45:13','2015-09-22 13:45:14'),(2391,1,1,20,'a:1:{i:559;s:3:\"20,\";}',3,559,559,1,483,130598,'1f9ca2a2753fcc036ca265663abe05fa',0,0,'',0,0,'2015-09-22 15:18:07','2015-09-22 15:21:01'),(2392,1,1,0,'',1,540,540,1,465,130603,'b3e7fca667cef1186e01764297982c11',0,0,'',0,0,'2015-09-22 15:23:53','2015-09-22 15:23:53'),(2393,1,1,20,'',3,0,0,1,0,130614,'',0,0,'',0,0,'2015-09-22 15:52:23','2015-09-22 15:58:44'),(2394,1,1,20,'',1,0,0,1,0,130741,'',0,0,'',0,0,'2015-09-22 18:45:34','2015-09-22 18:45:35'),(2395,1,1,20,'',3,0,0,1,0,130780,'',0,0,'',0,0,'2015-09-22 19:35:46','2015-09-23 05:37:42'),(2396,1,1,0,'',3,540,540,1,465,130782,'b3e7fca667cef1186e01764297982c11',0,0,'',0,0,'2015-09-22 19:37:07','2015-09-22 19:37:07'),(2397,1,1,20,'',1,0,0,1,0,130790,'',0,0,'',0,0,'2015-09-22 20:32:14','2015-09-22 20:34:14'),(2398,1,1,20,'',3,0,0,1,0,131004,'',0,0,'',0,0,'2015-09-23 00:19:00','2015-09-23 00:19:01'),(2399,1,1,0,'',3,77,77,1,67,131061,'32bded83f616a9f090bca5685a1e443d',0,0,'',0,0,'2015-09-23 02:14:06','2015-09-23 02:14:06'),(2400,1,1,20,'',3,0,0,1,0,131143,'',0,0,'',0,0,'2015-09-23 04:58:37','2015-09-23 04:58:38'),(2401,1,1,20,'',3,0,0,1,0,131175,'',0,0,'',0,0,'2015-09-23 06:18:56','2015-09-23 06:18:57'),(2402,1,1,0,'',3,540,540,1,465,131224,'b3e7fca667cef1186e01764297982c11',0,0,'',0,0,'2015-09-23 07:41:45','2015-09-23 07:41:45'),(2403,1,1,0,'',3,540,540,1,465,131490,'b3e7fca667cef1186e01764297982c11',0,0,'',0,0,'2015-09-23 10:25:41','2015-09-23 10:25:41'),(2404,1,1,20,'',1,0,0,1,0,131573,'',0,0,'',0,0,'2015-09-23 11:59:47','2015-09-23 11:59:48'),(2405,1,1,20,'',3,560,560,1,484,131604,'fa81ff28262c9509e0d6f03a54c46db2',0,0,'',0,0,'2015-09-23 12:47:53','2015-09-23 12:50:53'),(2406,1,1,20,'',1,0,0,1,0,131698,'',0,0,'',0,0,'2015-09-23 14:45:45','2015-09-23 14:46:01'),(2407,1,1,20,'',1,0,0,1,0,131746,'',0,0,'',0,0,'2015-09-23 15:38:59','2015-09-23 15:38:59'),(2408,1,1,0,'a:1:{i:561;s:3:\"20,\";}',3,561,561,1,485,131779,'2b74f6bf516e1e1f4cf7da48b0e80c2b',0,0,'',0,0,'2015-09-23 16:25:02','2015-09-23 16:36:16'),(2409,1,1,20,'',3,0,0,1,0,131797,'',0,0,'',0,0,'2015-09-23 16:42:39','2015-09-23 16:42:40'),(2410,1,1,0,'',3,540,540,1,465,131921,'b3e7fca667cef1186e01764297982c11',0,0,'',0,0,'2015-09-23 19:13:34','2015-09-23 19:13:34'),(2411,1,1,0,'',3,116,116,1,101,131941,'06e404a5b9ab2d3c5384a9b93d4516ed',0,0,'',0,0,'2015-09-23 20:37:48','2015-09-23 20:41:44'),(2412,1,1,20,'',3,0,0,1,0,132049,'',0,0,'',0,0,'2015-09-23 22:27:17','2015-09-23 22:41:03'),(2413,1,1,18,'a:1:{i:562;s:3:\"18,\";}',3,562,562,1,486,132181,'f2379307de74dd8e325facebb3dbd482',0,0,'',0,0,'2015-09-24 00:57:57','2015-09-24 01:45:09'),(2414,1,1,20,'',3,0,0,1,0,132238,'',0,0,'',0,0,'2015-09-24 02:37:59','2015-09-24 02:38:00'),(2415,1,1,20,'',3,0,0,1,0,132540,'',0,0,'',0,0,'2015-09-24 11:48:36','2015-09-24 11:48:37'),(2416,1,1,20,'',3,0,0,1,0,132555,'',0,0,'',0,0,'2015-09-24 12:15:20','2015-09-24 12:15:21'),(2417,1,1,20,'',3,0,0,1,0,132580,'',0,0,'',0,0,'2015-09-24 12:43:18','2015-09-24 12:43:19'),(2418,1,1,20,'',3,0,0,1,0,132626,'',0,0,'',0,0,'2015-09-24 14:07:30','2015-09-24 14:07:31'),(2419,1,1,20,'',3,0,0,1,0,132317,'',0,0,'',0,0,'2015-09-24 14:39:00','2015-09-24 14:39:01'),(2420,1,1,20,'',3,0,0,1,0,132728,'',0,0,'',0,0,'2015-09-24 18:18:21','2015-09-24 18:32:31'),(2421,1,1,20,'',1,0,0,1,0,132929,'',0,0,'',0,0,'2015-09-24 21:22:48','2015-09-24 21:25:01'),(2422,1,1,20,'',1,0,0,1,0,132686,'',0,0,'',0,0,'2015-09-24 23:08:32','2015-09-24 23:08:32'),(2423,1,1,20,'',1,0,0,1,0,133020,'',0,0,'',0,0,'2015-09-24 23:16:49','2015-09-24 23:40:52'),(2424,1,1,20,'',1,0,0,1,0,133024,'',0,0,'',0,0,'2015-09-24 23:26:17','2015-09-24 23:27:59'),(2425,1,1,20,'',3,0,0,1,0,133166,'',0,0,'',0,0,'2015-09-25 03:52:30','2015-09-25 03:52:31'),(2426,1,1,20,'a:1:{i:102;s:3:\"20,\";}',3,102,102,1,88,133090,'eefd298c9ccc5c130bf3f42ceed1722d',0,0,'',0,0,'2015-09-25 05:32:31','2015-09-25 05:33:42'),(2427,1,1,20,'',1,0,0,1,0,133288,'',0,0,'',0,0,'2015-09-25 08:52:56','2015-09-25 08:52:57'),(2428,1,1,18,'a:1:{i:565;s:3:\"18,\";}',3,565,566,1,489,133300,'611882cf8be90867171be86d4b1874a9',0,0,'',0,0,'2015-09-25 09:05:52','2015-09-25 20:16:21'),(2429,1,1,20,'a:1:{i:563;s:3:\"20,\";}',3,563,563,1,487,133381,'63cd14bd07a6ed6e73d94d23e7764c7a',0,0,'',0,0,'2015-09-25 11:36:14','2015-09-25 11:38:05'),(2430,1,1,20,'',3,0,0,1,0,133432,'',0,0,'',0,0,'2015-09-25 13:07:56','2015-09-25 13:07:57'),(2431,1,1,20,'',1,0,0,1,0,133560,'',0,0,'',0,0,'2015-09-25 18:53:48','2015-09-25 19:04:07'),(2432,1,1,20,'',3,0,0,1,0,133736,'',0,0,'',0,0,'2015-09-25 20:38:28','2015-09-25 20:38:29'),(2433,1,1,20,'a:1:{i:568;s:3:\"20,\";}',1,568,568,1,491,133792,'d313f80474d747e2febfdec0ae5a5168',0,0,'',0,0,'2015-09-25 22:40:05','2015-09-26 12:48:24'),(2434,1,1,20,'',3,0,0,1,0,133840,'',0,0,'',0,0,'2015-09-25 23:53:45','2015-09-25 23:53:49'),(2435,1,1,0,'',3,102,102,1,88,133899,'eefd298c9ccc5c130bf3f42ceed1722d',0,0,'',0,0,'2015-09-26 01:36:20','2015-09-26 04:54:00'),(2436,1,1,20,'',3,0,0,1,0,134031,'',0,0,'',0,0,'2015-09-26 05:11:56','2015-09-26 05:11:57'),(2437,1,1,20,'',3,0,0,1,0,133678,'',0,0,'',0,0,'2015-09-26 05:31:26','2015-09-26 05:34:02'),(2438,1,1,0,'',3,0,0,1,0,134072,'',0,0,'',0,0,'2015-09-26 07:31:42','2015-09-26 07:32:55'),(2439,1,1,0,'',1,0,0,1,0,134067,'',0,0,'',0,0,'2015-09-26 09:01:26','2015-09-26 09:01:26'),(2440,1,1,20,'',1,0,0,1,0,134067,'',0,0,'',0,0,'2015-09-26 09:01:27','2015-09-26 09:01:30'),(2441,1,1,20,'',1,0,0,1,0,134099,'',0,0,'',0,0,'2015-09-26 09:15:23','2015-09-26 09:15:25'),(2442,1,1,0,'',1,567,567,1,490,134220,'f313adf7aa23d055342871592b623001',0,0,'',0,0,'2015-09-26 11:38:17','2015-09-26 11:45:02'),(2443,1,1,20,'',3,0,0,1,0,134276,'',0,0,'',0,0,'2015-09-26 13:08:22','2015-09-26 13:08:24'),(2444,1,1,20,'',3,0,0,1,0,134328,'',0,0,'',0,0,'2015-09-26 14:22:15','2015-09-26 14:22:17'),(2445,1,1,20,'',1,0,0,1,0,134331,'',0,0,'',0,0,'2015-09-26 14:25:36','2015-09-26 14:25:36'),(2446,1,1,20,'',1,0,0,1,0,134463,'',0,0,'',0,0,'2015-09-26 17:14:56','2015-09-26 17:16:06'),(2447,1,1,20,'',3,0,0,1,0,134385,'',0,0,'',0,0,'2015-09-26 19:31:05','2015-09-26 19:59:57'),(2448,1,1,20,'a:1:{i:569;s:3:\"20,\";}',1,569,569,1,492,134114,'0e96c022bdb5d3a29dc51a9252048bb9',0,0,'',0,0,'2015-09-26 19:39:12','2015-09-26 19:58:32'),(2449,1,1,20,'',1,0,0,1,0,134667,'',0,0,'',0,0,'2015-09-26 21:36:21','2015-09-26 21:36:22'),(2450,1,1,20,'',3,0,0,1,0,134760,'',0,0,'',0,0,'2015-09-26 23:29:21','2015-09-26 23:34:37'),(2451,1,1,20,'',3,0,0,1,0,134812,'',0,0,'',0,0,'2015-09-27 01:12:04','2015-09-27 01:12:05'),(2452,1,1,20,'',3,0,0,1,0,134861,'',0,0,'',0,0,'2015-09-27 03:24:44','2015-09-27 03:24:48'),(2453,1,1,20,'',3,0,0,1,0,134861,'',0,0,'',0,0,'2015-09-27 03:24:46','2015-09-27 03:24:46'),(2454,1,1,20,'',3,0,0,1,0,135029,'',0,0,'',0,0,'2015-09-27 07:50:25','2015-09-27 15:22:12'),(2455,1,1,20,'',3,0,0,1,0,135065,'',0,0,'',0,0,'2015-09-27 08:51:52','2015-09-27 08:51:53'),(2456,1,1,20,'',3,0,0,1,0,135221,'',0,0,'',0,0,'2015-09-27 13:14:07','2015-09-27 13:14:09'),(2457,1,1,20,'',3,0,0,1,0,135308,'',0,0,'',0,0,'2015-09-27 14:14:39','2015-09-27 14:14:40'),(2458,1,1,18,'a:1:{i:565;s:3:\"18,\";}',3,565,566,1,489,135345,'611882cf8be90867171be86d4b1874a9',0,0,'',0,0,'2015-09-27 15:19:09','2015-09-27 15:20:35'),(2459,1,1,20,'',3,0,0,1,0,135400,'',0,0,'',0,0,'2015-09-27 17:04:24','2015-09-27 17:04:26'),(2460,1,1,20,'',3,0,0,1,0,135367,'',0,0,'',0,0,'2015-09-27 18:09:22','2015-09-27 18:09:22'),(2461,1,1,20,'',1,0,0,1,0,135518,'',0,0,'',0,0,'2015-09-27 18:15:07','2015-09-27 18:15:07'),(2462,1,1,20,'',1,0,0,1,0,135557,'',0,0,'',0,0,'2015-09-27 18:59:18','2015-09-27 18:59:19'),(2463,1,1,0,'',3,540,540,1,465,135685,'b3e7fca667cef1186e01764297982c11',0,0,'',0,0,'2015-09-27 20:59:37','2015-09-27 20:59:37'),(2464,1,1,20,'',3,568,568,1,491,135773,'d313f80474d747e2febfdec0ae5a5168',0,0,'',0,0,'2015-09-27 22:16:46','2015-09-27 22:23:59'),(2465,1,1,20,'a:1:{i:568;s:3:\"20,\";}',1,568,568,1,491,135781,'d313f80474d747e2febfdec0ae5a5168',0,0,'',0,0,'2015-09-27 22:33:19','2015-09-27 22:42:01'),(2466,1,1,18,'a:1:{i:571;s:3:\"18,\";}',3,571,571,1,494,135845,'1ef0c15bc46f38abbbca644395b382c7',0,0,'',0,0,'2015-09-28 00:31:24','2015-09-28 00:33:47'),(2467,1,1,18,'a:1:{i:572;s:3:\"18,\";}',3,572,572,1,495,135848,'eb7ea79d8dae015d400b35c3441d29f4',0,0,'',0,0,'2015-09-28 00:35:59','2015-09-28 01:01:00'),(2468,1,1,20,'',3,0,0,1,0,135945,'',0,0,'',0,0,'2015-09-28 04:18:47','2015-09-28 04:19:00'),(2469,1,1,18,'a:1:{i:0;s:3:\"18,\";}',3,0,0,1,0,135961,'',0,0,'',0,0,'2015-09-28 04:43:46','2015-09-28 04:44:55'),(2470,1,1,0,'',3,0,0,1,0,135992,'',0,0,'',0,0,'2015-09-28 06:11:23','2015-09-28 06:11:24'),(2471,1,1,18,'a:1:{i:0;s:3:\"18,\";}',1,0,0,1,0,136111,'',0,0,'',0,0,'2015-09-28 10:08:00','2015-09-28 10:36:22'),(2472,1,1,20,'',1,0,0,1,0,136254,'',0,0,'',0,0,'2015-09-28 12:54:11','2015-09-28 12:54:14'),(2473,1,1,0,'',3,0,0,1,0,136505,'',0,0,'',0,0,'2015-09-28 13:23:06','2015-09-28 13:23:06'),(2474,1,1,20,'',3,0,0,1,0,136505,'',0,0,'',0,0,'2015-09-28 13:23:07','2015-09-28 13:29:13'),(2475,1,1,20,'',1,0,0,1,0,136810,'',0,0,'',0,0,'2015-09-28 15:57:38','2015-09-28 15:57:39'),(2476,1,1,0,'',3,565,565,1,489,136830,'611882cf8be90867171be86d4b1874a9',0,0,'',0,0,'2015-09-28 17:23:49','2015-09-28 17:23:54'),(2477,1,1,0,'',3,565,565,1,489,136921,'611882cf8be90867171be86d4b1874a9',0,0,'',0,0,'2015-09-28 18:35:31','2015-09-28 18:35:31'),(2478,1,1,20,'a:1:{i:573;s:3:\"20,\";}',3,573,573,1,496,136915,'a0ee89eb1c6fb24c80763c9f69a0b360',0,0,'',0,0,'2015-09-28 18:42:31','2015-09-28 18:44:20'),(2479,1,1,20,'',3,0,0,1,0,137289,'',0,0,'',0,0,'2015-09-28 22:25:09','2015-09-28 22:25:10'),(2480,1,1,20,'',3,0,0,1,0,137318,'',0,0,'',0,0,'2015-09-28 23:20:37','2015-09-28 23:20:38'),(2481,1,1,20,'',3,0,0,1,0,137374,'',0,0,'',0,0,'2015-09-29 00:07:39','2015-09-29 00:12:00'),(2482,1,1,20,'',1,0,0,1,0,137507,'',0,0,'',0,0,'2015-09-29 04:30:38','2015-09-29 04:30:39'),(2483,1,1,0,'',1,0,0,1,0,137513,'',0,0,'',0,0,'2015-09-29 04:35:49','2015-09-29 04:36:03'),(2484,1,1,20,'',3,575,575,1,498,137525,'3eb8d6f4f385e0eaab7d8173c64d4548',0,0,'',0,0,'2015-09-29 04:52:09','2015-09-29 05:15:43'),(2485,1,1,20,'',1,0,0,1,0,137563,'',0,0,'',0,0,'2015-09-29 06:24:42','2015-09-29 06:30:06'),(2486,1,1,20,'',3,0,0,1,0,137611,'',0,0,'',0,0,'2015-09-29 08:13:29','2015-09-29 08:13:30'),(2487,1,1,0,'',3,565,565,1,489,137627,'611882cf8be90867171be86d4b1874a9',0,0,'',0,0,'2015-09-29 08:41:50','2015-09-29 08:41:50'),(2488,1,1,20,'',3,0,0,1,0,137783,'',0,0,'',0,0,'2015-09-29 12:04:55','2015-09-29 12:04:56'),(2489,1,1,20,'',3,0,0,1,0,137891,'',0,0,'',0,0,'2015-09-29 14:06:10','2015-09-29 14:06:10'),(2490,1,1,20,'',3,0,0,1,0,138188,'',0,0,'',0,0,'2015-09-29 19:31:10','2015-09-29 20:34:35'),(2491,1,1,20,'',3,0,0,1,0,138592,'',0,0,'',0,0,'2015-09-30 05:38:23','2015-09-30 05:38:24'),(2492,1,1,18,'a:1:{i:576;s:3:\"18,\";}',3,576,576,1,499,138706,'cdf67d4f5579f6cd0dac0c00d20f8404',0,0,'',0,0,'2015-09-30 07:31:44','2015-09-30 07:33:21'),(2493,1,1,20,'',1,0,0,1,0,138794,'',0,0,'',0,0,'2015-09-30 09:54:12','2015-09-30 09:54:13'),(2494,1,1,20,'',1,0,0,1,0,138984,'',0,0,'',0,0,'2015-09-30 12:29:57','2015-09-30 12:29:58'),(2495,1,1,20,'',3,0,0,1,0,139027,'',0,0,'',0,0,'2015-09-30 13:07:49','2015-09-30 13:07:50'),(2496,1,1,20,'',3,0,0,1,0,139220,'',0,0,'',0,0,'2015-09-30 15:59:28','2015-09-30 15:59:28'),(2497,1,1,20,'',1,0,0,1,0,139312,'',0,0,'',0,0,'2015-09-30 17:09:45','2015-09-30 17:09:46'),(2498,1,1,20,'',1,0,0,1,0,139412,'',0,0,'',0,0,'2015-09-30 17:56:59','2015-09-30 17:57:00'),(2499,1,1,18,'a:1:{i:578;s:3:\"18,\";}',3,578,578,1,501,139162,'04f65ec3fed9791fb76fe3a3aab541f2',0,0,'',0,0,'2015-09-30 19:08:00','2015-09-30 23:32:54'),(2500,1,1,20,'',3,0,0,1,0,139543,'',0,0,'',0,0,'2015-09-30 19:42:14','2015-09-30 19:42:15'),(2501,1,1,20,'',3,0,0,1,0,139677,'',0,0,'',0,0,'2015-09-30 21:58:48','2015-09-30 21:58:49'),(2502,1,1,20,'',1,0,0,1,0,139775,'',0,0,'',0,0,'2015-09-30 23:10:18','2015-09-30 23:10:55'),(2503,1,1,20,'',3,578,578,1,501,139972,'04f65ec3fed9791fb76fe3a3aab541f2',0,0,'',0,0,'2015-10-01 02:05:56','2015-10-01 02:21:45'),(2504,1,1,18,'a:1:{i:578;s:3:\"18,\";}',3,578,578,1,501,140015,'04f65ec3fed9791fb76fe3a3aab541f2',0,0,'',0,0,'2015-10-01 02:59:16','2015-10-01 03:00:36'),(2505,1,1,20,'',3,0,0,1,0,140354,'',0,0,'',0,0,'2015-10-01 08:40:47','2015-10-01 08:40:49'),(2506,1,1,20,'',3,0,0,1,0,140404,'',0,0,'',0,0,'2015-10-01 09:17:35','2015-10-01 09:17:35'),(2507,1,1,20,'',3,0,0,1,0,140427,'',0,0,'',0,0,'2015-10-01 09:35:14','2015-10-01 09:35:17'),(2508,1,1,0,'a:1:{i:580;s:3:\"20,\";}',1,580,580,1,503,140556,'dbf52e2a00164b0ffe6981b44136bcfe',0,0,'',0,0,'2015-10-01 11:13:16','2015-10-01 11:15:30'),(2509,1,1,0,'',3,0,0,1,0,140564,'',0,0,'',0,0,'2015-10-01 11:20:18','2015-10-01 11:20:33'),(2510,1,1,20,'',1,0,0,1,0,140700,'',0,0,'',0,0,'2015-10-01 12:50:38','2015-10-01 12:50:39'),(2511,1,1,0,'',1,0,0,1,0,140699,'',0,0,'',0,0,'2015-10-01 13:46:00','2015-10-01 13:46:42'),(2512,1,1,20,'a:1:{i:581;s:3:\"20,\";}',3,581,582,1,504,140918,'46d647c88e725e7110211a88241d5e3e',0,0,'',0,0,'2015-10-01 15:19:24','2015-10-01 16:56:24'),(2513,1,1,20,'a:1:{i:581;s:3:\"20,\";}',3,581,581,1,504,140865,'46d647c88e725e7110211a88241d5e3e',0,0,'',0,0,'2015-10-01 15:21:24','2015-10-01 16:26:37'),(2514,1,1,20,'',3,0,0,1,0,140945,'',0,0,'',0,0,'2015-10-01 15:26:02','2015-10-01 15:28:27'),(2515,1,1,20,'a:1:{i:536;s:3:\"20,\";}',1,536,536,1,461,141146,'dfb0ae0a09659427812bccb270a9b43b',0,0,'',0,0,'2015-10-01 17:21:28','2015-10-01 17:22:12'),(2516,1,1,20,'',3,587,587,1,509,141296,'8c124030b6da256232786b12a0dc40ef',0,0,'',0,0,'2015-10-01 18:40:08','2015-10-01 22:25:37'),(2517,1,1,20,'',3,0,0,1,0,141339,'',0,0,'',0,0,'2015-10-01 19:15:51','2015-10-01 19:15:52'),(2518,1,1,18,'',3,583,583,1,505,141368,'44dfdc47766dbbae9024e2ec0528cfcb',0,0,'',0,0,'2015-10-01 19:39:46','2015-10-01 19:39:47'),(2519,1,1,20,'',3,0,0,1,0,141450,'',0,0,'',0,0,'2015-10-01 20:15:50','2015-10-01 20:15:51'),(2520,1,1,18,'a:1:{i:578;s:3:\"18,\";}',3,578,578,1,501,140810,'04f65ec3fed9791fb76fe3a3aab541f2',0,0,'',0,0,'2015-10-01 20:48:47','2015-10-01 20:49:39'),(2521,1,1,20,'',3,0,0,1,0,139451,'',0,0,'',0,0,'2015-10-01 21:56:02','2015-10-01 21:56:13'),(2522,1,1,20,'a:1:{i:584;s:3:\"20,\";}',3,584,584,1,506,141479,'ddbcae89e5c95abe033fae9e4031cfaf',0,0,'',0,0,'2015-10-01 22:04:46','2015-10-01 22:09:06'),(2523,1,1,20,'a:1:{i:585;s:3:\"20,\";}',1,585,585,1,507,141626,'2a79de3a3c87174ab54601ec3f2ee9e8',0,0,'',0,0,'2015-10-01 22:06:02','2015-10-01 22:14:14'),(2524,1,1,18,'a:1:{i:586;s:3:\"20,\";}',3,586,586,1,508,141463,'7100a7ba6364b31f6fadb6cebd82cbe3',0,0,'',0,0,'2015-10-01 22:20:22','2015-10-01 22:21:48'),(2525,1,1,0,'',3,102,102,1,88,141730,'eefd298c9ccc5c130bf3f42ceed1722d',0,0,'',0,0,'2015-10-01 23:02:16','2015-10-01 23:16:47'),(2526,1,1,20,'',1,0,0,1,0,141849,'',0,0,'',0,0,'2015-10-01 23:57:38','2015-10-01 23:57:39'),(2527,1,1,20,'',1,0,0,1,0,141974,'',0,0,'',0,0,'2015-10-02 00:48:16','2015-10-02 00:48:17'),(2528,1,1,20,'',3,0,0,1,0,142007,'',0,0,'',0,0,'2015-10-02 01:02:16','2015-10-02 01:05:32'),(2529,1,1,20,'',1,0,0,1,0,142157,'',0,0,'',0,0,'2015-10-02 01:44:19','2015-10-02 01:44:20'),(2530,1,1,20,'',1,0,0,1,0,142539,'',0,0,'',0,0,'2015-10-02 02:35:10','2015-10-02 02:35:11'),(2531,1,1,20,'',3,0,0,1,0,142747,'',0,0,'',0,0,'2015-10-02 04:09:06','2015-10-02 04:09:07'),(2532,1,1,20,'',3,0,0,1,0,143230,'',0,0,'',0,0,'2015-10-02 07:30:03','2015-10-02 07:30:07'),(2533,1,1,20,'',3,0,0,1,0,143270,'',0,0,'',0,0,'2015-10-02 07:52:39','2015-10-02 07:52:40'),(2534,1,1,20,'',1,0,0,1,0,143200,'',0,0,'',0,0,'2015-10-02 08:09:56','2015-10-02 20:44:48'),(2535,1,1,20,'',3,0,0,1,0,143396,'',0,0,'',0,0,'2015-10-02 08:31:00','2015-10-02 08:31:01'),(2536,1,1,20,'',3,0,0,1,0,143458,'',0,0,'',0,0,'2015-10-02 08:53:53','2015-10-02 08:53:54'),(2537,1,1,20,'',3,0,0,1,0,143559,'',0,0,'',0,0,'2015-10-02 09:36:32','2015-10-02 09:36:33'),(2538,1,1,20,'',3,0,0,1,0,143608,'',0,0,'',0,0,'2015-10-02 09:56:44','2015-10-02 09:56:45'),(2539,1,1,20,'',3,0,0,1,0,143634,'',0,0,'',0,0,'2015-10-02 10:06:46','2015-10-02 10:06:47'),(2540,1,1,20,'',1,0,0,1,0,143666,'',0,0,'',0,0,'2015-10-02 10:22:32','2015-10-02 22:18:21'),(2541,1,1,20,'',3,0,0,1,0,143777,'',0,0,'',0,0,'2015-10-02 11:17:00','2015-10-02 11:18:32'),(2542,1,1,20,'',1,0,0,1,0,143800,'',0,0,'',0,0,'2015-10-02 11:21:56','2015-10-02 11:21:57'),(2543,1,1,20,'',1,0,0,1,0,143885,'',0,0,'',0,0,'2015-10-02 11:58:10','2015-10-02 11:58:43'),(2544,1,1,0,'',3,578,578,1,501,143930,'04f65ec3fed9791fb76fe3a3aab541f2',0,0,'',0,0,'2015-10-02 12:10:16','2015-10-02 13:31:39'),(2545,1,1,20,'',3,0,0,1,0,143969,'',0,0,'',0,0,'2015-10-02 12:28:08','2015-10-02 12:28:08'),(2546,1,1,0,'',3,578,578,1,501,144257,'04f65ec3fed9791fb76fe3a3aab541f2',0,0,'',0,0,'2015-10-02 14:19:41','2015-10-02 14:20:08'),(2547,1,1,20,'',3,0,0,1,0,144352,'',0,0,'',0,0,'2015-10-02 14:54:12','2015-10-02 14:54:12'),(2548,1,1,20,'',1,0,0,1,0,144479,'',0,0,'',0,0,'2015-10-02 15:46:06','2015-10-02 15:46:10'),(2549,1,1,20,'',1,0,0,1,0,144643,'',0,0,'',0,0,'2015-10-02 16:33:32','2015-10-02 16:33:33'),(2550,1,1,20,'',1,0,0,1,0,144739,'',0,0,'',0,0,'2015-10-02 17:07:40','2015-10-02 17:07:41'),(2551,1,1,20,'',3,0,0,1,0,144926,'',0,0,'',0,0,'2015-10-02 18:11:11','2015-10-02 18:11:12'),(2552,1,1,20,'',1,0,0,1,0,145061,'',0,0,'',0,0,'2015-10-02 19:13:00','2015-10-02 20:01:43'),(2553,1,1,20,'',3,0,0,1,0,145120,'',0,0,'',0,0,'2015-10-02 19:34:04','2015-10-02 19:34:05'),(2554,1,1,20,'',3,0,0,1,0,145334,'',0,0,'',0,0,'2015-10-02 20:57:11','2015-10-02 20:57:12'),(2555,1,1,20,'a:1:{i:0;s:3:\"20,\";}',3,0,0,1,0,145607,'',0,0,'',0,0,'2015-10-02 23:37:50','2015-10-03 03:07:11'),(2556,1,1,20,'',1,0,0,1,0,145625,'',0,0,'',0,0,'2015-10-03 00:14:53','2015-10-03 00:14:53'),(2557,1,1,20,'',3,0,0,1,0,145695,'',0,0,'',0,0,'2015-10-03 00:39:19','2015-10-03 00:39:42'),(2558,1,1,20,'',1,0,0,1,0,145724,'',0,0,'',0,0,'2015-10-03 00:48:25','2015-10-03 00:48:26'),(2559,1,1,20,'',1,0,0,1,0,145749,'',0,0,'',0,0,'2015-10-03 01:07:32','2015-10-03 01:11:05'),(2560,1,1,20,'',3,0,0,1,0,145912,'',0,0,'',0,0,'2015-10-03 03:19:29','2015-10-03 03:19:30'),(2561,1,1,20,'',3,0,0,1,0,145920,'',0,0,'',0,0,'2015-10-03 03:28:23','2015-10-03 03:28:24'),(2562,1,1,20,'',3,0,0,1,0,145982,'',0,0,'',0,0,'2015-10-03 04:16:52','2015-10-03 04:16:53'),(2563,1,1,20,'',1,0,0,1,0,146027,'',0,0,'',0,0,'2015-10-03 04:48:54','2015-10-03 04:48:56'),(2564,1,1,20,'',3,0,0,1,0,146226,'',0,0,'',0,0,'2015-10-03 07:15:14','2015-10-03 07:15:15'),(2565,1,1,20,'',3,0,0,1,0,146240,'',0,0,'',0,0,'2015-10-03 07:19:02','2015-10-03 07:19:02'),(2566,1,1,20,'',1,0,0,1,0,146394,'',0,0,'',0,0,'2015-10-03 09:29:38','2015-10-03 09:29:39'),(2567,1,1,20,'',1,0,0,1,0,146549,'',0,0,'',0,0,'2015-10-03 11:10:10','2015-10-03 11:17:13'),(2568,1,1,20,'',3,0,0,1,0,146555,'',0,0,'',0,0,'2015-10-03 11:10:21','2015-10-03 21:45:49'),(2569,1,1,0,'',3,587,587,1,509,146584,'8c124030b6da256232786b12a0dc40ef',0,0,'',0,0,'2015-10-03 11:28:36','2015-10-03 11:28:36'),(2570,1,1,20,'',1,0,0,1,0,146625,'',0,0,'',0,0,'2015-10-03 13:05:46','2015-10-03 13:11:20'),(2571,1,1,20,'',1,0,0,1,0,146825,'',0,0,'',0,0,'2015-10-03 13:57:01','2015-10-03 13:57:03'),(2572,1,1,20,'',1,0,0,1,0,147160,'',0,0,'',0,0,'2015-10-03 17:05:52','2015-10-03 17:05:54'),(2573,1,1,20,'',3,0,0,1,0,147166,'',0,0,'',0,0,'2015-10-03 17:09:56','2015-10-03 17:09:56'),(2574,1,1,20,'',1,0,0,1,0,147307,'',0,0,'',0,0,'2015-10-03 18:52:33','2015-10-03 18:52:33'),(2575,1,1,20,'',3,0,0,1,0,147360,'',0,0,'',0,0,'2015-10-03 19:22:10','2015-10-03 19:22:11'),(2576,1,1,20,'',1,0,0,1,0,147380,'',0,0,'',0,0,'2015-10-03 19:42:08','2015-10-03 19:42:09'),(2577,1,1,20,'',1,0,0,1,0,147460,'',0,0,'',0,0,'2015-10-03 20:43:51','2015-10-03 20:43:52'),(2578,1,1,20,'',3,0,0,1,0,147551,'',0,0,'',0,0,'2015-10-03 21:50:53','2015-10-03 21:52:48'),(2579,1,1,0,'',1,0,0,1,0,147639,'',0,0,'',0,0,'2015-10-03 22:58:48','2015-10-03 22:59:09'),(2580,1,1,0,'',3,0,0,1,0,147661,'',0,0,'',0,0,'2015-10-03 23:12:09','2015-10-03 23:12:48'),(2581,1,1,20,'',3,0,0,1,0,147835,'',0,0,'',0,0,'2015-10-04 01:24:18','2015-10-04 01:24:19'),(2582,1,1,0,'a:1:{i:591;s:3:\"20,\";}',1,591,591,1,513,147981,'fbb2f3313ef9eb194d7cd734545baece',0,0,'',0,0,'2015-10-04 03:38:34','2015-10-04 04:03:58'),(2583,1,1,20,'',3,0,0,1,0,148037,'',0,0,'',0,0,'2015-10-04 05:57:08','2015-10-04 05:57:09'),(2584,1,1,20,'',3,0,0,1,0,148064,'',0,0,'',0,0,'2015-10-04 05:57:17','2015-10-04 05:57:19'),(2585,1,1,20,'',3,0,0,1,0,148284,'',0,0,'',0,0,'2015-10-04 09:08:39','2015-10-04 09:08:40'),(2586,1,1,0,'',3,0,0,1,0,148402,'',0,0,'',0,0,'2015-10-04 11:15:34','2015-10-04 11:17:04'),(2587,1,1,20,'',1,0,0,1,0,148485,'',0,0,'',0,0,'2015-10-04 12:27:03','2015-10-04 12:27:04'),(2588,1,1,20,'',1,0,0,1,0,148702,'',0,0,'',0,0,'2015-10-04 15:13:55','2015-10-04 15:13:56'),(2589,1,1,20,'a:1:{i:593;s:3:\"20,\";}',1,593,593,1,515,148820,'9bb669d6d3df2bdfccb9924fdf110e42',0,0,'',0,0,'2015-10-04 16:49:18','2015-10-04 16:53:43'),(2590,1,1,0,'',3,102,102,1,88,148991,'eefd298c9ccc5c130bf3f42ceed1722d',0,0,'',0,0,'2015-10-04 17:47:51','2015-10-04 17:47:51'),(2591,1,1,0,'',3,587,587,1,509,149130,'8c124030b6da256232786b12a0dc40ef',0,0,'',0,0,'2015-10-04 19:02:43','2015-10-04 19:06:14'),(2592,1,1,20,'',3,0,0,1,0,149140,'',0,0,'',0,0,'2015-10-04 19:26:08','2015-10-04 19:26:09'),(2593,1,1,18,'a:1:{i:0;s:3:\"18,\";}',3,594,594,1,516,149189,'b36a5254f65568cf47366e2880bd7305',0,0,'',0,0,'2015-10-04 20:09:23','2015-10-04 20:40:32'),(2594,1,1,20,'',3,0,0,1,0,149251,'',0,0,'',0,0,'2015-10-04 20:23:24','2015-10-04 20:23:25'),(2595,1,1,18,'a:1:{i:0;s:3:\"18,\";}',3,594,594,1,516,149189,'b36a5254f65568cf47366e2880bd7305',0,0,'',0,0,'2015-10-04 20:50:02','2015-10-04 20:50:02'),(2596,1,1,18,'',3,594,594,1,516,149189,'b36a5254f65568cf47366e2880bd7305',0,0,'',0,0,'2015-10-04 21:04:36','2015-10-04 21:12:26'),(2597,1,1,20,'',3,0,0,1,0,149296,'',0,0,'',0,0,'2015-10-04 21:07:32','2015-10-04 21:07:33'),(2598,1,1,0,'',3,594,594,1,516,149330,'b36a5254f65568cf47366e2880bd7305',0,0,'',0,0,'2015-10-04 21:27:33','2015-10-04 21:27:33'),(2599,1,1,20,'',1,0,0,1,0,149353,'',0,0,'',0,0,'2015-10-04 21:44:08','2015-10-04 22:50:21'),(2600,1,1,20,'',3,0,0,1,0,149413,'',0,0,'',0,0,'2015-10-04 22:27:52','2015-10-04 22:27:52'),(2601,1,1,20,'',3,0,0,1,0,149519,'',0,0,'',0,0,'2015-10-04 23:30:40','2015-10-04 23:30:41'),(2602,1,1,20,'',3,0,0,1,0,149519,'',0,0,'',0,0,'2015-10-04 23:31:58','2015-10-04 23:32:19'),(2603,1,1,20,'',1,0,0,1,0,149548,'',0,0,'',0,0,'2015-10-04 23:56:17','2015-10-04 23:56:17'),(2604,1,1,18,'',3,594,594,1,516,149189,'b36a5254f65568cf47366e2880bd7305',0,0,'',0,0,'2015-10-05 01:25:14','2015-10-05 01:25:15'),(2605,1,1,0,'',3,578,578,1,501,149738,'04f65ec3fed9791fb76fe3a3aab541f2',0,0,'',0,0,'2015-10-05 02:32:13','2015-10-05 02:32:13'),(2606,1,1,20,'',3,0,0,1,0,149747,'',0,0,'',0,0,'2015-10-05 02:39:55','2015-10-05 02:39:56'),(2607,1,1,20,'',3,0,0,1,0,149901,'',0,0,'',0,0,'2015-10-05 04:19:25','2015-10-05 04:19:26'),(2608,1,1,18,'a:1:{i:595;s:3:\"20,\";}',3,595,595,1,517,149985,'a2e13481c03147ef0a2d29151db8045d',0,0,'',0,0,'2015-10-05 05:25:15','2015-10-05 05:40:13'),(2609,1,1,20,'',3,0,0,1,0,150593,'',0,0,'',0,0,'2015-10-05 13:47:03','2015-10-05 13:47:04'),(2610,1,1,18,'a:1:{i:575;s:3:\"18,\";}',3,575,575,1,498,150616,'3eb8d6f4f385e0eaab7d8173c64d4548',0,0,'',0,0,'2015-10-05 14:01:13','2015-10-05 14:05:51'),(2611,1,1,0,'',3,543,543,1,467,150636,'3ad5f91b1c0534966453d9a3894b0513',0,0,'',0,0,'2015-10-05 14:17:07','2015-10-05 14:17:07'),(2612,1,1,0,'',1,0,0,1,0,150696,'',0,0,'',0,0,'2015-10-05 15:04:09','2015-10-05 15:04:09'),(2613,1,1,20,'',1,0,0,1,0,150696,'',0,0,'',0,0,'2015-10-05 15:04:09','2015-10-05 15:04:09'),(2614,1,1,20,'',3,0,0,1,0,150758,'',0,0,'',0,0,'2015-10-05 15:43:03','2015-10-05 15:43:03'),(2615,1,1,0,'',3,594,594,1,516,150933,'b36a5254f65568cf47366e2880bd7305',0,0,'',0,0,'2015-10-05 16:55:58','2015-10-05 16:55:58'),(2616,1,1,20,'',3,0,0,1,0,151121,'',0,0,'',0,0,'2015-10-05 18:37:57','2015-10-05 18:38:01'),(2617,1,1,20,'',3,0,0,1,0,151142,'',0,0,'',0,0,'2015-10-05 18:57:43','2015-10-05 18:57:44'),(2618,1,1,20,'',3,0,0,1,0,151143,'',0,0,'',0,0,'2015-10-05 18:58:54','2015-10-05 18:58:55'),(2619,1,1,20,'a:1:{i:596;s:3:\"20,\";}',3,596,596,1,518,151272,'573c54c94b2c89836474d1cb3d7cb6d9',0,0,'',0,0,'2015-10-05 20:35:44','2015-10-05 20:59:55'),(2620,1,1,18,'a:1:{i:93;s:3:\"18,\";}',3,93,93,1,81,151428,'2b2668785e7788d9163d188091d0d9f8',0,0,'',0,0,'2015-10-05 22:42:55','2015-10-05 22:43:33'),(2621,1,1,0,'',1,587,587,1,509,151480,'8c124030b6da256232786b12a0dc40ef',0,0,'',0,0,'2015-10-05 22:56:40','2015-10-05 22:56:40'),(2622,1,1,0,'',3,575,575,1,498,151625,'3eb8d6f4f385e0eaab7d8173c64d4548',0,0,'',0,0,'2015-10-06 01:06:29','2015-10-06 01:06:29'),(2623,1,1,20,'a:1:{i:597;s:3:\"20,\";}',1,597,597,1,0,150742,'227a68f7dc55a530b30de160bd55c085',0,0,'',0,0,'2015-10-06 02:28:08','2015-10-06 02:41:33'),(2624,1,1,20,'',3,0,0,1,0,151718,'',0,0,'',0,0,'2015-10-06 02:37:07','2015-10-06 02:46:07'),(2625,1,1,20,'',1,0,0,1,0,151710,'',0,0,'',0,0,'2015-10-06 06:06:22','2015-10-06 06:07:09'),(2626,1,1,20,'',1,0,0,1,0,152270,'',0,0,'',0,0,'2015-10-06 11:30:56','2015-10-06 11:30:57'),(2627,1,1,0,'',3,93,93,1,81,152602,'2b2668785e7788d9163d188091d0d9f8',0,0,'',0,0,'2015-10-06 16:12:05','2015-10-06 16:12:05'),(2628,1,1,20,'',3,0,0,1,0,152565,'',0,0,'',0,0,'2015-10-06 16:25:19','2015-10-06 16:25:19'),(2629,1,1,0,'',1,0,0,1,0,152708,'',0,0,'',0,0,'2015-10-06 17:35:32','2015-10-06 17:35:50'),(2630,1,1,20,'',3,0,0,1,0,152726,'',0,0,'',0,0,'2015-10-06 17:43:23','2015-10-06 18:11:37'),(2631,1,1,20,'',3,0,0,1,0,152715,'',0,0,'',0,0,'2015-10-06 17:47:20','2015-10-06 17:47:21'),(2632,1,1,20,'a:1:{i:599;s:3:\"20,\";}',3,599,599,1,521,152747,'638dde110af4db6789bcabedb2f5c4a0',0,0,'',0,0,'2015-10-06 18:03:16','2015-10-06 20:16:43'),(2633,1,1,20,'',1,0,0,1,0,152691,'',0,0,'',0,0,'2015-10-06 18:20:38','2015-10-06 18:20:40'),(2634,1,1,20,'a:1:{i:46;s:3:\"20,\";}',1,46,46,1,41,152871,'de39365912b7f26e6bcae4922161aa18',0,0,'',0,0,'2015-10-06 19:12:32','2015-10-06 19:16:13'),(2635,1,1,0,'',3,102,102,1,88,152900,'eefd298c9ccc5c130bf3f42ceed1722d',0,0,'',0,0,'2015-10-06 19:45:55','2015-10-06 19:45:55'),(2636,1,1,18,'a:1:{i:598;s:3:\"20,\";}',3,598,598,1,520,152915,'52cd1e6263c76b23e92475fa2bfa530a',0,0,'',0,0,'2015-10-06 19:54:36','2015-10-06 20:08:17'),(2637,1,1,20,'',3,0,0,1,0,153043,'',0,0,'',0,0,'2015-10-06 21:25:10','2015-10-06 21:25:11'),