
--
-- Table structure for table `ps_specific_price_priority`
--

CREATE TABLE `ps_specific_price_priority` (
  `id_specific_price_priority` int(11) NOT NULL AUTO_INCREMENT,
  `id_product` int(11) NOT NULL,
  `priority` varchar(80) NOT NULL,
  PRIMARY KEY (`id_specific_price_priority`,`id_product`),
  UNIQUE KEY `id_product` (`id_product`)
) ENGINE=InnoDB AUTO_INCREMENT=1685 DEFAULT CHARSET=utf8;

--
-- Dumping data for table `ps_specific_price_priority`
--

INSERT INTO `ps_specific_price_priority` VALUES (1,2,'id_country;id_currency;id_shop;id_group'),(2,3,'id_country;id_currency;id_shop;id_group'),(3,4,'id_country;id_currency;id_shop;id_group'),(4,5,'id_country;id_currency;id_shop;id_group'),(5,6,'id_country;id_currency;id_shop;id_group'),(6,7,'id_country;id_currency;id_shop;id_group'),(7,8,'id_country;id_currency;id_shop;id_group'),(8,9,'id_country;id_currency;id_shop;id_group'),(9,10,'id_country;id_currency;id_shop;id_group'),(10,11,'id_country;id_currency;id_shop;id_group'),(11,12,'id_country;id_currency;id_shop;id_group'),(12,13,'id_country;id_currency;id_shop;id_group'),(13,14,'id_country;id_currency;id_shop;id_group'),(14,15,'id_country;id_currency;id_shop;id_group'),(15,16,'id_country;id_currency;id_shop;id_group'),(16,17,'id_country;id_currency;id_shop;id_group'),(17,18,'id_country;id_currency;id_shop;id_group'),(18,19,'id_country;id_currency;id_shop;id_group'),(19,20,'id_country;id_currency;id_shop;id_group'),(20,21,'id_country;id_currency;id_shop;id_group'),(21,22,'id_country;id_currency;id_shop;id_group'),(22,23,'id_country;id_currency;id_shop;id_group'),(23,24,'id_country;id_currency;id_shop;id_group'),(24,25,'id_country;id_currency;id_shop;id_group'),(25,26,'id_country;id_currency;id_shop;id_group'),(26,27,'id_country;id_currency;id_shop;id_group'),(27,28,'id_country;id_currency;id_shop;id_group'),(28,29,'id_country;id_currency;id_shop;id_group'),(29,30,'id_country;id_currency;id_shop;id_group'),(30,31,'id_country;id_currency;id_shop;id_group'),(31,32,'id_country;id_currency;id_shop;id_group'),(32,33,'id_country;id_currency;id_shop;id_group'),(33,34,'id_country;id_currency;id_shop;id_group'),(34,35,'id_country;id_currency;id_shop;id_group'),(35,36,'id_country;id_currency;id_shop;id_group'),(36,37,'id_country;id_currency;id_shop;id_group'),(37,38,'id_country;id_currency;id_shop;id_group'),(38,39,'id_country;id_currency;id_shop;id_group'),(39,40,'id_country;id_currency;id_shop;id_group'),(40,41,'id_country;id_currency;id_shop;id_group'),(41,42,'id_country;id_currency;id_shop;id_group'),(42,43,'id_country;id_currency;id_shop;id_group'),(43,44,'id_country;id_currency;id_shop;id_group'),(44,45,'id_country;id_currency;id_shop;id_group'),(45,46,'id_country;id_currency;id_shop;id_group'),(46,47,'id_country;id_currency;id_shop;id_group'),(47,48,'id_country;id_currency;id_shop;id_group'),(48,49,'id_country;id_currency;id_shop;id_group'),(49,50,'id_country;id_currency;id_shop;id_group'),(50,51,'id_country;id_currency;id_shop;id_group'),(51,52,'id_country;id_currency;id_shop;id_group'),(52,53,'id_country;id_currency;id_shop;id_group'),(53,54,'id_country;id_currency;id_shop;id_group'),(54,55,'id_country;id_currency;id_shop;id_group'),(55,56,'id_country;id_currency;id_shop;id_group'),(56,57,'id_country;id_currency;id_shop;id_group'),(57,58,'id_country;id_currency;id_shop;id_group'),(58,59,'id_country;id_currency;id_shop;id_group'),(59,60,'id_country;id_currency;id_shop;id_group'),(60,61,'id_country;id_currency;id_shop;id_group'),(61,62,'id_country;id_currency;id_shop;id_group'),(62,63,'id_country;id_currency;id_shop;id_group'),(63,64,'id_country;id_currency;id_shop;id_group'),(64,65,'id_country;id_currency;id_shop;id_group'),(65,66,'id_country;id_currency;id_shop;id_group'),(66,67,'id_country;id_currency;id_shop;id_group'),(67,68,'id_country;id_currency;id_shop;id_group'),(68,69,'id_country;id_currency;id_shop;id_group'),(69,70,'id_country;id_currency;id_shop;id_group'),(70,71,'id_country;id_currency;id_shop;id_group'),(71,72,'id_country;id_currency;id_shop;id_group'),(72,73,'id_country;id_currency;id_shop;id_group'),(73,74,'id_country;id_currency;id_shop;id_group'),(74,75,'id_country;id_currency;id_shop;id_group'),(75,76,'id_country;id_currency;id_shop;id_group'),(76,77,'id_country;id_currency;id_shop;id_group'),(77,78,'id_country;id_currency;id_shop;id_group'),(78,79,'id_country;id_currency;id_shop;id_group'),(79,80,'id_country;id_currency;id_shop;id_group'),(80,81,'id_country;id_currency;id_shop;id_group'),(81,82,'id_country;id_currency;id_shop;id_group'),(82,83,'id_country;id_currency;id_shop;id_group'),(83,84,'id_country;id_currency;id_shop;id_group'),(84,85,'id_country;id_currency;id_shop;id_group'),(85,86,'id_country;id_currency;id_shop;id_group'),(86,87,'id_country;id_currency;id_shop;id_group'),(87,88,'id_country;id_currency;id_shop;id_group'),(88,89,'id_country;id_currency;id_shop;id_group'),(89,90,'id_country;id_currency;id_shop;id_group'),(90,91,'id_country;id_currency;id_shop;id_group'),(91,92,'id_country;id_currency;id_shop;id_group'),(92,93,'id_country;id_currency;id_shop;id_group'),(93,94,'id_country;id_currency;id_shop;id_group'),(94,95,'id_country;id_currency;id_shop;id_group'),(95,96,'id_country;id_currency;id_shop;id_group'),(96,97,'id_country;id_currency;id_shop;id_group'),(97,98,'id_country;id_currency;id_shop;id_group'),(98,99,'id_country;id_currency;id_shop;id_group'),(99,100,'id_country;id_currency;id_shop;id_group'),(100,101,'id_country;id_currency;id_shop;id_group'),(101,102,'id_country;id_currency;id_shop;id_group'),(102,103,'id_country;id_currency;id_shop;id_group'),(103,104,'id_country;id_currency;id_shop;id_group'),(104,105,'id_country;id_currency;id_shop;id_group'),(105,106,'id_country;id_currency;id_shop;id_group'),(106,107,'id_country;id_currency;id_shop;id_group'),(107,108,'id_country;id_currency;id_shop;id_group'),(108,109,'id_country;id_currency;id_shop;id_group'),(109,110,'id_country;id_currency;id_shop;id_group'),(110,111,'id_country;id_currency;id_shop;id_group'),(111,112,'id_country;id_currency;id_shop;id_group'),(112,113,'id_country;id_currency;id_shop;id_group'),(113,114,'id_country;id_currency;id_shop;id_group'),(114,115,'id_country;id_currency;id_shop;id_group'),(115,116,'id_country;id_currency;id_shop;id_group'),(116,117,'id_country;id_currency;id_shop;id_group'),(117,118,'id_country;id_currency;id_shop;id_group'),(118,119,'id_country;id_currency;id_shop;id_group'),(119,120,'id_country;id_currency;id_shop;id_group'),(120,121,'id_country;id_currency;id_shop;id_group'),(121,122,'id_country;id_currency;id_shop;id_group'),(122,123,'id_country;id_currency;id_shop;id_group'),(123,124,'id_country;id_currency;id_shop;id_group'),(124,125,'id_country;id_currency;id_shop;id_group'),(125,126,'id_country;id_currency;id_shop;id_group'),(126,127,'id_country;id_currency;id_shop;id_group'),(127,128,'id_country;id_currency;id_shop;id_group'),(128,129,'id_country;id_currency;id_shop;id_group'),(129,130,'id_country;id_currency;id_shop;id_group'),(130,131,'id_country;id_currency;id_shop;id_group'),(131,132,'id_country;id_currency;id_shop;id_group'),(132,133,'id_country;id_currency;id_shop;id_group'),(133,134,'id_country;id_currency;id_shop;id_group'),(134,135,'id_country;id_currency;id_shop;id_group'),(135,136,'id_country;id_currency;id_shop;id_group'),(136,137,'id_country;id_currency;id_shop;id_group'),(137,138,'id_country;id_currency;id_shop;id_group'),(138,139,'id_country;id_currency;id_shop;id_group'),(139,140,'id_country;id_currency;id_shop;id_group'),(140,141,'id_country;id_currency;id_shop;id_group'),(141,142,'id_country;id_currency;id_shop;id_group'),(142,143,'id_country;id_currency;id_shop;id_group'),(143,144,'id_country;id_currency;id_shop;id_group'),(144,145,'id_country;id_currency;id_shop;id_group'),(145,146,'id_country;id_currency;id_shop;id_group'),(146,147,'id_country;id_currency;id_shop;id_group'),(147,148,'id_country;id_currency;id_shop;id_group'),(148,149,'id_country;id_currency;id_shop;id_group'),(149,150,'id_country;id_currency;id_shop;id_group'),(150,151,'id_country;id_currency;id_shop;id_group'),(151,152,'id_country;id_currency;id_shop;id_group'),(152,153,'id_country;id_currency;id_shop;id_group'),(153,154,'id_country;id_currency;id_shop;id_group'),(154,155,'id_country;id_currency;id_shop;id_group'),(155,156,'id_country;id_currency;id_shop;id_group'),(156,157,'id_country;id_currency;id_shop;id_group'),(157,158,'id_country;id_currency;id_shop;id_group'),(158,159,'id_country;id_currency;id_shop;id_group'),(159,160,'id_country;id_currency;id_shop;id_group'),(160,161,'id_country;id_currency;id_shop;id_group'),(161,162,'id_country;id_currency;id_shop;id_group'),(162,163,'id_country;id_currency;id_shop;id_group'),(163,164,'id_country;id_currency;id_shop;id_group'),(164,165,'id_country;id_currency;id_shop;id_group'),(165,166,'id_country;id_currency;id_shop;id_group'),(166,167,'id_country;id_currency;id_shop;id_group'),(167,168,'id_country;id_currency;id_shop;id_group'),(168,169,'id_country;id_currency;id_shop;id_group'),(169,170,'id_country;id_currency;id_shop;id_group'),(170,171,'id_country;id_currency;id_shop;id_group'),(171,172,'id_country;id_currency;id_shop;id_group'),(172,173,'id_country;id_currency;id_shop;id_group'),(173,174,'id_country;id_currency;id_shop;id_group'),(174,175,'id_country;id_currency;id_shop;id_group'),(175,176,'id_country;id_currency;id_shop;id_group'),(176,177,'id_country;id_currency;id_shop;id_group'),(177,178,'id_country;id_currency;id_shop;id_group'),(178,179,'id_country;id_currency;id_shop;id_group'),(179,180,'id_country;id_currency;id_shop;id_group'),(180,181,'id_country;id_currency;id_shop;id_group'),(181,182,'id_country;id_currency;id_shop;id_group'),(182,183,'id_country;id_currency;id_shop;id_group'),(183,184,'id_country;id_currency;id_shop;id_group'),(184,185,'id_country;id_currency;id_shop;id_group'),(185,186,'id_country;id_currency;id_shop;id_group'),(186,187,'id_country;id_currency;id_shop;id_group'),(187,188,'id_country;id_currency;id_shop;id_group'),(188,189,'id_country;id_currency;id_shop;id_group'),(189,190,'id_country;id_currency;id_shop;id_group'),(190,191,'id_country;id_currency;id_shop;id_group'),(191,192,'id_country;id_currency;id_shop;id_group'),(192,193,'id_country;id_currency;id_shop;id_group'),(193,194,'id_country;id_currency;id_shop;id_group'),(194,195,'id_country;id_currency;id_shop;id_group'),(195,196,'id_country;id_currency;id_shop;id_group'),(196,197,'id_country;id_currency;id_shop;id_group'),(197,198,'id_country;id_currency;id_shop;id_group'),(198,199,'id_country;id_currency;id_shop;id_group'),(199,200,'id_country;id_currency;id_shop;id_group'),(200,201,'id_country;id_currency;id_shop;id_group'),(201,202,'id_country;id_currency;id_shop;id_group'),(202,203,'id_country;id_currency;id_shop;id_group'),(203,204,'id_country;id_currency;id_shop;id_group'),(204,205,'id_country;id_currency;id_shop;id_group'),(205,206,'id_country;id_currency;id_shop;id_group'),(206,207,'id_country;id_currency;id_shop;id_group'),(207,208,'id_country;id_currency;id_shop;id_group'),(208,209,'id_country;id_currency;id_shop;id_group'),(209,210,'id_country;id_currency;id_shop;id_group'),(210,211,'id_country;id_currency;id_shop;id_group'),(211,212,'id_country;id_currency;id_shop;id_group'),(212,213,'id_country;id_currency;id_shop;id_group'),(213,214,'id_country;id_currency;id_shop;id_group'),(214,215,'id_country;id_currency;id_shop;id_group'),(215,216,'id_country;id_currency;id_shop;id_group'),(216,217,'id_country;id_currency;id_shop;id_group'),(217,218,'id_country;id_currency;id_shop;id_group'),(218,219,'id_country;id_currency;id_shop;id_group'),(219,220,'id_country;id_currency;id_shop;id_group'),(220,221,'id_country;id_currency;id_shop;id_group'),(221,222,'id_country;id_currency;id_shop;id_group'),(222,223,'id_country;id_currency;id_shop;id_group'),(223,224,'id_country;id_currency;id_shop;id_group'),(224,225,'id_country;id_currency;id_shop;id_group'),(225,226,'id_country;id_currency;id_shop;id_group'),(226,227,'id_country;id_currency;id_shop;id_group'),(227,228,'id_country;id_currency;id_shop;id_group'),(228,229,'id_country;id_currency;id_shop;id_group'),(229,230,'id_country;id_currency;id_shop;id_group'),(230,231,'id_country;id_currency;id_shop;id_group'),(231,232,'id_country;id_currency;id_shop;id_group'),(232,233,'id_country;id_currency;id_shop;id_group'),(233,234,'id_country;id_currency;id_shop;id_group'),(234,237,'id_country;id_currency;id_shop;id_group'),(235,689,'id_country;id_currency;id_shop;id_group'),(236,668,'id_country;id_currency;id_shop;id_group'),(237,669,'id_country;id_currency;id_shop;id_group'),(238,670,'id_country;id_currency;id_shop;id_group'),(239,671,'id_country;id_currency;id_shop;id_group'),(240,672,'id_country;id_currency;id_shop;id_group'),(241,673,'id_country;id_currency;id_shop;id_group'),(242,674,'id_country;id_currency;id_shop;id_group'),(243,675,'id_country;id_currency;id_shop;id_group'),(244,676,'id_country;id_currency;id_shop;id_group'),(245,677,'id_country;id_currency;id_shop;id_group'),(246,678,'id_country;id_currency;id_shop;id_group'),(247,679,'id_country;id_currency;id_shop;id_group'),(248,680,'id_country;id_currency;id_shop;id_group'),(249,681,'id_country;id_currency;id_shop;id_group'),(250,682,'id_country;id_currency;id_shop;id_group'),(251,683,'id_country;id_currency;id_shop;id_group'),(252,684,'id_country;id_currency;id_shop;id_group'),(253,685,'id_country;id_currency;id_shop;id_group'),(254,686,'id_country;id_currency;id_shop;id_group'),(255,687,'id_country;id_currency;id_shop;id_group'),(256,688,'id_country;id_currency;id_shop;id_group'),(258,692,'id_country;id_currency;id_shop;id_group'),(259,696,'id_country;id_currency;id_shop;id_group'),(260,697,'id_country;id_currency;id_shop;id_group'),(261,698,'id_country;id_currency;id_shop;id_group'),(262,700,'id_country;id_currency;id_shop;id_group'),(263,701,'id_country;id_currency;id_shop;id_group'),(264,702,'id_country;id_currency;id_shop;id_group'),(265,703,'id_country;id_currency;id_shop;id_group'),(266,704,'id_country;id_currency;id_shop;id_group'),(267,705,'id_country;id_currency;id_shop;id_group'),(268,706,'id_country;id_currency;id_shop;id_group'),(269,707,'id_country;id_currency;id_shop;id_group'),(270,708,'id_country;id_currency;id_shop;id_group'),(271,709,'id_country;id_currency;id_shop;id_group'),(272,710,'id_country;id_currency;id_shop;id_group'),(273,711,'id_country;id_currency;id_shop;id_group'),(274,712,'id_country;id_currency;id_shop;id_group'),(275,713,'id_country;id_currency;id_shop;id_group'),(276,714,'id_country;id_currency;id_shop;id_group'),(277,716,'id_country;id_currency;id_shop;id_group'),(278,720,'id_country;id_currency;id_shop;id_group'),(279,721,'id_country;id_currency;id_shop;id_group'),(280,722,'id_country;id_currency;id_shop;id_group'),(281,725,'id_country;id_currency;id_shop;id_group'),(282,726,'id_country;id_currency;id_shop;id_group'),(283,727,'id_country;id_currency;id_shop;id_group'),(284,728,'id_country;id_currency;id_shop;id_group'),(285,732,'id_country;id_currency;id_shop;id_group'),(286,733,'id_country;id_currency;id_shop;id_group'),(287,735,'id_country;id_currency;id_shop;id_group'),(288,736,'id_country;id_currency;id_shop;id_group'),(289,737,'id_country;id_currency;id_shop;id_group'),(290,738,'id_country;id_currency;id_shop;id_group'),(291,739,'id_country;id_currency;id_shop;id_group'),(292,749,'id_country;id_currency;id_shop;id_group'),(293,751,'id_country;id_currency;id_shop;id_group'),(294,752,'id_country;id_currency;id_shop;id_group'),(295,753,'id_country;id_currency;id_shop;id_group'),(296,754,'id_country;id_currency;id_shop;id_group'),(297,663,'id_country;id_currency;id_shop;id_group'),(299,664,'id_country;id_currency;id_shop;id_group'),(300,665,'id_country;id_currency;id_shop;id_group'),(326,693,'id_country;id_currency;id_shop;id_group'),(327,694,'id_country;id_currency;id_shop;id_group'),(328,695,'id_country;id_currency;id_shop;id_group'),(332,699,'id_country;id_currency;id_shop;id_group'),(345,0,'id_country;id_currency;id_shop;id_group'),(347,715,'id_country;id_currency;id_shop;id_group'),(349,717,'id_country;id_currency;id_shop;id_group'),(350,718,'id_country;id_currency;id_shop;id_group'),(351,719,'id_country;id_currency;id_shop;id_group'),(355,723,'id_country;id_currency;id_shop;id_group'),(356,724,'id_country;id_currency;id_shop;id_group'),(363,729,'id_country;id_currency;id_shop;id_group'),(364,730,'id_country;id_currency;id_shop;id_group'),(365,731,'id_country;id_currency;id_shop;id_group'),(366,734,'id_country;id_currency;id_shop;id_group'),(372,740,'id_country;id_currency;id_shop;id_group'),(373,741,'id_country;id_currency;id_shop;id_group'),(374,742,'id_country;id_currency;id_shop;id_group'),(375,743,'id_country;id_currency;id_shop;id_group'),(376,744,'id_country;id_currency;id_shop;id_group'),(377,745,'id_country;id_currency;id_shop;id_group'),(378,746,'id_country;id_currency;id_shop;id_group'),(379,747,'id_country;id_currency;id_shop;id_group'),(380,748,'id_country;id_currency;id_shop;id_group'),(382,750,'id_country;id_currency;id_shop;id_group'),(450,690,'id_country;id_currency;id_shop;id_group'),(451,691,'id_country;id_currency;id_shop;id_group'),(926,817,'id_country;id_currency;id_shop;id_group'),(927,818,'id_country;id_currency;id_shop;id_group'),(928,819,'id_country;id_currency;id_shop;id_group'),(929,820,'id_country;id_currency;id_shop;id_group'),(930,821,'id_country;id_currency;id_shop;id_group'),(931,822,'id_country;id_currency;id_shop;id_group'),(932,823,'id_country;id_currency;id_shop;id_group'),(933,824,'id_country;id_currency;id_shop;id_group'),(934,825,'id_country;id_currency;id_shop;id_group'),(935,826,'id_country;id_currency;id_shop;id_group'),(936,827,'id_country;id_currency;id_shop;id_group'),(937,828,'id_country;id_currency;id_shop;id_group'),(938,829,'id_country;id_currency;id_shop;id_group'),(939,830,'id_country;id_currency;id_shop;id_group'),(940,831,'id_country;id_currency;id_shop;id_group'),(941,832,'id_country;id_currency;id_shop;id_group'),(942,833,'id_country;id_currency;id_shop;id_group'),(943,834,'id_country;id_currency;id_shop;id_group'),(944,835,'id_country;id_currency;id_shop;id_group'),(945,836,'id_country;id_currency;id_shop;id_group'),(946,837,'id_country;id_currency;id_shop;id_group'),(947,838,'id_country;id_currency;id_shop;id_group'),(948,839,'id_country;id_currency;id_shop;id_group'),(949,840,'id_country;id_currency;id_shop;id_group'),(950,841,'id_country;id_currency;id_shop;id_group'),(951,842,'id_country;id_currency;id_shop;id_group'),(952,843,'id_country;id_currency;id_shop;id_group'),(953,844,'id_country;id_currency;id_shop;id_group'),(954,845,'id_country;id_currency;id_shop;id_group'),(955,846,'id_country;id_currency;id_shop;id_group'),(956,847,'id_country;id_currency;id_shop;id_group'),(957,848,'id_country;id_currency;id_shop;id_group'),(958,849,'id_country;id_currency;id_shop;id_group'),(959,850,'id_country;id_currency;id_shop;id_group'),(960,851,'id_country;id_currency;id_shop;id_group'),(961,852,'id_country;id_currency;id_shop;id_group'),(962,853,'id_country;id_currency;id_shop;id_group'),(963,854,'id_country;id_currency;id_shop;id_group'),(964,855,'id_country;id_currency;id_shop;id_group'),(965,856,'id_country;id_currency;id_shop;id_group'),(966,857,'id_country;id_currency;id_shop;id_group'),(967,858,'id_country;id_currency;id_shop;id_group'),(968,859,'id_country;id_currency;id_shop;id_group'),(969,860,'id_country;id_currency;id_shop;id_group'),(970,861,'id_country;id_currency;id_shop;id_group'),(971,862,'id_country;id_currency;id_shop;id_group'),(972,863,'id_country;id_currency;id_shop;id_group'),(973,864,'id_country;id_currency;id_shop;id_group'),(974,865,'id_country;id_currency;id_shop;id_group'),(975,866,'id_country;id_currency;id_shop;id_group'),(976,867,'id_country;id_currency;id_shop;id_group'),(977,868,'id_country;id_currency;id_shop;id_group'),(978,869,'id_country;id_currency;id_shop;id_group'),(979,870,'id_country;id_currency;id_shop;id_group'),(980,871,'id_country;id_currency;id_shop;id_group'),(981,872,'id_country;id_currency;id_shop;id_group'),(982,873,'id_country;id_currency;id_shop;id_group'),(983,874,'id_country;id_currency;id_shop;id_group'),(984,875,'id_country;id_currency;id_shop;id_group'),(985,876,'id_country;id_currency;id_shop;id_group'),(986,877,'id_country;id_currency;id_shop;id_group'),(987,878,'id_country;id_currency;id_shop;id_group'),(988,879,'id_country;id_currency;id_shop;id_group'),(989,880,'id_country;id_currency;id_shop;id_group'),(990,881,'id_country;id_currency;id_shop;id_group'),(991,882,'id_country;id_currency;id_shop;id_group'),(992,883,'id_country;id_currency;id_shop;id_group'),(993,884,'id_country;id_currency;id_shop;id_group'),(994,885,'id_country;id_currency;id_shop;id_group'),(995,886,'id_country;id_currency;id_shop;id_group'),(996,887,'id_country;id_currency;id_shop;id_group'),(997,888,'id_country;id_currency;id_shop;id_group'),(998,889,'id_country;id_currency;id_shop;id_group'),(999,890,'id_country;id_currency;id_shop;id_group'),(1000,891,'id_country;id_currency;id_shop;id_group'),(1001,892,'id_country;id_currency;id_shop;id_group'),(1002,893,'id_country;id_currency;id_shop;id_group'),(1003,894,'id_country;id_currency;id_shop;id_group'),(1004,895,'id_country;id_currency;id_shop;id_group'),(1005,896,'id_country;id_currency;id_shop;id_group'),(1006,897,'id_country;id_currency;id_shop;id_group'),(1007,898,'id_country;id_currency;id_shop;id_group'),(1008,899,'id_country;id_currency;id_shop;id_group'),(1009,900,'id_country;id_currency;id_shop;id_group'),(1010,901,'id_country;id_currency;id_shop;id_group'),(1011,902,'id_country;id_currency;id_shop;id_group'),(1012,903,'id_country;id_currency;id_shop;id_group'),(1013,904,'id_country;id_currency;id_shop;id_group'),(1014,923,'id_country;id_currency;id_shop;id_group'),(1015,924,'id_country;id_currency;id_shop;id_group'),(1016,925,'id_country;id_currency;id_shop;id_group'),(1017,926,'id_country;id_currency;id_shop;id_group'),(1018,927,'id_country;id_currency;id_shop;id_group'),(1019,928,'id_country;id_currency;id_shop;id_group'),(1020,929,'id_country;id_currency;id_shop;id_group'),(1021,930,'id_country;id_currency;id_shop;id_group'),(1022,931,'id_country;id_currency;id_shop;id_group'),(1023,932,'id_country;id_currency;id_shop;id_group'),(1024,933,'id_country;id_currency;id_shop;id_group'),(1025,934,'id_country;id_currency;id_shop;id_group'),(1026,935,'id_country;id_currency;id_shop;id_group'),(1027,936,'id_country;id_currency;id_shop;id_group'),(1028,937,'id_country;id_currency;id_shop;id_group'),(1029,938,'id_country;id_currency;id_shop;id_group'),(1030,939,'id_country;id_currency;id_shop;id_group'),(1031,940,'id_country;id_currency;id_shop;id_group'),(1032,941,'id_country;id_currency;id_shop;id_group'),(1033,942,'id_country;id_currency;id_shop;id_group'),(1034,943,'id_country;id_currency;id_shop;id_group'),(1035,944,'id_country;id_currency;id_shop;id_group'),(1036,945,'id_country;id_currency;id_shop;id_group'),(1037,946,'id_country;id_currency;id_shop;id_group'),(1038,947,'id_country;id_currency;id_shop;id_group'),(1039,948,'id_country;id_currency;id_shop;id_group'),(1040,949,'id_country;id_currency;id_shop;id_group'),(1041,950,'id_country;id_currency;id_shop;id_group'),(1042,951,'id_country;id_currency;id_shop;id_group'),(1043,952,'id_country;id_currency;id_shop;id_group'),(1044,953,'id_country;id_currency;id_shop;id_group'),(1045,954,'id_country;id_currency;id_shop;id_group'),(1046,955,'id_country;id_currency;id_shop;id_group'),(1047,956,'id_country;id_currency;id_shop;id_group'),(1048,957,'id_country;id_currency;id_shop;id_group'),(1049,958,'id_country;id_currency;id_shop;id_group'),(1050,959,'id_country;id_currency;id_shop;id_group'),(1051,960,'id_country;id_currency;id_shop;id_group'),(1052,961,'id_country;id_currency;id_shop;id_group'),(1053,962,'id_country;id_currency;id_shop;id_group'),(1054,963,'id_country;id_currency;id_shop;id_group'),(1055,964,'id_country;id_currency;id_shop;id_group'),(1056,965,'id_country;id_currency;id_shop;id_group'),(1057,966,'id_country;id_currency;id_shop;id_group'),(1058,967,'id_country;id_currency;id_shop;id_group'),(1059,968,'id_country;id_currency;id_shop;id_group'),(1060,969,'id_country;id_currency;id_shop;id_group'),(1061,970,'id_country;id_currency;id_shop;id_group'),(1062,971,'id_country;id_currency;id_shop;id_group'),(1063,972,'id_country;id_currency;id_shop;id_group'),(1064,973,'id_country;id_currency;id_shop;id_group'),(1065,974,'id_country;id_currency;id_shop;id_group'),(1066,975,'id_country;id_currency;id_shop;id_group'),(1067,976,'id_country;id_currency;id_shop;id_group'),(1068,977,'id_country;id_currency;id_shop;id_group'),(1069,978,'id_country;id_currency;id_shop;id_group'),(1070,979,'id_country;id_currency;id_shop;id_group'),(1071,980,'id_country;id_currency;id_shop;id_group'),(1072,981,'id_country;id_currency;id_shop;id_group'),(1073,982,'id_country;id_currency;id_shop;id_group'),(1074,983,'id_country;id_currency;id_shop;id_group'),(1075,984,'id_country;id_currency;id_shop;id_group'),(1076,985,'id_country;id_currency;id_shop;id_group'),(1077,986,'id_country;id_currency;id_shop;id_group'),(1078,987,'id_country;id_currency;id_shop;id_group'),(1079,988,'id_country;id_currency;id_shop;id_group'),(1080,989,'id_country;id_currency;id_shop;id_group'),(1081,990,'id_country;id_currency;id_shop;id_group'),(1082,991,'id_country;id_currency;id_shop;id_group'),(1083,992,'id_country;id_currency;id_shop;id_group'),(1084,993,'id_country;id_currency;id_shop;id_group'),(1085,994,'id_country;id_currency;id_shop;id_group'),(1086,995,'id_country;id_currency;id_shop;id_group'),(1087,996,'id_country;id_currency;id_shop;id_group'),(1088,997,'id_country;id_currency;id_shop;id_group'),(1089,998,'id_country;id_currency;id_shop;id_group'),(1090,999,'id_country;id_currency;id_shop;id_group'),(1091,1000,'id_country;id_currency;id_shop;id_group'),(1092,1001,'id_country;id_currency;id_shop;id_group'),(1093,1002,'id_country;id_currency;id_shop;id_group'),(1094,1003,'id_country;id_currency;id_shop;id_group'),(1095,1004,'id_country;id_currency;id_shop;id_group'),(1098,1005,'id_country;id_currency;id_shop;id_group'),(1099,1006,'id_country;id_currency;id_shop;id_group'),(1100,1007,'id_country;id_currency;id_shop;id_group'),(1101,1008,'id_country;id_currency;id_shop;id_group'),(1102,1009,'id_country;id_currency;id_shop;id_group'),(1103,1010,'id_country;id_currency;id_shop;id_group'),(1104,1011,'id_country;id_currency;id_shop;id_group'),(1105,1012,'id_country;id_currency;id_shop;id_group'),(1106,1013,'id_country;id_currency;id_shop;id_group'),(1107,1014,'id_country;id_currency;id_shop;id_group'),(1108,1015,'id_country;id_currency;id_shop;id_group'),(1109,1016,'id_country;id_currency;id_shop;id_group'),(1110,1017,'id_country;id_currency;id_shop;id_group'),(1111,1018,'id_country;id_currency;id_shop;id_group'),(1112,1019,'id_country;id_currency;id_shop;id_group'),(1113,1020,'id_country;id_currency;id_shop;id_group'),(1114,1021,'id_country;id_currency;id_shop;id_group'),(1115,1022,'id_country;id_currency;id_shop;id_group'),(1116,1023,'id_country;id_currency;id_shop;id_group'),(1117,1024,'id_country;id_currency;id_shop;id_group'),(1118,1025,'id_country;id_currency;id_shop;id_group'),(1119,1026,'id_country;id_currency;id_shop;id_group'),(1120,1027,'id_country;id_currency;id_shop;id_group'),(1121,1028,'id_country;id_currency;id_shop;id_group'),(1122,1029,'id_country;id_currency;id_shop;id_group'),(1123,1030,'id_country;id_currency;id_shop;id_group'),(1124,1031,'id_country;id_currency;id_shop;id_group'),(1125,1032,'id_country;id_currency;id_shop;id_group'),(1126,1033,'id_country;id_currency;id_shop;id_group'),(1127,1034,'id_country;id_currency;id_shop;id_group'),(1128,1035,'id_country;id_currency;id_shop;id_group'),(1129,1036,'id_country;id_currency;id_shop;id_group'),(1130,1037,'id_country;id_currency;id_shop;id_group'),(1131,1038,'id_country;id_currency;id_shop;id_group'),(1132,1039,'id_country;id_currency;id_shop;id_group'),(1133,1040,'id_country;id_currency;id_shop;id_group'),(1134,1041,'id_country;id_currency;id_shop;id_group'),(1135,1042,'id_country;id_currency;id_shop;id_group'),(1136,1043,'id_country;id_currency;id_shop;id_group'),(1137,1044,'id_country;id_currency;id_shop;id_group'),(1138,1045,'id_country;id_currency;id_shop;id_group'),(1139,1046,'id_country;id_currency;id_shop;id_group'),(1140,1047,'id_country;id_currency;id_shop;id_group'),(1141,1048,'id_country;id_currency;id_shop;id_group'),(1142,1049,'id_country;id_currency;id_shop;id_group'),(1143,1050,'id_country;id_currency;id_shop;id_group'),(1144,1051,'id_country;id_currency;id_shop;id_group'),(1145,1052,'id_country;id_currency;id_shop;id_group'),(1146,1053,'id_country;id_currency;id_shop;id_group'),(1147,1054,'id_country;id_currency;id_shop;id_group'),(1148,1055,'id_country;id_currency;id_shop;id_group'),(1149,1056,'id_country;id_currency;id_shop;id_group'),(1150,1057,'id_country;id_currency;id_shop;id_group'),(1151,1058,'id_country;id_currency;id_shop;id_group'),(1152,1059,'id_country;id_currency;id_shop;id_group'),(1153,1060,'id_country;id_currency;id_shop;id_group'),(1154,1061,'id_country;id_currency;id_shop;id_group'),(1155,1062,'id_country;id_currency;id_shop;id_group'),(1156,1063,'id_country;id_currency;id_shop;id_group'),(1157,1064,'id_country;id_currency;id_shop;id_group'),(1158,1065,'id_country;id_currency;id_shop;id_group'),(1159,1066,'id_country;id_currency;id_shop;id_group'),(1160,1067,'id_country;id_currency;id_shop;id_group'),(1161,1068,'id_country;id_currency;id_shop;id_group'),(1162,1069,'id_country;id_currency;id_shop;id_group'),(1163,1070,'id_country;id_currency;id_shop;id_group'),(1164,1071,'id_country;id_currency;id_shop;id_group'),(1165,1072,'id_country;id_currency;id_shop;id_group'),(1166,1073,'id_country;id_currency;id_shop;id_group'),(1167,1074,'id_country;id_currency;id_shop;id_group'),(1168,1075,'id_country;id_currency;id_shop;id_group'),(1169,1076,'id_country;id_currency;id_shop;id_group'),(1170,1077,'id_country;id_currency;id_shop;id_group'),(1171,1078,'id_country;id_currency;id_shop;id_group'),(1172,1079,'id_country;id_currency;id_shop;id_group'),(1173,1080,'id_country;id_currency;id_shop;id_group'),(1174,1081,'id_country;id_currency;id_shop;id_group'),(1175,1082,'id_country;id_currency;id_shop;id_group'),(1176,1083,'id_country;id_currency;id_shop;id_group'),(1177,1084,'id_country;id_currency;id_shop;id_group'),(1178,1085,'id_country;id_currency;id_shop;id_group'),(1179,1086,'id_country;id_currency;id_shop;id_group'),(1180,1087,'id_country;id_currency;id_shop;id_group'),(1181,1088,'id_country;id_currency;id_shop;id_group'),(1182,1089,'id_country;id_currency;id_shop;id_group'),(1183,1090,'id_country;id_currency;id_shop;id_group'),(1184,1091,'id_country;id_currency;id_shop;id_group'),(1185,1092,'id_country;id_currency;id_shop;id_group'),(1186,1093,'id_country;id_currency;id_shop;id_group'),(1187,1094,'id_country;id_currency;id_shop;id_group'),(1188,1095,'id_country;id_currency;id_shop;id_group'),(1189,1096,'id_country;id_currency;id_shop;id_group'),(1190,1097,'id_country;id_currency;id_shop;id_group'),(1191,1098,'id_country;id_currency;id_shop;id_group'),(1192,1099,'id_country;id_currency;id_shop;id_group'),(1193,1100,'id_country;id_currency;id_shop;id_group'),(1194,1101,'id_country;id_currency;id_shop;id_group'),(1195,1102,'id_country;id_currency;id_shop;id_group'),(1196,1103,'id_country;id_currency;id_shop;id_group'),(1197,1104,'id_country;id_currency;id_shop;id_group'),(1198,1105,'id_country;id_currency;id_shop;id_group'),(1199,1106,'id_country;id_currency;id_shop;id_group'),(1200,1107,'id_country;id_currency;id_shop;id_group'),(1201,1108,'id_country;id_currency;id_shop;id_group'),(1202,1109,'id_country;id_currency;id_shop;id_group'),(1203,1110,'id_country;id_currency;id_shop;id_group'),(1204,1111,'id_country;id_currency;id_shop;id_group'),(1205,1112,'id_country;id_currency;id_shop;id_group'),(1206,1113,'id_country;id_currency;id_shop;id_group'),(1207,1114,'id_country;id_currency;id_shop;id_group'),(1208,1115,'id_country;id_currency;id_shop;id_group'),(1209,1116,'id_country;id_currency;id_shop;id_group'),(1210,1117,'id_country;id_currency;id_shop;id_group'),(1211,1118,'id_country;id_currency;id_shop;id_group'),(1212,1119,'id_country;id_currency;id_shop;id_group'),(1213,1120,'id_country;id_currency;id_shop;id_group'),(1214,1121,'id_country;id_currency;id_shop;id_group'),(1215,1122,'id_country;id_currency;id_shop;id_group'),(1216,1123,'id_country;id_currency;id_shop;id_group'),(1217,1124,'id_country;id_currency;id_shop;id_group'),(1218,1125,'id_country;id_currency;id_shop;id_group'),(1219,1126,'id_country;id_currency;id_shop;id_group'),(1220,1127,'id_country;id_currency;id_shop;id_group'),(1221,1128,'id_country;id_currency;id_shop;id_group'),(1222,1129,'id_country;id_currency;id_shop;id_group'),(1223,1130,'id_country;id_currency;id_shop;id_group'),(1224,1131,'id_country;id_currency;id_shop;id_group'),(1225,1132,'id_country;id_currency;id_shop;id_group'),(1226,1133,'id_country;id_currency;id_shop;id_group'),(1227,1134,'id_country;id_currency;id_shop;id_group'),(1228,1135,'id_country;id_currency;id_shop;id_group'),(1229,1136,'id_country;id_currency;id_shop;id_group'),(1239,816,'id_country;id_currency;id_shop;id_group'),(1606,1138,'id_country;id_currency;id_shop;id_group'),(1612,1139,'id_country;id_currency;id_shop;id_group'),(1615,1140,'id_country;id_currency;id_shop;id_group'),(1623,1141,'id_country;id_currency;id_shop;id_group'),(1645,1142,'id_country;id_currency;id_shop;id_group'),(1662,1143,'id_country;id_currency;id_shop;id_group');

--
-- Table structure for table `ps_specific_price_rule`
--

CREATE TABLE `ps_specific_price_rule` (
  `id_specific_price_rule` int(10) unsigned NOT NULL AUTO_INCREMENT,
  `name` varchar(255) NOT NULL,
  `id_shop` int(11) unsigned NOT NULL DEFAULT '1',
  `id_currency` int(10) unsigned NOT NULL,
  `id_country` int(10) unsigned NOT NULL,
  `id_group` int(10) unsigned NOT NULL,
  `from_quantity` mediumint(8) unsigned NOT NULL,
  `price` decimal(20,6) DEFAULT NULL,
  `reduction` decimal(20,6) NOT NULL,
  `reduction_type` enum('amount','percentage') NOT NULL,
  `from` datetime NOT NULL,
  `to` datetime NOT NULL,
  PRIMARY KEY (`id_specific_price_rule`),
  KEY `id_product` (`id_shop`,`id_currency`,`id_country`,`id_group`,`from_quantity`,`from`,`to`)
) ENGINE=InnoDB DEFAULT CHARSET=utf8;

--
-- Dumping data for table `ps_specific_price_rule`
--


--
-- Table structure for table `ps_specific_price_rule_condition`
--

CREATE TABLE `ps_specific_price_rule_condition` (
  `id_specific_price_rule_condition` int(11) unsigned NOT NULL AUTO_INCREMENT,
  `id_specific_price_rule_condition_group` int(11) unsigned NOT NULL,
  `type` varchar(255) NOT NULL,
  `value` varchar(255) NOT NULL,
  PRIMARY KEY (`id_specific_price_rule_condition`),
  KEY `id_specific_price_rule_condition_group` (`id_specific_price_rule_condition_group`)
) ENGINE=InnoDB DEFAULT CHARSET=utf8;

--
-- Dumping data for table `ps_specific_price_rule_condition`
--


--
-- Table structure for table `ps_specific_price_rule_condition_group`
--

CREATE TABLE `ps_specific_price_rule_condition_group` (
  `id_specific_price_rule_condition_group` int(11) unsigned NOT NULL AUTO_INCREMENT,
  `id_specific_price_rule` int(11) unsigned NOT NULL,
  PRIMARY KEY (`id_specific_price_rule_condition_group`,`id_specific_price_rule`)
) ENGINE=InnoDB DEFAULT CHARSET=utf8;

--
-- Dumping data for table `ps_specific_price_rule_condition_group`
--


--
-- Table structure for table `ps_state`
--

CREATE TABLE `ps_state` (
  `id_state` int(10) unsigned NOT NULL AUTO_INCREMENT,
  `id_country` int(11) unsigned NOT NULL,
  `id_zone` int(11) unsigned NOT NULL,
  `name` varchar(64) NOT NULL,
  `iso_code` varchar(7) NOT NULL,
  `tax_behavior` smallint(1) NOT NULL DEFAULT '0',
  `active` tinyint(1) NOT NULL DEFAULT '0',
  PRIMARY KEY (`id_state`),
  KEY `id_country` (`id_country`),
  KEY `name` (`name`),
  KEY `id_zone` (`id_zone`)
) ENGINE=InnoDB AUTO_INCREMENT=313 DEFAULT CHARSET=utf8;

--
-- Dumping data for table `ps_state`
--

INSERT INTO `ps_state` VALUES (1,21,2,'Alabama','AL',0,1),(2,21,2,'Alaska','AK',0,1),(3,21,2,'Arizona','AZ',0,1),(4,21,2,'Arkansas','AR',0,1),(5,21,2,'California','CA',0,1),(6,21,2,'Colorado','CO',0,1),(7,21,2,'Connecticut','CT',0,1),(8,21,2,'Delaware','DE',0,1),(9,21,2,'Florida','FL',0,1),(10,21,2,'Georgia','GA',0,1),(11,21,2,'Hawaii','HI',0,1),(12,21,2,'Idaho','ID',0,1),(13,21,2,'Illinois','IL',0,1),(14,21,2,'Indiana','IN',0,1),(15,21,2,'Iowa','IA',0,1),(16,21,2,'Kansas','KS',0,1),(17,21,2,'Kentucky','KY',0,1),(18,21,2,'Louisiana','LA',0,1),(19,21,2,'Maine','ME',0,1),(20,21,2,'Maryland','MD',0,1),(21,21,2,'Massachusetts','MA',0,1),(22,21,2,'Michigan','MI',0,1),(23,21,2,'Minnesota','MN',0,1),(24,21,2,'Mississippi','MS',0,1),(25,21,2,'Missouri','MO',0,1),(26,21,2,'Montana','MT',0,1),(27,21,2,'Nebraska','NE',0,1),(28,21,2,'Nevada','NV',0,1),(29,21,2,'New Hampshire','NH',0,1),(30,21,2,'New Jersey','NJ',0,1),(31,21,2,'New Mexico','NM',0,1),(32,21,2,'New York','NY',0,1),(33,21,2,'North Carolina','NC',0,1),(34,21,2,'North Dakota','ND',0,1),(35,21,2,'Ohio','OH',0,1),(36,21,2,'Oklahoma','OK',0,1),(37,21,2,'Oregon','OR',0,1),(38,21,2,'Pennsylvania','PA',0,1),(39,21,2,'Rhode Island','RI',0,1),(40,21,2,'South Carolina','SC',0,1),(41,21,2,'South Dakota','SD',0,1),(42,21,2,'Tennessee','TN',0,1),(43,21,2,'Texas','TX',0,1),(44,21,2,'Utah','UT',0,1),(45,21,2,'Vermont','VT',0,1),(46,21,2,'Virginia','VA',0,1),(47,21,2,'Washington','WA',0,1),(48,21,2,'West Virginia','WV',0,1),(49,21,2,'Wisconsin','WI',0,1),(50,21,2,'Wyoming','WY',0,1),(51,21,2,'Puerto Rico','PR',0,1),(52,21,2,'US Virgin Islands','VI',0,1),(53,21,2,'District of Columbia','DC',0,1),(54,145,2,'Aguascalientes','AGS',0,1),(55,145,2,'Baja California','BCN',0,1),(56,145,2,'Baja California Sur','BCS',0,1),(57,145,2,'Campeche','CAM',0,1),(58,145,2,'Chiapas','CHP',0,1),(59,145,2,'Chihuahua','CHH',0,1),(60,145,2,'Coahuila','COA',0,1),(61,145,2,'Colima','COL',0,1),(62,145,2,'Distrito Federal','DIF',0,1),(63,145,2,'Durango','DUR',0,1),(64,145,2,'Guanajuato','GUA',0,1),(65,145,2,'Guerrero','GRO',0,1),(66,145,2,'Hidalgo','HID',0,1),(67,145,2,'Jalisco','JAL',0,1),(68,145,2,'Estado de México','MEX',0,1),(69,145,2,'Michoacán','MIC',0,1),(70,145,2,'Morelos','MOR',0,1),(71,145,2,'Nayarit','NAY',0,1),(72,145,2,'Nuevo León','NLE',0,1),(73,145,2,'Oaxaca','OAX',0,1),(74,145,2,'Puebla','PUE',0,1),(75,145,2,'Querétaro','QUE',0,1),(76,145,2,'Quintana Roo','ROO',0,1),(77,145,2,'San Luis Potosí','SLP',0,1),(78,145,2,'Sinaloa','SIN',0,1),(79,145,2,'Sonora','SON',0,1),(80,145,2,'Tabasco','TAB',0,1),(81,145,2,'Tamaulipas','TAM',0,1),(82,145,2,'Tlaxcala','TLA',0,1),(83,145,2,'Veracruz','VER',0,1),(84,145,2,'Yucatán','YUC',0,1),(85,145,2,'Zacatecas','ZAC',0,1),(86,4,2,'Ontario','ON',0,1),(87,4,2,'Quebec','QC',0,1),(88,4,2,'British Columbia','BC',0,1),(89,4,2,'Alberta','AB',0,1),(90,4,2,'Manitoba','MB',0,1),(91,4,2,'Saskatchewan','SK',0,1),(92,4,2,'Nova Scotia','NS',0,1),(93,4,2,'New Brunswick','NB',0,1),(94,4,2,'Newfoundland and Labrador','NL',0,1),(95,4,2,'Prince Edward Island','PE',0,1),(96,4,2,'Northwest Territories','NT',0,1),(97,4,2,'Yukon','YT',0,1),(98,4,2,'Nunavut','NU',0,1),(99,44,6,'Buenos Aires','B',0,1),(100,44,6,'Catamarca','K',0,1),(101,44,6,'Chaco','H',0,1),(102,44,6,'Chubut','U',0,1),(103,44,6,'Ciudad de Buenos Aires','C',0,1),(104,44,6,'Córdoba','X',0,1),(105,44,6,'Corrientes','W',0,1),(106,44,6,'Entre Ríos','E',0,1),(107,44,6,'Formosa','P',0,1),(108,44,6,'Jujuy','Y',0,1),(109,44,6,'La Pampa','L',0,1),(110,44,6,'La Rioja','F',0,1),(111,44,6,'Mendoza','M',0,1),(112,44,6,'Misiones','N',0,1),(113,44,6,'Neuquén','Q',0,1),(114,44,6,'Río Negro','R',0,1),(115,44,6,'Salta','A',0,1),(116,44,6,'San Juan','J',0,1),(117,44,6,'San Luis','D',0,1),(118,44,6,'Santa Cruz','Z',0,1),(119,44,6,'Santa Fe','S',0,1),(120,44,6,'Santiago del Estero','G',0,1),(121,44,6,'Tierra del Fuego','V',0,1),(122,44,6,'Tucumán','T',0,1),(123,10,1,'Agrigento','AG',0,1),(124,10,1,'Alessandria','AL',0,1),(125,10,1,'Ancona','AN',0,1),(126,10,1,'Aosta','AO',0,1),(127,10,1,'Arezzo','AR',0,1),(128,10,1,'Ascoli Piceno','AP',0,1),(129,10,1,'Asti','AT',0,1),(130,10,1,'Avellino','AV',0,1),(131,10,1,'Bari','BA',0,1),(132,10,1,'Barletta-Andria-Trani','BT',0,1),(133,10,1,'Belluno','BL',0,1),(134,10,1,'Benevento','BN',0,1),(135,10,1,'Bergamo','BG',0,1),(136,10,1,'Biella','BI',0,1),(137,10,1,'Bologna','BO',0,1),(138,10,1,'Bolzano','BZ',0,1),(139,10,1,'Brescia','BS',0,1),(140,10,1,'Brindisi','BR',0,1),(141,10,1,'Cagliari','CA',0,1),(142,10,1,'Caltanissetta','CL',0,1),(143,10,1,'Campobasso','CB',0,1),(144,10,1,'Carbonia-Iglesias','CI',0,1),(145,10,1,'Caserta','CE',0,1),(146,10,1,'Catania','CT',0,1),(147,10,1,'Catanzaro','CZ',0,1),(148,10,1,'Chieti','CH',0,1),(149,10,1,'Como','CO',0,1),(150,10,1,'Cosenza','CS',0,1),(151,10,1,'Cremona','CR',0,1),(152,10,1,'Crotone','KR',0,1),(153,10,1,'Cuneo','CN',0,1),(154,10,1,'Enna','EN',0,1),(155,10,1,'Fermo','FM',0,1),(156,10,1,'Ferrara','FE',0,1),(157,10,1,'Firenze','FI',0,1),(158,10,1,'Foggia','FG',0,1),(159,10,1,'Forlì-Cesena','FC',0,1),(160,10,1,'Frosinone','FR',0,1),(161,10,1,'Genova','GE',0,1),(162,10,1,'Gorizia','GO',0,1),(163,10,1,'Grosseto','GR',0,1),(164,10,1,'Imperia','IM',0,1),(165,10,1,'Isernia','IS',0,1),(166,10,1,'L\'Aquila','AQ',0,1),(167,10,1,'La Spezia','SP',0,1),(168,10,1,'Latina','LT',0,1),(169,10,1,'Lecce','LE',0,1),(170,10,1,'Lecco','LC',0,1),(171,10,1,'Livorno','LI',0,1),(172,10,1,'Lodi','LO',0,1),(173,10,1,'Lucca','LU',0,1),(174,10,1,'Macerata','MC',0,1),(175,10,1,'Mantova','MN',0,1),(176,10,1,'Massa','MS',0,1),(177,10,1,'Matera','MT',0,1),(178,10,1,'Medio Campidano','VS',0,1),(179,10,1,'Messina','ME',0,1),(180,10,1,'Milano','MI',0,1),(181,10,1,'Modena','MO',0,1),(182,10,1,'Monza e della Brianza','MB',0,1),(183,10,1,'Napoli','NA',0,1),(184,10,1,'Novara','NO',0,1),(185,10,1,'Nuoro','NU',0,1),(186,10,1,'Ogliastra','OG',0,1),(187,10,1,'Olbia-Tempio','OT',0,1),(188,10,1,'Oristano','OR',0,1),(189,10,1,'Padova','PD',0,1),(190,10,1,'Palermo','PA',0,1),(191,10,1,'Parma','PR',0,1),(192,10,1,'Pavia','PV',0,1),(193,10,1,'Perugia','PG',0,1),(194,10,1,'Pesaro-Urbino','PU',0,1),(195,10,1,'Pescara','PE',0,1),(196,10,1,'Piacenza','PC',0,1),(197,10,1,'Pisa','PI',0,1),(198,10,1,'Pistoia','PT',0,1),(199,10,1,'Pordenone','PN',0,1),(200,10,1,'Potenza','PZ',0,1),(201,10,1,'Prato','PO',0,1),(202,10,1,'Ragusa','RG',0,1),(203,10,1,'Ravenna','RA',0,1),(204,10,1,'Reggio Calabria','RC',0,1),(205,10,1,'Reggio Emilia','RE',0,1),(206,10,1,'Rieti','RI',0,1),(207,10,1,'Rimini','RN',0,1),(208,10,1,'Roma','RM',0,1),(209,10,1,'Rovigo','RO',0,1),(210,10,1,'Salerno','SA',0,1),(211,10,1,'Sassari','SS',0,1),(212,10,1,'Savona','SV',0,1),(213,10,1,'Siena','SI',0,1),(214,10,1,'Siracusa','SR',0,1),(215,10,1,'Sondrio','SO',0,1),(216,10,1,'Taranto','TA',0,1),(217,10,1,'Teramo','TE',0,1),(218,10,1,'Terni','TR',0,1),(219,10,1,'Torino','TO',0,1),(220,10,1,'Trapani','TP',0,1),(221,10,1,'Trento','TN',0,1),(222,10,1,'Treviso','TV',0,1),(223,10,1,'Trieste','TS',0,1),(224,10,1,'Udine','UD',0,1),(225,10,1,'Varese','VA',0,1),(226,10,1,'Venezia','VE',0,1),(227,10,1,'Verbano-Cusio-Ossola','VB',0,1),(228,10,1,'Vercelli','VC',0,1),(229,10,1,'Verona','VR',0,1),(230,10,1,'Vibo Valentia','VV',0,1),(231,10,1,'Vicenza','VI',0,1),(232,10,1,'Viterbo','VT',0,1),(233,111,3,'Aceh','AC',0,1),(234,111,3,'Bali','BA',0,1),(235,111,3,'Bangka','BB',0,1),(236,111,3,'Banten','BT',0,1),(237,111,3,'Bengkulu','BE',0,1),(238,111,3,'Central Java','JT',0,1),(239,111,3,'Central Kalimantan','KT',0,1),(240,111,3,'Central Sulawesi','ST',0,1),(241,111,3,'Coat of arms of East Java','JI',0,1),(242,111,3,'East kalimantan','KI',0,1),(243,111,3,'East Nusa Tenggara','NT',0,1),(244,111,3,'Lambang propinsi','GO',0,1),(245,111,3,'Jakarta','JK',0,1),(246,111,3,'Jambi','JA',0,1),(247,111,3,'Lampung','LA',0,1),(248,111,3,'Maluku','MA',0,1),(249,111,3,'North Maluku','MU',0,1),(250,111,3,'North Sulawesi','SA',0,1),(251,111,3,'North Sumatra','SU',0,1),(252,111,3,'Papua','PA',0,1),(253,111,3,'Riau','RI',0,1),(254,111,3,'Lambang Riau','KR',0,1),(255,111,3,'Southeast Sulawesi','SG',0,1),(256,111,3,'South Kalimantan','KS',0,1),(257,111,3,'South Sulawesi','SN',0,1),(258,111,3,'South Sumatra','SS',0,1),(259,111,3,'West Java','JB',0,1),(260,111,3,'West Kalimantan','KB',0,1),(261,111,3,'West Nusa Tenggara','NB',0,1),(262,111,3,'Lambang Provinsi Papua Barat','PB',0,1),(263,111,3,'West Sulawesi','SR',0,1),(264,111,3,'West Sumatra','SB',0,1),(265,111,3,'Yogyakarta','YO',0,1),(266,11,3,'Aichi','23',0,1),(267,11,3,'Akita','05',0,1),(268,11,3,'Aomori','02',0,1),(269,11,3,'Chiba','12',0,1),(270,11,3,'Ehime','38',0,1),(271,11,3,'Fukui','18',0,1),(272,11,3,'Fukuoka','40',0,1),(273,11,3,'Fukushima','07',0,1),(274,11,3,'Gifu','21',0,1),(275,11,3,'Gunma','10',0,1),(276,11,3,'Hiroshima','34',0,1),(277,11,3,'Hokkaido','01',0,1),(278,11,3,'Hyogo','28',0,1),(279,11,3,'Ibaraki','08',0,1),(280,11,3,'Ishikawa','17',0,1),(281,11,3,'Iwate','03',0,1),(282,11,3,'Kagawa','37',0,1),(283,11,3,'Kagoshima','46',0,1),(284,11,3,'Kanagawa','14',0,1),(285,11,3,'Kochi','39',0,1),(286,11,3,'Kumamoto','43',0,1),(287,11,3,'Kyoto','26',0,1),(288,11,3,'Mie','24',0,1),(289,11,3,'Miyagi','04',0,1),(290,11,3,'Miyazaki','45',0,1),(291,11,3,'Nagano','20',0,1),(292,11,3,'Nagasaki','42',0,1),(293,11,3,'Nara','29',0,1),(294,11,3,'Niigata','15',0,1),(295,11,3,'Oita','44',0,1),(296,11,3,'Okayama','33',0,1),(297,11,3,'Okinawa','47',0,1),(298,11,3,'Osaka','27',0,1),(299,11,3,'Saga','41',0,1),(300,11,3,'Saitama','11',0,1),(301,11,3,'Shiga','25',0,1),(302,11,3,'Shimane','32',0,1),(303,11,3,'Shizuoka','22',0,1),(304,11,3,'Tochigi','09',0,1),(305,11,3,'Tokushima','36',0,1),(306,11,3,'Tokyo','13',0,1),(307,11,3,'Tottori','31',0,1),(308,11,3,'Toyama','16',0,1),(309,11,3,'Wakayama','30',0,1),(310,11,3,'Yamagata','06',0,1),(311,11,3,'Yamaguchi','35',0,1),(312,11,3,'Yamanashi','19',0,1);

--
-- Table structure for table `ps_statssearch`
--

CREATE TABLE `ps_statssearch` (
  `id_statssearch` int(10) unsigned NOT NULL AUTO_INCREMENT,
  `id_shop` int(10) unsigned NOT NULL DEFAULT '1',
  `id_shop_group` int(10) unsigned NOT NULL DEFAULT '1',
  `keywords` varchar(255) NOT NULL,
  `results` int(6) NOT NULL DEFAULT '0',
  `date_add` datetime NOT NULL,
  PRIMARY KEY (`id_statssearch`)
) ENGINE=InnoDB AUTO_INCREMENT=678 DEFAULT CHARSET=utf8;

--
-- Dumping data for table `ps_statssearch`
--

INSERT INTO `ps_statssearch` VALUES (1,1,1,'e',0,'2014-12-31 16:03:33'),(2,1,1,'e',0,'2014-12-31 16:05:40'),(3,1,1,'teste',0,'2014-12-31 16:06:18'),(4,1,1,'produit',1,'2014-12-31 16:13:11'),(5,1,1,'produit',1,'2014-12-31 16:13:36'),(6,1,1,'test',1,'2015-01-02 11:44:50'),(7,1,1,'test',1,'2015-01-02 11:52:31'),(8,1,1,'test',1,'2015-01-02 15:01:23'),(9,1,1,'test',1,'2015-01-02 15:01:47'),(10,1,1,'flared',1,'2015-01-02 17:53:12'),(11,1,1,'Test',1,'2015-01-02 20:58:37'),(12,1,1,'robe',7,'2015-01-13 17:03:25'),(13,1,1,'robe',7,'2015-01-13 18:15:36'),(14,1,1,'robes',7,'2015-01-13 18:15:47'),(15,1,1,'robe',7,'2015-01-14 07:58:53'),(16,1,1,'robe',7,'2015-01-14 22:51:06'),(17,1,1,'robe',7,'2015-01-14 22:57:10'),(18,1,1,'test',1,'2015-01-14 22:57:19'),(19,1,1,'test',1,'2015-01-14 22:57:43'),(20,1,1,'test',1,'2015-01-14 22:57:51'),(21,1,1,'test',1,'2015-01-14 22:59:47'),(22,1,1,'test',1,'2015-01-14 22:59:52'),(23,1,1,'test',1,'2015-01-14 23:04:45'),(24,1,1,'robe',0,'2015-01-16 15:22:53'),(25,1,1,'robe',0,'2015-01-16 15:23:10'),(26,1,1,'test',1,'2015-01-16 15:23:17'),(27,1,1,'klhkb,',0,'2015-01-16 19:27:43'),(28,1,1,'test',0,'2015-01-18 16:34:13'),(29,1,1,'robe',0,'2015-01-18 19:59:40'),(30,1,1,'test',0,'2015-01-18 19:59:53'),(31,1,1,'bag',1,'2015-01-18 19:59:58'),(32,1,1,'robe',0,'2015-01-18 19:59:58'),(33,1,1,'bag',1,'2015-01-18 20:00:03'),(34,1,1,'sac a dos',1,'2015-01-18 20:00:07'),(35,1,1,'tee shirt',0,'2015-01-18 20:00:14'),(36,1,1,'tee shirt',17,'2015-01-18 20:01:02'),(37,1,1,'blouse',10,'2015-01-18 20:01:20'),(38,1,1,'robe',28,'2015-01-18 20:01:34'),(39,1,1,'trench',13,'2015-01-18 20:01:43'),(40,1,1,'trench',13,'2015-01-18 20:01:45'),(41,1,1,'rode',0,'2015-01-18 20:01:50'),(42,1,1,'rode',0,'2015-01-18 20:01:57'),(43,1,1,'robe',28,'2015-01-18 20:02:02'),(44,1,1,'robe',28,'2015-01-18 20:02:04'),(45,1,1,'robe',28,'2015-01-18 20:02:05'),(46,1,1,'robe',28,'2015-01-18 20:04:25'),(47,1,1,'robe',28,'2015-01-18 20:04:28'),(48,1,1,'robe',28,'2015-01-18 20:07:10'),(49,1,1,'robe',28,'2015-01-18 20:07:14'),(50,1,1,'robe',28,'2015-01-19 08:38:44'),(51,1,1,'coton',177,'2015-01-19 08:39:13'),(52,1,1,'lin',29,'2015-01-19 08:39:26'),(53,1,1,'trench',13,'2015-01-19 08:39:40'),(54,1,1,'trench',13,'2015-01-19 08:41:37'),(55,1,1,'trench',13,'2015-01-19 08:42:57'),(56,1,1,'blue',0,'2015-01-19 08:44:27'),(57,1,1,'trench',13,'2015-01-19 08:44:39'),(58,1,1,'trench',13,'2015-01-19 08:44:45'),(59,1,1,'robe',28,'2015-01-19 08:46:34'),(60,1,1,'robe',28,'2015-01-19 08:50:05'),(61,1,1,'robe',28,'2015-01-19 08:55:49'),(62,1,1,'trench',13,'2015-01-19 08:56:34'),(63,1,1,'rzqr',0,'2015-01-19 16:29:43'),(64,1,1,'robe',28,'2015-01-19 18:49:13'),(65,1,1,'robe',28,'2015-01-19 18:49:22'),(66,1,1,'robe',28,'2015-01-19 18:49:33'),(67,1,1,'coat',10,'2015-01-19 18:49:41'),(68,1,1,'robe',28,'2015-01-19 18:58:34'),(69,1,1,'robe',28,'2015-01-19 18:58:38'),(70,1,1,'robe',0,'2015-01-19 18:58:44'),(71,1,1,'robe',28,'2015-01-19 18:58:52'),(72,1,1,'robe',28,'2015-01-19 18:59:01'),(73,1,1,'bag',11,'2015-01-19 18:59:03'),(74,1,1,'robe',28,'2015-01-19 19:19:05'),(75,1,1,'robe',28,'2015-01-19 19:19:21'),(76,1,1,'robe',28,'2015-01-20 11:49:12'),(77,1,1,'robe',28,'2015-01-20 11:50:20'),(78,1,1,'robe',28,'2015-01-20 11:58:25'),(79,1,1,'robe',28,'2015-01-20 11:59:01'),(80,1,1,'robe',28,'2015-01-20 11:59:56'),(81,1,1,'robe',28,'2015-01-20 12:00:05'),(82,1,1,'robe',28,'2015-01-20 14:24:25'),(83,1,1,'robe',28,'2015-01-20 14:27:42'),(84,1,1,'robe',28,'2015-01-20 17:20:25'),(85,1,1,'robe',28,'2015-01-20 19:39:55'),(86,1,1,'robe',28,'2015-01-20 19:40:15'),(87,1,1,'robe',28,'2015-01-20 20:00:30'),(88,1,1,'robe',28,'2015-01-21 09:37:37'),(89,1,1,'test',0,'2015-01-21 10:15:39'),(90,1,1,'robe',28,'2015-01-21 16:06:32'),(91,1,1,'robe',28,'2015-01-21 18:27:26'),(92,1,1,'robe',5,'2015-01-28 17:09:23'),(93,1,1,'robe',5,'2015-01-28 17:09:46'),(94,1,1,'rouge',0,'2015-01-28 17:10:16'),(95,1,1,'rouge',0,'2015-01-28 17:10:40'),(96,1,1,'gris olive',0,'2015-01-28 17:10:53'),(97,1,1,'chaussures',0,'2015-01-28 17:11:12'),(98,1,1,'chaussure',0,'2015-01-28 17:11:24'),(99,1,1,'sandales',0,'2015-01-28 17:11:49'),(100,1,1,'dress',0,'2015-01-28 17:12:07'),(101,1,1,'dress',6,'2015-01-28 17:12:24'),(102,1,1,'red',0,'2015-01-28 17:12:38'),(103,1,1,'green',0,'2015-01-29 18:30:01'),(104,1,1,'coat',0,'2015-01-29 18:30:10'),(105,1,1,'manteau',2,'2015-01-29 18:30:20'),(106,1,1,'pantalon',11,'2015-01-30 12:08:52'),(107,1,1,'pantalon',11,'2015-01-30 12:27:25'),(108,1,1,'pantalon',28,'2015-01-30 12:28:45'),(109,1,1,'pantalon',28,'2015-01-30 12:29:00'),(110,1,1,'recherche',0,'2015-01-30 12:30:06'),(111,1,1,'pantalon',28,'2015-01-30 12:30:13'),(112,1,1,'pantalon',28,'2015-01-30 12:31:49'),(113,1,1,'pantalon',28,'2015-01-30 12:32:17'),(114,1,1,'pantalon',28,'2015-01-30 12:35:00'),(115,1,1,'pantalon',28,'2015-01-30 12:35:35'),(116,1,1,'haut',25,'2015-01-30 12:36:15'),(117,1,1,'mule',2,'2015-01-30 12:36:24'),(118,1,1,'pantalon',28,'2015-01-30 12:36:30'),(119,1,1,'pantalon',28,'2015-01-30 12:42:14'),(120,1,1,'haut',25,'2015-01-30 12:43:54'),(121,1,1,'robe',21,'2015-01-30 12:44:00'),(122,1,1,'robe',21,'2015-01-30 12:44:23'),(123,1,1,'robe',21,'2015-01-30 12:45:47'),(124,1,1,'robe',21,'2015-01-30 14:09:00'),(125,1,1,'pantalon',28,'2015-01-30 14:09:11'),(126,1,1,'robe',21,'2015-01-30 14:15:33'),(127,1,1,'robe',21,'2015-01-30 14:16:53'),(128,1,1,'robe',21,'2015-01-30 14:18:17'),(129,1,1,'robe',21,'2015-01-30 14:18:22'),(130,1,1,'ceinture',20,'2015-01-30 14:18:40'),(131,1,1,'chemise',25,'2015-01-30 14:21:32'),(132,1,1,'dos',61,'2015-01-30 15:15:02'),(133,1,1,'chemise',25,'2015-01-30 15:15:13'),(134,1,1,'panatlon',0,'2015-01-30 15:15:22'),(135,1,1,'pantalon',28,'2015-01-30 15:15:28'),(136,1,1,'jupe',14,'2015-01-31 06:50:13'),(137,1,1,'jupe',14,'2015-01-31 06:50:45'),(138,1,1,'jupe',14,'2015-01-31 12:19:26'),(139,1,1,'jupe',14,'2015-01-31 12:19:32'),(140,1,1,'panatalon',0,'2015-02-02 09:11:11'),(141,1,1,'pantalon',28,'2015-02-02 09:11:16'),(142,1,1,'chemise',25,'2015-02-02 09:11:33'),(143,1,1,'pantalon',27,'2015-02-02 19:36:06'),(144,1,1,'pantalon',27,'2015-02-02 19:36:31'),(145,1,1,'rouge',2,'2015-02-02 19:37:11'),(146,1,1,'robe',22,'2015-02-02 19:37:11'),(147,1,1,'rouge',2,'2015-02-02 19:37:11'),(148,1,1,'rouge',2,'2015-02-02 19:37:21'),(149,1,1,'red',0,'2015-02-02 19:37:32'),(150,1,1,'red',0,'2015-02-02 19:37:39'),(151,1,1,'pantalon',27,'2015-02-02 19:37:41'),(152,1,1,'red',2,'2015-02-02 19:37:46'),(153,1,1,'pantalon',0,'2015-02-02 19:38:01'),(154,1,1,'pantalon',27,'2015-02-02 19:38:10'),(155,1,1,'pantalon',27,'2015-02-02 19:38:22'),(156,1,1,'pantalon',27,'2015-02-02 19:38:27'),(157,1,1,'pantalon',27,'2015-02-02 19:38:42'),(158,1,1,'pantalon',27,'2015-02-02 19:39:02'),(159,1,1,'pantalon',27,'2015-02-02 19:50:02'),(160,1,1,'pantalon',27,'2015-02-02 19:50:21'),(161,1,1,'pantalon',20,'2015-02-02 20:13:30'),(162,1,1,'panatalon',0,'2015-02-02 20:13:48'),(163,1,1,'pantalon',20,'2015-02-02 20:13:53'),(164,1,1,'pantalon',20,'2015-02-02 20:14:04'),(165,1,1,'robe',19,'2015-02-02 20:14:13'),(166,1,1,'pantalon',20,'2015-02-02 20:37:36'),(167,1,1,'robe',19,'2015-02-02 20:37:47'),(168,1,1,'pantalon',20,'2015-02-02 20:38:04'),(169,1,1,'pantalon',20,'2015-02-02 20:38:32'),(170,1,1,'pantalon',20,'2015-02-03 11:32:18'),(171,1,1,'bleu',46,'2015-02-03 11:33:27'),(172,1,1,'vert',2,'2015-02-03 11:33:37'),(173,1,1,'gris',9,'2015-02-03 11:33:48'),(174,1,1,'chemise',23,'2015-02-03 11:33:56'),(175,1,1,'vert',2,'2015-02-03 11:34:19'),(176,1,1,'gris',9,'2015-02-03 11:34:24'),(177,1,1,'green',2,'2015-02-03 15:22:02'),(178,1,1,'grey',9,'2015-02-03 15:22:06'),(179,1,1,'robe',19,'2015-02-03 16:46:41'),(180,1,1,'robe',19,'2015-02-03 16:46:43'),(181,1,1,'pantalon',20,'2015-02-03 20:21:15'),(182,1,1,'robe',19,'2015-02-03 20:22:03'),(183,1,1,'pantalon',20,'2015-02-03 20:22:41'),(184,1,1,'pantalon',20,'2015-02-03 22:42:35'),(185,1,1,'pantalon',20,'2015-02-03 22:43:07'),(186,1,1,'pantalon',20,'2015-02-03 22:45:07'),(187,1,1,'pantalon',20,'2015-02-03 22:45:11'),(188,1,1,'pantalon',20,'2015-02-03 22:47:31'),(189,1,1,'pantalon',20,'2015-02-03 22:47:35'),(190,1,1,'pantalon',20,'2015-02-03 22:49:27'),(191,1,1,'pantalon',20,'2015-02-03 22:50:08'),(192,1,1,'pantalon',20,'2015-02-03 22:50:27'),(193,1,1,'pantalon',20,'2015-02-03 23:02:03'),(194,1,1,'pantalon',20,'2015-02-03 23:02:31'),(195,1,1,'robe',19,'2015-02-04 10:04:52'),(196,1,1,'pantalon',20,'2015-02-04 10:06:31'),(197,1,1,'robe',18,'2015-02-04 19:52:27'),(198,1,1,'musique',0,'2015-02-04 21:34:34'),(199,1,1,'pantalon',20,'2015-02-04 22:06:18'),(200,1,1,'coat',0,'2015-02-05 12:00:45'),(201,1,1,'coat',0,'2015-02-05 12:00:51'),(202,1,1,'manteau',6,'2015-02-05 12:00:57'),(203,1,1,'gris',9,'2015-02-05 12:01:09'),(204,1,1,'gris',9,'2015-02-05 17:10:30'),(205,1,1,'scarf',0,'2015-02-05 19:46:59'),(206,1,1,'denim jacket',0,'2015-02-07 02:31:39'),(207,1,1,'vacancies',0,'2015-02-07 12:44:46'),(208,1,1,'siege social',0,'2015-02-07 17:10:31'),(209,1,1,'contact',0,'2015-02-08 18:28:14'),(210,1,1,'shoes',0,'2015-02-08 20:57:54'),(211,1,1,'recrutement',0,'2015-02-08 22:58:40'),(212,1,1,'career',0,'2015-02-09 13:10:59'),(213,1,1,'fay andrada',0,'2015-02-09 20:26:29'),(214,1,1,'CARTOUCHIERE',0,'2015-02-10 10:57:07'),(215,1,1,'contact',0,'2015-02-10 14:51:30'),(216,1,1,'Coat',6,'2015-02-10 17:24:30'),(217,1,1,'recrutement',0,'2015-02-10 20:40:31'),(218,1,1,'CONTACT',0,'2015-02-11 15:57:30'),(219,1,1,'CONTACT',0,'2015-02-11 16:09:37'),(220,1,1,'job',0,'2015-02-12 11:14:46'),(221,1,1,'contact',0,'2015-02-12 11:14:57'),(222,1,1,'Strich jacke',0,'2015-02-13 15:33:27'),(223,1,1,'presse',0,'2015-02-13 18:04:18'),(224,1,1,'42',0,'2015-02-14 17:12:44'),(225,1,1,'recrutement',0,'2015-02-15 23:45:11'),(226,1,1,'career',0,'2015-02-16 15:08:45'),(227,1,1,'contact',0,'2015-02-18 18:32:25'),(228,1,1,'CONTACT',0,'2015-02-19 11:02:03'),(229,1,1,'contact',0,'2015-02-19 12:48:17'),(230,1,1,'Music',0,'2015-02-22 21:18:01'),(231,1,1,'ceinture',3,'2015-02-23 04:09:59'),(232,1,1,'Maschinen',0,'2015-02-24 10:31:51'),(233,1,1,'ADRESSE',0,'2015-02-24 13:47:55'),(234,1,1,'musique',0,'2015-02-24 16:24:18'),(235,1,1,'AC07',0,'2015-02-25 11:36:46'),(236,1,1,'SH06',0,'2015-02-25 11:36:55'),(237,1,1,'cartouchiere',0,'2015-02-25 17:32:14'),(238,1,1,'bijou',0,'2015-02-26 12:28:20'),(239,1,1,'bague',0,'2015-02-26 12:36:54'),(240,1,1,'vert',2,'2015-02-27 11:55:12'),(241,1,1,'gris',8,'2015-02-27 11:55:19'),(242,1,1,'vert',2,'2015-02-27 11:55:25'),(243,1,1,'bleu',46,'2015-02-27 11:55:40'),(244,1,1,'gris',8,'2015-02-27 11:56:08'),(245,1,1,'gris',8,'2015-02-27 11:56:26'),(246,1,1,'wholesale',0,'2015-02-28 23:33:22'),(247,1,1,'belt',4,'2015-03-03 09:15:35'),(248,1,1,'mentions',0,'2015-03-03 10:18:52'),(249,1,1,'Homme',0,'2015-03-03 15:51:15'),(250,1,1,'chemise',23,'2015-03-03 17:05:11'),(251,1,1,'stage',0,'2015-03-03 23:02:54'),(252,1,1,'emploi',0,'2015-03-04 11:49:01'),(253,1,1,'pantalon elastique en popeline de coton poids plume',0,'2015-03-04 12:29:46'),(254,1,1,'Tits bag',0,'2015-03-04 19:18:09'),(255,1,1,'contact',0,'2015-03-04 21:12:40'),(256,1,1,'info contact',0,'2015-03-04 21:13:09'),(257,1,1,'contact',0,'2015-03-05 11:26:46'),(258,1,1,'bags',0,'2015-03-05 13:18:01'),(259,1,1,'chaussures',0,'2015-03-05 17:13:37'),(260,1,1,'Parka courte en gabardine de coton compacte,',0,'2015-03-05 20:42:58'),(261,1,1,'contact',0,'2015-03-06 09:06:15'),(262,1,1,'siege social',0,'2015-03-07 10:13:29'),(263,1,1,'job',0,'2015-03-07 20:56:35'),(264,1,1,'sale',0,'2015-03-08 09:55:52'),(265,1,1,'job',0,'2015-03-10 17:17:28'),(266,1,1,'career',0,'2015-03-10 17:17:33'),(267,1,1,'job',0,'2015-03-11 01:52:39'),(268,1,1,'carreer',0,'2015-03-11 01:52:49'),(269,1,1,'career',0,'2015-03-11 01:52:56'),(270,1,1,'job',0,'2015-03-11 01:53:01'),(271,1,1,'contact',0,'2015-03-11 01:53:07'),(272,1,1,'recrutement',0,'2015-03-11 09:58:36'),(273,1,1,'contact',0,'2015-03-11 09:58:45'),(274,1,1,'jean',1,'2015-03-11 17:39:54'),(275,1,1,'trouser',0,'2015-03-11 17:40:00'),(276,1,1,'denim',6,'2015-03-11 17:40:06'),(277,1,1,'contact',0,'2015-03-12 12:00:17'),(278,1,1,'Boobies',0,'2015-03-16 09:06:40'),(279,1,1,'Bag',7,'2015-03-16 09:06:54'),(280,1,1,'contact',0,'2015-03-16 15:25:50'),(281,1,1,'HEELDED MULES',0,'2015-03-16 17:31:17'),(282,1,1,'HEELDED MULES',0,'2015-03-16 17:31:28'),(283,1,1,'HEELDED MULES',0,'2015-03-16 17:31:38'),(284,1,1,'HEELDED MULES',0,'2015-03-16 17:31:55'),(285,1,1,'porte monnaie',0,'2015-03-16 20:01:21'),(286,1,1,'internship',0,'2015-03-17 23:27:31'),(287,1,1,'Italy',0,'2015-03-18 17:36:37'),(288,1,1,'China',0,'2015-03-18 17:36:58'),(289,1,1,'tricot',11,'2015-03-19 10:14:58'),(290,1,1,'slippers',0,'2015-03-19 16:38:11'),(291,1,1,'loafers',0,'2015-03-19 16:38:18'),(292,1,1,'contact',0,'2015-03-20 15:04:49'),(293,1,1,'contact',0,'2015-03-22 16:32:11'),(294,1,1,'Bags',0,'2015-03-22 18:05:19'),(295,1,1,'jewelry',0,'2015-03-23 09:23:45'),(296,1,1,'ring',0,'2015-03-23 09:23:55'),(297,1,1,'TVA',0,'2015-03-24 10:12:52'),(298,1,1,'contact',0,'2015-03-24 11:30:55'),(299,1,1,'recrutement',0,'2015-03-24 12:01:27'),(300,1,1,'cashmere',0,'2015-03-26 10:48:35'),(301,1,1,'mentions legales',0,'2015-03-26 11:26:46'),(302,1,1,'carrieres',0,'2015-03-26 12:35:55'),(303,1,1,'contact',0,'2015-03-26 12:36:02'),(304,1,1,'porte feuille',0,'2015-03-26 16:51:02'),(305,1,1,'accessoires',0,'2015-03-26 16:51:13'),(306,1,1,'nathalie du pasquier',0,'2015-03-27 11:33:48'),(307,1,1,'Bag',8,'2015-03-27 16:40:11'),(308,1,1,'tee-shirt',22,'2015-03-27 17:52:20'),(309,1,1,'recrute',0,'2015-03-29 01:49:26'),(310,1,1,'contact',0,'2015-03-29 01:49:34'),(311,1,1,'recherche',0,'2015-03-30 14:51:36'),(312,1,1,'shirt',22,'2015-03-30 14:51:45'),(313,1,1,'chemise',33,'2015-03-30 14:51:58'),(314,1,1,'pantalon',33,'2015-03-30 14:52:06'),(315,1,1,'shirt',22,'2015-03-30 14:57:54'),(316,1,1,'bag',0,'2015-03-30 15:31:34'),(317,1,1,'caftan',0,'2015-03-30 20:16:05'),(318,1,1,'bussetto',0,'2015-04-05 02:23:48'),(319,1,1,'liquette',0,'2015-04-05 03:44:57'),(320,1,1,'liquette',0,'2015-04-05 03:45:06'),(321,1,1,'field jacket',0,'2015-04-06 16:03:47'),(322,1,1,'casquette',0,'2015-04-06 16:34:37'),(323,1,1,'Austria',0,'2015-04-06 17:13:48'),(324,1,1,'bags',0,'2015-04-07 08:49:37'),(325,1,1,'lille',0,'2015-04-07 23:27:01'),(326,1,1,'elasticated pants',10,'2015-04-08 11:38:43'),(327,1,1,'double weave cotton',0,'2015-04-08 11:39:52'),(328,1,1,' elasticated pants',10,'2015-04-08 11:41:19'),(329,1,1,'press',3,'2015-04-08 14:50:45'),(330,1,1,'carto',0,'2015-04-09 06:53:59'),(331,1,1,'coat',0,'2015-04-09 22:05:03'),(332,1,1,'belt',25,'2015-04-10 15:22:46'),(333,1,1,'Denim',6,'2015-04-12 10:33:29'),(334,1,1,'carriere',0,'2015-04-13 14:24:59'),(335,1,1,'halfdan',0,'2015-04-14 02:03:39'),(336,1,1,'kaftan',0,'2015-04-14 02:04:38'),(337,1,1,'boob',0,'2015-04-14 02:45:02'),(338,1,1,'bag',8,'2015-04-14 02:45:19'),(339,1,1,'boob',0,'2015-04-14 02:45:37'),(340,1,1,'bag',8,'2015-04-14 02:45:45'),(341,1,1,'ass',1,'2015-04-14 02:46:08'),(342,1,1,'tran',0,'2015-04-14 02:46:15'),(343,1,1,'LEMAIRE Wrap-front cotton-chambray midi dress',0,'2015-04-14 09:19:54'),(344,1,1,'castmer ',0,'2015-04-14 11:57:10'),(345,1,1,'#000108',0,'2015-04-14 15:14:07'),(346,1,1,' Wrap-front cotton-chambray midi dress',0,'2015-04-14 23:04:36'),(347,1,1,'order_name',0,'2015-04-15 02:32:35'),(348,1,1,'sizes',0,'2015-04-16 00:26:02'),(349,1,1,'impressum',0,'2015-04-16 10:06:10'),(350,1,1,'cape',6,'2015-04-16 12:09:10'),(351,1,1,'shirt',51,'2015-04-16 13:07:44'),(352,1,1,'Shops in france',0,'2015-04-17 19:45:59'),(353,1,1,'Paris',0,'2015-04-18 11:52:46'),(354,1,1,'Sydney',0,'2015-04-18 14:54:19'),(355,1,1,'elasticated pants',10,'2015-04-19 22:22:53'),(356,1,1,'pants',31,'2015-04-20 16:03:37'),(357,1,1,'gris',9,'2015-04-20 17:48:09'),(358,1,1,'anthracite',0,'2015-04-20 17:48:29'),(359,1,1,'anthracite',0,'2015-04-20 17:48:47'),(360,1,1,'anthracite',0,'2015-04-20 17:48:48'),(361,1,1,'recrutement',0,'2015-04-20 19:51:11'),(362,1,1,'vest',1,'2015-04-20 21:50:02'),(363,1,1,'jacket',9,'2015-04-20 22:04:14'),(364,1,1,'jacket shirt',1,'2015-04-20 22:04:29'),(365,1,1,'field shirt',0,'2015-04-20 22:17:28'),(366,1,1,'field',0,'2015-04-20 22:17:34'),(367,1,1,'carrieres',0,'2015-04-22 12:41:31'),(368,1,1,'Bag',8,'2015-04-22 14:21:30'),(369,1,1,'sac',1,'2015-04-22 16:20:51'),(370,1,1,'Sac',1,'2015-04-23 06:15:08'),(371,1,1,'Noir',0,'2015-04-23 06:15:24'),(372,1,1,'hiver soph',0,'2015-04-23 12:35:36'),(373,1,1,'shop hiver ',0,'2015-04-23 12:35:53'),(374,1,1,'shop hiver 2014',0,'2015-04-23 12:36:11'),(375,1,1,'recrutement',0,'2015-04-23 16:22:19'),(376,1,1,'robe bretelles',0,'2015-04-24 01:14:00'),(377,1,1,'robe chambray',0,'2015-04-24 01:14:24'),(378,1,1,'boutique bordeaux',0,'2015-04-24 15:03:28'),(379,1,1,'Size',3,'2015-04-26 09:58:56'),(380,1,1,'Size',3,'2015-04-26 09:58:57'),(381,1,1,'asymmetrical',19,'2015-04-26 18:16:20'),(382,1,1,'jjhljhkhk',0,'2015-04-27 09:15:53'),(383,1,1,'ljhljn;,bjlblj',0,'2015-04-27 09:16:05'),(384,1,1,'pleATED SKIRT',8,'2015-04-28 03:02:21'),(385,1,1,'contact',0,'2015-04-28 21:46:15'),(386,1,1,'career',0,'2015-04-28 21:46:23'),(387,1,1,'tee-shirt',22,'2015-04-28 21:46:26'),(388,1,1,'no 21',0,'2015-04-29 10:15:06'),(389,1,1,'carrieres',0,'2015-04-29 12:09:43'),(390,1,1,'busseto',0,'2015-04-30 17:38:57'),(391,1,1,'contaccy',0,'2015-05-01 13:54:53'),(392,1,1,'contact',0,'2015-05-01 13:55:00'),(393,1,1,'recrutement',0,'2015-05-01 14:59:35'),(394,1,1,'contact',0,'2015-05-01 18:58:10'),(395,1,1,'44',0,'2015-05-02 10:29:18'),(396,1,1,'contact',0,'2015-05-02 11:09:07'),(397,1,1,'contact',0,'2015-05-02 11:55:45'),(398,1,1,'carriere ',0,'2015-05-02 17:29:23'),(399,1,1,'carriere',0,'2015-05-02 17:54:31'),(400,1,1,'contacts',0,'2015-05-02 17:54:52'),(401,1,1,'boutique allemagne',0,'2015-05-03 14:51:54'),(402,1,1,'denim skirts',0,'2015-05-03 19:00:32'),(403,1,1,'boots',0,'2015-05-04 04:01:44'),(404,1,1,'cape',6,'2015-05-05 12:46:53'),(405,1,1,'cape',6,'2015-05-05 12:48:08'),(406,1,1,'contact',0,'2015-05-06 13:28:49'),(407,1,1,'contact',0,'2015-05-07 22:56:35'),(408,1,1,'minimal',1,'2015-05-08 02:53:13'),(409,1,1,'bag',8,'2015-05-08 02:53:24'),(410,1,1,'Robe en chambray indigo',0,'2015-05-08 20:17:28'),(411,1,1,'career',0,'2015-05-09 01:15:50'),(412,1,1,'Shop',152,'2015-05-09 14:45:41'),(413,1,1,'Jumpsuits',0,'2015-05-10 02:45:51'),(414,1,1,'SACS',7,'2015-05-12 15:20:51'),(415,1,1,'SACS  MAL',0,'2015-05-12 15:21:04'),(416,1,1,'contact',0,'2015-05-13 16:24:34'),(417,1,1,'stockist',0,'2015-05-13 17:22:49'),(418,1,1,'CUIR',0,'2015-05-14 17:58:21'),(419,1,1,'cape',6,'2015-05-17 20:16:25'),(420,1,1,'portefeuille',5,'2015-05-18 21:15:56'),(421,1,1,'Coin',0,'2015-05-20 10:30:37'),(422,1,1,'wrap dress',1,'2015-05-20 10:49:01'),(423,1,1,'contact',0,'2015-05-20 12:25:16'),(424,1,1,'denim ',6,'2015-05-20 14:36:20'),(425,1,1,'heeled leather mules',2,'2015-05-21 17:39:48'),(426,1,1,'Belted wool and cashmere-blend sweater',0,'2015-05-22 06:08:45'),(427,1,1,' sweater',0,'2015-05-22 06:09:08'),(428,1,1,' sweater',0,'2015-05-22 06:09:21'),(429,1,1,'Belted wool and cashmere-blend sweater',0,'2015-05-22 06:09:49'),(430,1,1,'Belted wool',0,'2015-05-22 06:10:07'),(431,1,1,'evening gowns',0,'2015-05-22 15:01:21'),(432,1,1,'11037816',0,'2015-05-22 15:15:28'),(433,1,1,'presse papier',0,'2015-05-23 14:33:55'),(434,1,1,'contact',0,'2015-05-27 17:48:57'),(435,1,1,'lounge',0,'2015-05-27 19:37:53'),(436,1,1,'track',0,'2015-05-27 19:38:16'),(437,1,1,'Jewelry box',0,'2015-05-29 17:26:09'),(438,1,1,'toulouse',0,'2015-05-30 14:18:56'),(439,1,1,'shirt',50,'2015-05-30 20:31:04'),(440,1,1,'berlin',0,'2015-05-31 03:09:05'),(441,1,1,'lounge',0,'2015-05-31 05:53:46'),(442,1,1,'jogge',0,'2015-05-31 05:53:51'),(443,1,1,'carrer',0,'2015-06-01 21:48:38'),(444,1,1,'career',0,'2015-06-01 21:48:43'),(445,1,1,'contact',0,'2015-06-01 21:48:56'),(446,1,1,'contact',0,'2015-06-02 09:50:17'),(447,1,1,'belt',24,'2015-06-04 20:26:29'),(448,1,1,'double strap belt',0,'2015-06-04 20:26:53'),(449,1,1,'shizing',0,'2015-06-05 16:59:35'),(450,1,1,'sizing',0,'2015-06-05 16:59:40'),(451,1,1,'chart',0,'2015-06-05 16:59:46'),(452,1,1,'CHRISTOPHE LEMAIRE Black Leather Clutch bag',0,'2015-06-05 19:42:18'),(453,1,1,'denim',6,'2015-06-06 14:38:53'),(454,1,1,'wallet',0,'2015-06-08 23:59:29'),(455,1,1,'hazredvrz',0,'2015-06-09 20:09:03'),(456,1,1,'press contact',0,'2015-06-09 22:15:48'),(457,1,1,'silk',0,'2015-06-10 06:26:30'),(458,1,1,'recrutement',0,'2015-06-10 10:27:52'),(459,1,1,'gusset collar shirt',2,'2015-06-10 12:58:26'),(460,1,1,'gusset collar shirt',2,'2015-06-10 12:58:42'),(461,1,1,'SOUTH KORA',0,'2015-06-11 12:35:30'),(462,1,1,'KOREA',0,'2015-06-11 12:35:36'),(463,1,1,'STOCK',0,'2015-06-11 12:37:35'),(464,1,1,'blouson',8,'2015-06-11 12:50:08'),(465,1,1,'trench',7,'2015-06-11 13:15:52'),(466,1,1,'gusset',5,'2015-06-11 15:30:19'),(467,1,1,'sale',0,'2015-06-14 05:35:59'),(468,1,1,'contact',0,'2015-06-14 11:45:29'),(469,1,1,'Recrutement',0,'2015-06-14 17:34:02'),(470,1,1,'stage',0,'2015-06-15 21:44:06'),(471,1,1,'boutique londres',0,'2015-06-17 16:52:05'),(472,1,1,'revendeur londres',0,'2015-06-17 16:52:33'),(473,1,1,'[ A?',0,'2015-06-18 20:11:14'),(474,1,1,'bijou',0,'2015-06-19 19:56:57'),(475,1,1,'cashmere',0,'2015-06-21 00:51:08'),(476,1,1,'Tracteur tondeuse ',0,'2015-06-21 19:37:30'),(477,1,1,'cologne',0,'2015-06-21 21:20:14'),(478,1,1,'stores',0,'2015-06-22 23:33:23'),(479,1,1,'travaille',0,'2015-06-24 13:56:14'),(480,1,1,'robe longue',3,'2015-06-24 22:48:52'),(481,1,1,'Cropped top',0,'2015-06-27 13:20:27'),(482,1,1,'Zip-up gabardine bomber jacket',0,'2015-07-03 01:58:54'),(483,1,1,'Shipping',0,'2015-07-04 22:41:13'),(484,1,1,'TAILLES',0,'2015-07-05 13:02:18'),(485,1,1,'w151pa18cl001-795-34',1,'2015-07-06 16:37:32'),(486,1,1,'berlin',0,'2015-07-07 10:18:22'),(487,1,1,'rachel comey',0,'2015-07-08 23:59:50'),(488,1,1,'sac',8,'2015-07-10 10:05:45'),(489,1,1,'tacco',0,'2015-07-13 12:23:28'),(490,1,1,'elasticated pants',10,'2015-07-14 14:13:55'),(491,1,1,'press',3,'2015-07-15 15:06:23'),(492,1,1,'press contact',0,'2015-07-15 15:06:34'),(493,1,1,'chambray',16,'2015-07-16 19:18:44'),(494,1,1,'chambray',16,'2015-07-16 19:19:14'),(495,1,1,'shippimg return',0,'2015-07-18 18:22:51'),(496,1,1,'returns',0,'2015-07-18 18:22:59'),(497,1,1,'scarf',0,'2015-07-21 00:30:55'),(498,1,1,'wide jean',0,'2015-07-21 15:18:22'),(499,1,1,'trench coat',7,'2015-07-22 15:50:46'),(500,1,1,'FITTED SHIRT ',3,'2015-07-22 15:57:12'),(501,1,1,'turtle neck sweater',0,'2015-07-22 15:59:05'),(502,1,1,'cluster',0,'2015-07-22 17:01:40'),(503,1,1,'t shirt',22,'2015-07-22 17:15:04'),(504,1,1,'tee-shirt',22,'2015-07-22 17:15:22'),(505,1,1,'gabardine parka',0,'2015-07-24 00:05:41'),(506,1,1,'jeans',0,'2015-07-29 18:46:28'),(507,1,1,'merino',0,'2015-07-29 20:18:39'),(508,1,1,'coat',0,'2015-07-30 02:11:31'),(509,1,1,'bag',0,'2015-07-30 02:11:38'),(510,1,1,'jacket',0,'2015-07-30 02:11:52'),(511,1,1,'jupe',0,'2015-07-31 14:32:37'),(512,1,1,'pantalon',0,'2015-07-31 15:16:21'),(513,1,1,'Returns',0,'2015-09-15 15:38:32'),(514,1,1,'sac',0,'2015-09-15 18:08:57'),(515,1,1,'cardiga',1,'2015-09-21 03:32:01'),(516,1,1,'cape',2,'2015-09-22 17:32:12'),(517,1,1,'taille',29,'2015-09-23 17:36:39'),(518,1,1,'W 152 KN22 LK006 SHORT SWEATER COLOUR 972 SMOULDER.',0,'2015-09-24 10:29:35'),(519,1,1,'ships',0,'2015-09-26 07:31:15'),(520,1,1,'shipping',0,'2015-09-26 07:31:22'),(521,1,1,'cachemire',6,'2015-09-28 03:16:17'),(522,1,1,'stores',0,'2015-09-28 18:44:53'),(523,1,1,'stockists',0,'2015-09-28 18:45:04'),(524,1,1,'blouse',2,'2015-09-29 08:13:22'),(525,1,1,'loafer',0,'2015-09-29 12:59:46'),(526,1,1,'shawl collar',4,'2015-10-01 14:32:42'),(527,1,1,'guest tracking',0,'2015-10-02 11:31:38'),(528,1,1,'uniqlo',0,'2015-10-02 14:28:04'),(529,1,1,'TopS',60,'2015-10-04 17:19:56'),(530,1,1,'uniqlo',0,'2015-10-04 17:26:50'),(531,1,1,'neck',41,'2015-10-04 20:55:52'),(532,1,1,'recrutement',0,'2015-10-05 08:59:02'),(533,1,1,'black',38,'2015-10-05 14:30:07'),(534,1,1,'gant',0,'2015-10-05 15:26:58'),(535,1,1,'slate',0,'2015-10-06 03:47:36'),(536,1,1,'presse',0,'2015-10-08 11:37:41'),(537,1,1,'press',4,'2015-10-08 11:37:48'),(538,1,1,'sac',2,'2015-10-08 16:55:11'),(539,1,1,'manteau long',3,'2015-10-09 09:42:46'),(540,1,1,'manteau long femme',0,'2015-10-09 09:43:06'),(541,1,1,'manteau femme',6,'2015-10-09 09:43:18'),(542,1,1,'uniqlo',0,'2015-10-09 10:54:22'),(543,1,1,'uniqlo',0,'2015-10-09 10:54:38'),(544,1,1,'berlin',0,'2015-10-10 13:50:12'),(545,1,1,'pull',22,'2015-10-10 19:06:42'),(546,1,1,'Wallet',2,'2015-10-11 13:52:02'),(547,1,1,'shoes',0,'2015-10-11 22:21:18'),(548,1,1,'chaussures',0,'2015-10-12 19:53:07'),(549,1,1,'gilet',1,'2015-10-13 14:40:13'),(550,1,1,'neckwarmer',0,'2015-10-13 22:01:28'),(551,1,1,'neck warmer',0,'2015-10-13 22:01:39'),(552,1,1,'second skin',0,'2015-10-13 22:03:04'),(553,1,1,'M152 PA01',0,'2015-10-14 11:24:36'),(554,1,1,'M152 PA05',0,'2015-10-14 11:24:54'),(555,1,1,'M152 SH14',0,'2015-10-14 11:25:10'),(556,1,1,'uniqlo',0,'2015-10-14 11:28:47'),(557,1,1,'wedge',0,'2015-10-14 22:49:25'),(558,1,1,'slippers',0,'2015-10-14 22:49:58'),(559,1,1,'uniqlo and lemaire',0,'2015-10-15 13:57:12'),(560,1,1,'uniqlo',0,'2015-10-15 14:55:17'),(561,1,1,'porte monnaie',0,'2015-10-16 20:11:38'),(562,1,1,'boot',0,'2015-10-16 22:56:08'),(563,1,1,'ContacT',0,'2015-10-16 23:51:25'),(564,1,1,'Backpack',0,'2015-10-17 10:31:52'),(565,1,1,'sarrau',0,'2015-10-17 11:59:27'),(566,1,1,'vareuse',1,'2015-10-17 18:24:43'),(567,1,1,'BAG',0,'2015-10-20 22:58:03'),(568,1,1,'Coats',0,'2015-10-21 11:58:05'),(569,1,1,'chaussures',0,'2015-10-21 15:45:45'),(570,1,1,'Shoes',0,'2015-10-22 05:48:15'),(571,1,1,'CASHMERE PULL',0,'2015-10-22 17:50:41'),(572,1,1,'CASHMERE ',6,'2015-10-22 17:52:33'),(573,1,1,'CASHMERE WOMEN',0,'2015-10-22 17:53:16'),(574,1,1,'CASHMERE ',6,'2015-10-22 17:53:52'),(575,1,1,'denim',9,'2015-10-23 17:46:35'),(576,1,1,'Jeanse',0,'2015-10-24 04:07:51'),(577,1,1,'Jeans',2,'2015-10-24 04:08:09'),(578,1,1,'uniqlo',0,'2015-10-24 05:09:59'),(579,1,1,'shop homme',63,'2015-10-25 08:40:24'),(580,1,1,'Sale',0,'2015-10-25 13:52:03'),(581,1,1,'creepers',0,'2015-10-25 18:49:59'),(582,1,1,'Shoes',0,'2015-10-28 16:28:40'),(583,1,1,'FAY ANDRADA',0,'2015-10-28 22:36:12'),(584,1,1,'cape',3,'2015-10-29 13:52:44'),(585,1,1,'uniqlo',0,'2015-10-30 15:05:09'),(586,1,1,'Shoes',0,'2015-10-30 18:13:47'),(587,1,1,'Boots',0,'2015-10-30 18:15:04'),(588,1,1,'mentions legales',0,'2015-10-31 11:20:39'),(589,1,1,'contact',0,'2015-11-01 13:02:02'),(590,1,1,'BOOTS - WOMEN',0,'2015-11-03 05:04:17'),(591,1,1,'camarguaises',0,'2015-11-03 18:01:54'),(592,1,1,'Shoes',0,'2015-11-05 07:15:32'),(593,1,1,'size 44',4,'2015-11-05 22:05:59'),(594,1,1,'uniqlo',0,'2015-11-06 18:34:39'),(595,1,1,'hambourg',0,'2015-11-09 20:48:58'),(596,1,1,'humidor',0,'2015-11-10 18:49:06'),(597,1,1,'boise',0,'2015-11-12 16:07:45'),(598,1,1,'Cardigen',0,'2015-11-13 01:28:18'),(599,1,1,'shoes',0,'2015-11-13 01:32:50'),(600,1,1,'uniqlo',0,'2015-11-13 22:45:39'),(601,1,1,'jeans',0,'2015-11-14 17:21:34'),(602,1,1,'gilet',0,'2015-11-15 06:27:42'),(603,1,1,'denim ',7,'2015-11-16 20:32:30'),(604,1,1,'shirt',5,'2015-11-16 20:32:54'),(605,1,1,'pocho',0,'2015-11-18 04:13:54'),(606,1,1,'cloak',0,'2015-11-18 04:14:19'),(607,1,1,'M 152 KN08',0,'2015-11-23 17:11:40'),(608,1,1,'turtleneck',1,'2015-11-23 17:12:13'),(609,1,1,'sweat',14,'2015-11-24 05:51:04'),(610,1,1,'man fall-winter 14/15',0,'2015-11-30 13:56:13'),(611,1,1,'mock',0,'2015-12-01 23:10:10'),(612,1,1,'neck',0,'2015-12-01 23:10:15'),(613,1,1,'legwarmers',0,'2015-12-02 10:23:50'),(614,1,1,'cape',3,'2015-12-03 00:37:54'),(615,1,1,'four-pocket pants in cotton denim,',0,'2015-12-05 23:43:30'),(616,1,1,'ss16',0,'2015-12-06 01:45:05'),(617,1,1,'W15 DR06 LF016',0,'2015-12-06 19:06:04'),(618,1,1,'trench dress',0,'2015-12-06 19:06:15'),(619,1,1,'trench dress',0,'2015-12-06 19:06:20'),(620,1,1,'Blouson',1,'2015-12-07 16:43:19'),(621,1,1,'points de vente',0,'2015-12-08 11:12:28'),(622,1,1,'Mens shoes',0,'2015-12-08 21:22:58'),(623,1,1,'cape',3,'2015-12-09 19:02:00'),(624,1,1,'AsYmmetric ',17,'2015-12-10 20:52:07'),(625,1,1,'AsYmmetric ',17,'2015-12-10 20:52:10'),(626,1,1,'AsYmmetric ',17,'2015-12-10 20:55:06'),(627,1,1,'Yak',23,'2015-12-11 07:04:14'),(628,1,1,'pull blanc femme',0,'2015-12-11 11:02:37'),(629,1,1,'jumpsuit',0,'2015-12-13 05:37:00'),(630,1,1,'dress',10,'2015-12-13 05:37:14'),(631,1,1,'Ship to Qatar',0,'2015-12-14 18:25:03'),(632,1,1,'Pull col roule long',0,'2015-12-14 23:04:46'),(633,1,1,'Pull long',4,'2015-12-14 23:05:01'),(634,1,1,'Pull col roule',0,'2015-12-14 23:05:21'),(635,1,1,'Pull long cashemire',0,'2015-12-14 23:05:51'),(636,1,1,'Pull cachemire femme',0,'2015-12-14 23:06:10'),(637,1,1,'chaussures ',0,'2015-12-15 23:52:49'),(638,1,1,'Long dress viscose navy',0,'2015-12-16 01:44:50'),(639,1,1,'Long dress viscose',0,'2015-12-16 01:45:58'),(640,1,1,'Long dress',1,'2015-12-16 01:46:20'),(641,1,1,'HEAD OFFICE ADDRESS',0,'2015-12-18 10:01:41'),(642,1,1,'OFFICE COUTRY',0,'2015-12-18 10:02:03'),(643,1,1,'Doudoune',0,'2015-12-19 00:29:40'),(644,1,1,'Vestes',0,'2015-12-19 00:29:52'),(645,1,1,'Parka',4,'2015-12-19 00:30:37'),(646,1,1,'parka ',4,'2015-12-19 09:53:46'),(647,1,1,'sale',0,'2015-12-19 16:35:25'),(648,1,1,'capelet',0,'2015-12-21 03:25:58'),(649,1,1,'cape',3,'2015-12-21 03:26:11'),(650,1,1,'Location',0,'2015-12-21 22:00:00'),(651,1,1,'London',0,'2015-12-21 22:04:17'),(652,1,1,'pop up menu',0,'2015-12-22 18:03:29'),(653,1,1,'chaussures',0,'2015-12-23 15:55:51'),(654,1,1,'contact',0,'2015-12-25 16:22:31'),(655,1,1,'coat',21,'2015-12-29 08:36:51'),(656,1,1,'Purse',0,'2015-12-29 19:54:17'),(657,1,1,'echarpe',19,'2015-12-31 07:14:13'),(658,1,1,'gants',0,'2015-12-31 07:16:25'),(659,1,1,'about',0,'2016-01-02 20:36:55'),(660,1,1,'history',0,'2016-01-02 20:37:09'),(661,1,1,'designer',0,'2016-01-02 20:37:16'),(662,1,1,'Jocelyne ',0,'2016-01-03 17:58:36'),(663,1,1,'Jocelyne ',0,'2016-01-03 17:58:36'),(664,1,1,'Jocelyne ',0,'2016-01-03 17:58:38'),(665,1,1,'Jocelyne ',0,'2016-01-03 17:58:38'),(666,1,1,'Sac',2,'2016-01-04 11:08:32'),(667,1,1,'Bag',0,'2016-01-04 22:45:40'),(668,1,1,'shipping rate',0,'2016-01-05 09:58:50'),(669,1,1,'campagna Primavera Estate 2016',0,'2016-01-07 22:40:53'),(670,1,1,'contact ',0,'2016-01-08 18:37:41'),(671,1,1,'cashmere',6,'2016-01-08 23:28:57'),(672,1,1,'shahtoosh',0,'2016-01-08 23:30:29'),(673,1,1,'cashmere',6,'2016-01-08 23:30:45'),(674,1,1,'cashmere',6,'2016-01-08 23:33:28'),(675,1,1,'snap',3,'2016-01-10 16:25:13'),(676,1,1,'Grande etole en laine de yak',2,'2016-01-10 18:16:55'),(677,1,1,'Skd',0,'2016-01-11 13:07:21');

--
-- Table structure for table `ps_stock`
--

CREATE TABLE `ps_stock` (
  `id_stock` int(11) unsigned NOT NULL AUTO_INCREMENT,
  `id_warehouse` int(11) unsigned NOT NULL,
  `id_product` int(11) unsigned NOT NULL,
  `id_product_attribute` int(11) unsigned NOT NULL,
  `reference` varchar(32) NOT NULL,
  `ean13` varchar(13) DEFAULT NULL,
  `upc` varchar(12) DEFAULT NULL,
  `physical_quantity` int(11) unsigned NOT NULL,
  `usable_quantity` int(11) unsigned NOT NULL,
  `price_te` decimal(20,6) DEFAULT '0.000000',
  PRIMARY KEY (`id_stock`),
  KEY `id_warehouse` (`id_warehouse`),
  KEY `id_product` (`id_product`),
  KEY `id_product_attribute` (`id_product_attribute`)
) ENGINE=InnoDB AUTO_INCREMENT=6 DEFAULT CHARSET=utf8;

--
-- Dumping data for table `ps_stock`
--

INSERT INTO `ps_stock` VALUES (1,1,2,1,'w151ac10cl013-001-OS','3662519216647','',8,8,'320.000000'),(2,1,6,5,'w151bl11cl011-930-36','3662519216821','',8,8,'1170.000000'),(3,1,6,6,'w151bl11cl011-930-38','3662519216838','',8,8,'1170.000000'),(4,1,236,0,'w151sh06cl033','3662519235799','',1,1,'155.000000'),(5,1,237,0,'w151sh06cl033','3662519235799','',1,1,'155.000000');

--
-- Table structure for table `ps_stock_available`
--

CREATE TABLE `ps_stock_available` (
  `id_stock_available` int(11) unsigned NOT NULL AUTO_INCREMENT,
  `id_product` int(11) unsigned NOT NULL,
  `id_product_attribute` int(11) unsigned NOT NULL,
  `id_shop` int(11) unsigned NOT NULL,
  `id_shop_group` int(11) unsigned NOT NULL,
  `quantity` int(10) NOT NULL DEFAULT '0',
  `depends_on_stock` tinyint(1) unsigned NOT NULL DEFAULT '0',
  `out_of_stock` tinyint(1) unsigned NOT NULL DEFAULT '0',
  PRIMARY KEY (`id_stock_available`),
  UNIQUE KEY `product_sqlstock` (`id_product`,`id_product_attribute`,`id_shop`,`id_shop_group`),
  KEY `id_shop` (`id_shop`),
  KEY `id_shop_group` (`id_shop_group`),
  KEY `id_product` (`id_product`),
  KEY `id_product_attribute` (`id_product_attribute`)
) ENGINE=InnoDB AUTO_INCREMENT=4439 DEFAULT CHARSET=utf8;

--
-- Dumping data for table `ps_stock_available`
--

INSERT INTO `ps_stock_available` VALUES (1564,2,0,1,0,0,0,0),(1565,3,0,1,0,0,0,0),(1566,4,0,1,0,0,0,0),(1567,5,0,1,0,0,0,0),(1568,6,0,1,0,0,0,0),(1569,7,0,1,0,0,0,0),(1570,8,0,1,0,0,0,0),(1571,9,0,1,0,0,0,0),(1572,10,0,1,0,0,0,0),(1573,11,0,1,0,0,0,0),(1574,12,0,1,0,0,0,0),(1575,13,0,1,0,0,0,0),(1576,14,0,1,0,0,0,0),(1577,15,0,1,0,0,0,0),(1578,16,0,1,0,0,0,0),(1579,17,0,1,0,0,0,0),(1580,18,0,1,0,0,0,0),(1581,19,0,1,0,0,0,0),(1582,20,0,1,0,0,0,0),(1583,21,0,1,0,0,0,0),(1584,22,0,1,0,0,0,0),(1585,23,0,1,0,0,0,0),(1586,24,0,1,0,0,0,0),(1587,25,0,1,0,0,0,0),(1588,26,0,1,0,0,0,0),(1589,27,0,1,0,0,0,0),(1590,28,0,1,0,0,0,0),(1591,29,0,1,0,0,0,0),(1592,30,0,1,0,0,0,0),(1593,31,0,1,0,0,0,0),(1594,32,0,1,0,0,0,0),(1595,33,0,1,0,0,0,0),(1596,34,0,1,0,0,0,0),(1597,35,0,1,0,0,0,0),(1598,36,0,1,0,0,0,0),(1599,37,0,1,0,0,0,0),(1600,38,0,1,0,0,0,0),(1601,39,0,1,0,0,0,0),(1602,40,0,1,0,0,0,0),(1603,41,0,1,0,0,0,0),(1604,42,0,1,0,0,0,0),(1605,43,0,1,0,0,0,0),(1606,44,0,1,0,0,0,0),(1607,45,0,1,0,0,0,0),(1608,46,0,1,0,0,0,0),(1609,47,0,1,0,0,0,0),(1610,48,0,1,0,0,0,0),(1611,49,0,1,0,0,0,0),(1612,50,0,1,0,0,0,0),(1613,51,0,1,0,0,0,0),(1614,52,0,1,0,0,0,0),(1615,53,0,1,0,0,0,0),(1616,54,0,1,0,0,0,0),(1617,55,0,1,0,0,0,0),(1618,56,0,1,0,0,0,0),(1619,57,0,1,0,0,0,0),(1620,58,0,1,0,0,0,0),(1621,239,0,1,0,0,0,0),(1625,240,0,1,0,0,0,0),(2117,241,0,1,0,0,0,0),(2118,242,0,1,0,0,0,0),(2119,292,0,1,0,0,0,0),(2120,243,0,1,0,0,0,0),(2121,345,0,1,0,0,0,0),(2122,293,0,1,0,0,0,0),(2123,244,0,1,0,0,0,0),(2124,346,0,1,0,0,0,0),(2125,294,0,1,0,0,0,0),(2126,245,0,1,0,0,0,0),(2127,347,0,1,0,0,0,0),(2128,295,0,1,0,0,0,0),(2129,246,0,1,0,0,0,0),(2130,348,0,1,0,0,0,0),(2131,296,0,1,0,0,0,0),(2132,247,0,1,0,0,0,0),(2133,349,0,1,0,0,0,0),(2134,297,0,1,0,0,0,0),(2135,248,0,1,0,0,0,0),(2136,350,0,1,0,0,0,0),(2137,298,0,1,0,0,0,0),(2138,249,0,1,0,0,0,0),(2139,351,0,1,0,0,0,0),(2140,299,0,1,0,0,0,0),(2141,250,0,1,0,0,0,0),(2142,352,0,1,0,0,0,0),(2143,300,0,1,0,0,0,0),(2144,251,0,1,0,0,0,0),(2145,353,0,1,0,0,0,0),(2146,301,0,1,0,0,0,0),(2147,252,0,1,0,0,0,0),(2148,354,0,1,0,0,0,0),(2149,302,0,1,0,0,0,0),(2150,253,0,1,0,0,0,0),(2151,355,0,1,0,0,0,0),(2152,303,0,1,0,0,0,0),(2153,254,0,1,0,0,0,0),(2154,356,0,1,0,0,0,0),(2155,304,0,1,0,0,0,0),(2156,255,0,1,0,0,0,0),(2157,357,0,1,0,0,0,0),(2158,305,0,1,0,0,0,0),(2159,256,0,1,0,0,0,0),(2160,358,0,1,0,0,0,0),(2161,306,0,1,0,0,0,0),(2162,257,0,1,0,0,0,0),(2163,359,0,1,0,0,0,0),(2164,307,0,1,0,0,0,0),(2165,258,0,1,0,0,0,0),(2166,360,0,1,0,0,0,0),(2167,308,0,1,0,0,0,0),(2168,259,0,1,0,0,0,0),(2169,361,0,1,0,0,0,0),(2170,309,0,1,0,0,0,0),(2171,260,0,1,0,0,0,0),(2172,362,0,1,0,0,0,0),(2173,310,0,1,0,0,0,0),(2174,261,0,1,0,0,0,0),(2175,363,0,1,0,0,0,0),(2176,311,0,1,0,0,0,0),(2177,262,0,1,0,0,0,0),(2178,364,0,1,0,0,0,0),(2179,312,0,1,0,0,0,0),(2180,365,0,1,0,0,0,0),(2181,313,0,1,0,0,0,0),(2182,366,0,1,0,0,0,0),(2183,367,0,1,0,0,0,0),(2184,263,0,1,0,0,0,0),(2185,314,0,1,0,0,0,0),(2186,368,0,1,0,0,0,0),(2187,264,0,1,0,0,0,0),(2188,315,0,1,0,0,0,0),(2189,369,0,1,0,0,0,0),(2190,265,0,1,0,0,0,0),(2191,316,0,1,0,0,0,0),(2192,370,0,1,0,0,0,0),(2193,266,0,1,0,0,0,0),(2194,317,0,1,0,0,0,0),(2195,371,0,1,0,0,0,0),(2196,267,0,1,0,0,0,0),(2197,318,0,1,0,0,0,0),(2198,372,0,1,0,0,0,0),(2199,268,0,1,0,0,0,0),(2200,319,0,1,0,0,0,0),(2201,373,0,1,0,0,0,0),(2202,269,0,1,0,0,0,0),(2203,320,0,1,0,0,0,0),(2204,374,0,1,0,0,0,0),(2205,270,0,1,0,0,0,0),(2206,321,0,1,0,0,0,0),(2207,375,0,1,0,0,0,0),(2208,271,0,1,0,0,0,0),(2209,322,0,1,0,0,0,0),(2210,376,0,1,0,0,0,0),(2211,272,0,1,0,0,0,0),(2212,323,0,1,0,0,0,0),(2213,377,0,1,0,0,0,0),(2214,273,0,1,0,0,0,0),(2215,324,0,1,0,0,0,0),(2216,378,0,1,0,0,0,0),(2217,274,0,1,0,0,0,0),(2218,325,0,1,0,0,0,0),(2219,379,0,1,0,0,0,0),(2220,275,0,1,0,0,0,0),(2221,326,0,1,0,0,0,0),(2222,380,0,1,0,0,0,0),(2223,276,0,1,0,0,0,0),(2224,327,0,1,0,0,0,0),(2225,381,0,1,0,0,0,0),(2226,277,0,1,0,0,0,0),(2227,328,0,1,0,0,0,0),(2228,382,0,1,0,0,0,0),(2229,278,0,1,0,0,0,0),(2230,329,0,1,0,0,0,0),(2231,383,0,1,0,0,0,0),(2232,279,0,1,0,0,0,0),(2233,330,0,1,0,0,0,0),(2234,384,0,1,0,0,0,0),(2235,280,0,1,0,0,0,0),(2236,331,0,1,0,0,0,0),(2237,385,0,1,0,0,0,0),(2238,281,0,1,0,0,0,0),(2239,332,0,1,0,0,0,0),(2240,282,0,1,0,0,0,0),(2241,386,0,1,0,0,0,0),(2242,333,0,1,0,0,0,0),(2243,283,0,1,0,0,0,0),(2244,334,0,1,0,0,0,0),(2245,284,0,1,0,0,0,0),(2246,387,0,1,0,0,0,0),(2247,335,0,1,0,0,0,0),(2248,285,0,1,0,0,0,0),(2249,336,0,1,0,0,0,0),(2250,388,0,1,0,0,0,0),(2251,286,0,1,0,0,0,0),(2252,337,0,1,0,0,0,0),(2253,287,0,1,0,0,0,0),(2254,338,0,1,0,0,0,0),(2255,389,0,1,0,0,0,0),(2256,288,0,1,0,0,0,0),(2257,339,0,1,0,0,0,0),(2258,289,0,1,0,0,0,0),(2259,340,0,1,0,0,0,0),(2260,390,0,1,0,0,0,0),(2261,290,0,1,0,0,0,0),(2262,341,0,1,0,0,0,0),(2263,391,0,1,0,0,0,0),(2264,392,0,1,0,0,0,0),(2265,393,0,1,0,0,0,0),(2266,394,0,1,0,0,0,0),(2267,291,0,1,0,0,0,0),(2268,342,0,1,0,0,0,0),(2269,343,0,1,0,0,0,0),(2270,344,0,1,0,0,0,0),(2271,395,0,1,0,0,0,0),(2272,443,0,1,0,0,0,0),(2273,396,0,1,0,0,0,0),(2274,444,0,1,0,0,0,0),(2275,397,0,1,0,0,0,0),(2276,445,0,1,0,0,0,0),(2277,398,0,1,0,0,0,0),(2278,446,0,1,0,0,0,0),(2279,399,0,1,0,0,0,0),(2280,447,0,1,0,0,0,0),(2281,448,0,1,0,0,0,0),(2282,400,0,1,0,0,0,0),(2283,449,0,1,0,0,0,0),(2284,401,0,1,0,0,0,0),(2285,450,0,1,0,0,0,0),(2286,402,0,1,0,0,0,0),(2287,451,0,1,0,0,0,0),(2288,403,0,1,0,0,0,0),(2289,404,0,1,0,0,0,0),(2290,452,0,1,0,0,0,0),(2291,453,0,1,0,0,0,0),(2292,405,0,1,0,0,0,0),(2293,406,0,1,0,0,0,0),(2294,454,0,1,0,0,0,0),(2295,407,0,1,0,0,0,0),(2296,455,0,1,0,0,0,0),(2297,408,0,1,0,0,0,0),(2298,456,0,1,0,0,0,0),(2299,409,0,1,0,0,0,0),(2300,410,0,1,0,0,0,0),(2301,411,0,1,0,0,0,0),(2302,412,0,1,0,0,0,0),(2303,413,0,1,0,0,0,0),(2304,414,0,1,0,0,0,0),(2305,415,0,1,0,0,0,0),(2306,416,0,1,0,0,0,0),(2307,417,0,1,0,0,0,0),(2308,418,0,1,0,0,0,0),(2309,419,0,1,0,0,0,0),(2310,420,0,1,0,0,0,0),(2311,421,0,1,0,0,0,0),(2312,422,0,1,0,0,0,0),(2313,423,0,1,0,0,0,0),(2314,424,0,1,0,0,0,0),(2315,425,0,1,0,0,0,0),(2316,426,0,1,0,0,0,0),(2317,427,0,1,0,0,0,0),(2318,428,0,1,0,0,0,0),(2319,429,0,1,0,0,0,0),(2320,430,0,1,0,0,0,0),(2321,431,0,1,0,0,0,0),(2322,432,0,1,0,0,0,0),(2323,433,0,1,0,0,0,0),(2324,434,0,1,0,0,0,0),(2325,435,0,1,0,0,0,0),(2326,436,0,1,0,0,0,0),(2327,437,0,1,0,0,0,0),(2328,438,0,1,0,0,0,0),(2329,439,0,1,0,0,0,0),(2330,440,0,1,0,0,0,0),(2331,441,0,1,0,0,0,0),(2332,442,0,1,0,0,0,0),(2457,516,0,1,0,0,0,0),(2458,517,0,1,0,0,0,0),(2459,520,0,1,0,0,0,0),(2460,522,0,1,0,0,0,0),(2461,524,0,1,0,0,0,0),(2462,525,0,1,0,0,0,0),(2463,527,0,1,0,0,0,0),(2464,531,0,1,0,0,0,0),(2465,538,0,1,0,0,0,0),(2466,540,0,1,0,0,0,0),(2467,542,0,1,0,0,0,0),(2468,543,0,1,0,0,0,0),(2469,545,0,1,0,0,0,0),(2470,546,0,1,0,0,0,0),(2909,666,0,1,0,0,0,0),(2910,667,0,1,0,0,0,0),(2973,816,0,1,0,3,0,2),(2975,818,0,1,0,0,0,2),(2976,819,0,1,0,0,0,2),(2977,820,0,1,0,0,0,2),(2980,823,0,1,0,1,0,2),(2981,824,0,1,0,0,0,2),(2982,825,0,1,0,2,0,2),(2983,826,0,1,0,3,0,2),(2984,827,0,1,0,0,0,2),(2985,828,0,1,0,1,0,2),(2986,829,0,1,0,3,0,2),(2987,830,0,1,0,1,0,2),(2988,831,0,1,0,0,0,2),(2989,832,0,1,0,0,0,2),(2990,833,0,1,0,3,0,2),(2991,834,0,1,0,0,0,2),(2992,835,0,1,0,0,0,2),(2993,836,0,1,0,0,0,2),(2996,839,0,1,0,1,0,2),(2997,840,0,1,0,0,0,2),(2998,841,0,1,0,0,0,2),(2999,842,0,1,0,0,0,2),(3000,843,0,1,0,2,0,2),(3001,844,0,1,0,4,0,2),(3002,845,0,1,0,4,0,2),(3003,846,0,1,0,1,0,2),(3008,851,0,1,0,0,0,2),(3009,852,0,1,0,5,0,2),(3011,854,0,1,0,0,0,2),(3017,860,0,1,0,0,0,2),(3018,861,0,1,0,2,0,2),(3019,862,0,1,0,3,0,2),(3021,864,0,1,0,1,0,2),(3027,870,0,1,0,0,0,2),(3028,871,0,1,0,1,0,2),(3032,875,0,1,0,1,0,2),(3033,876,0,1,0,0,0,2),(3034,877,0,1,0,2,0,2),(3035,878,0,1,0,1,0,2),(3036,879,0,1,0,0,0,2),(3037,880,0,1,0,0,0,2),(3039,882,0,1,0,3,0,2),(3040,883,0,1,0,0,0,2),(3042,885,0,1,0,5,0,2),(3044,887,0,1,0,0,0,2),(3046,889,0,1,0,2,0,2),(3047,890,0,1,0,0,0,2),(3048,891,0,1,0,5,0,2),(3049,892,0,1,0,7,0,2),(3050,893,0,1,0,0,0,2),(3051,894,0,1,0,9,0,2),(3052,895,0,1,0,3,0,2),(3053,896,0,1,0,0,0,2),(3054,897,0,1,0,0,0,2),(3058,901,0,1,0,2,0,2),(3059,902,0,1,0,0,0,2),(3061,904,0,1,0,2,0,2),(3080,923,0,1,0,1,0,2),(3084,927,0,1,0,3,0,2),(3085,928,0,1,0,0,0,2),(3087,930,0,1,0,8,0,2),(3090,933,0,1,0,1,0,2),(3091,934,0,1,0,0,0,2),(3097,940,0,1,0,0,0,2),(3100,943,0,1,0,1,0,2),(3101,944,0,1,0,0,0,2),(3109,952,0,1,0,2,0,2),(3112,955,0,1,0,0,0,2),(3113,956,0,1,0,0,0,2),(3120,963,0,1,0,0,0,2),(3124,967,0,1,0,1,0,2),(3125,968,0,1,0,0,0,2),(3126,969,0,1,0,2,0,2),(3127,970,0,1,0,2,0,2),(3128,971,0,1,0,5,0,2),(3129,972,0,1,0,0,0,2),(3131,974,0,1,0,0,0,2),(3135,978,0,1,0,3,0,2),(3139,982,0,1,0,4,0,2),(3140,983,0,1,0,3,0,2),(3144,987,0,1,0,1,0,2),(3145,988,0,1,0,0,0,2),(3146,989,0,1,0,0,0,2),(3147,990,0,1,0,0,0,2),(3148,991,0,1,0,0,0,2),(3149,992,0,1,0,0,0,2),(3151,994,0,1,0,1,0,2),(3152,995,0,1,0,0,0,2),(3153,996,0,1,0,1,0,2),(3154,997,0,1,0,1,0,2),(3156,999,0,1,0,3,0,2),(3159,1002,0,1,0,1,0,2),(3160,1003,0,1,0,2,0,2),(3164,1007,0,1,0,0,0,2),(3165,1008,0,1,0,2,0,2),(3167,1010,0,1,0,0,0,2),(3172,1015,0,1,0,0,0,2),(3173,1016,0,1,0,0,0,2),(3174,1017,0,1,0,0,0,2),(3175,1018,0,1,0,0,0,2),(3178,1021,0,1,0,0,0,2),(3180,1023,0,1,0,3,0,2),(3186,1029,0,1,0,0,0,2),(3187,1030,0,1,0,0,0,2),(3188,1031,0,1,0,0,0,2),(3189,1032,0,1,0,0,0,2),(3190,1033,0,1,0,0,0,2),(3192,1035,0,1,0,2,0,2),(3193,1036,0,1,0,0,0,2),(3201,1044,0,1,0,0,0,2),(3203,1046,0,1,0,5,0,2),(3204,1047,0,1,0,3,0,2),(3205,1048,0,1,0,4,0,2),(3208,1051,0,1,0,2,0,2),(3214,1057,0,1,0,5,0,2),(3215,1058,0,1,0,2,0,2),(3225,1068,0,1,0,0,0,2),(3227,1070,0,1,0,3,0,2),(3231,1074,0,1,0,2,0,2),(3234,1077,0,1,0,0,0,2),(3236,1079,0,1,0,1,0,2),(3240,1083,0,1,0,0,0,2),(3247,1090,0,1,0,0,0,2),(3250,1093,0,1,0,1,0,2),(3251,1094,0,1,0,1,0,2),(3253,1096,0,1,0,0,0,2),(3254,1097,0,1,0,2,0,2),(3255,1098,0,1,0,1,0,2),(3256,1099,0,1,0,0,0,2),(3257,1100,0,1,0,1,0,2),(3258,1101,0,1,0,1,0,2),(3259,1102,0,1,0,0,0,2),(3260,1103,0,1,0,3,0,2),(3261,1104,0,1,0,1,0,2),(3263,1106,0,1,0,4,0,2),(3265,1108,0,1,0,0,0,2),(3266,1109,0,1,0,3,0,2),(3267,1110,0,1,0,5,0,2),(3268,1111,0,1,0,0,0,2),(3269,1112,0,1,0,1,0,2),(3270,1113,0,1,0,4,0,2),(3271,1114,0,1,0,0,0,2),(3272,1115,0,1,0,0,0,2),(3273,1116,0,1,0,2,0,2),(3274,1117,0,1,0,4,0,2),(3275,1118,0,1,0,1,0,2),(3276,1119,0,1,0,2,0,2),(3277,1120,0,1,0,0,0,2),(3278,1121,0,1,0,0,0,2),(3279,1122,0,1,0,1,0,2),(3280,1123,0,1,0,4,0,2),(3281,1124,0,1,0,2,0,2),(3282,1125,0,1,0,3,0,2),(3283,1126,0,1,0,0,0,2),(3288,1131,0,1,0,3,0,2),(3299,663,0,1,0,0,0,0),(3300,664,0,1,0,0,0,0),(3301,665,0,1,0,0,0,0),(3302,668,0,1,0,0,0,0),(3303,669,0,1,0,0,0,0),(3304,670,0,1,0,0,0,0),(3305,671,0,1,0,0,0,0),(3306,672,0,1,0,0,0,0),(3307,673,0,1,0,0,0,0),(3308,674,0,1,0,0,0,0),(3309,675,0,1,0,0,0,0),(3310,676,0,1,0,0,0,0),(3311,677,0,1,0,0,0,0),(3312,678,0,1,0,0,0,0),(3313,679,0,1,0,0,0,0),(3314,680,0,1,0,0,0,0),(3315,681,0,1,0,0,0,0),(3316,682,0,1,0,0,0,0),(3388,816,1,1,0,1,0,2),(3389,816,2,1,0,1,0,2),(3390,816,3,1,0,1,0,2),(3392,818,5,1,0,0,0,2),(3393,819,6,1,0,0,0,2),(3394,820,7,1,0,0,0,2),(3399,823,12,1,0,0,0,2),(3400,823,13,1,0,0,0,2),(3401,823,14,1,0,1,0,2),(3402,824,15,1,0,0,0,2),(3403,824,16,1,0,0,0,2),(3404,824,17,1,0,0,0,2),(3405,825,18,1,0,1,0,2),(3406,825,19,1,0,1,0,2),(3407,825,20,1,0,0,0,2),(3408,826,21,1,0,0,0,2),(3409,826,22,1,0,2,0,2),(3410,826,23,1,0,1,0,2),(3411,827,24,1,0,0,0,2),(3412,827,25,1,0,0,0,2),(3413,828,26,1,0,0,0,2),(3414,828,27,1,0,0,0,2),(3415,828,28,1,0,1,0,2),(3416,829,29,1,0,1,0,2),(3417,829,30,1,0,1,0,2),(3418,829,31,1,0,1,0,2),(3419,830,32,1,0,0,0,2),(3420,830,33,1,0,0,0,2),(3421,830,34,1,0,1,0,2),(3422,831,35,1,0,0,0,2),(3423,831,36,1,0,0,0,2),(3424,831,37,1,0,0,0,2),(3425,832,38,1,0,0,0,2),(3426,832,39,1,0,0,0,2),(3427,833,40,1,0,2,0,2),(3428,833,41,1,0,1,0,2),(3429,834,42,1,0,0,0,2),(3430,834,43,1,0,0,0,2),(3431,834,44,1,0,0,0,2),(3432,835,45,1,0,0,0,2),(3433,835,46,1,0,0,0,2),(3434,835,47,1,0,0,0,2),(3435,836,48,1,0,0,0,2),(3436,836,49,1,0,0,0,2),(3437,836,50,1,0,0,0,2),(3438,836,51,1,0,0,0,2),(3445,839,58,1,0,1,0,2),(3446,839,59,1,0,0,0,2),(3447,840,60,1,0,0,0,2),(3448,840,61,1,0,0,0,2),(3449,840,62,1,0,0,0,2),(3450,840,63,1,0,0,0,2),(3451,841,64,1,0,0,0,2),(3452,842,65,1,0,0,0,2),(3453,843,66,1,0,2,0,2),(3454,843,67,1,0,0,0,2),(3455,843,68,1,0,0,0,2),(3456,843,69,1,0,0,0,2),(3457,843,70,1,0,0,0,2),(3458,844,71,1,0,4,0,2),(3459,844,72,1,0,0,0,2),(3460,844,73,1,0,0,0,2),(3461,845,74,1,0,2,0,2),(3462,845,75,1,0,1,0,2),(3463,845,76,1,0,1,0,2),(3464,846,77,1,0,1,0,2),(3465,846,78,1,0,0,0,2),(3477,851,90,1,0,0,0,2),(3478,851,91,1,0,0,0,2),(3479,851,92,1,0,0,0,2),(3480,851,93,1,0,0,0,2),(3481,851,94,1,0,0,0,2),(3482,852,95,1,0,1,0,2),(3483,852,96,1,0,1,0,2),(3484,852,97,1,0,2,0,2),(3485,852,98,1,0,1,0,2),(3489,854,102,1,0,0,0,2),(3490,854,103,1,0,0,0,2),(3491,854,104,1,0,0,0,2),(3508,860,121,1,0,0,0,2),(3509,860,122,1,0,0,0,2),(3510,861,123,1,0,1,0,2),(3511,861,124,1,0,1,0,2),(3512,862,125,1,0,2,0,2),(3513,862,126,1,0,1,0,2),(3516,864,129,1,0,1,0,2),(3517,864,130,1,0,0,0,2),(3531,870,144,1,0,0,0,2),(3532,870,145,1,0,0,0,2),(3533,870,146,1,0,0,0,2),(3534,871,147,1,0,0,0,2),(3535,871,148,1,0,1,0,2),(3536,871,149,1,0,0,0,2),(3546,875,159,1,0,1,0,2),(3547,876,160,1,0,0,0,2),(3548,877,161,1,0,2,0,2),(3549,878,162,1,0,1,0,2),(3550,879,163,1,0,0,0,2),(3551,880,164,1,0,0,0,2),(3556,882,169,1,0,0,0,2),(3557,882,170,1,0,1,0,2),(3558,882,171,1,0,2,0,2),(3559,882,172,1,0,0,0,2),(3560,883,173,1,0,0,0,2),(3561,883,174,1,0,0,0,2),(3562,883,175,1,0,0,0,2),(3563,883,176,1,0,0,0,2),(3566,885,179,1,0,0,0,2),(3567,885,180,1,0,2,0,2),(3568,885,181,1,0,1,0,2),(3569,885,182,1,0,2,0,2),(3574,887,187,1,0,0,0,2),(3575,887,188,1,0,0,0,2),(3579,889,192,1,0,0,0,2),(3580,889,193,1,0,2,0,2),(3581,889,194,1,0,0,0,2),(3582,889,195,1,0,0,0,2),(3583,890,196,1,0,0,0,2),(3584,890,197,1,0,0,0,2),(3585,890,198,1,0,0,0,2),(3586,890,199,1,0,0,0,2),(3587,891,200,1,0,2,0,2),(3588,891,201,1,0,0,0,2),(3589,891,202,1,0,3,0,2),(3590,891,203,1,0,0,0,2),(3591,892,204,1,0,1,0,2),(3592,892,205,1,0,0,0,2),(3593,892,206,1,0,4,0,2),(3594,892,207,1,0,2,0,2),(3595,893,208,1,0,0,0,2),(3596,893,209,1,0,0,0,2),(3597,893,210,1,0,0,0,2),(3598,894,211,1,0,1,0,2),(3599,894,212,1,0,2,0,2),(3600,894,213,1,0,3,0,2),(3601,894,214,1,0,3,0,2),(3602,895,215,1,0,2,0,2),(3603,895,216,1,0,0,0,2),(3604,895,217,1,0,0,0,2),(3605,895,218,1,0,1,0,2),(3606,896,219,1,0,0,0,2),(3607,896,220,1,0,0,0,2),(3608,897,221,1,0,0,0,2),(3609,897,222,1,0,0,0,2),(3610,897,223,1,0,0,0,2),(3619,901,232,1,0,0,0,2),(3620,901,233,1,0,1,0,2),(3621,901,234,1,0,1,0,2),(3622,901,235,1,0,0,0,2),(3623,902,236,1,0,0,0,2),(3624,902,237,1,0,0,0,2),(3625,902,238,1,0,0,0,2),(3626,902,239,1,0,0,0,2),(3630,904,243,1,0,0,0,2),(3631,904,244,1,0,1,0,2),(3632,904,245,1,0,1,0,2),(3633,923,246,1,0,0,0,2),(3634,923,247,1,0,1,0,2),(3635,923,248,1,0,0,0,2),(3645,927,258,1,0,1,0,2),(3646,927,259,1,0,0,0,2),(3647,927,260,1,0,2,0,2),(3648,927,261,1,0,0,0,2),(3649,927,262,1,0,0,0,2),(3650,928,263,1,0,0,0,2),(3651,928,264,1,0,0,0,2),(3652,928,265,1,0,0,0,2),(3653,928,266,1,0,0,0,2),(3657,930,270,1,0,3,0,2),(3658,930,271,1,0,2,0,2),(3659,930,272,1,0,3,0,2),(3666,933,279,1,0,1,0,2),(3667,933,280,1,0,0,0,2),(3668,934,281,1,0,0,0,2),(3669,934,282,1,0,0,0,2),(3687,940,300,1,0,0,0,2),(3688,940,301,1,0,0,0,2),(3696,943,309,1,0,1,0,2),(3697,944,310,1,0,0,0,2),(3713,952,326,1,0,0,0,2),(3714,952,327,1,0,0,0,2),(3715,952,328,1,0,1,0,2),(3716,952,329,1,0,1,0,2),(3721,955,334,1,0,0,0,2),(3722,955,335,1,0,0,0,2),(3723,956,336,1,0,0,0,2),(3724,956,337,1,0,0,0,2),(3736,963,349,1,0,0,0,2),(3745,967,358,1,0,0,0,2),(3746,967,359,1,0,1,0,2),(3747,968,360,1,0,0,0,2),(3748,968,361,1,0,0,0,2),(3749,968,362,1,0,0,0,2),(3750,969,363,1,0,0,0,2),(3751,969,364,1,0,0,0,2),(3752,969,365,1,0,1,0,2),(3753,969,366,1,0,1,0,2),(3754,970,367,1,0,1,0,2),(3755,970,368,1,0,0,0,2),(3756,970,369,1,0,0,0,2),(3757,970,370,1,0,1,0,2),(3758,971,371,1,0,0,0,2),(3759,971,372,1,0,3,0,2),(3760,971,373,1,0,1,0,2),(3761,971,374,1,0,1,0,2),(3762,972,375,1,0,0,0,2),(3763,972,376,1,0,0,0,2),(3764,972,377,1,0,0,0,2),(3768,974,381,1,0,0,0,2),(3769,974,382,1,0,0,0,2),(3770,974,383,1,0,0,0,2),(3771,974,384,1,0,0,0,2),(3772,974,385,1,0,0,0,2),(3782,978,395,1,0,1,0,2),(3783,978,396,1,0,0,0,2),(3784,978,397,1,0,2,0,2),(3792,982,405,1,0,0,0,2),(3793,982,406,1,0,2,0,2),(3794,982,407,1,0,2,0,2),(3795,983,408,1,0,2,0,2),(3796,983,409,1,0,1,0,2),(3797,983,410,1,0,0,0,2),(3805,987,418,1,0,0,0,2),(3806,987,419,1,0,1,0,2),(3807,988,420,1,0,0,0,2),(3808,989,421,1,0,0,0,2),(3809,989,422,1,0,0,0,2),(3810,989,423,1,0,0,0,2),(3811,990,424,1,0,0,0,2),(3812,990,425,1,0,0,0,2),(3813,990,426,1,0,0,0,2),(3814,990,427,1,0,0,0,2),(3815,991,428,1,0,0,0,2),(3816,991,429,1,0,0,0,2),(3817,991,430,1,0,0,0,2),(3818,991,431,1,0,0,0,2),(3819,992,432,1,0,0,0,2),(3820,992,433,1,0,0,0,2),(3821,992,434,1,0,0,0,2),(3822,992,435,1,0,0,0,2),(3826,994,439,1,0,0,0,2),(3827,994,440,1,0,0,0,2),(3828,994,441,1,0,1,0,2),(3829,995,442,1,0,0,0,2),(3830,995,443,1,0,0,0,2),(3831,995,444,1,0,0,0,2),(3832,995,445,1,0,0,0,2),(3833,996,446,1,0,0,0,2),(3834,996,447,1,0,0,0,2),(3835,996,448,1,0,0,0,2),(3836,996,449,1,0,1,0,2),(3837,997,450,1,0,0,0,2),(3838,997,451,1,0,0,0,2),(3839,997,452,1,0,1,0,2),(3842,999,455,1,0,1,0,2),(3843,999,456,1,0,1,0,2),(3844,999,457,1,0,0,0,2),(3845,999,458,1,0,1,0,2),(3852,1002,465,1,0,0,0,2),(3853,1002,466,1,0,0,0,2),(3854,1002,467,1,0,1,0,2),(3855,1003,468,1,0,0,0,2),(3856,1003,469,1,0,1,0,2),(3857,1003,470,1,0,1,0,2),(3864,1007,477,1,0,0,0,2),(3865,1007,478,1,0,0,0,2),(3866,1007,479,1,0,0,0,2),(3867,1008,480,1,0,1,0,2),(3868,1008,481,1,0,1,0,2),(3871,1010,484,1,0,0,0,2),(3872,1010,485,1,0,0,0,2),(3873,1010,486,1,0,0,0,2),(3886,1015,499,1,0,0,0,2),(3887,1015,500,1,0,0,0,2),(3888,1015,501,1,0,0,0,2),(3889,1016,502,1,0,0,0,2),(3890,1016,503,1,0,0,0,2),(3891,1016,504,1,0,0,0,2),(3892,1017,505,1,0,0,0,2),(3893,1017,506,1,0,0,0,2),(3894,1017,507,1,0,0,0,2),(3895,1018,508,1,0,0,0,2),(3896,1018,509,1,0,0,0,2),(3897,1018,510,1,0,0,0,2),(3903,1021,516,1,0,0,0,2),(3904,1021,517,1,0,0,0,2),(3905,1021,518,1,0,0,0,2),(3906,1021,519,1,0,0,0,2),(3911,1023,524,1,0,1,0,2),(3912,1023,525,1,0,1,0,2),(3913,1023,526,1,0,1,0,2),(3931,1029,544,1,0,0,0,2),(3932,1029,545,1,0,0,0,2),(3933,1029,546,1,0,0,0,2),(3934,1029,547,1,0,0,0,2),(3935,1030,548,1,0,0,0,2),(3936,1030,549,1,0,0,0,2),(3937,1030,550,1,0,0,0,2),(3938,1030,551,1,0,0,0,2),(3939,1031,552,1,0,0,0,2),(3940,1031,553,1,0,0,0,2),(3941,1031,554,1,0,0,0,2),(3942,1031,555,1,0,0,0,2),(3943,1032,556,1,0,0,0,2),(3944,1032,557,1,0,0,0,2),(3945,1032,558,1,0,0,0,2),(3946,1032,559,1,0,0,0,2),(3947,1033,560,1,0,0,0,2),(3948,1033,561,1,0,0,0,2),(3949,1033,562,1,0,0,0,2),(3950,1033,563,1,0,0,0,2),(3954,1035,567,1,0,1,0,2),(3955,1035,568,1,0,0,0,2),(3956,1035,569,1,0,1,0,2),(3957,1035,570,1,0,0,0,2),(3958,1035,571,1,0,0,0,2),(3959,1036,572,1,0,0,0,2),(3960,1036,573,1,0,0,0,2),(3961,1036,574,1,0,0,0,2),(3962,1036,575,1,0,0,0,2),(3983,1044,596,1,0,0,0,2),(3984,1044,597,1,0,0,0,2),(3985,1044,598,1,0,0,0,2),(3987,1046,600,1,0,5,0,2),(3988,1047,601,1,0,3,0,2),(3989,1048,602,1,0,4,0,2),(3997,1051,610,1,0,0,0,2),(3998,1051,611,1,0,0,0,2),(3999,1051,612,1,0,2,0,2),(4000,1051,613,1,0,0,0,2),(4013,1057,626,1,0,0,0,2),(4014,1057,627,1,0,1,0,2),(4015,1057,628,1,0,2,0,2),(4016,1057,629,1,0,2,0,2),(4017,1058,630,1,0,0,0,2),(4018,1058,631,1,0,0,0,2),(4019,1058,632,1,0,2,0,2),(4020,1058,633,1,0,0,0,2),(4053,1068,666,1,0,0,0,2),(4054,1068,667,1,0,0,0,2),(4055,1068,668,1,0,0,0,2),(4056,1068,669,1,0,0,0,2),(4061,1070,674,1,0,0,0,2),(4062,1070,675,1,0,0,0,2),(4063,1070,676,1,0,3,0,2),(4064,1070,677,1,0,0,0,2),(4076,1074,689,1,0,0,0,2),(4077,1074,690,1,0,1,0,2),(4078,1074,691,1,0,1,0,2),(4086,1077,699,1,0,0,0,2),(4087,1077,700,1,0,0,0,2),(4088,1077,701,1,0,0,0,2),(4089,1077,702,1,0,0,0,2),(4093,1079,706,1,0,1,0,2),(4094,1079,707,1,0,0,0,2),(4095,1079,708,1,0,0,0,2),(4106,1083,719,1,0,0,0,2),(4107,1083,720,1,0,0,0,2),(4108,1083,721,1,0,0,0,2),(4132,1090,745,1,0,0,0,2),(4133,1090,746,1,0,0,0,2),(4134,1090,747,1,0,0,0,2),(4135,1090,748,1,0,0,0,2),(4136,1090,749,1,0,0,0,2),(4143,1093,756,1,0,0,0,2),(4144,1093,757,1,0,0,0,2),(4145,1093,758,1,0,0,0,2),(4146,1093,759,1,0,0,0,2),(4147,1093,760,1,0,1,0,2),(4148,1094,761,1,0,0,0,2),(4149,1094,762,1,0,0,0,2),(4150,1094,763,1,0,0,0,2),(4151,1094,764,1,0,1,0,2),(4155,1096,768,1,0,0,0,2),(4156,1097,769,1,0,1,0,2),(4157,1097,770,1,0,0,0,2),(4158,1097,771,1,0,1,0,2),(4159,1098,772,1,0,1,0,2),(4160,1099,773,1,0,0,0,2),(4161,1099,774,1,0,0,0,2),(4162,1099,775,1,0,0,0,2),(4163,1100,776,1,0,0,0,2),(4164,1100,777,1,0,0,0,2),(4165,1100,778,1,0,0,0,2),(4166,1100,779,1,0,1,0,2),(4167,1101,780,1,0,1,0,2),(4168,1101,781,1,0,0,0,2),(4169,1101,782,1,0,0,0,2),(4170,1101,783,1,0,0,0,2),(4171,1102,784,1,0,0,0,2),(4172,1102,785,1,0,0,0,2),(4173,1103,786,1,0,1,0,2),(4174,1103,787,1,0,1,0,2),(4175,1103,788,1,0,1,0,2),(4176,1104,789,1,0,1,0,2),(4177,1104,790,1,0,0,0,2),(4178,1104,791,1,0,0,0,2),(4179,1104,792,1,0,0,0,2),(4183,1106,796,1,0,0,0,2),(4184,1106,797,1,0,2,0,2),(4185,1106,798,1,0,2,0,2),(4189,1108,802,1,0,0,0,2),(4190,1108,803,1,0,0,0,2),(4191,1109,804,1,0,0,0,2),(4192,1109,805,1,0,2,0,2),(4193,1109,806,1,0,0,0,2),(4194,1109,807,1,0,1,0,2),(4195,1110,808,1,0,2,0,2),(4196,1110,809,1,0,2,0,2),(4197,1110,810,1,0,1,0,2),(4198,1111,811,1,0,0,0,2),(4199,1111,812,1,0,0,0,2),(4200,1112,813,1,0,0,0,2),(4201,1112,814,1,0,0,0,2),(4202,1112,815,1,0,1,0,2),(4203,1113,816,1,0,2,0,2),(4204,1113,817,1,0,1,0,2),(4205,1113,818,1,0,1,0,2),(4206,1114,819,1,0,0,0,2),(4207,1114,820,1,0,1,0,2),(4208,1114,821,1,0,1,0,2),(4209,1115,822,1,0,0,0,2),(4210,1116,823,1,0,0,0,2),(4211,1116,824,1,0,1,0,2),(4212,1116,825,1,0,1,0,2),(4213,1117,826,1,0,1,0,2),(4214,1117,827,1,0,2,0,2),(4215,1117,828,1,0,1,0,2),(4216,1118,829,1,0,1,0,2),(4217,1118,830,1,0,0,0,2),(4218,1119,831,1,0,0,0,2),(4219,1119,832,1,0,2,0,2),(4220,1119,833,1,0,0,0,2),(4221,1120,834,1,0,0,0,2),(4222,1121,835,1,0,0,0,2),(4223,1121,836,1,0,0,0,2),(4224,1121,837,1,0,0,0,2),(4225,1122,838,1,0,0,0,2),(4226,1122,839,1,0,1,0,2),(4227,1122,840,1,0,0,0,2),(4228,1123,841,1,0,1,0,2),(4229,1123,842,1,0,2,0,2),(4230,1123,843,1,0,0,0,2),(4231,1123,844,1,0,1,0,2),(4232,1124,845,1,0,0,0,2),(4233,1124,846,1,0,1,0,2),(4234,1124,847,1,0,1,0,2),(4235,1124,848,1,0,0,0,2),(4236,1125,849,1,0,1,0,2),(4237,1125,850,1,0,1,0,2),(4238,1125,851,1,0,0,0,2),(4239,1125,852,1,0,1,0,2),(4240,1126,853,1,0,0,0,2),(4241,1126,854,1,0,0,0,2),(4242,1126,855,1,0,0,0,2),(4255,1131,868,1,0,0,0,2),(4256,1131,869,1,0,0,0,2),(4257,1131,870,1,0,3,0,2),(4258,1131,871,1,0,0,0,2),(4259,1131,872,1,0,0,0,2),(4277,1020,0,1,0,0,0,0),(4278,1009,0,1,0,0,0,0),(4279,1004,0,1,0,0,0,0),(4280,1022,0,1,0,0,0,0),(4281,1024,0,1,0,0,0,0),(4282,1026,0,1,0,0,0,0),(4283,1027,0,1,0,0,0,0),(4284,1028,0,1,0,0,0,0),(4285,1037,0,1,0,0,0,0),(4286,1042,0,1,0,0,0,0),(4287,1045,0,1,0,0,0,0),(4288,1049,0,1,0,0,0,0),(4289,1054,0,1,0,0,0,0),(4290,1052,0,1,0,0,0,0),(4291,949,0,1,0,0,0,0),(4292,1061,0,1,0,0,0,0),(4293,1064,0,1,0,0,0,0),(4294,1062,0,1,0,0,0,0),(4295,1059,0,1,0,0,0,0),(4296,1066,0,1,0,0,0,0),(4297,1067,0,1,0,0,0,0),(4298,1069,0,1,0,0,0,0),(4299,1072,0,1,0,0,0,0),(4300,1073,0,1,0,0,0,0),(4301,1075,0,1,0,0,0,0),(4302,1078,0,1,0,0,0,0),(4303,1088,0,1,0,0,0,0),(4304,948,0,1,0,0,0,0),(4305,962,0,1,0,0,0,0),(4306,964,0,1,0,0,0,0),(4307,973,0,1,0,0,0,0),(4308,993,0,1,0,0,0,0),(4309,1000,0,1,0,0,0,0),(4310,869,0,1,0,0,0,0),(4311,898,0,1,0,0,0,0),(4312,900,0,1,0,0,0,0),(4313,903,0,1,0,0,0,0),(4314,932,0,1,0,0,0,0),(4315,838,0,1,0,0,0,0),(4316,884,0,1,0,0,0,0),(4317,886,0,1,0,0,0,0),(4318,888,0,1,0,0,0,0),(4319,1138,0,1,0,2,0,2),(4320,1138,890,1,0,0,0,2),(4321,1138,891,1,0,1,0,2),(4322,1138,892,1,0,1,0,2),(4323,1139,0,1,0,0,0,2),(4324,1139,893,1,0,0,0,2),(4325,1140,0,1,0,0,0,2),(4326,1140,894,1,0,0,0,2),(4327,817,0,1,0,0,0,0),(4328,821,0,1,0,0,0,0),(4329,822,0,1,0,0,0,0),(4330,837,0,1,0,0,0,0),(4331,847,0,1,0,0,0,0),(4332,848,0,1,0,0,0,0),(4333,849,0,1,0,0,0,0),(4334,850,0,1,0,0,0,0),(4335,853,0,1,0,0,0,0),(4336,855,0,1,0,0,0,0),(4337,856,0,1,0,0,0,0),(4338,857,0,1,0,0,0,0),(4339,858,0,1,0,0,0,0),(4340,859,0,1,0,0,0,0),(4341,863,0,1,0,0,0,0),(4342,865,0,1,0,0,0,0),(4343,866,0,1,0,0,0,0),(4344,867,0,1,0,0,0,0),(4345,868,0,1,0,0,0,0),(4346,872,0,1,0,0,0,0),(4347,873,0,1,0,0,0,0),(4348,874,0,1,0,0,0,0),(4349,881,0,1,0,0,0,0),(4350,899,0,1,0,0,0,0),(4351,924,0,1,0,0,0,0),(4352,925,0,1,0,0,0,0),(4353,926,0,1,0,0,0,0),(4354,929,0,1,0,0,0,0),(4355,931,0,1,0,0,0,0),(4356,935,0,1,0,0,0,0),(4357,936,0,1,0,0,0,0),(4358,937,0,1,0,0,0,0),(4359,938,0,1,0,0,0,0),(4360,939,0,1,0,0,0,0),(4361,941,0,1,0,0,0,0),(4362,942,0,1,0,0,0,0),(4363,945,0,1,0,0,0,0),(4364,946,0,1,0,0,0,0),(4365,947,0,1,0,0,0,0),(4366,950,0,1,0,0,0,0),(4367,951,0,1,0,0,0,0),(4368,953,0,1,0,0,0,0),(4369,954,0,1,0,0,0,0),(4370,957,0,1,0,0,0,0),(4371,958,0,1,0,0,0,0),(4372,959,0,1,0,0,0,0),(4373,960,0,1,0,0,0,0),(4374,961,0,1,0,0,0,0),(4375,965,0,1,0,0,0,0),(4376,966,0,1,0,0,0,0),(4377,975,0,1,0,0,0,0),(4378,976,0,1,0,0,0,0),(4379,977,0,1,0,0,0,0),(4380,979,0,1,0,0,0,0),(4381,980,0,1,0,0,0,0),(4382,981,0,1,0,0,0,0),(4383,984,0,1,0,0,0,0),(4384,985,0,1,0,0,0,0),(4385,986,0,1,0,0,0,0),(4386,998,0,1,0,0,0,0),(4387,1001,0,1,0,0,0,0),(4388,1005,0,1,0,0,0,0),(4389,1006,0,1,0,0,0,0),(4390,1011,0,1,0,0,0,0),(4391,1012,0,1,0,0,0,0),(4392,1013,0,1,0,0,0,0),(4393,1014,0,1,0,0,0,0),(4394,1019,0,1,0,0,0,0),(4395,1025,0,1,0,0,0,0),(4396,1034,0,1,0,0,0,0),(4397,1038,0,1,0,0,0,0),(4398,1039,0,1,0,0,0,0),(4399,1040,0,1,0,0,0,0),(4400,1041,0,1,0,0,0,0),(4401,1043,0,1,0,0,0,0),(4402,1050,0,1,0,0,0,0),(4403,1053,0,1,0,0,0,0),(4404,1055,0,1,0,0,0,0),(4405,1056,0,1,0,0,0,0),(4406,1060,0,1,0,0,0,0),(4407,1063,0,1,0,0,0,0),(4408,1065,0,1,0,0,0,0),(4409,1071,0,1,0,0,0,0),(4410,1076,0,1,0,0,0,0),(4411,1080,0,1,0,0,0,0),(4412,1081,0,1,0,0,0,0),(4413,1082,0,1,0,0,0,0),(4414,1084,0,1,0,0,0,0),(4415,1085,0,1,0,0,0,0),(4416,1086,0,1,0,0,0,0),(4417,1087,0,1,0,0,0,0),(4418,1089,0,1,0,0,0,0),(4419,1091,0,1,0,0,0,0),(4420,1092,0,1,0,0,0,0),(4421,1095,0,1,0,0,0,0),(4422,1105,0,1,0,0,0,0),(4423,1127,0,1,0,0,0,0),(4424,1128,0,1,0,0,0,0),(4425,1129,0,1,0,0,0,0),(4426,1130,0,1,0,0,0,0),(4427,1132,0,1,0,0,0,0),(4428,1133,0,1,0,0,0,0),(4429,1134,0,1,0,0,0,0),(4430,1135,0,1,0,0,0,0),(4431,1136,0,1,0,0,0,0),(4432,1107,0,1,0,0,0,0),(4433,1141,0,1,0,1,0,2),(4434,1141,895,1,0,1,0,2),(4435,1142,0,1,0,19,0,2),(4436,1142,896,1,0,19,0,2),(4437,1143,0,1,0,13,0,2),(4438,1143,897,1,0,13,0,2);

--
-- Table structure for table `ps_stock_mvt`
--

CREATE TABLE `ps_stock_mvt` (
  `id_stock_mvt` bigint(20) unsigned NOT NULL AUTO_INCREMENT,
  `id_stock` int(11) unsigned NOT NULL,
  `id_order` int(11) unsigned DEFAULT NULL,
  `id_supply_order` int(11) unsigned DEFAULT NULL,
  `id_stock_mvt_reason` int(11) unsigned NOT NULL,
  `id_employee` int(11) unsigned NOT NULL,
  `employee_lastname` varchar(32) DEFAULT '',
  `employee_firstname` varchar(32) DEFAULT '',
  `physical_quantity` int(11) unsigned NOT NULL,
  `date_add` datetime NOT NULL,
  `sign` tinyint(1) NOT NULL DEFAULT '1',
  `price_te` decimal(20,6) DEFAULT '0.000000',
  `last_wa` decimal(20,6) DEFAULT '0.000000',
  `current_wa` decimal(20,6) DEFAULT '0.000000',
  `referer` bigint(20) unsigned DEFAULT NULL,
  PRIMARY KEY (`id_stock_mvt`),
  KEY `id_stock` (`id_stock`),
  KEY `id_stock_mvt_reason` (`id_stock_mvt_reason`)
) ENGINE=InnoDB AUTO_INCREMENT=6 DEFAULT CHARSET=utf8;

--
-- Dumping data for table `ps_stock_mvt`
--

INSERT INTO `ps_stock_mvt` VALUES (1,1,0,0,1,4,'Moutardier','Charlotte',8,'2015-01-23 12:09:35',1,'320.000000','0.000000','0.000000',0),(2,2,0,0,1,4,'Moutardier','Charlotte',8,'2015-01-23 12:12:01',1,'1170.000000','0.000000','0.000000',0),(3,3,0,0,1,4,'Moutardier','Charlotte',8,'2015-01-23 12:17:12',1,'1170.000000','0.000000','0.000000',0),(4,4,0,0,1,4,'Moutardier','Charlotte',1,'2015-01-23 12:23:35',1,'155.000000','0.000000','0.000000',0),(5,5,0,0,1,4,'Moutardier','Charlotte',1,'2015-01-23 12:40:13',1,'155.000000','0.000000','0.000000',0);

--
-- Table structure for table `ps_stock_mvt_reason`
--

CREATE TABLE `ps_stock_mvt_reason` (
  `id_stock_mvt_reason` int(11) unsigned NOT NULL AUTO_INCREMENT,
  `sign` tinyint(1) NOT NULL DEFAULT '1',
  `date_add` datetime NOT NULL,
  `date_upd` datetime NOT NULL,
  `deleted` tinyint(1) unsigned NOT NULL DEFAULT '0',
  PRIMARY KEY (`id_stock_mvt_reason`)
) ENGINE=InnoDB AUTO_INCREMENT=9 DEFAULT CHARSET=utf8;

--
-- Dumping data for table `ps_stock_mvt_reason`
--

INSERT INTO `ps_stock_mvt_reason` VALUES (1,1,'2014-12-14 08:54:15','2014-12-14 08:54:15',0),(2,-1,'2014-12-14 08:54:15','2014-12-14 08:54:15',0),(3,-1,'2014-12-14 08:54:15','2014-12-14 08:54:15',0),(4,-1,'2014-12-14 08:54:15','2014-12-14 08:54:15',0),(5,1,'2014-12-14 08:54:15','2014-12-14 08:54:15',0),(6,-1,'2014-12-14 08:54:15','2014-12-14 08:54:15',0),(7,1,'2014-12-14 08:54:15','2014-12-14 08:54:15',0),(8,1,'2014-12-14 08:54:15','2014-12-14 08:54:15',0);

--
-- Table structure for table `ps_stock_mvt_reason_lang`
--

CREATE TABLE `ps_stock_mvt_reason_lang` (
  `id_stock_mvt_reason` int(11) unsigned NOT NULL,
  `id_lang` int(11) unsigned NOT NULL,
  `name` varchar(255) NOT NULL,
  PRIMARY KEY (`id_stock_mvt_reason`,`id_lang`)
) ENGINE=InnoDB DEFAULT CHARSET=utf8;

--
-- Dumping data for table `ps_stock_mvt_reason_lang`
--

INSERT INTO `ps_stock_mvt_reason_lang` VALUES (1,1,'Augmenter'),(1,2,'Augmenter'),(1,3,'Augmenter'),(1,4,'Augmenter'),(1,5,'Augmenter'),(2,1,'Diminuer'),(2,2,'Diminuer'),(2,3,'Diminuer'),(2,4,'Diminuer'),(2,5,'Diminuer'),(3,1,'Commande client'),(3,2,'Commande client'),(3,3,'Commande client'),(3,4,'Commande client'),(3,5,'Commande client'),(4,1,'Régularisation du stock suite à un inventaire'),(4,2,'Régularisation du stock suite à un inventaire'),(4,3,'Régularisation du stock suite à un inventaire'),(4,4,'Régularisation du stock suite à un inventaire'),(4,5,'Régularisation du stock suite à un inventaire'),(5,1,'Régularisation du stock suite à un inventaire'),(5,2,'Régularisation du stock suite à un inventaire'),(5,3,'Régularisation du stock suite à un inventaire'),(5,4,'Régularisation du stock suite à un inventaire'),(5,5,'Régularisation du stock suite à un inventaire'),(6,1,'Transfert vers un autre entrepôt'),(6,2,'Transfert vers un autre entrepôt'),(6,3,'Transfert vers un autre entrepôt'),(6,4,'Transfert vers un autre entrepôt'),(6,5,'Transfert vers un autre entrepôt'),(7,1,'Transfert depuis un autre entrepôt'),(7,2,'Transfert depuis un autre entrepôt'),(7,3,'Transfert depuis un autre entrepôt'),(7,4,'Transfert depuis un autre entrepôt'),(7,5,'Transfert depuis un autre entrepôt'),(8,1,'Commande fournisseur'),(8,2,'Commande fournisseur'),(8,3,'Commande fournisseur'),(8,4,'Commande fournisseur'),(8,5,'Commande fournisseur');

--
-- Table structure for table `ps_store`
--

CREATE TABLE `ps_store` (
  `id_store` int(10) unsigned NOT NULL AUTO_INCREMENT,
  `id_country` int(10) unsigned NOT NULL,
  `id_state` int(10) unsigned DEFAULT NULL,
  `name` varchar(128) NOT NULL,
  `address1` varchar(128) NOT NULL,
  `address2` varchar(128) DEFAULT NULL,
  `city` varchar(64) NOT NULL,
  `postcode` varchar(12) NOT NULL,
  `latitude` decimal(13,8) DEFAULT NULL,
  `longitude` decimal(13,8) DEFAULT NULL,
  `hours` varchar(254) DEFAULT NULL,
  `phone` varchar(16) DEFAULT NULL,
  `fax` varchar(16) DEFAULT NULL,
  `email` varchar(128) DEFAULT NULL,
  `note` text,
  `active` tinyint(1) unsigned NOT NULL DEFAULT '0',
  `date_add` datetime NOT NULL,
  `date_upd` datetime NOT NULL,
  PRIMARY KEY (`id_store`)
) ENGINE=InnoDB DEFAULT CHARSET=utf8;

--
-- Dumping data for table `ps_store`
--


--
-- Table structure for table `ps_store_shop`
--

CREATE TABLE `ps_store_shop` (
  `id_store` int(11) unsigned NOT NULL,
  `id_shop` int(11) unsigned NOT NULL,
  PRIMARY KEY (`id_store`,`id_shop`),
  KEY `id_shop` (`id_shop`)
) ENGINE=InnoDB DEFAULT CHARSET=utf8;

--
-- Dumping data for table `ps_store_shop`
--


--
-- Table structure for table `ps_supplier`
--

CREATE TABLE `ps_supplier` (
  `id_supplier` int(10) unsigned NOT NULL AUTO_INCREMENT,
  `name` varchar(64) NOT NULL,
  `date_add` datetime NOT NULL,
  `date_upd` datetime NOT NULL,
  `active` tinyint(1) NOT NULL DEFAULT '0',
  PRIMARY KEY (`id_supplier`)
) ENGINE=InnoDB AUTO_INCREMENT=28 DEFAULT CHARSET=utf8;

--
-- Dumping data for table `ps_supplier`
--

INSERT INTO `ps_supplier` VALUES (1,'Fashion Supplier','2014-12-14 08:54:25','2014-12-14 08:54:25',1),(2,'Media Squad','2014-12-19 14:57:16','2014-12-19 14:57:16',1),(3,'Chevignon','2014-12-19 15:12:42','2014-12-19 15:12:42',1),(4,'Lemaire','2014-12-31 11:59:51','2014-12-31 11:59:51',1),(5,'POLE AGENCY','2015-08-20 10:30:04','2015-08-20 10:30:04',1),(6,'OFFSHORE','2015-08-20 10:45:36','2015-08-20 10:45:36',1),(7,'RILLEAU LEATHER','2015-08-20 10:45:40','2015-08-20 10:45:40',1),(8,'COLLIN GARRITY','2015-08-20 10:45:43','2015-08-20 10:45:43',1),(9,'SO.PAM','2015-08-20 10:45:46','2015-08-20 10:45:46',1),(10,'COLOR/VIVA LA FEMME','2015-08-20 10:45:59','2015-08-20 10:45:59',1),(11,'GUIDO SGARIGLIA','2015-08-20 10:46:01','2015-08-20 10:46:01',1),(12,'VICENZA MODE','2015-08-20 10:46:05','2015-08-20 10:46:05',1),(13,'SASSI','2015-08-20 11:02:41','2015-08-20 11:02:41',1),(14,'BARRETEAU','2015-08-20 11:32:16','2015-08-20 11:32:16',1),(15,'NORLHA','2015-08-20 11:32:19','2015-08-20 11:32:19',1),(16,'ECCE','2015-08-20 11:32:29','2015-08-20 11:32:29',1),(17,'ROOSVAI','2015-08-20 11:32:55','2015-08-20 11:32:55',1),(18,'STEPHAN','2015-08-20 11:32:58','2015-08-20 11:32:58',1),(19,'BENEPIU','2015-08-20 11:33:11','2015-08-20 11:33:11',1),(20,'RCC','2015-08-20 11:33:40','2015-08-20 11:33:40',1),(21,'ACCESSORIES','2015-09-02 17:41:41','2015-09-02 17:41:41',1),(22,'WOVEN','2015-09-02 17:42:01','2015-09-02 17:42:01',1),(23,'FOOTWEAR','2015-09-02 17:43:01','2015-09-02 17:43:01',1),(24,'MAISON FABRE','2015-09-02 18:14:34','2015-09-02 18:14:34',1),(25,'JINGHI','2015-09-02 18:21:29','2015-09-02 18:21:29',1),(26,'EMO','2015-09-02 19:14:10','2015-09-02 19:14:10',1),(27,'FAY ANDRADA','2015-09-02 20:10:21','2015-09-02 20:10:21',1);

--
-- Table structure for table `ps_supplier_lang`
--

CREATE TABLE `ps_supplier_lang` (
  `id_supplier` int(10) unsigned NOT NULL,
  `id_lang` int(10) unsigned NOT NULL,
  `description` text,
  `meta_title` varchar(128) DEFAULT NULL,
  `meta_keywords` varchar(255) DEFAULT NULL,
  `meta_description` varchar(255) DEFAULT NULL,
  PRIMARY KEY (`id_supplier`,`id_lang`)
) ENGINE=InnoDB DEFAULT CHARSET=utf8;

--
-- Dumping data for table `ps_supplier_lang`
--

INSERT INTO `ps_supplier_lang` VALUES (1,1,'','','',''),(1,2,'','','',''),(1,3,'','','',''),(1,4,'','','',''),(1,5,'','','',''),(2,1,'','','',''),(2,3,'','','',''),(2,4,'','','',''),(2,5,'','','',''),(3,1,'','','',''),(3,3,'','','',''),(3,4,'','','',''),(3,5,'','','',''),(4,1,'','','',''),(4,3,'','','',''),(5,1,'','','',''),(5,3,'','','',''),(6,1,'','','',''),(6,3,'','','',''),(7,1,'','','',''),(7,3,'','','',''),(8,1,'','','',''),(8,3,'','','',''),(9,1,'','','',''),(9,3,'','','',''),(10,1,'','','',''),(10,3,'','','',''),(11,1,'','','',''),(11,3,'','','',''),(12,1,'','','',''),(12,3,'','','',''),(13,1,'','','',''),(13,3,'','','',''),(14,1,'','','',''),(14,3,'','','',''),(15,1,'','','',''),(15,3,'','','',''),(16,1,'','','',''),(16,3,'','','',''),(17,1,'','','',''),(17,3,'','','',''),(18,1,'','','',''),(18,3,'','','',''),(19,1,'','','',''),(19,3,'','','',''),(20,1,'','','',''),(20,3,'','','',''),(21,1,'','','',''),(21,3,'','','',''),(22,1,'','','',''),(22,3,'','','',''),(23,1,'','','',''),(23,3,'','','',''),(24,1,'','','',''),(24,3,'','','',''),(25,1,'','','',''),(25,3,'','','',''),(26,1,'','','',''),(26,3,'','','',''),(27,1,'','','',''),(27,3,'','','','');

--
-- Table structure for table `ps_supplier_shop`
--

CREATE TABLE `ps_supplier_shop` (
  `id_supplier` int(11) unsigned NOT NULL,
  `id_shop` int(11) unsigned NOT NULL,
  PRIMARY KEY (`id_supplier`,`id_shop`),
  KEY `id_shop` (`id_shop`)
) ENGINE=InnoDB DEFAULT CHARSET=utf8;

--
-- Dumping data for table `ps_supplier_shop`
--

INSERT INTO `ps_supplier_shop` VALUES (1,1),(2,1),(3,1),(4,1),(5,1),(6,1),(7,1),(8,1),(9,1),(10,1),(11,1),(12,1),(13,1),(14,1),(15,1),(16,1),(17,1),(18,1),(19,1),(20,1),(21,1),(22,1),(23,1),(24,1),(25,1),(26,1),(27,1);

--
-- Table structure for table `ps_supply_order`
--

CREATE TABLE `ps_supply_order` (
  `id_supply_order` int(11) unsigned NOT NULL AUTO_INCREMENT,
  `id_supplier` int(11) unsigned NOT NULL,
  `supplier_name` varchar(64) NOT NULL,
  `id_lang` int(11) unsigned NOT NULL,
  `id_warehouse` int(11) unsigned NOT NULL,
  `id_supply_order_state` int(11) unsigned NOT NULL,
  `id_currency` int(11) unsigned NOT NULL,
  `id_ref_currency` int(11) unsigned NOT NULL,
  `reference` varchar(64) NOT NULL,
  `date_add` datetime NOT NULL,
  `date_upd` datetime NOT NULL,
  `date_delivery_expected` datetime DEFAULT NULL,
  `total_te` decimal(20,6) DEFAULT '0.000000',
  `total_with_discount_te` decimal(20,6) DEFAULT '0.000000',
  `total_tax` decimal(20,6) DEFAULT '0.000000',
  `total_ti` decimal(20,6) DEFAULT '0.000000',
  `discount_rate` decimal(20,6) DEFAULT '0.000000',
  `discount_value_te` decimal(20,6) DEFAULT '0.000000',
  `is_template` tinyint(1) DEFAULT '0',
  PRIMARY KEY (`id_supply_order`),
  KEY `id_supplier` (`id_supplier`),
  KEY `id_warehouse` (`id_warehouse`),
  KEY `reference` (`reference`)
) ENGINE=InnoDB DEFAULT CHARSET=utf8;

--
-- Dumping data for table `ps_supply_order`
--


--
-- Table structure for table `ps_supply_order_detail`
--

CREATE TABLE `ps_supply_order_detail` (
  `id_supply_order_detail` int(11) unsigned NOT NULL AUTO_INCREMENT,
  `id_supply_order` int(11) unsigned NOT NULL,
  `id_currency` int(11) unsigned NOT NULL,
  `id_product` int(11) unsigned NOT NULL,
  `id_product_attribute` int(11) unsigned NOT NULL,
  `reference` varchar(32) NOT NULL,
  `supplier_reference` varchar(32) NOT NULL,
  `name` varchar(128) NOT NULL,
  `ean13` varchar(13) DEFAULT NULL,
  `upc` varchar(12) DEFAULT NULL,
  `exchange_rate` decimal(20,6) DEFAULT '0.000000',
  `unit_price_te` decimal(20,6) DEFAULT '0.000000',
  `quantity_expected` int(11) unsigned NOT NULL,
  `quantity_received` int(11) unsigned NOT NULL,
  `price_te` decimal(20,6) DEFAULT '0.000000',
  `discount_rate` decimal(20,6) DEFAULT '0.000000',
  `discount_value_te` decimal(20,6) DEFAULT '0.000000',
  `price_with_discount_te` decimal(20,6) DEFAULT '0.000000',
  `tax_rate` decimal(20,6) DEFAULT '0.000000',
  `tax_value` decimal(20,6) DEFAULT '0.000000',
  `price_ti` decimal(20,6) DEFAULT '0.000000',
  `tax_value_with_order_discount` decimal(20,6) DEFAULT '0.000000',
  `price_with_order_discount_te` decimal(20,6) DEFAULT '0.000000',
  PRIMARY KEY (`id_supply_order_detail`),
  KEY `id_supply_order` (`id_supply_order`),
  KEY `id_product` (`id_product`),
  KEY `id_product_attribute` (`id_product_attribute`),
  KEY `id_product_product_attribute` (`id_product`,`id_product_attribute`)
) ENGINE=InnoDB DEFAULT CHARSET=utf8;

--
-- Dumping data for table `ps_supply_order_detail`
--


--
-- Table structure for table `ps_supply_order_history`
--

CREATE TABLE `ps_supply_order_history` (
  `id_supply_order_history` int(11) unsigned NOT NULL AUTO_INCREMENT,
  `id_supply_order` int(11) unsigned NOT NULL,
  `id_employee` int(11) unsigned NOT NULL,
  `employee_lastname` varchar(32) DEFAULT '',
  `employee_firstname` varchar(32) DEFAULT '',
  `id_state` int(11) unsigned NOT NULL,
  `date_add` datetime NOT NULL,
  PRIMARY KEY (`id_supply_order_history`),
  KEY `id_supply_order` (`id_supply_order`),
  KEY `id_employee` (`id_employee`),
  KEY `id_state` (`id_state`)
) ENGINE=InnoDB DEFAULT CHARSET=utf8;

--
-- Dumping data for table `ps_supply_order_history`
--


--
-- Table structure for table `ps_supply_order_receipt_history`
--

CREATE TABLE `ps_supply_order_receipt_history` (
  `id_supply_order_receipt_history` int(11) unsigned NOT NULL AUTO_INCREMENT,
  `id_supply_order_detail` int(11) unsigned NOT NULL,
  `id_employee` int(11) unsigned NOT NULL,
  `employee_lastname` varchar(32) DEFAULT '',
  `employee_firstname` varchar(32) DEFAULT '',
  `id_supply_order_state` int(11) unsigned NOT NULL,
  `quantity` int(11) unsigned NOT NULL,
  `date_add` datetime NOT NULL,
  PRIMARY KEY (`id_supply_order_receipt_history`),
  KEY `id_supply_order_detail` (`id_supply_order_detail`),
  KEY `id_supply_order_state` (`id_supply_order_state`)
) ENGINE=InnoDB DEFAULT CHARSET=utf8;

--
-- Dumping data for table `ps_supply_order_receipt_history`
--


--
-- Table structure for table `ps_supply_order_state`
--

CREATE TABLE `ps_supply_order_state` (
  `id_supply_order_state` int(11) unsigned NOT NULL AUTO_INCREMENT,
  `delivery_note` tinyint(1) NOT NULL DEFAULT '0',
  `editable` tinyint(1) NOT NULL DEFAULT '0',
  `receipt_state` tinyint(1) NOT NULL DEFAULT '0',
  `pending_receipt` tinyint(1) NOT NULL DEFAULT '0',
  `enclosed` tinyint(1) NOT NULL DEFAULT '0',
  `color` varchar(32) DEFAULT NULL,
  PRIMARY KEY (`id_supply_order_state`)
) ENGINE=InnoDB AUTO_INCREMENT=7 DEFAULT CHARSET=utf8;

--
-- Dumping data for table `ps_supply_order_state`
--

INSERT INTO `ps_supply_order_state` VALUES (1,0,1,0,0,0,'#faab00'),(2,1,0,0,0,0,'#273cff'),(3,0,0,0,1,0,'#ff37f5'),(4,0,0,1,1,0,'#ff3e33'),(5,0,0,1,0,1,'#00d60c'),(6,0,0,0,0,1,'#666666');

--
-- Table structure for table `ps_supply_order_state_lang`
--

CREATE TABLE `ps_supply_order_state_lang` (
  `id_supply_order_state` int(11) unsigned NOT NULL,
  `id_lang` int(11) unsigned NOT NULL,
  `name` varchar(128) DEFAULT NULL,
  PRIMARY KEY (`id_supply_order_state`,`id_lang`)
) ENGINE=InnoDB DEFAULT CHARSET=utf8;

--
-- Dumping data for table `ps_supply_order_state_lang`
--

INSERT INTO `ps_supply_order_state_lang` VALUES (1,1,'1 - Création en cours'),(1,2,'1 - Création en cours'),(1,3,'1 - Création en cours'),(1,4,'1 - Création en cours'),(1,5,'1 - Création en cours'),(2,1,'2 - Commande validée'),(2,2,'2 - Commande validée'),(2,3,'2 - Commande validée'),(2,4,'2 - Commande validée'),(2,5,'2 - Commande validée'),(3,1,'3 - En attente de réception'),(3,2,'3 - En attente de réception'),(3,3,'3 - En attente de réception'),(3,4,'3 - En attente de réception'),(3,5,'3 - En attente de réception'),(4,1,'4 - Commande réceptionnée partiellement'),(4,2,'4 - Commande réceptionnée partiellement'),(4,3,'4 - Commande réceptionnée partiellement'),(4,4,'4 - Commande réceptionnée partiellement'),(4,5,'4 - Commande réceptionnée partiellement'),(5,1,'5 - Commande réceptionnée totalement'),(5,2,'5 - Commande réceptionnée totalement'),(5,3,'5 - Commande réceptionnée totalement'),(5,4,'5 - Commande réceptionnée totalement'),(5,5,'5 - Commande réceptionnée totalement'),(6,1,'6 - Commande annulée'),(6,2,'6 - Commande annulée'),(6,3,'6 - Commande annulée'),(6,4,'6 - Commande annulée'),(6,5,'6 - Commande annulée');

--
-- Table structure for table `ps_tab`
--

CREATE TABLE `ps_tab` (
  `id_tab` int(10) unsigned NOT NULL AUTO_INCREMENT,
  `id_parent` int(11) NOT NULL,
  `class_name` varchar(64) NOT NULL,
  `module` varchar(64) DEFAULT NULL,
  `position` int(10) unsigned NOT NULL,
  `active` tinyint(1) NOT NULL DEFAULT '1',
  `hide_host_mode` tinyint(1) NOT NULL DEFAULT '0',
  PRIMARY KEY (`id_tab`),
  KEY `class_name` (`class_name`),
  KEY `id_parent` (`id_parent`)
) ENGINE=InnoDB AUTO_INCREMENT=229 DEFAULT CHARSET=utf8;

--
-- Dumping data for table `ps_tab`
--

INSERT INTO `ps_tab` VALUES (1,0,'AdminDashboard','',1,1,0),(2,-1,'AdminCms','',0,1,0),(3,-1,'AdminCmsCategories','',1,1,0),(4,-1,'AdminAttributeGenerator','',2,1,0),(5,-1,'AdminSearch','',3,1,0),(6,-1,'AdminLogin','',4,1,0),(7,-1,'AdminShop','',5,1,0),(8,-1,'AdminShopUrl','',6,1,0),(9,0,'AdminCatalog','',2,1,0),(10,0,'AdminParentOrders','',3,1,0),(11,0,'AdminParentCustomer','',4,1,0),(12,0,'AdminPriceRule','',5,1,0),(13,0,'AdminParentModules','',6,1,0),(14,0,'AdminParentShipping','',7,1,0),(15,0,'AdminParentLocalization','',8,1,0),(16,0,'AdminParentPreferences','',9,1,0),(17,0,'AdminTools','',10,1,0),(18,0,'AdminAdmin','',11,1,0),(19,0,'AdminParentStats','',12,1,0),(20,0,'AdminStock','',13,1,0),(21,9,'AdminProducts','',0,1,0),(22,9,'AdminCategories','',1,1,0),(23,9,'AdminTracking','',2,1,0),(24,9,'AdminAttributesGroups','',3,1,0),(25,9,'AdminFeatures','',4,1,0),(26,9,'AdminManufacturers','',5,1,0),(27,9,'AdminSuppliers','',6,1,0),(28,9,'AdminTags','',7,1,0),(29,9,'AdminAttachments','',8,1,0),(30,10,'AdminOrders','',0,1,0),(31,10,'AdminInvoices','',1,1,0),(32,10,'AdminReturn','',2,1,0),(33,10,'AdminDeliverySlip','',3,1,0),(34,10,'AdminSlip','',4,1,0),(35,10,'AdminStatuses','',5,1,0),(36,10,'AdminOrderMessage','',6,1,0),(37,11,'AdminCustomers','',0,1,0),(38,11,'AdminAddresses','',1,1,0),(39,11,'AdminGroups','',2,1,0),(40,11,'AdminCarts','',3,1,0),(41,11,'AdminCustomerThreads','',4,1,0),(42,11,'AdminContacts','',5,1,0),(43,11,'AdminGenders','',6,1,0),(44,11,'AdminOutstanding','',7,0,0),(45,12,'AdminCartRules','',0,1,0),(46,12,'AdminSpecificPriceRule','',1,1,0),(47,12,'AdminMarketing','',2,1,0),(48,14,'AdminCarriers','',0,1,0),(49,14,'AdminShipping','',1,1,0),(50,14,'AdminCarrierWizard','',2,1,0),(51,15,'AdminLocalization','',0,1,0),(52,15,'AdminLanguages','',1,1,0),(53,15,'AdminZones','',2,1,0),(54,15,'AdminCountries','',3,1,0),(55,15,'AdminStates','',4,1,0),(56,15,'AdminCurrencies','',5,1,0),(57,15,'AdminTaxes','',6,1,0),(58,15,'AdminTaxRulesGroup','',7,1,0),(59,15,'AdminTranslations','',8,1,0),(60,13,'AdminModules','',0,1,0),(61,13,'AdminAddonsCatalog','',1,1,0),(62,13,'AdminModulesPositions','',2,1,0),(63,13,'AdminPayment','',3,1,0),(64,16,'AdminPreferences','',0,1,0),(65,16,'AdminOrderPreferences','',1,1,0),(66,16,'AdminPPreferences','',2,1,0),(67,16,'AdminCustomerPreferences','',3,1,0),(68,16,'AdminThemes','',4,1,0),(69,16,'AdminMeta','',5,1,0),(70,16,'AdminCmsContent','',6,1,0),(71,16,'AdminImages','',7,1,0),(72,16,'AdminStores','',8,1,0),(73,16,'AdminSearchConf','',9,1,0),(74,16,'AdminMaintenance','',10,1,0),(75,16,'AdminGeolocation','',11,1,0),(76,17,'AdminInformation','',0,1,0),(77,17,'AdminPerformance','',1,1,0),(78,17,'AdminEmails','',2,1,0),(79,17,'AdminShopGroup','',3,0,0),(80,17,'AdminImport','',4,1,0),(81,17,'AdminBackup','',5,1,0),(82,17,'AdminRequestSql','',6,1,0),(83,17,'AdminLogs','',7,1,0),(84,17,'AdminWebservice','',8,1,0),(85,18,'AdminAdminPreferences','',0,1,0),(86,18,'AdminQuickAccesses','',1,1,0),(87,18,'AdminEmployees','',2,1,0),(88,18,'AdminProfiles','',3,1,0),(89,18,'AdminAccess','',4,1,0),(90,18,'AdminTabs','',5,1,0),(91,19,'AdminStats','',0,1,0),(92,19,'AdminSearchEngines','',1,1,0),(93,19,'AdminReferrers','',2,1,0),(94,20,'AdminWarehouses','',0,1,0),(95,20,'AdminStockManagement','',1,1,0),(96,20,'AdminStockMvt','',2,1,0),(97,20,'AdminStockInstantState','',3,1,0),(98,20,'AdminStockCover','',4,1,0),(99,20,'AdminSupplyOrders','',5,1,0),(100,20,'AdminStockConfiguration','',6,1,0),(101,-1,'AdminBlockCategories','blockcategories',7,1,0),(102,-1,'AdminDashgoals','dashgoals',8,1,0),(103,18,'AdminGamification','gamification',6,1,0),(104,-1,'AdminCronJobs','cronjobs',9,1,0),(105,-1,'AdminThemeConfigurator','themeconfigurator',10,1,0),(106,13,'AdminWaitProducts','belvg_preorderproducts',4,1,0),(218,0,'AdminPrestaEvents','fastmagsync',14,1,0),(219,218,'AdminFastmagParameters','fastmagsync',1,1,0),(220,218,'AdminFastmagSales','fastmagsync',2,1,0),(221,218,'AdminFastmagClients','fastmagsync',3,1,0),(222,218,'AdminFastmagEvents','fastmagsync',4,1,0),(223,218,'AdminPrestaEvents','fastmagsync',5,1,0),(224,219,'AdminFastmagPaymentCode','fastmagsync',1,1,0),(225,219,'AdminFastmagPaymentNature','fastmagsync',2,1,0),(226,219,'AdminFastmagCarrierProduct','fastmagsync',3,1,0),(227,219,'AdminFastmagShopSeller','fastmagsync',4,1,0),(228,219,'AdminFastmagCountryToPriceRules','fastmagsync',5,1,0);

--
-- Table structure for table `ps_tab_advice`
--

CREATE TABLE `ps_tab_advice` (
  `id_tab` int(11) NOT NULL,
  `id_advice` int(11) NOT NULL,
  PRIMARY KEY (`id_tab`,`id_advice`)
) ENGINE=InnoDB DEFAULT CHARSET=utf8;

--
-- Dumping data for table `ps_tab_advice`
--

INSERT INTO `ps_tab_advice` VALUES (0,33),(0,94),(0,155),(0,211),(0,277),(0,343),(0,409),(0,475),(0,541),(1,9),(1,10),(1,11),(1,12),(1,13),(1,28),(1,38),(1,39),(1,40),(1,41),(1,42),(1,43),(1,44),(1,45),(1,46),(1,47),(1,48),(1,49),(1,50),(1,51),(1,52),(1,53),(1,54),(1,55),(1,56),(1,57),(1,58),(1,59),(1,60),(1,61),(1,70),(1,71),(1,72),(1,73),(1,74),(1,89),(1,99),(1,100),(1,101),(1,102),(1,103),(1,104),(1,105),(1,106),(1,107),(1,108),(1,109),(1,110),(1,111),(1,112),(1,113),(1,114),(1,115),(1,116),(1,117),(1,118),(1,119),(1,120),(1,121),(1,122),(1,131),(1,132),(1,133),(1,134),(1,135),(1,150),(1,160),(1,161),(1,162),(1,163),(1,164),(1,165),(1,166),(1,167),(1,168),(1,169),(1,170),(1,171),(1,172),(1,173),(1,174),(1,175),(1,176),(1,177),(1,178),(1,179),(1,180),(1,181),(1,182),(1,183),(1,187),(1,188),(1,189),(1,190),(1,191),(1,206),(1,216),(1,220),(1,221),(1,222),(1,223),(1,224),(1,225),(1,226),(1,227),(1,228),(1,229),(1,230),(1,231),(1,232),(1,233),(1,234),(1,235),(1,238),(1,239),(1,240),(1,244),(1,245),(1,246),(1,248),(1,253),(1,254),(1,255),(1,256),(1,257),(1,272),(1,282),(1,286),(1,287),(1,288),(1,289),(1,290),(1,291),(1,292),(1,293),(1,294),(1,295),(1,296),(1,297),(1,298),(1,299),(1,300),(1,301),(1,304),(1,305),(1,306),(1,310),(1,311),(1,312),(1,314),(1,319),(1,320),(1,321),(1,322),(1,323),(1,338),(1,348),(1,352),(1,353),(1,354),(1,355),(1,356),(1,357),(1,358),(1,359),(1,360),(1,361),(1,362),(1,363),(1,364),(1,365),(1,366),(1,367),(1,370),(1,371),(1,372),(1,376),(1,377),(1,378),(1,380),(1,385),(1,386),(1,387),(1,388),(1,389),(1,404),(1,414),(1,418),(1,419),(1,420),(1,421),(1,422),(1,423),(1,424),(1,425),(1,426),(1,427),(1,428),(1,429),(1,430),(1,431),(1,432),(1,433),(1,436),(1,437),(1,438),(1,442),(1,443),(1,444),(1,446),(1,451),(1,452),(1,453),(1,454),(1,455),(1,470),(1,480),(1,484),(1,485),(1,486),(1,487),(1,488),(1,489),(1,490),(1,491),(1,492),(1,493),(1,494),(1,495),(1,496),(1,497),(1,498),(1,499),(1,502),(1,503),(1,504),(1,508),(1,509),(1,510),(1,512),(1,517),(1,518),(1,519),(1,520),(1,521),(1,536),(1,546),(1,550),(1,551),(1,552),(1,553),(1,554),(1,555),(1,556),(1,557),(1,558),(1,559),(1,560),(1,561),(1,562),(1,563),(1,564),(1,565),(1,568),(1,569),(1,570),(1,574),(1,575),(1,576),(1,578),(9,16),(9,77),(9,138),(9,194),(9,260),(9,326),(9,392),(9,458),(9,524),(21,1),(21,2),(21,3),(21,4),(21,14),(21,16),(21,17),(21,26),(21,36),(21,37),(21,62),(21,63),(21,64),(21,65),(21,75),(21,77),(21,78),(21,87),(21,97),(21,98),(21,123),(21,124),(21,125),(21,126),(21,136),(21,138),(21,139),(21,148),(21,158),(21,159),(21,192),(21,194),(21,195),(21,204),(21,214),(21,215),(21,218),(21,219),(21,237),(21,241),(21,242),(21,247),(21,258),(21,260),(21,261),(21,270),(21,280),(21,281),(21,284),(21,285),(21,303),(21,307),(21,308),(21,313),(21,324),(21,326),(21,327),(21,336),(21,346),(21,347),(21,350),(21,351),(21,369),(21,373),(21,374),(21,379),(21,390),(21,392),(21,393),(21,402),(21,412),(21,413),(21,416),(21,417),(21,435),(21,439),(21,440),(21,445),(21,456),(21,458),(21,459),(21,468),(21,478),(21,479),(21,482),(21,483),(21,501),(21,505),(21,506),(21,511),(21,522),(21,524),(21,525),(21,534),(21,544),(21,545),(21,548),(21,549),(21,567),(21,571),(21,572),(21,577),(22,14),(22,18),(22,25),(22,29),(22,75),(22,79),(22,86),(22,90),(22,136),(22,140),(22,147),(22,151),(22,192),(22,196),(22,203),(22,207),(22,258),(22,262),(22,269),(22,273),(22,324),(22,328),(22,335),(22,339),(22,390),(22,394),(22,401),(22,405),(22,456),(22,460),(22,467),(22,471),(22,522),(22,526),(22,533),(22,537),(23,18),(23,25),(23,29),(23,79),(23,86),(23,90),(23,140),(23,147),(23,151),(23,196),(23,203),(23,207),(23,262),(23,269),(23,273),(23,328),(23,335),(23,339),(23,394),(23,401),(23,405),(23,460),(23,467),(23,471),(23,526),(23,533),(23,537),(30,7),(30,8),(30,14),(30,25),(30,29),(30,68),(30,69),(30,75),(30,86),(30,90),(30,129),(30,130),(30,136),(30,147),(30,151),(30,185),(30,186),(30,192),(30,203),(30,207),(30,241),(30,251),(30,252),(30,258),(30,269),(30,273),(30,307),(30,317),(30,318),(30,324),(30,335),(30,339),(30,373),(30,383),(30,384),(30,390),(30,401),(30,405),(30,439),(30,449),(30,450),(30,456),(30,467),(30,471),(30,505),(30,515),(30,516),(30,522),(30,533),(30,537),(30,571),(31,14),(31,75),(31,136),(31,192),(31,258),(31,324),(31,390),(31,456),(31,522),(33,217),(33,283),(33,349),(33,415),(33,481),(33,547),(37,1),(37,3),(37,5),(37,14),(37,62),(37,64),(37,66),(37,75),(37,123),(37,125),(37,127),(37,136),(37,192),(37,218),(37,236),(37,237),(37,243),(37,258),(37,284),(37,302),(37,303),(37,309),(37,324),(37,350),(37,368),(37,369),(37,375),(37,390),(37,416),(37,434),(37,435),(37,441),(37,456),(37,482),(37,500),(37,501),(37,507),(37,522),(37,548),(37,566),(37,567),(37,573),(39,15),(39,76),(39,137),(39,193),(39,259),(39,325),(39,391),(39,457),(39,523),(41,236),(41,302),(41,368),(41,434),(41,500),(41,566),(47,1),(47,3),(47,62),(47,64),(47,123),(47,125),(47,218),(47,237),(47,284),(47,303),(47,350),(47,369),(47,416),(47,435),(47,482),(47,501),(47,548),(47,567),(48,2),(48,6),(48,37),(48,63),(48,67),(48,98),(48,124),(48,128),(48,159),(48,184),(48,215),(48,219),(48,250),(48,281),(48,285),(48,316),(48,347),(48,351),(48,382),(48,413),(48,417),(48,448),(48,479),(48,483),(48,514),(48,545),(48,549),(49,217),(49,283),(49,349),(49,415),(49,481),(49,547),(51,34),(51,95),(51,156),(51,212),(51,278),(51,344),(51,410),(51,476),(51,542),(53,30),(53,91),(53,152),(53,208),(53,274),(53,340),(53,406),(53,472),(53,538),(56,34),(56,95),(56,156),(56,212),(56,278),(56,344),(56,410),(56,476),(56,542),(59,16),(59,27),(59,77),(59,88),(59,138),(59,149),(59,194),(59,205),(59,260),(59,271),(59,326),(59,337),(59,392),(59,403),(59,458),(59,469),(59,524),(59,535),(63,31),(63,92),(63,153),(63,209),(63,249),(63,275),(63,315),(63,341),(63,381),(63,407),(63,447),(63,473),(63,513),(63,539),(63,579),(65,32),(65,93),(65,154),(65,210),(65,276),(65,342),(65,408),(65,474),(65,540),(67,34),(67,95),(67,156),(67,212),(67,278),(67,344),(67,410),(67,476),(67,542),(68,35),(68,96),(68,157),(68,213),(68,279),(68,345),(68,411),(68,477),(68,543),(69,17),(69,78),(69,139),(69,195),(69,261),(69,327),(69,393),(69,459),(69,525),(71,15),(71,76),(71,137),(71,193),(71,259),(71,325),(71,391),(71,457),(71,523),(76,19),(76,80),(76,141),(76,197),(76,263),(76,329),(76,395),(76,461),(76,527),(77,20),(77,81),(77,142),(77,198),(77,264),(77,330),(77,396),(77,462),(77,528),(78,15),(78,76),(78,137),(78,193),(78,259),(78,325),(78,391),(78,457),(78,523),(81,15),(81,16),(81,21),(81,76),(81,77),(81,82),(81,137),(81,138),(81,143),(81,193),(81,194),(81,199),(81,259),(81,260),(81,265),(81,325),(81,326),(81,331),(81,391),(81,392),(81,397),(81,457),(81,458),(81,463),(81,523),(81,524),(81,529),(82,22),(82,83),(82,144),(82,200),(82,266),(82,332),(82,398),(82,464),(82,530),(83,23),(83,84),(83,145),(83,201),(83,267),(83,333),(83,399),(83,465),(83,531),(84,24),(84,85),(84,146),(84,202),(84,268),(84,334),(84,400),(84,466),(84,532),(91,15),(91,18),(91,26),(91,76),(91,79),(91,87),(91,137),(91,140),(91,148),(91,193),(91,196),(91,204),(91,259),(91,262),(91,270),(91,325),(91,328),(91,336),(91,391),(91,394),(91,402),(91,457),(91,460),(91,468),(91,523),(91,526),(91,534),(93,26),(93,87),(93,148),(93,204),(93,270),(93,336),(93,402),(93,468),(93,534);

--
-- Table structure for table `ps_tab_lang`
--

CREATE TABLE `ps_tab_lang` (
  `id_tab` int(10) unsigned NOT NULL,
  `id_lang` int(10) unsigned NOT NULL,
  `name` varchar(64) DEFAULT NULL,
  PRIMARY KEY (`id_tab`,`id_lang`)
) ENGINE=InnoDB DEFAULT CHARSET=utf8;

--
-- Dumping data for table `ps_tab_lang`
--

INSERT INTO `ps_tab_lang` VALUES (1,1,'Tableau de bord'),(1,2,'Dashboard'),(1,3,'Dashboard'),(1,4,'Inicio'),(1,5,'Inicio'),(2,1,'Pages et Catégories CMS'),(2,2,'CMS Pages'),(2,3,'CMS Pages'),(2,4,'Páginas estáticas/CMS'),(2,5,'Páginas estáticas/CMS'),(3,1,'Pages et Catégories CMS'),(3,2,'CMS Categories'),(3,3,'CMS Categories'),(3,4,'Categorías CMS'),(3,5,'Categorías CMS'),(4,1,'Générateur de déclinaisons'),(4,2,'Combinations Generator'),(4,3,'Combinations Generator'),(4,4,'Generador de combinaciones'),(4,5,'Generador de Combinaciones'),(5,1,'Rechercher'),(5,2,'Search'),(5,3,'Search'),(5,4,'Buscar'),(5,5,'Buscar'),(6,1,'Identifiant'),(6,2,'Login'),(6,3,'Login'),(6,4,'Ingresar'),(6,5,'Identifíquese'),(7,1,'Boutiques'),(7,2,'Shops'),(7,3,'Shops'),(7,4,'Tiendas'),(7,5,'Tiendas'),(8,1,'URL des boutiques'),(8,2,'Shop URLs'),(8,3,'Shop URLs'),(8,4,'URLs/Direcciones de la tienda'),(8,5,'URLs/Direcciones de la tienda'),(9,1,'Catalogue'),(9,2,'Catalog'),(9,3,'Catalog'),(9,4,'Catálogo'),(9,5,'Catálogo'),(10,1,'Commandes'),(10,2,'Orders'),(10,3,'Orders'),(10,4,'Pedidos'),(10,5,'Pedidos'),(11,1,'Clients'),(11,2,'Customers'),(11,3,'Customers'),(11,4,'Clientes'),(11,5,'Clientes'),(12,1,'Promotions'),(12,2,'Price Rules'),(12,3,'Price Rules'),(12,4,'Reglas de Descuentos'),(12,5,'Reglas de Descuentos'),(13,1,'Modules'),(13,2,'Modules'),(13,3,'Modules'),(13,4,'Módulos'),(13,5,'Módulos'),(14,1,'Livraison'),(14,2,'Shipping'),(14,3,'Shipping'),(14,4,'Transporte'),(14,5,'Transporte'),(15,1,'Localisation'),(15,2,'Localization'),(15,3,'Localization'),(15,4,'Localización'),(15,5,'Localización'),(16,1,'Préférences'),(16,2,'Preferences'),(16,3,'Preferences'),(16,4,'Preferencias'),(16,5,'Preferencias'),(17,1,'Paramètres avancés'),(17,2,'Advanced Parameters'),(17,3,'Advanced Parameters'),(17,4,'Parámetros Avanzados'),(17,5,'Parámetros Avanzados'),(18,1,'Administration'),(18,2,'Administration'),(18,3,'Administration'),(18,4,'Administración'),(18,5,'Administración'),(19,1,'Statistiques'),(19,2,'Stats'),(19,3,'Stats'),(19,4,'Estadísticas'),(19,5,'Estadísticas'),(20,1,'Stock'),(20,2,'Stock'),(20,3,'Stock'),(20,4,'Existencias'),(20,5,'Existencias'),(21,1,'Produits'),(21,2,'Products'),(21,3,'Products'),(21,4,'Productos'),(21,5,'Productos'),(22,1,'Catégories'),(22,2,'Categories'),(22,3,'Categories'),(22,4,'CategorÃ­as'),(22,5,'Categorías'),(23,1,'Suivi'),(23,2,'Monitoring'),(23,3,'Monitoring'),(23,4,'Monitoreo'),(23,5,'Monitoreo'),(24,1,'Attributs des produits'),(24,2,'Product Attributes'),(24,3,'Product Attributes'),(24,4,'Atributos de productos'),(24,5,'Atributos de productos'),(25,1,'Caractéristiques'),(25,2,'Product Features'),(25,3,'Product Features'),(25,4,'Características de productos'),(25,5,'Características de productos'),(26,1,'Fabricants'),(26,2,'Manufacturers'),(26,3,'Manufacturers'),(26,4,'Marcas'),(26,5,'Fabricantes'),(27,1,'Fournisseurs'),(27,2,'Suppliers'),(27,3,'Suppliers'),(27,4,'Proveedores'),(27,5,'Proveedores'),(28,1,'Mots-clés'),(28,2,'Tags'),(28,3,'Tags'),(28,4,'Etiquetas'),(28,5,'Etiquetas'),(29,1,'Documents joints'),(29,2,'Attachments'),(29,3,'Attachments'),(29,4,'Adjuntos'),(29,5,'Adjuntos'),(30,1,'Commandes'),(30,2,'Orders'),(30,3,'Orders'),(30,4,'Pedidos'),(30,5,'Pedidos'),(31,1,'Factures'),(31,2,'Invoices'),(31,3,'Invoices'),(31,4,'Facturas'),(31,5,'Facturas'),(32,1,'Retours produits'),(32,2,'Merchandise Returns'),(32,3,'Merchandise Returns'),(32,4,'Devoluciones de mercancía'),(32,5,'Devoluciones de mercancía'),(33,1,'Bons de livraison'),(33,2,'Delivery Slips'),(33,3,'Delivery Slips'),(33,4,'Comprobantes de Entrega'),(33,5,'Comprobantes de Entrega'),(34,1,'Avoirs'),(34,2,'Credit Slips'),(34,3,'Credit Slips'),(34,4,'Notas de Crédito'),(34,5,'Notas de Crédito'),(35,1,'États'),(35,2,'Statuses'),(35,3,'Statuses'),(35,4,'Estados'),(35,5,'Estados'),(36,1,'Messages prédéfinis'),(36,2,'Order Messages'),(36,3,'Order Messages'),(36,4,'Mensajes de Pedidos'),(36,5,'Mensajes de Pedidos'),(37,1,'Clients'),(37,2,'Customers'),(37,3,'Customers'),(37,4,'Clientes'),(37,5,'Clientes'),(38,1,'Adresses'),(38,2,'Addresses'),(38,3,'Addresses'),(38,4,'Direcciones'),(38,5,'Direcciones'),(39,1,'Groupes'),(39,2,'Groups'),(39,3,'Groups'),(39,4,'Grupos'),(39,5,'Grupos'),(40,1,'Paniers'),(40,2,'Shopping Carts'),(40,3,'Shopping Carts'),(40,4,'Carros de compra'),(40,5,'Carros de compra'),(41,1,'SAV'),(41,2,'Customer Service'),(41,3,'Customer Service'),(41,4,'Servicio al cliente'),(41,5,'Servicio al cliente'),(42,1,'Contacts'),(42,2,'Contacts'),(42,3,'Contacts'),(42,4,'Contactos'),(42,5,'Contacto'),(43,1,'Titres de civilité'),(43,2,'Titles'),(43,3,'Titles'),(43,4,'Títulos'),(43,5,'Tratamientos'),(44,1,'Encours autorisés'),(44,2,'Outstanding'),(44,3,'Outstanding'),(44,4,'Sorprendente'),(44,5,'Sorprendente'),(45,1,'Règles panier'),(45,2,'Cart Rules'),(45,3,'Cart Rules'),(45,4,'Reglas del carrito'),(45,5,'Vales descuento'),(46,1,'Règles de prix catalogue'),(46,2,'Catalog Price Rules'),(46,3,'Catalog Price Rules'),(46,4,'Reglas de precios'),(46,5,'Reglas del catálogo'),(47,1,'Marketing'),(47,2,'Marketing'),(47,3,'Marketing'),(47,4,'Márketing'),(47,5,'Márketing'),(48,1,'Transporteurs'),(48,2,'Carriers'),(48,3,'Carriers'),(48,4,'Empresas de Enví­os'),(48,5,'Transportistas'),(49,1,'Préférences'),(49,2,'Preferences'),(49,3,'Preferences'),(49,4,'Preferencias'),(49,5,'Preferencias'),(50,1,'Transporteur'),(50,2,'Carrier'),(50,3,'Carrier'),(50,4,'Transporte'),(50,5,'Transportista'),(51,1,'Localisation'),(51,2,'Localization'),(51,3,'Localization'),(51,4,'Localización'),(51,5,'Localización'),(52,1,'Langues'),(52,2,'Languages'),(52,3,'Languages'),(52,4,'Idiomas'),(52,5,'Idiomas'),(53,1,'Zones'),(53,2,'Zones'),(53,3,'Zones'),(53,4,'Zonas'),(53,5,'Zona'),(54,1,'Pays'),(54,2,'Countries'),(54,3,'Countries'),(54,4,'Paises'),(54,5,'Países'),(55,1,'États'),(55,2,'States'),(55,3,'States'),(55,4,'Estado'),(55,5,'Provincias'),(56,1,'Devises'),(56,2,'Currencies'),(56,3,'Currencies'),(56,4,'Monedas'),(56,5,'Monedas'),(57,1,'Taxes'),(57,2,'Taxes'),(57,3,'Taxes'),(57,4,'Impuestos'),(57,5,'Impuestos'),(58,1,'Règles de taxes'),(58,2,'Tax Rules'),(58,3,'Tax Rules'),(58,4,'Reglas de impuestos'),(58,5,'Reglas de impuestos'),(59,1,'Traductions'),(59,2,'Translations'),(59,3,'Translations'),(59,4,'Traducciones'),(59,5,'Traducciones'),(60,1,'Modules'),(60,2,'Modules'),(60,3,'Modules'),(60,4,'Módulos'),(60,5,'Módulos'),(61,1,'Catalogue de Modules et Thèmes'),(61,2,'Modules & Themes Catalog'),(61,3,'Modules & Themes Catalog'),(61,4,'Módulos y Catálogo de temas'),(61,5,'Módulos y Catálogo de temas'),(62,1,'Positions'),(62,2,'Positions'),(62,3,'Positions'),(62,4,'Posiciones'),(62,5,'Posiciones de los módulos'),(63,1,'Paiement'),(63,2,'Payment'),(63,3,'Payment'),(63,4,'Pago'),(63,5,'Pago'),(64,1,'Paramètres généraux'),(64,2,'General'),(64,3,'General'),(64,4,'Général'),(64,5,'Configuración'),(65,1,'Commandes'),(65,2,'Orders'),(65,3,'Orders'),(65,4,'Pedidos'),(65,5,'Pedidos'),(66,1,'Produits'),(66,2,'Products'),(66,3,'Products'),(66,4,'Productos'),(66,5,'Productos'),(67,1,'Clients'),(67,2,'Customers'),(67,3,'Customers'),(67,4,'Clientes'),(67,5,'Clientes'),(68,1,'Thèmes'),(68,2,'Themes'),(68,3,'Themes'),(68,4,'Temas'),(68,5,'Temas'),(69,1,'SEO & URL'),(69,2,'SEO & URLs'),(69,3,'SEO & URLs'),(69,4,'SEO + URLs'),(69,5,'SEO + URLs'),(70,1,'CMS'),(70,2,'CMS'),(70,3,'CMS'),(70,4,'CMS'),(70,5,'CMS'),(71,1,'Images'),(71,2,'Images'),(71,3,'Images'),(71,4,'Imágenes'),(71,5,'Imágenes'),(72,1,'Coordonnées et magasins'),(72,2,'Store Contacts'),(72,3,'Store Contacts'),(72,4,'Contactos de la tienda'),(72,5,'Contactos de la tienda'),(73,1,'Rechercher'),(73,2,'Search'),(73,3,'Search'),(73,4,'Buscar'),(73,5,'Buscar'),(74,1,'Maintenance'),(74,2,'Maintenance'),(74,3,'Maintenance'),(74,4,'Mantenimiento'),(74,5,'Mantenimiento'),(75,1,'Géolocalisation'),(75,2,'Geolocation'),(75,3,'Geolocation'),(75,4,'Geolocalización'),(75,5,'Geolocalización'),(76,1,'Informations'),(76,2,'Configuration Information'),(76,3,'Configuration Information'),(76,4,'Información'),(76,5,'Información'),(77,1,'Performances'),(77,2,'Performance'),(77,3,'Performance'),(77,4,'Performances'),(77,5,'Rendimiento'),(78,1,'E-mail'),(78,2,'E-mail'),(78,3,'E-mail'),(78,4,'Email'),(78,5,'Correo Electrónico'),(79,1,'Multiboutique'),(79,2,'Multistore'),(79,3,'Multistore'),(79,4,'Multitienda'),(79,5,'Multitienda'),(80,1,'Imports CSV'),(80,2,'CSV Import'),(80,3,'CSV Import'),(80,4,'Importar CSV'),(80,5,'Importar CSV'),(81,1,'Sauvegarde BDD'),(81,2,'DB Backup'),(81,3,'DB Backup'),(81,4,'Respaldar BD'),(81,5,'Respaldar BD'),(82,1,'Gestionnaire SQL'),(82,2,'SQL Manager'),(82,3,'SQL Manager'),(82,4,'Gestor SQL'),(82,5,'Gestor SQL'),(83,1,'Logs'),(83,2,'Logs'),(83,3,'Logs'),(83,4,'Registros/Logs'),(83,5,'Registros/Logs'),(84,1,'Webservice'),(84,2,'Webservice'),(84,3,'Webservice'),(84,4,'Webservice'),(84,5,'Webservice'),(85,1,'Préférences'),(85,2,'Preferences'),(85,3,'Preferences'),(85,4,'Preferencias'),(85,5,'Preferencias'),(86,1,'Accès rapide'),(86,2,'Quick Access'),(86,3,'Quick Access'),(86,4,'Acceso rápido'),(86,5,'Acceso rápido'),(87,1,'Employés'),(87,2,'Employees'),(87,3,'Employees'),(87,4,'Empleados'),(87,5,'Empleados'),(88,1,'Profils'),(88,2,'Profiles'),(88,3,'Profiles'),(88,4,'Perfiles'),(88,5,'Perfiles'),(89,1,'Permissions'),(89,2,'Permissions'),(89,3,'Permissions'),(89,4,'Permisos'),(89,5,'Permisos'),(90,1,'Menus'),(90,2,'Menus'),(90,3,'Menus'),(90,4,'Pestañas'),(90,5,'Menús'),(91,1,'Statistiques'),(91,2,'Stats'),(91,3,'Stats'),(91,4,'Estadísticas'),(91,5,'Estadísticas'),(92,1,'Moteurs de recherche'),(92,2,'Search Engines'),(92,3,'Search Engines'),(92,4,'Motores de búsqueda'),(92,5,'Motores de búsqueda'),(93,1,'Affiliés'),(93,2,'Referrers'),(93,3,'Referrers'),(93,4,'Afiliados'),(93,5,'Afiliados'),(94,1,'Entrepôts'),(94,2,'Warehouses'),(94,3,'Warehouses'),(94,4,'Depósitos'),(94,5,'Almacenes'),(95,1,'Gestion du stock'),(95,2,'Stock Management'),(95,3,'Stock Management'),(95,4,'Administración de stock'),(95,5,'Gestión de existencias'),(96,1,'Mouvements de stock'),(96,2,'Stock Movement'),(96,3,'Stock Movement'),(96,4,'Movimiento de Stock'),(96,5,'Movimiento de Stock'),(97,1,'État instantané du stock'),(97,2,'Instant Stock Status'),(97,3,'Instant Stock Status'),(97,4,'Estado de stock instantáneo'),(97,5,'Estado inmediato de existencias'),(98,1,'Couverture du stock'),(98,2,'Stock Coverage'),(98,3,'Stock Coverage'),(98,4,'Cobertura de stock'),(98,5,'Cobertura de stock'),(99,1,'Commandes fournisseurs'),(99,2,'Supply orders'),(99,3,'Supply orders'),(99,4,'Pedidos de materiales'),(99,5,'Pedidos de materiales'),(100,1,'Paramètres'),(100,2,'Configuration'),(100,3,'Configuration'),(100,4,'Configuración'),(100,5,'Configuración'),(101,1,'BlockCategories'),(101,2,'BlockCategories'),(101,3,'BlockCategories'),(101,4,'Bloque Categorías'),(101,5,'Bloque Categorías'),(102,1,'Dashgoals'),(102,2,'Dashgoals'),(102,3,'Dashgoals'),(102,4,'Dashgoals'),(102,5,'Dashgoals'),(103,1,'Merchant Expertise'),(103,2,'Merchant Expertise'),(103,3,'Merchant Expertise'),(103,4,'Experiencia Comercial'),(103,5,'Experiencia Comercial'),(104,1,'Cron Jobs'),(104,2,'Cron Jobs'),(104,3,'Cron Jobs'),(104,4,'Cron Jobs'),(104,5,'Tareas CRON'),(105,1,'themeconfigurator'),(105,3,'themeconfigurator'),(105,4,'themeconfigurator'),(105,5,'Configurador del tema'),(106,1,'Waiting list'),(106,3,'Waiting list'),(218,1,'Fastmag Sync'),(218,3,'Fastmag Sync'),(219,1,'Paramètres'),(219,3,'Paramètres'),(220,1,'Ventes Synchronisées'),(220,3,'Ventes Synchronisées'),(221,1,'Clients Synchronisées'),(221,3,'Clients Synchronisées'),(222,1,'A traiter vers fastmag'),(222,3,'A traiter vers fastmag'),(223,1,'A traiter vers prestashop'),(223,3,'A traiter vers prestashop'),(224,1,'Code réglement'),(224,3,'Code réglement'),(225,1,'Nature transaction'),(225,3,'Nature transaction'),(226,1,'Transport'),(226,3,'Transport'),(227,1,'Vendeurs/Stocks'),(227,3,'Vendeurs/Stocks'),(228,1,'Pays/Tarifs'),(228,3,'Pays/Tarifs');

--
-- Table structure for table `ps_tab_module_preference`
--

CREATE TABLE `ps_tab_module_preference` (
  `id_tab_module_preference` int(11) NOT NULL AUTO_INCREMENT,
  `id_employee` int(11) NOT NULL,
  `id_tab` int(11) NOT NULL,
  `module` varchar(255) NOT NULL,
  PRIMARY KEY (`id_tab_module_preference`),
  UNIQUE KEY `employee_module` (`id_employee`,`id_tab`,`module`)
) ENGINE=InnoDB DEFAULT CHARSET=utf8;

--
-- Dumping data for table `ps_tab_module_preference`
--


--
-- Table structure for table `ps_tag`
--

CREATE TABLE `ps_tag` (
  `id_tag` int(10) unsigned NOT NULL AUTO_INCREMENT,
  `id_lang` int(10) unsigned NOT NULL,
  `name` varchar(32) NOT NULL,
  PRIMARY KEY (`id_tag`),
  KEY `tag_name` (`name`),
  KEY `id_lang` (`id_lang`)
) ENGINE=InnoDB AUTO_INCREMENT=49 DEFAULT CHARSET=utf8;

--
-- Dumping data for table `ps_tag`
--

INSERT INTO `ps_tag` VALUES (41,1,'robe'),(43,1,'craie'),(46,3,'craie'),(47,1,'sac à dos'),(48,3,'sac à dos');

--
-- Table structure for table `ps_tax`
--

CREATE TABLE `ps_tax` (
  `id_tax` int(10) unsigned NOT NULL AUTO_INCREMENT,
  `rate` decimal(10,3) NOT NULL,
  `active` tinyint(1) unsigned NOT NULL DEFAULT '1',
  `deleted` tinyint(1) unsigned NOT NULL DEFAULT '0',
  PRIMARY KEY (`id_tax`)
) ENGINE=InnoDB AUTO_INCREMENT=61 DEFAULT CHARSET=utf8;

--
-- Dumping data for table `ps_tax`
--

INSERT INTO `ps_tax` VALUES (1,'20.000',1,0),(2,'10.000',1,0),(3,'5.500',1,0),(4,'2.100',1,0),(5,'20.000',0,0),(6,'5.000',0,0),(7,'21.000',0,0),(8,'10.500',0,0),(9,'4.000',0,0),(10,'0.000',0,0),(11,'6.600',0,0),(12,'6.000',0,0),(13,'8.250',0,0),(14,'2.900',0,0),(15,'0.000',0,0),(16,'0.000',0,0),(17,'6.000',0,0),(18,'4.000',0,0),(19,'4.000',0,0),(20,'6.000',0,0),(21,'6.250',0,0),(22,'7.000',0,0),(23,'6.000',0,0),(24,'5.300',0,0),(25,'6.000',0,0),(26,'4.000',0,0),(27,'5.000',0,0),(28,'6.000',0,0),(29,'6.250',0,0),(30,'6.000',0,0),(31,'6.875',0,0),(32,'7.000',0,0),(33,'4.225',0,0),(34,'0.000',0,0),(35,'5.500',0,0),(36,'6.850',0,0),(37,'0.000',0,0),(38,'7.000',0,0),(39,'5.125',0,0),(40,'4.000',0,0),(41,'5.500',0,0),(42,'5.000',0,0),(43,'5.500',0,0),(44,'4.500',0,0),(45,'0.000',0,0),(46,'6.000',0,0),(47,'7.000',0,0),(48,'6.000',0,0),(49,'4.000',0,0),(50,'7.000',0,0),(51,'6.250',0,0),(52,'4.750',0,0),(53,'6.000',0,0),(54,'4.000',0,0),(55,'6.500',0,0),(56,'6.000',0,0),(57,'5.000',0,0),(58,'4.000',0,0),(59,'5.500',0,0),(60,'6.000',0,0);

--
-- Table structure for table `ps_tax_lang`
--

CREATE TABLE `ps_tax_lang` (
  `id_tax` int(10) unsigned NOT NULL,
  `id_lang` int(10) unsigned NOT NULL,
  `name` varchar(32) NOT NULL,
  PRIMARY KEY (`id_tax`,`id_lang`)
) ENGINE=InnoDB DEFAULT CHARSET=utf8;

--
-- Dumping data for table `ps_tax_lang`
--

INSERT INTO `ps_tax_lang` VALUES (1,1,'TVA FR 20%'),(1,2,'TVA FR 20%'),(1,3,'TVA FR 20%'),(1,4,'TVA FR 20%'),(1,5,'TVA FR 20%'),(2,1,'TVA FR 10%'),(2,2,'TVA FR 10%'),(2,3,'TVA FR 10%'),(2,4,'TVA FR 10%'),(2,5,'TVA FR 10%'),(3,1,'TVA FR 5.5%'),(3,2,'TVA FR 5.5%'),(3,3,'TVA FR 5.5%'),(3,4,'TVA FR 5.5%'),(3,5,'TVA FR 5.5%'),(4,1,'TVA FR 2.1%'),(4,2,'TVA FR 2.1%'),(4,3,'TVA FR 2.1%'),(4,4,'TVA FR 2.1%'),(4,5,'TVA FR 2.1%'),(5,1,'VAT UK 20%'),(5,2,'VAT UK 20%'),(5,3,'VAT UK 20%'),(5,4,'VAT UK 20%'),(5,5,'VAT UK 20%'),(6,1,'VAT UK 5%'),(6,2,'VAT UK 5%'),(6,3,'VAT UK 5%'),(6,4,'VAT UK 5%'),(6,5,'VAT UK 5%'),(7,1,'IVA AR 21%'),(7,3,'IVA AR 21%'),(7,4,'IVA AR 21%'),(7,5,'IVA AR 21%'),(8,1,'IVA AR 10.5%'),(8,3,'IVA AR 10.5%'),(8,4,'IVA AR 10.5%'),(8,5,'IVA AR 10.5%'),(9,1,'Sales-taxes US-AL 4%'),(9,3,'Sales-taxes US-AL 4%'),(10,1,'Sales-taxes US-AK 0%'),(10,3,'Sales-taxes US-AK 0%'),(11,1,'Sales-taxes US-AZ 6.6%'),(11,3,'Sales-taxes US-AZ 6.6%'),(12,1,'Sales-taxes US-AR 6%'),(12,3,'Sales-taxes US-AR 6%'),(13,1,'Sales-taxes US-CA 8.25%'),(13,3,'Sales-taxes US-CA 8.25%'),(14,1,'Sales-taxes US-CO 2.9%'),(14,3,'Sales-taxes US-CO 2.9%'),(15,1,'Sales-taxes US-CT 0%'),(15,3,'Sales-taxes US-CT 0%'),(16,1,'Sales-taxes US-DE 0%'),(16,3,'Sales-taxes US-DE 0%'),(17,1,'Sales-taxes US-FL 6%'),(17,3,'Sales-taxes US-FL 6%'),(18,1,'Sales-taxes US-GA 4%'),(18,3,'Sales-taxes US-GA 4%'),(19,1,'Sales-taxes US-HI 4%'),(19,3,'Sales-taxes US-HI 4%'),(20,1,'Sales-taxes US-ID 6%'),(20,3,'Sales-taxes US-ID 6%'),(21,1,'Sales-taxes US-IL 6.25%'),(21,3,'Sales-taxes US-IL 6.25%'),(22,1,'Sales-taxes US-IN 7%'),(22,3,'Sales-taxes US-IN 7%'),(23,1,'Sales-taxes US-IA 6%'),(23,3,'Sales-taxes US-IA 6%'),(24,1,'Sales-taxes US-KS 5.3%'),(24,3,'Sales-taxes US-KS 5.3%'),(25,1,'Sales-taxes US-KY 6%'),(25,3,'Sales-taxes US-KY 6%'),(26,1,'Sales-taxes US-LA 4%'),(26,3,'Sales-taxes US-LA 4%'),(27,1,'Sales-taxes US-ME 5%'),(27,3,'Sales-taxes US-ME 5%'),(28,1,'Sales-taxes US-MD 6%'),(28,3,'Sales-taxes US-MD 6%'),(29,1,'Sales-taxes US-MA 6.25%'),(29,3,'Sales-taxes US-MA 6.25%'),(30,1,'Sales-taxes US-MI 6%'),(30,3,'Sales-taxes US-MI 6%'),(31,1,'Sales-taxes US-MN 6.875%'),(31,3,'Sales-taxes US-MN 6.875%'),(32,1,'Sales-taxes US-MS 7%'),(32,3,'Sales-taxes US-MS 7%'),(33,1,'Sales-taxes US-MO 4.225%'),(33,3,'Sales-taxes US-MO 4.225%'),(34,1,'Sales-taxes US-MT 0.0%'),(34,3,'Sales-taxes US-MT 0.0%'),(35,1,'Sales-taxes US-NE 5.5%'),(35,3,'Sales-taxes US-NE 5.5%'),(36,1,'Sales-taxes US-NV 6.85%'),(36,3,'Sales-taxes US-NV 6.85%'),(37,1,'Sales-taxes US-NH 0%'),(37,3,'Sales-taxes US-NH 0%'),(38,1,'Sales-taxes US-NJ 7%'),(38,3,'Sales-taxes US-NJ 7%'),(39,1,'Sales-taxes US-NM 5.125%'),(39,3,'Sales-taxes US-NM 5.125%'),(40,1,'Sales-taxes US-NY 4%'),(40,3,'Sales-taxes US-NY 4%'),(41,1,'Sales-taxes US-NC 5.5%'),(41,3,'Sales-taxes US-NC 5.5%'),(42,1,'Sales-taxes US-ND 5%'),(42,3,'Sales-taxes US-ND 5%'),(43,1,'Sales-taxes US-OH 5.5%'),(43,3,'Sales-taxes US-OH 5.5%'),(44,1,'Sales-taxes US-OK 4.5%'),(44,3,'Sales-taxes US-OK 4.5%'),(45,1,'Sales-taxes US-OR 0%'),(45,3,'Sales-taxes US-OR 0%'),(46,1,'Sales-taxes US-PA 6%'),(46,3,'Sales-taxes US-PA 6%'),(47,1,'Sales-taxes US-RI 7%'),(47,3,'Sales-taxes US-RI 7%'),(48,1,'Sales-taxes US-SC 6%'),(48,3,'Sales-taxes US-SC 6%'),(49,1,'Sales-taxes US-SD 4%'),(49,3,'Sales-taxes US-SD 4%'),(50,1,'Sales-taxes US-TN 7%'),(50,3,'Sales-taxes US-TN 7%'),(51,1,'Sales-taxes US-TX 6.25%'),(51,3,'Sales-taxes US-TX 6.25%'),(52,1,'Sales-taxes US-UT 4.75%'),(52,3,'Sales-taxes US-UT 4.75%'),(53,1,'Sales-taxes US-VT 6%'),(53,3,'Sales-taxes US-VT 6%'),(54,1,'Sales-taxes US-VA 4%'),(54,3,'Sales-taxes US-VA 4%'),(55,1,'Sales-taxes US-WA 6.5%'),(55,3,'Sales-taxes US-WA 6.5%'),(56,1,'Sales-taxes US-WV 6%'),(56,3,'Sales-taxes US-WV 6%'),(57,1,'Sales-taxes US-WI 5%'),(57,3,'Sales-taxes US-WI 5%'),(58,1,'Sales-taxes US-WY 4%'),(58,3,'Sales-taxes US-WY 4%'),(59,1,'Sales-taxes US-PR 5.5%'),(59,3,'Sales-taxes US-PR 5.5%'),(60,1,'Sales-taxes US-DC 6%'),(60,3,'Sales-taxes US-DC 6%');

--
-- Table structure for table `ps_tax_rule`
--

CREATE TABLE `ps_tax_rule` (
  `id_tax_rule` int(11) NOT NULL AUTO_INCREMENT,
  `id_tax_rules_group` int(11) NOT NULL,
  `id_country` int(11) NOT NULL,
  `id_state` int(11) NOT NULL,
  `zipcode_from` varchar(12) NOT NULL,
  `zipcode_to` varchar(12) NOT NULL,
  `id_tax` int(11) NOT NULL,
  `behavior` int(11) NOT NULL,
  `description` varchar(100) NOT NULL,
  PRIMARY KEY (`id_tax_rule`),
  KEY `id_tax_rules_group` (`id_tax_rules_group`),
  KEY `id_tax` (`id_tax`),
  KEY `category_getproducts` (`id_tax_rules_group`,`id_country`,`id_state`,`zipcode_from`)
) ENGINE=InnoDB AUTO_INCREMENT=214 DEFAULT CHARSET=utf8;

--
-- Dumping data for table `ps_tax_rule`
--

INSERT INTO `ps_tax_rule` VALUES (1,1,3,0,'0','0',1,0,''),(2,1,236,0,'0','0',1,0,''),(3,1,16,0,'0','0',1,0,''),(4,1,20,0,'0','0',1,0,''),(5,1,1,0,'0','0',1,0,''),(6,1,86,0,'0','0',1,0,''),(7,1,9,0,'0','0',1,0,''),(8,1,6,0,'0','0',1,0,''),(9,1,8,0,'0','0',1,0,''),(10,1,26,0,'0','0',1,0,''),(11,1,10,0,'0','0',1,0,''),(12,1,76,0,'0','0',1,0,''),(13,1,125,0,'0','0',1,0,''),(14,1,131,0,'0','0',1,0,''),(15,1,12,0,'0','0',1,0,''),(16,1,143,0,'0','0',1,0,''),(17,1,139,0,'0','0',1,0,''),(18,1,13,0,'0','0',1,0,''),(19,1,2,0,'0','0',1,0,''),(20,1,14,0,'0','0',1,0,''),(21,1,15,0,'0','0',1,0,''),(22,1,36,0,'0','0',1,0,''),(23,1,193,0,'0','0',1,0,''),(24,1,37,0,'0','0',1,0,''),(25,1,7,0,'0','0',1,0,''),(26,1,18,0,'0','0',1,0,''),(27,2,3,0,'0','0',2,0,''),(28,2,236,0,'0','0',2,0,''),(29,2,16,0,'0','0',2,0,''),(30,2,20,0,'0','0',2,0,''),(31,2,1,0,'0','0',2,0,''),(32,2,86,0,'0','0',2,0,''),(33,2,9,0,'0','0',2,0,''),(34,2,6,0,'0','0',2,0,''),(35,2,8,0,'0','0',2,0,''),(36,2,26,0,'0','0',2,0,''),(37,2,10,0,'0','0',2,0,''),(38,2,76,0,'0','0',2,0,''),(39,2,125,0,'0','0',2,0,''),(40,2,131,0,'0','0',2,0,''),(41,2,12,0,'0','0',2,0,''),(42,2,143,0,'0','0',2,0,''),(43,2,139,0,'0','0',2,0,''),(44,2,13,0,'0','0',2,0,''),(45,2,2,0,'0','0',2,0,''),(46,2,14,0,'0','0',2,0,''),(47,2,15,0,'0','0',2,0,''),(48,2,36,0,'0','0',2,0,''),(49,2,193,0,'0','0',2,0,''),(50,2,37,0,'0','0',2,0,''),(51,2,7,0,'0','0',2,0,''),(52,2,18,0,'0','0',2,0,''),(53,3,3,0,'0','0',3,0,''),(54,3,236,0,'0','0',3,0,''),(55,3,16,0,'0','0',3,0,''),(56,3,20,0,'0','0',3,0,''),(57,3,1,0,'0','0',3,0,''),(58,3,86,0,'0','0',3,0,''),(59,3,9,0,'0','0',3,0,''),(60,3,6,0,'0','0',3,0,''),(61,3,8,0,'0','0',3,0,''),(62,3,26,0,'0','0',3,0,''),(63,3,10,0,'0','0',3,0,''),(64,3,76,0,'0','0',3,0,''),(65,3,125,0,'0','0',3,0,''),(66,3,131,0,'0','0',3,0,''),(67,3,12,0,'0','0',3,0,''),(68,3,143,0,'0','0',3,0,''),(69,3,139,0,'0','0',3,0,''),(70,3,13,0,'0','0',3,0,''),(71,3,2,0,'0','0',3,0,''),(72,3,14,0,'0','0',3,0,''),(73,3,15,0,'0','0',3,0,''),(74,3,36,0,'0','0',3,0,''),(75,3,193,0,'0','0',3,0,''),(76,3,37,0,'0','0',3,0,''),(77,3,7,0,'0','0',3,0,''),(78,3,18,0,'0','0',3,0,''),(79,4,3,0,'0','0',4,0,''),(80,4,236,0,'0','0',4,0,''),(81,4,16,0,'0','0',4,0,''),(82,4,20,0,'0','0',4,0,''),(83,4,1,0,'0','0',4,0,''),(84,4,86,0,'0','0',4,0,''),(85,4,9,0,'0','0',4,0,''),(86,4,6,0,'0','0',4,0,''),(87,4,8,0,'0','0',4,0,''),(88,4,26,0,'0','0',4,0,''),(89,4,10,0,'0','0',4,0,''),(90,4,76,0,'0','0',4,0,''),(91,4,125,0,'0','0',4,0,''),(92,4,131,0,'0','0',4,0,''),(93,4,12,0,'0','0',4,0,''),(94,4,143,0,'0','0',4,0,''),(95,4,139,0,'0','0',4,0,''),(96,4,13,0,'0','0',4,0,''),(97,4,2,0,'0','0',4,0,''),(98,4,14,0,'0','0',4,0,''),(99,4,15,0,'0','0',4,0,''),(100,4,36,0,'0','0',4,0,''),(101,4,193,0,'0','0',4,0,''),(102,4,37,0,'0','0',4,0,''),(103,4,7,0,'0','0',4,0,''),(104,4,18,0,'0','0',4,0,''),(213,1,17,0,'0','0',1,0,'');

--
-- Table structure for table `ps_tax_rules_group`
--

CREATE TABLE `ps_tax_rules_group` (
  `id_tax_rules_group` int(11) NOT NULL AUTO_INCREMENT,
  `name` varchar(50) NOT NULL,
  `active` int(11) NOT NULL,
  PRIMARY KEY (`id_tax_rules_group`)
) ENGINE=InnoDB AUTO_INCREMENT=61 DEFAULT CHARSET=utf8;

--
-- Dumping data for table `ps_tax_rules_group`
--

INSERT INTO `ps_tax_rules_group` VALUES (1,'FR Taux standard (20%)',1),(2,'FR Taux réduit (10%)',0),(3,'FR Taux réduit (5.5%)',0),(4,'FR Taux super réduit (2.1%)',0),(5,'UK Standard Rate (20%)',0),(6,'UK Reduced Rate (5%)',0),(7,'AR Standard rate (21%)',0),(8,'AR Reduced rate (10.5%)',0),(9,'US-AL Rate (4%)',0),(10,'US-AK Rate (0%)',0),(11,'US-AZ Rate (6.6%)',0),(12,'US-AR Rate (6%)',0),(13,'US-CA Rate (8.25%)',0),(14,'US-CO Rate (2.9%)',0),(15,'US-CT Rate (0%)',0),(16,'US-DE Rate (0%)',0),(17,'US-FL Rate (6%)',0),(18,'US-GA Rate (4%)',0),(19,'US-HI Rate (4%)',0),(20,'US-ID Rate (6%)',0),(21,'US-IL Rate (6.25%)',0),(22,'US-IN Rate (7%)',0),(23,'US-IA Rate (6%)',0),(24,'US-KS Rate (5.3%)',0),(25,'US-KY Rate (6%)',0),(26,'US-LA Rate (4%)',0),(27,'US-ME Rate (5%)',0),(28,'US-MD Rate (6%)',0),(29,'US-MA Rate (6.25%)',0),(30,'US-MI Rate (6%)',0),(31,'US-MN Rate (6.875%)',0),(32,'US-MS Rate (7%)',0),(33,'US-MO Rate (4.225%)',0),(34,'US-MT Rate (0%)',0),(35,'US-NE Rate (5.5%)',0),(36,'US-NV Rate (6.85%)',0),(37,'US-NH Rate (0%)',0),(38,'US-NJ Rate (7%)',0),(39,'US-NM Rate (5.125%)',0),(40,'US-NY Rate (4%)',0),(41,'US-NC Rate (5.5%)',0),(42,'US-ND Rate (5%)',0),(43,'US-OH Rate (5.5%)',0),(44,'US-OK Rate (4.5%)',0),(45,'US-OR Rate (0%)',0),(46,'US-PA Rate (6%)',0),(47,'US-RI Rate (7%)',0),(48,'US-SC Rate (6%)',0),(49,'US-SD Rate (4%)',0),(50,'US-TN Rate (7%)',0),(51,'US-TX Rate (6.25%)',1),(52,'US-UT Rate (4.75%)',1),(53,'US-VT Rate (6%)',1),(54,'US-VA Rate (4%)',1),(55,'US-WA Rate (6.5%)',1),(56,'US-WV Rate (6%)',1),(57,'US-WI Rate (5%)',1),(58,'US-WY Rate (4%)',1),(59,'US-PR Rate (5.5%)',1),(60,'US-DC Rate (6%)',1);

--
-- Table structure for table `ps_tax_rules_group_shop`
--

CREATE TABLE `ps_tax_rules_group_shop` (
  `id_tax_rules_group` int(11) unsigned NOT NULL,
  `id_shop` int(11) unsigned NOT NULL,
  PRIMARY KEY (`id_tax_rules_group`,`id_shop`),
  KEY `id_shop` (`id_shop`)
) ENGINE=InnoDB DEFAULT CHARSET=utf8;

--
-- Dumping data for table `ps_tax_rules_group_shop`
--

INSERT INTO `ps_tax_rules_group_shop` VALUES (1,1),(2,1),(3,1),(4,1),(5,1),(6,1),(7,1),(8,1),(9,1),(10,1),(11,1),(12,1),(13,1),(14,1),(15,1),(16,1),(17,1),(18,1),(19,1),(20,1),(21,1),(22,1),(23,1),(24,1),(25,1),(26,1),(27,1),(28,1),(29,1),(30,1),(31,1),(32,1),(33,1),(34,1),(35,1),(36,1),(37,1),(38,1),(39,1),(40,1),(41,1),(42,1),(43,1),(44,1),(45,1),(46,1),(47,1),(48,1),(49,1),(50,1),(51,1),(52,1),(53,1),(54,1),(55,1),(56,1),(57,1),(58,1),(59,1),(60,1);

--
-- Table structure for table `ps_theme`
--

CREATE TABLE `ps_theme` (
  `id_theme` int(11) NOT NULL AUTO_INCREMENT,
  `name` varchar(64) NOT NULL,
  `directory` varchar(64) NOT NULL,
  `responsive` tinyint(1) NOT NULL DEFAULT '0',
  `default_left_column` tinyint(1) NOT NULL DEFAULT '0',
  `default_right_column` tinyint(1) NOT NULL DEFAULT '0',
  `product_per_page` int(10) unsigned NOT NULL,
  PRIMARY KEY (`id_theme`)
) ENGINE=InnoDB AUTO_INCREMENT=2 DEFAULT CHARSET=utf8;

--
-- Dumping data for table `ps_theme`
--

INSERT INTO `ps_theme` VALUES (1,'default-bootstrap','default-bootstrap',1,1,0,12);

--
-- Table structure for table `ps_theme_meta`
--

CREATE TABLE `ps_theme_meta` (
  `id_theme_meta` int(11) NOT NULL AUTO_INCREMENT,
  `id_theme` int(11) NOT NULL,
  `id_meta` int(10) unsigned NOT NULL,
  `left_column` tinyint(1) NOT NULL DEFAULT '1',
  `right_column` tinyint(1) NOT NULL DEFAULT '1',
  PRIMARY KEY (`id_theme_meta`),
  UNIQUE KEY `id_theme_2` (`id_theme`,`id_meta`),
  KEY `id_theme` (`id_theme`),
  KEY `id_meta` (`id_meta`)
) ENGINE=InnoDB AUTO_INCREMENT=37 DEFAULT CHARSET=utf8;

--
-- Dumping data for table `ps_theme_meta`
--

INSERT INTO `ps_theme_meta` VALUES (1,1,1,0,0),(2,1,2,1,0),(3,1,3,0,0),(4,1,4,0,0),(5,1,5,1,0),(6,1,6,1,0),(7,1,7,0,0),(8,1,8,1,0),(9,1,9,1,0),(10,1,10,0,0),(11,1,11,0,0),(12,1,12,0,0),(13,1,13,0,0),(14,1,14,0,0),(15,1,15,0,0),(16,1,16,0,0),(17,1,17,0,0),(18,1,18,0,0),(19,1,19,0,0),(20,1,20,0,0),(21,1,21,0,0),(22,1,22,1,0),(23,1,23,0,0),(24,1,24,0,0),(25,1,25,0,0),(26,1,26,0,0),(27,1,28,1,0),(28,1,29,0,0),(29,1,27,0,0),(30,1,30,0,0),(31,1,31,0,0),(32,1,32,0,0),(33,1,33,0,0),(34,1,34,0,0),(35,1,35,1,0),(36,1,36,1,0);

--
-- Table structure for table `ps_theme_specific`
--

CREATE TABLE `ps_theme_specific` (
  `id_theme` int(11) unsigned NOT NULL,
  `id_shop` int(11) unsigned NOT NULL,
  `entity` int(11) unsigned NOT NULL,
  `id_object` int(11) unsigned NOT NULL,
  PRIMARY KEY (`id_theme`,`id_shop`,`entity`,`id_object`)
) ENGINE=InnoDB DEFAULT CHARSET=utf8;

--
-- Dumping data for table `ps_theme_specific`
--


--
-- Table structure for table `ps_themeconfigurator`
--

CREATE TABLE `ps_themeconfigurator` (
  `id_item` int(10) unsigned NOT NULL AUTO_INCREMENT,
  `id_shop` int(10) unsigned NOT NULL,
  `id_lang` int(10) unsigned NOT NULL,
  `item_order` int(10) unsigned NOT NULL,
  `title` varchar(100) DEFAULT NULL,
  `title_use` tinyint(1) unsigned NOT NULL DEFAULT '0',
  `hook` varchar(100) DEFAULT NULL,
  `url` text,
  `target` tinyint(1) unsigned NOT NULL DEFAULT '0',
  `image` varchar(100) DEFAULT NULL,
  `image_w` varchar(10) DEFAULT NULL,
  `image_h` varchar(10) DEFAULT NULL,
  `html` text,
  `active` tinyint(1) unsigned NOT NULL DEFAULT '1',
  PRIMARY KEY (`id_item`)
) ENGINE=InnoDB AUTO_INCREMENT=36 DEFAULT CHARSET=utf8;

--
-- Dumping data for table `ps_themeconfigurator`
--

INSERT INTO `ps_themeconfigurator` VALUES (8,1,2,1,'',0,'home','http://www.prestashop.com/',0,'banner-img1.jpg','383','267','',1),(9,1,2,2,'',0,'home','http://www.prestashop.com/',0,'banner-img2.jpg','383','267','',1),(10,1,2,3,'',0,'home','http://www.prestashop.com/',0,'banner-img3.jpg','383','267','',1),(11,1,2,4,'',0,'home','http://www.prestashop.com/',0,'banner-img4.jpg','383','142','',1),(12,1,2,5,'',0,'home','http://www.prestashop.com/',0,'banner-img5.jpg','777','142','',1),(13,1,2,6,'',0,'top','http://www.prestashop.com/',0,'banner-img6.jpg','381','219','',1),(14,1,2,7,'',0,'top','http://www.prestashop.com/',0,'banner-img7.jpg','381','219','',1),(22,1,4,1,'',0,'home','http://www.prestashop.com/',0,'banner-img1.jpg','383','267','',1),(23,1,4,2,'',0,'home','http://www.prestashop.com/',0,'banner-img2.jpg','383','267','',1),(24,1,4,3,'',0,'home','http://www.prestashop.com/',0,'banner-img3.jpg','383','267','',1),(25,1,4,4,'',0,'home','http://www.prestashop.com/',0,'banner-img4.jpg','383','142','',1),(26,1,4,5,'',0,'home','http://www.prestashop.com/',0,'banner-img5.jpg','777','142','',1),(27,1,4,6,'',0,'top','http://www.prestashop.com/',0,'banner-img6.jpg','381','219','',1),(28,1,4,7,'',0,'top','http://www.prestashop.com/',0,'banner-img7.jpg','381','219','',1),(29,1,5,1,'',0,'home','http://www.prestashop.com/',0,'banner-img1.jpg','383','267','',1),(30,1,5,2,'',0,'home','http://www.prestashop.com/',0,'banner-img2.jpg','383','267','',1),(31,1,5,3,'',0,'home','http://www.prestashop.com/',0,'banner-img3.jpg','383','267','',1),(32,1,5,4,'',0,'home','http://www.prestashop.com/',0,'banner-img4.jpg','383','142','',1),(33,1,5,5,'',0,'home','http://www.prestashop.com/',0,'banner-img5.jpg','777','142','',1),(34,1,5,6,'',0,'top','http://www.prestashop.com/',0,'banner-img6.jpg','381','219','',1),(35,1,5,7,'',0,'top','http://www.prestashop.com/',0,'banner-img7.jpg','381','219','',1);

--
-- Table structure for table `ps_timezone`
--

CREATE TABLE `ps_timezone` (
  `id_timezone` int(10) unsigned NOT NULL AUTO_INCREMENT,
  `name` varchar(32) NOT NULL,
  PRIMARY KEY (`id_timezone`)
) ENGINE=InnoDB AUTO_INCREMENT=561 DEFAULT CHARSET=utf8;

--
-- Dumping data for table `ps_timezone`
--

INSERT INTO `ps_timezone` VALUES (1,'Africa/Abidjan'),(2,'Africa/Accra'),(3,'Africa/Addis_Ababa'),(4,'Africa/Algiers'),(5,'Africa/Asmara'),(6,'Africa/Asmera'),(7,'Africa/Bamako'),(8,'Africa/Bangui'),(9,'Africa/Banjul'),(10,'Africa/Bissau'),(11,'Africa/Blantyre'),(12,'Africa/Brazzaville'),(13,'Africa/Bujumbura'),(14,'Africa/Cairo'),(15,'Africa/Casablanca'),(16,'Africa/Ceuta'),(17,'Africa/Conakry'),(18,'Africa/Dakar'),(19,'Africa/Dar_es_Salaam'),(20,'Africa/Djibouti'),(21,'Africa/Douala'),(22,'Africa/El_Aaiun'),(23,'Africa/Freetown'),(24,'Africa/Gaborone'),(25,'Africa/Harare'),(26,'Africa/Johannesburg'),(27,'Africa/Kampala'),(28,'Africa/Khartoum'),(29,'Africa/Kigali'),(30,'Africa/Kinshasa'),(31,'Africa/Lagos'),(32,'Africa/Libreville'),(33,'Africa/Lome'),(34,'Africa/Luanda'),(35,'Africa/Lubumbashi'),(36,'Africa/Lusaka'),(37,'Africa/Malabo'),(38,'Africa/Maputo'),(39,'Africa/Maseru'),(40,'Africa/Mbabane'),(41,'Africa/Mogadishu'),(42,'Africa/Monrovia'),(43,'Africa/Nairobi'),(44,'Africa/Ndjamena'),(45,'Africa/Niamey'),(46,'Africa/Nouakchott'),(47,'Africa/Ouagadougou'),(48,'Africa/Porto-Novo'),(49,'Africa/Sao_Tome'),(50,'Africa/Timbuktu'),(51,'Africa/Tripoli'),(52,'Africa/Tunis'),(53,'Africa/Windhoek'),(54,'America/Adak'),(55,'America/Anchorage '),(56,'America/Anguilla'),(57,'America/Antigua'),(58,'America/Araguaina'),(59,'America/Argentina/Buenos_Aires'),(60,'America/Argentina/Catamarca'),(61,'America/Argentina/ComodRivadavia'),(62,'America/Argentina/Cordoba'),(63,'America/Argentina/Jujuy'),(64,'America/Argentina/La_Rioja'),(65,'America/Argentina/Mendoza'),(66,'America/Argentina/Rio_Gallegos'),(67,'America/Argentina/Salta'),(68,'America/Argentina/San_Juan'),(69,'America/Argentina/San_Luis'),(70,'America/Argentina/Tucuman'),(71,'America/Argentina/Ushuaia'),(72,'America/Aruba'),(73,'America/Asuncion'),(74,'America/Atikokan'),(75,'America/Atka'),(76,'America/Bahia'),(77,'America/Barbados'),(78,'America/Belem'),(79,'America/Belize'),(80,'America/Blanc-Sablon'),(81,'America/Boa_Vista'),(82,'America/Bogota'),(83,'America/Boise'),(84,'America/Buenos_Aires'),(85,'America/Cambridge_Bay'),(86,'America/Campo_Grande'),(87,'America/Cancun'),(88,'America/Caracas'),(89,'America/Catamarca'),(90,'America/Cayenne'),(91,'America/Cayman'),(92,'America/Chicago'),(93,'America/Chihuahua'),(94,'America/Coral_Harbour'),(95,'America/Cordoba'),(96,'America/Costa_Rica'),(97,'America/Cuiaba'),(98,'America/Curacao'),(99,'America/Danmarkshavn'),(100,'America/Dawson'),(101,'America/Dawson_Creek'),(102,'America/Denver'),(103,'America/Detroit'),(104,'America/Dominica'),(105,'America/Edmonton'),(106,'America/Eirunepe'),(107,'America/El_Salvador'),(108,'America/Ensenada'),(109,'America/Fort_Wayne'),(110,'America/Fortaleza'),(111,'America/Glace_Bay'),(112,'America/Godthab'),(113,'America/Goose_Bay'),(114,'America/Grand_Turk'),(115,'America/Grenada'),(116,'America/Guadeloupe'),(117,'America/Guatemala'),(118,'America/Guayaquil'),(119,'America/Guyana'),(120,'America/Halifax'),(121,'America/Havana'),(122,'America/Hermosillo'),(123,'America/Indiana/Indianapolis'),(124,'America/Indiana/Knox'),(125,'America/Indiana/Marengo'),(126,'America/Indiana/Petersburg'),(127,'America/Indiana/Tell_City'),(128,'America/Indiana/Vevay'),(129,'America/Indiana/Vincennes'),(130,'America/Indiana/Winamac'),(131,'America/Indianapolis'),(132,'America/Inuvik'),(133,'America/Iqaluit'),(134,'America/Jamaica'),(135,'America/Jujuy'),(136,'America/Juneau'),(137,'America/Kentucky/Louisville'),(138,'America/Kentucky/Monticello'),(139,'America/Knox_IN'),(140,'America/La_Paz'),(141,'America/Lima'),(142,'America/Los_Angeles'),(143,'America/Louisville'),(144,'America/Maceio'),(145,'America/Managua'),(146,'America/Manaus'),(147,'America/Marigot'),(148,'America/Martinique'),(149,'America/Mazatlan'),(150,'America/Mendoza'),(151,'America/Menominee'),(152,'America/Merida'),(153,'America/Mexico_City'),(154,'America/Miquelon'),(155,'America/Moncton'),(156,'America/Monterrey'),(157,'America/Montevideo'),(158,'America/Montreal'),(159,'America/Montserrat'),(160,'America/Nassau'),(161,'America/New_York'),(162,'America/Nipigon'),(163,'America/Nome'),(164,'America/Noronha'),(165,'America/North_Dakota/Center'),(166,'America/North_Dakota/New_Salem'),(167,'America/Panama'),(168,'America/Pangnirtung'),(169,'America/Paramaribo'),(170,'America/Phoenix'),(171,'America/Port-au-Prince'),(172,'America/Port_of_Spain'),(173,'America/Porto_Acre'),(174,'America/Porto_Velho'),(175,'America/Puerto_Rico'),(176,'America/Rainy_River'),(177,'America/Rankin_Inlet'),(178,'America/Recife'),(179,'America/Regina'),(180,'America/Resolute'),(181,'America/Rio_Branco'),(182,'America/Rosario'),(183,'America/Santarem'),(184,'America/Santiago'),(185,'America/Santo_Domingo'),(186,'America/Sao_Paulo'),(187,'America/Scoresbysund'),(188,'America/Shiprock'),(189,'America/St_Barthelemy'),(190,'America/St_Johns'),(191,'America/St_Kitts'),(192,'America/St_Lucia'),(193,'America/St_Thomas'),(194,'America/St_Vincent'),(195,'America/Swift_Current'),(196,'America/Tegucigalpa'),(197,'America/Thule'),(198,'America/Thunder_Bay'),(199,'America/Tijuana'),(200,'America/Toronto'),(201,'America/Tortola'),(202,'America/Vancouver'),(203,'America/Virgin'),(204,'America/Whitehorse'),(205,'America/Winnipeg'),(206,'America/Yakutat'),(207,'America/Yellowknife'),(208,'Antarctica/Casey'),(209,'Antarctica/Davis'),(210,'Antarctica/DumontDUrville'),(211,'Antarctica/Mawson'),(212,'Antarctica/McMurdo'),(213,'Antarctica/Palmer'),(214,'Antarctica/Rothera'),(215,'Antarctica/South_Pole'),(216,'Antarctica/Syowa'),(217,'Antarctica/Vostok'),(218,'Arctic/Longyearbyen'),(219,'Asia/Aden'),(220,'Asia/Almaty'),(221,'Asia/Amman'),(222,'Asia/Anadyr'),(223,'Asia/Aqtau'),(224,'Asia/Aqtobe'),(225,'Asia/Ashgabat'),(226,'Asia/Ashkhabad'),(227,'Asia/Baghdad'),(228,'Asia/Bahrain'),(229,'Asia/Baku'),(230,'Asia/Bangkok'),(231,'Asia/Beirut'),(232,'Asia/Bishkek'),(233,'Asia/Brunei'),(234,'Asia/Calcutta'),(235,'Asia/Choibalsan'),(236,'Asia/Chongqing'),(237,'Asia/Chungking'),(238,'Asia/Colombo'),(239,'Asia/Dacca'),(240,'Asia/Damascus'),(241,'Asia/Dhaka'),(242,'Asia/Dili'),(243,'Asia/Dubai'),(244,'Asia/Dushanbe'),(245,'Asia/Gaza'),(246,'Asia/Harbin'),(247,'Asia/Ho_Chi_Minh'),(248,'Asia/Hong_Kong'),(249,'Asia/Hovd'),(250,'Asia/Irkutsk'),(251,'Asia/Istanbul'),(252,'Asia/Jakarta'),(253,'Asia/Jayapura'),(254,'Asia/Jerusalem'),(255,'Asia/Kabul'),(256,'Asia/Kamchatka'),(257,'Asia/Karachi'),(258,'Asia/Kashgar'),(259,'Asia/Kathmandu'),(260,'Asia/Katmandu'),(261,'Asia/Kolkata'),(262,'Asia/Krasnoyarsk'),(263,'Asia/Kuala_Lumpur'),(264,'Asia/Kuching'),(265,'Asia/Kuwait'),(266,'Asia/Macao'),(267,'Asia/Macau'),(268,'Asia/Magadan'),(269,'Asia/Makassar'),(270,'Asia/Manila'),(271,'Asia/Muscat'),(272,'Asia/Nicosia'),(273,'Asia/Novosibirsk'),(274,'Asia/Omsk'),(275,'Asia/Oral'),(276,'Asia/Phnom_Penh'),(277,'Asia/Pontianak'),(278,'Asia/Pyongyang'),(279,'Asia/Qatar'),(280,'Asia/Qyzylorda'),(281,'Asia/Rangoon'),(282,'Asia/Riyadh'),(283,'Asia/Saigon'),(284,'Asia/Sakhalin'),(285,'Asia/Samarkand'),(286,'Asia/Seoul'),(287,'Asia/Shanghai'),(288,'Asia/Singapore'),(289,'Asia/Taipei'),(290,'Asia/Tashkent'),(291,'Asia/Tbilisi'),(292,'Asia/Tehran'),(293,'Asia/Tel_Aviv'),(294,'Asia/Thimbu'),(295,'Asia/Thimphu'),(296,'Asia/Tokyo'),(297,'Asia/Ujung_Pandang'),(298,'Asia/Ulaanbaatar'),(299,'Asia/Ulan_Bator'),(300,'Asia/Urumqi'),(301,'Asia/Vientiane'),(302,'Asia/Vladivostok'),(303,'Asia/Yakutsk'),(304,'Asia/Yekaterinburg'),(305,'Asia/Yerevan'),(306,'Atlantic/Azores'),(307,'Atlantic/Bermuda'),(308,'Atlantic/Canary'),(309,'Atlantic/Cape_Verde'),(310,'Atlantic/Faeroe'),(311,'Atlantic/Faroe'),(312,'Atlantic/Jan_Mayen'),(313,'Atlantic/Madeira'),(314,'Atlantic/Reykjavik'),(315,'Atlantic/South_Georgia'),(316,'Atlantic/St_Helena'),(317,'Atlantic/Stanley'),(318,'Australia/ACT'),(319,'Australia/Adelaide'),(320,'Australia/Brisbane'),(321,'Australia/Broken_Hill'),(322,'Australia/Canberra'),(323,'Australia/Currie'),(324,'Australia/Darwin'),(325,'Australia/Eucla'),(326,'Australia/Hobart'),(327,'Australia/LHI'),(328,'Australia/Lindeman'),(329,'Australia/Lord_Howe'),(330,'Australia/Melbourne'),(331,'Australia/North'),(332,'Australia/NSW'),(333,'Australia/Perth'),(334,'Australia/Queensland'),(335,'Australia/South'),(336,'Australia/Sydney'),(337,'Australia/Tasmania'),(338,'Australia/Victoria'),(339,'Australia/West'),(340,'Australia/Yancowinna'),(341,'Europe/Amsterdam'),(342,'Europe/Andorra'),(343,'Europe/Athens'),(344,'Europe/Belfast'),(345,'Europe/Belgrade'),(346,'Europe/Berlin'),(347,'Europe/Bratislava'),(348,'Europe/Brussels'),(349,'Europe/Bucharest'),(350,'Europe/Budapest'),(351,'Europe/Chisinau'),(352,'Europe/Copenhagen'),(353,'Europe/Dublin'),(354,'Europe/Gibraltar'),(355,'Europe/Guernsey'),(356,'Europe/Helsinki'),(357,'Europe/Isle_of_Man'),(358,'Europe/Istanbul'),(359,'Europe/Jersey'),(360,'Europe/Kaliningrad'),(361,'Europe/Kiev'),(362,'Europe/Lisbon'),(363,'Europe/Ljubljana'),(364,'Europe/London'),(365,'Europe/Luxembourg'),(366,'Europe/Madrid'),(367,'Europe/Malta'),(368,'Europe/Mariehamn'),(369,'Europe/Minsk'),(370,'Europe/Monaco'),(371,'Europe/Moscow'),(372,'Europe/Nicosia'),(373,'Europe/Oslo'),(374,'Europe/Paris'),(375,'Europe/Podgorica'),(376,'Europe/Prague'),(377,'Europe/Riga'),(378,'Europe/Rome'),(379,'Europe/Samara'),(380,'Europe/San_Marino'),(381,'Europe/Sarajevo'),(382,'Europe/Simferopol'),(383,'Europe/Skopje'),(384,'Europe/Sofia'),(385,'Europe/Stockholm'),(386,'Europe/Tallinn'),(387,'Europe/Tirane'),(388,'Europe/Tiraspol'),(389,'Europe/Uzhgorod'),(390,'Europe/Vaduz'),(391,'Europe/Vatican'),(392,'Europe/Vienna'),(393,'Europe/Vilnius'),(394,'Europe/Volgograd'),(395,'Europe/Warsaw'),(396,'Europe/Zagreb'),(397,'Europe/Zaporozhye'),(398,'Europe/Zurich'),(399,'Indian/Antananarivo'),(400,'Indian/Chagos'),(401,'Indian/Christmas'),(402,'Indian/Cocos'),(403,'Indian/Comoro'),(404,'Indian/Kerguelen'),(405,'Indian/Mahe'),(406,'Indian/Maldives'),(407,'Indian/Mauritius'),(408,'Indian/Mayotte'),(409,'Indian/Reunion'),(410,'Pacific/Apia'),(411,'Pacific/Auckland'),(412,'Pacific/Chatham'),(413,'Pacific/Easter'),(414,'Pacific/Efate'),(415,'Pacific/Enderbury'),(416,'Pacific/Fakaofo'),(417,'Pacific/Fiji'),(418,'Pacific/Funafuti'),(419,'Pacific/Galapagos'),(420,'Pacific/Gambier'),(421,'Pacific/Guadalcanal'),(422,'Pacific/Guam'),(423,'Pacific/Honolulu'),(424,'Pacific/Johnston'),(425,'Pacific/Kiritimati'),(426,'Pacific/Kosrae'),(427,'Pacific/Kwajalein'),(428,'Pacific/Majuro'),(429,'Pacific/Marquesas'),(430,'Pacific/Midway'),(431,'Pacific/Nauru'),(432,'Pacific/Niue'),(433,'Pacific/Norfolk'),(434,'Pacific/Noumea'),(435,'Pacific/Pago_Pago'),(436,'Pacific/Palau'),(437,'Pacific/Pitcairn'),(438,'Pacific/Ponape'),(439,'Pacific/Port_Moresby'),(440,'Pacific/Rarotonga'),(441,'Pacific/Saipan'),(442,'Pacific/Samoa'),(443,'Pacific/Tahiti'),(444,'Pacific/Tarawa'),(445,'Pacific/Tongatapu'),(446,'Pacific/Truk'),(447,'Pacific/Wake'),(448,'Pacific/Wallis'),(449,'Pacific/Yap'),(450,'Brazil/Acre'),(451,'Brazil/DeNoronha'),(452,'Brazil/East'),(453,'Brazil/West'),(454,'Canada/Atlantic'),(455,'Canada/Central'),(456,'Canada/East-Saskatchewan'),(457,'Canada/Eastern'),(458,'Canada/Mountain'),(459,'Canada/Newfoundland'),(460,'Canada/Pacific'),(461,'Canada/Saskatchewan'),(462,'Canada/Yukon'),(463,'CET'),(464,'Chile/Continental'),(465,'Chile/EasterIsland'),(466,'CST6CDT'),(467,'Cuba'),(468,'EET'),(469,'Egypt'),(470,'Eire'),(471,'EST'),(472,'EST5EDT'),(473,'Etc/GMT'),(474,'Etc/GMT+0'),(475,'Etc/GMT+1'),(476,'Etc/GMT+10'),(477,'Etc/GMT+11'),(478,'Etc/GMT+12'),(479,'Etc/GMT+2'),(480,'Etc/GMT+3'),(481,'Etc/GMT+4'),(482,'Etc/GMT+5'),(483,'Etc/GMT+6'),(484,'Etc/GMT+7'),(485,'Etc/GMT+8'),(486,'Etc/GMT+9'),(487,'Etc/GMT-0'),(488,'Etc/GMT-1'),(489,'Etc/GMT-10'),(490,'Etc/GMT-11'),(491,'Etc/GMT-12'),(492,'Etc/GMT-13'),(493,'Etc/GMT-14'),(494,'Etc/GMT-2'),(495,'Etc/GMT-3'),(496,'Etc/GMT-4'),(497,'Etc/GMT-5'),(498,'Etc/GMT-6'),(499,'Etc/GMT-7'),(500,'Etc/GMT-8'),(501,'Etc/GMT-9'),(502,'Etc/GMT0'),(503,'Etc/Greenwich'),(504,'Etc/UCT'),(505,'Etc/Universal'),(506,'Etc/UTC'),(507,'Etc/Zulu'),(508,'Factory'),(509,'GB'),(510,'GB-Eire'),(511,'GMT'),(512,'GMT+0'),(513,'GMT-0'),(514,'GMT0'),(515,'Greenwich'),(516,'Hongkong'),(517,'HST'),(518,'Iceland'),(519,'Iran'),(520,'Israel'),(521,'Jamaica'),(522,'Japan'),(523,'Kwajalein'),(524,'Libya'),(525,'MET'),(526,'Mexico/BajaNorte'),(527,'Mexico/BajaSur'),(528,'Mexico/General'),(529,'MST'),(530,'MST7MDT'),(531,'Navajo'),(532,'NZ'),(533,'NZ-CHAT'),(534,'Poland'),(535,'Portugal'),(536,'PRC'),(537,'PST8PDT'),(538,'ROC'),(539,'ROK'),(540,'Singapore'),(541,'Turkey'),(542,'UCT'),(543,'Universal'),(544,'US/Alaska'),(545,'US/Aleutian'),(546,'US/Arizona'),(547,'US/Central'),(548,'US/East-Indiana'),(549,'US/Eastern'),(550,'US/Hawaii'),(551,'US/Indiana-Starke'),(552,'US/Michigan'),(553,'US/Mountain'),(554,'US/Pacific'),(555,'US/Pacific-New'),(556,'US/Samoa'),(557,'UTC'),(558,'W-SU'),(559,'WET'),(560,'Zulu');

--
-- Table structure for table `ps_warehouse`
--

CREATE TABLE `ps_warehouse` (
  `id_warehouse` int(11) unsigned NOT NULL AUTO_INCREMENT,
  `id_currency` int(11) unsigned NOT NULL,
  `id_address` int(11) unsigned NOT NULL,
  `id_employee` int(11) unsigned NOT NULL,
  `reference` varchar(32) DEFAULT NULL,
  `name` varchar(45) NOT NULL,
  `management_type` enum('WA','FIFO','LIFO') NOT NULL DEFAULT 'WA',
  `deleted` tinyint(1) unsigned NOT NULL DEFAULT '0',
  PRIMARY KEY (`id_warehouse`)
) ENGINE=InnoDB AUTO_INCREMENT=2 DEFAULT CHARSET=utf8;

--
-- Dumping data for table `ps_warehouse`
--

INSERT INTO `ps_warehouse` VALUES (1,1,28,4,'Entrepot LEMAIRE','LEMAIRE','FIFO',0);

--
-- Table structure for table `ps_warehouse_carrier`
--

CREATE TABLE `ps_warehouse_carrier` (
  `id_carrier` int(11) unsigned NOT NULL,
  `id_warehouse` int(11) unsigned NOT NULL,
  PRIMARY KEY (`id_warehouse`,`id_carrier`),
  KEY `id_warehouse` (`id_warehouse`),
  KEY `id_carrier` (`id_carrier`)
) ENGINE=InnoDB DEFAULT CHARSET=utf8;

--
-- Dumping data for table `ps_warehouse_carrier`
--

INSERT INTO `ps_warehouse_carrier` VALUES (1,1),(8,1),(10,1),(12,1);

--
-- Table structure for table `ps_warehouse_product_location`
--

CREATE TABLE `ps_warehouse_product_location` (
  `id_warehouse_product_location` int(11) unsigned NOT NULL AUTO_INCREMENT,
  `id_product` int(11) unsigned NOT NULL,
  `id_product_attribute` int(11) unsigned NOT NULL,
  `id_warehouse` int(11) unsigned NOT NULL,
  `location` varchar(64) DEFAULT NULL,
  PRIMARY KEY (`id_warehouse_product_location`),
  UNIQUE KEY `id_product` (`id_product`,`id_product_attribute`,`id_warehouse`)
) ENGINE=InnoDB AUTO_INCREMENT=3 DEFAULT CHARSET=utf8;

--
-- Dumping data for table `ps_warehouse_product_location`
--

INSERT INTO `ps_warehouse_product_location` VALUES (1,236,0,1,''),(2,237,0,1,'');

--
-- Table structure for table `ps_warehouse_shop`
--

CREATE TABLE `ps_warehouse_shop` (
  `id_shop` int(11) unsigned NOT NULL,
  `id_warehouse` int(11) unsigned NOT NULL,
  PRIMARY KEY (`id_warehouse`,`id_shop`),
  KEY `id_warehouse` (`id_warehouse`),
  KEY `id_shop` (`id_shop`)
) ENGINE=InnoDB DEFAULT CHARSET=utf8;

--
-- Dumping data for table `ps_warehouse_shop`
--

INSERT INTO `ps_warehouse_shop` VALUES (1,1);

--
-- Table structure for table `ps_web_browser`
--

CREATE TABLE `ps_web_browser` (
  `id_web_browser` int(10) unsigned NOT NULL AUTO_INCREMENT,
  `name` varchar(64) DEFAULT NULL,
  PRIMARY KEY (`id_web_browser`)
) ENGINE=InnoDB AUTO_INCREMENT=12 DEFAULT CHARSET=utf8;

--
-- Dumping data for table `ps_web_browser`
--

INSERT INTO `ps_web_browser` VALUES (1,'Safari'),(2,'Safari iPad'),(3,'Firefox'),(4,'Opera'),(5,'IE 6'),(6,'IE 7'),(7,'IE 8'),(8,'IE 9'),(9,'IE 10'),(10,'IE 11'),(11,'Chrome');

--
-- Table structure for table `ps_webservice_account`
--

CREATE TABLE `ps_webservice_account` (
  `id_webservice_account` int(11) NOT NULL AUTO_INCREMENT,
  `key` varchar(32) NOT NULL,
  `description` text,
  `class_name` varchar(50) NOT NULL DEFAULT 'WebserviceRequest',
  `is_module` tinyint(2) NOT NULL DEFAULT '0',
  `module_name` varchar(50) DEFAULT NULL,
  `active` tinyint(2) NOT NULL,
  PRIMARY KEY (`id_webservice_account`),
  KEY `key` (`key`)
) ENGINE=InnoDB DEFAULT CHARSET=utf8;

--
-- Dumping data for table `ps_webservice_account`
--


--
-- Table structure for table `ps_webservice_account_shop`
--

CREATE TABLE `ps_webservice_account_shop` (
  `id_webservice_account` int(11) unsigned NOT NULL,
  `id_shop` int(11) unsigned NOT NULL,
  PRIMARY KEY (`id_webservice_account`,`id_shop`),
  KEY `id_shop` (`id_shop`)
) ENGINE=InnoDB DEFAULT CHARSET=utf8;

--
-- Dumping data for table `ps_webservice_account_shop`
--


--
-- Table structure for table `ps_webservice_permission`
--

CREATE TABLE `ps_webservice_permission` (
  `id_webservice_permission` int(11) NOT NULL AUTO_INCREMENT,
  `resource` varchar(50) NOT NULL,
  `method` enum('GET','POST','PUT','DELETE','HEAD') NOT NULL,
  `id_webservice_account` int(11) NOT NULL,
  PRIMARY KEY (`id_webservice_permission`),
  UNIQUE KEY `resource_2` (`resource`,`method`,`id_webservice_account`),
  KEY `resource` (`resource`),
  KEY `method` (`method`),
  KEY `id_webservice_account` (`id_webservice_account`)
) ENGINE=InnoDB DEFAULT CHARSET=utf8;

--
-- Dumping data for table `ps_webservice_permission`
--


--
-- Table structure for table `ps_wishlist_email`
--

CREATE TABLE `ps_wishlist_email` (
  `id_wishlist` int(10) unsigned NOT NULL,
  `email` varchar(128) NOT NULL,
  `date_add` datetime NOT NULL
) ENGINE=InnoDB DEFAULT CHARSET=utf8;

--
-- Dumping data for table `ps_wishlist_email`
--


--
-- Table structure for table `ps_wishlist_product`
--

CREATE TABLE `ps_wishlist_product` (
  `id_wishlist_product` int(10) NOT NULL AUTO_INCREMENT,
  `id_wishlist` int(10) unsigned NOT NULL,
  `id_product` int(10) unsigned NOT NULL,
  `id_product_attribute` int(10) unsigned NOT NULL,
  `quantity` int(10) unsigned NOT NULL,
  `priority` int(10) unsigned NOT NULL,
  PRIMARY KEY (`id_wishlist_product`)
) ENGINE=InnoDB DEFAULT CHARSET=utf8;

--
-- Dumping data for table `ps_wishlist_product`
--


--
-- Table structure for table `ps_wishlist_product_cart`
--

CREATE TABLE `ps_wishlist_product_cart` (
  `id_wishlist_product` int(10) unsigned NOT NULL,
  `id_cart` int(10) unsigned NOT NULL,
  `quantity` int(10) unsigned NOT NULL,
  `date_add` datetime NOT NULL
) ENGINE=InnoDB DEFAULT CHARSET=utf8;

--
-- Dumping data for table `ps_wishlist_product_cart`
--


--
-- Table structure for table `ps_zone`
--

CREATE TABLE `ps_zone` (
  `id_zone` int(10) unsigned NOT NULL AUTO_INCREMENT,
  `name` varchar(64) NOT NULL,
  `active` tinyint(1) unsigned NOT NULL DEFAULT '0',
  PRIMARY KEY (`id_zone`)
) ENGINE=InnoDB AUTO_INCREMENT=10 DEFAULT CHARSET=utf8;

--
-- Dumping data for table `ps_zone`
--

INSERT INTO `ps_zone` VALUES (1,'Europe',1),(2,'North America',1),(3,'Asia',1),(4,'Africa',1),(5,'Oceania',1),(6,'South America',1),(7,'Europe (non-EU)',1),(8,'Central America/Antilla',1),(9,'Paris',1);

--
-- Table structure for table `ps_zone_shop`
--

CREATE TABLE `ps_zone_shop` (
  `id_zone` int(11) unsigned NOT NULL,
  `id_shop` int(11) unsigned NOT NULL,
  PRIMARY KEY (`id_zone`,`id_shop`),
  KEY `id_shop` (`id_shop`)
) ENGINE=InnoDB DEFAULT CHARSET=utf8;

--
-- Dumping data for table `ps_zone_shop`
--

INSERT INTO `ps_zone_shop` VALUES (1,1),(2,1),(3,1),(4,1),(5,1),(6,1),(7,1),(8,1),(9,1);

--
-- Table structure for table `wpbdd2_commentmeta`
--

CREATE TABLE `wpbdd2_commentmeta` (
  `meta_id` bigint(20) unsigned NOT NULL AUTO_INCREMENT,
  `comment_id` bigint(20) unsigned NOT NULL DEFAULT '0',
  `meta_key` varchar(255) DEFAULT NULL,
  `meta_value` longtext,
  PRIMARY KEY (`meta_id`),
  KEY `comment_id` (`comment_id`),
  KEY `meta_key` (`meta_key`)
) ENGINE=MyISAM DEFAULT CHARSET=utf8;

--
-- Dumping data for table `wpbdd2_commentmeta`
--


--
-- Table structure for table `wpbdd2_comments`
--

CREATE TABLE `wpbdd2_comments` (
  `comment_ID` bigint(20) unsigned NOT NULL AUTO_INCREMENT,
  `comment_post_ID` bigint(20) unsigned NOT NULL DEFAULT '0',
  `comment_author` tinytext NOT NULL,
  `comment_author_email` varchar(100) NOT NULL DEFAULT '',
  `comment_author_url` varchar(200) NOT NULL DEFAULT '',
  `comment_author_IP` varchar(100) NOT NULL DEFAULT '',
  `comment_date` datetime NOT NULL DEFAULT '0000-00-00 00:00:00',
  `comment_date_gmt` datetime NOT NULL DEFAULT '0000-00-00 00:00:00',
  `comment_content` text NOT NULL,
  `comment_karma` int(11) NOT NULL DEFAULT '0',
  `comment_approved` varchar(20) NOT NULL DEFAULT '1',
  `comment_agent` varchar(255) NOT NULL DEFAULT '',
  `comment_type` varchar(20) NOT NULL DEFAULT '',
  `comment_parent` bigint(20) unsigned NOT NULL DEFAULT '0',
  `user_id` bigint(20) unsigned NOT NULL DEFAULT '0',
  PRIMARY KEY (`comment_ID`),
  KEY `comment_post_ID` (`comment_post_ID`),
  KEY `comment_approved_date_gmt` (`comment_approved`,`comment_date_gmt`),
  KEY `comment_date_gmt` (`comment_date_gmt`),
  KEY `comment_parent` (`comment_parent`),
  KEY `comment_author_email` (`comment_author_email`(10))
) ENGINE=MyISAM AUTO_INCREMENT=2 DEFAULT CHARSET=utf8;

--
-- Dumping data for table `wpbdd2_comments`
--

INSERT INTO `wpbdd2_comments` VALUES (1,1,'Monsieur WordPress','','https://wordpress.org/','','2015-01-05 23:12:06','2015-01-05 23:12:06','Bonjour, ceci est un commentaire.\nPour supprimer un commentaire, connectez-vous et affichez les commentaires de cet article. Vous pourrez alors les modifier ou les supprimer.',0,'1','','',0,0);

--
-- Table structure for table `wpbdd2_icl_content_status`
--

CREATE TABLE `wpbdd2_icl_content_status` (
  `rid` bigint(20) NOT NULL,
  `nid` bigint(20) NOT NULL,
  `timestamp` datetime NOT NULL,
  `md5` varchar(32) NOT NULL,
  PRIMARY KEY (`rid`),
  KEY `nid` (`nid`)
) ENGINE=MyISAM DEFAULT CHARSET=utf8;

--
-- Dumping data for table `wpbdd2_icl_content_status`
--


--
-- Table structure for table `wpbdd2_icl_core_status`
--

CREATE TABLE `wpbdd2_icl_core_status` (
  `id` bigint(20) NOT NULL AUTO_INCREMENT,
  `rid` bigint(20) NOT NULL,
  `module` varchar(16) NOT NULL,
  `origin` varchar(64) NOT NULL,
  `target` varchar(64) NOT NULL,
  `status` smallint(6) NOT NULL,
  PRIMARY KEY (`id`),
  KEY `rid` (`rid`)
) ENGINE=MyISAM DEFAULT CHARSET=utf8;

--
-- Dumping data for table `wpbdd2_icl_core_status`
--


--
-- Table structure for table `wpbdd2_icl_flags`
--

CREATE TABLE `wpbdd2_icl_flags` (
  `id` int(11) NOT NULL AUTO_INCREMENT,
  `lang_code` varchar(10) NOT NULL,
  `flag` varchar(32) NOT NULL,
  `from_template` tinyint(4) NOT NULL DEFAULT '0',
  PRIMARY KEY (`id`),
  UNIQUE KEY `lang_code` (`lang_code`)
) ENGINE=MyISAM AUTO_INCREMENT=65 DEFAULT CHARSET=utf8;

--
-- Dumping data for table `wpbdd2_icl_flags`
--

INSERT INTO `wpbdd2_icl_flags` VALUES (1,'ar','ar.png',0),(2,'bg','bg.png',0),(3,'bs','bs.png',0),(4,'ca','ca.png',0),(5,'cs','cs.png',0),(6,'cy','cy.png',0),(7,'da','da.png',0),(8,'de','de.png',0),(9,'el','el.png',0),(10,'en','en.png',0),(11,'eo','eo.png',0),(12,'es','es.png',0),(13,'et','et.png',0),(14,'eu','eu.png',0),(15,'fa','fa.png',0),(16,'fi','fi.png',0),(17,'fr','fr.png',0),(18,'ga','ga.png',0),(19,'he','he.png',0),(20,'hi','hi.png',0),(21,'hr','hr.png',0),(22,'hu','hu.png',0),(23,'hy','hy.png',0),(24,'id','id.png',0),(25,'is','is.png',0),(26,'it','it.png',0),(27,'ja','ja.png',0),(28,'ko','ko.png',0),(29,'ku','ku.png',0),(30,'la','la.png',0),(31,'lt','lt.png',0),(32,'lv','lv.png',0),(33,'mk','mk.png',0),(34,'mn','mn.png',0),(35,'mo','mo.png',0),(36,'ms','ms.png',0),(37,'mt','mt.png',0),(38,'nb','nb.png',0),(39,'ne','ne.png',0),(40,'nl','nl.png',0),(41,'pa','pa.png',0),(42,'pl','pl.png',0),(43,'pt-br','pt-br.png',0),(44,'pt-pt','pt-pt.png',0),(45,'qu','qu.png',0),(46,'ro','ro.png',0),(47,'ru','ru.png',0),(48,'sk','sk.png',0),(49,'sl','sl.png',0),(50,'so','so.png',0),(51,'sq','sq.png',0),(52,'sr','sr.png',0),(53,'sv','sv.png',0),(54,'ta','ta.png',0),(55,'th','th.png',0),(56,'tr','tr.png',0),(57,'uk','uk.png',0),(58,'ur','ur.png',0),(59,'uz','uz.png',0),(60,'vi','vi.png',0),(61,'yi','yi.png',0),(62,'zh-hans','zh-hans.png',0),(63,'zh-hant','zh-hant.png',0),(64,'zu','zu.png',0);

--
-- Table structure for table `wpbdd2_icl_languages`
--

CREATE TABLE `wpbdd2_icl_languages` (
  `id` int(11) NOT NULL AUTO_INCREMENT,
  `code` varchar(7) NOT NULL,
  `english_name` varchar(128) NOT NULL,
  `major` tinyint(4) NOT NULL DEFAULT '0',
  `active` tinyint(4) NOT NULL,
  `default_locale` varchar(8) DEFAULT NULL,
  `tag` varchar(8) DEFAULT NULL,
  `encode_url` tinyint(1) NOT NULL DEFAULT '0',
  PRIMARY KEY (`id`),
  UNIQUE KEY `code` (`code`),
  UNIQUE KEY `english_name` (`english_name`)
) ENGINE=MyISAM AUTO_INCREMENT=65 DEFAULT CHARSET=utf8;

--
-- Dumping data for table `wpbdd2_icl_languages`
--

INSERT INTO `wpbdd2_icl_languages` VALUES (1,'en','English',1,1,'en_US','en-US',0),(2,'es','Spanish',1,0,'es_ES','es-ES',0),(3,'de','German',1,0,'de_DE','de-DE',0),(4,'fr','French',1,1,'fr_FR','fr-FR',0),(5,'ar','Arabic',0,0,'ar','ar',0),(6,'bs','Bosnian',0,0,'','',0),(7,'bg','Bulgarian',0,0,'bg_BG','bg-BG',0),(8,'ca','Catalan',0,0,'ca','ca',0),(9,'cs','Czech',0,0,'cs_CZ','cs-CZ',0),(10,'sk','Slovak',0,0,'sk_SK','sk-SK',0),(11,'cy','Welsh',0,0,'cy','cy',0),(12,'da','Danish',1,0,'da_DK','da-DK',0),(13,'el','Greek',0,0,'el','el',0),(14,'eo','Esperanto',0,0,'eo','eo',0),(15,'et','Estonian',0,0,'et','et',0),(16,'eu','Basque',0,0,'eu','eu',0),(17,'fa','Persian',0,0,'fa_IR','fa-IR',0),(18,'fi','Finnish',0,0,'fi','fi',0),(19,'ga','Irish',0,0,'','',0),(20,'he','Hebrew',0,0,'he_IL','he-IL',0),(21,'hi','Hindi',0,0,'','',0),(22,'hr','Croatian',0,0,'hr','hr',0),(23,'hu','Hungarian',0,0,'hu_HU','hu-HU',0),(24,'hy','Armenian',0,0,'','',0),(25,'id','Indonesian',0,0,'id_ID','id-ID',0),(26,'is','Icelandic',0,0,'is_IS','is-IS',0),(27,'it','Italian',1,0,'it_IT','it-IT',0),(28,'ja','Japanese',1,0,'ja','ja',0),(29,'ko','Korean',0,0,'ko_KR','ko-KR',0),(30,'ku','Kurdish',0,0,'ku','ku',0),(31,'la','Latin',0,0,'','',0),(32,'lv','Latvian',0,0,'lv','lv',0),(33,'lt','Lithuanian',0,0,'lt','lt',0),(34,'mk','Macedonian',0,0,'mk_MK','mk-MK',0),(35,'mt','Maltese',0,0,'','',0),(36,'mo','Moldavian',0,0,'','',0),(37,'mn','Mongolian',0,0,'','',0),(38,'ne','Nepali',0,0,'','',0),(39,'nl','Dutch',1,0,'nl_NL','nl-NL',0),(40,'nb','Norwegian Bokmål',0,0,'nb_NO','nb-NO',0),(41,'pa','Punjabi',0,0,'','',0),(42,'pl','Polish',0,0,'pl_PL','pl-PL',0),(43,'pt-pt','Portuguese, Portugal',0,0,'pt_PT','pt-PT',0),(44,'pt-br','Portuguese, Brazil',0,0,'pt_BR','pt-BR',0),(45,'qu','Quechua',0,0,'','',0),(46,'ro','Romanian',0,0,'ro_RO','ro-RO',0),(47,'ru','Russian',1,0,'ru_RU','ru-RU',0),(48,'sl','Slovenian',0,0,'sl_SI','sl-SI',0),(49,'so','Somali',0,0,'','',0),(50,'sq','Albanian',0,0,'','',0),(51,'sr','Serbian',0,0,'sr_RS','sr-RS',0),(52,'sv','Swedish',0,0,'sv_SE','sv-SE',0),(53,'ta','Tamil',0,0,'','',0),(54,'th','Thai',0,0,'th','th',0),(55,'tr','Turkish',0,0,'tr','tr',0),(56,'uk','Ukrainian',0,0,'uk_UA','uk-UA',0),(57,'ur','Urdu',0,0,'','',0),(58,'uz','Uzbek',0,0,'uz_UZ','uz-UZ',0),(59,'vi','Vietnamese',0,0,'vi','vi',0),(60,'yi','Yiddish',0,0,'','',0),(61,'zh-hans','Chinese (Simplified)',1,0,'zh_CN','zh-CN',0),(62,'zu','Zulu',0,0,'','',0),(63,'zh-hant','Chinese (Traditional)',1,0,'zh_TW','zh-TW',0),(64,'ms','Malay',0,0,'ms_MY','ms-MY',0);

--
-- Table structure for table `wpbdd2_icl_languages_translations`
--

CREATE TABLE `wpbdd2_icl_languages_translations` (
  `id` int(11) NOT NULL AUTO_INCREMENT,
  `language_code` varchar(7) NOT NULL,
  `display_language_code` varchar(7) NOT NULL,
  `name` varchar(255) NOT NULL,
  PRIMARY KEY (`id`),
  UNIQUE KEY `language_code` (`language_code`,`display_language_code`)
) ENGINE=MyISAM AUTO_INCREMENT=4097 DEFAULT CHARSET=utf8;

--
-- Dumping data for table `wpbdd2_icl_languages_translations`
--

INSERT INTO `wpbdd2_icl_languages_translations` VALUES (1,'en','en','English'),(2,'en','es','Inglés'),(3,'en','de','Englisch'),(4,'en','fr','Anglais'),(5,'en','ar','الإنجليزية'),(6,'en','bs','English'),(7,'en','bg','English'),(8,'en','ca','English'),(9,'en','cs','English'),(10,'en','sk','Angličtina'),(11,'en','cy','English'),(12,'en','da','English'),(13,'en','el','Αγγλικα'),(14,'en','eo','English'),(15,'en','et','English'),(16,'en','eu','English'),(17,'en','fa','English'),(18,'en','fi','englanti'),(19,'en','ga','English'),(20,'en','he','אנגלית'),(21,'en','hi','English'),(22,'en','hr','English'),(23,'en','hu','angol'),(24,'en','hy','English'),(25,'en','id','English'),(26,'en','is','English'),(27,'en','it','Inglese'),(28,'en','ja','英語'),(29,'en','ko','영어'),(30,'en','ku','English'),(31,'en','la','English'),(32,'en','lv','English'),(33,'en','lt','English'),(34,'en','mk','English'),(35,'en','mt','English'),(36,'en','mo','English'),(37,'en','mn','English'),(38,'en','ne','English'),(39,'en','nl','Engels'),(40,'en','nb','English'),(41,'en','pa','English'),(42,'en','pl','angielski'),(43,'en','pt-pt','Inglês'),(44,'en','pt-br','Inglês'),(45,'en','qu','English'),(46,'en','ro','Engleză'),(47,'en','ru','Английский'),(48,'en','sl','English'),(49,'en','so','English'),(50,'en','sq','English'),(51,'en','sr','English'),(52,'en','sv','Engelska'),(53,'en','ta','English'),(54,'en','th','อังกฤษ'),(55,'en','tr','İngilizce'),(56,'en','uk','English'),(57,'en','ur','English'),(58,'en','uz','English'),(59,'en','vi','English'),(60,'en','yi','English'),(61,'en','zh-hans','英语'),(62,'en','zu','English'),(63,'en','zh-hant','英語'),(64,'en','ms','English'),(65,'es','en','Spanish'),(66,'es','es','Español'),(67,'es','de','Spanisch'),(68,'es','fr','Espagnol'),(69,'es','ar','الأسبانية'),(70,'es','bs','Spanish'),(71,'es','bg','Spanish'),(72,'es','ca','Spanish'),(73,'es','cs','Spanish'),(74,'es','sk','Španielčina'),(75,'es','cy','Spanish'),(76,'es','da','Spanish'),(77,'es','el','Ισπανικα'),(78,'es','eo','Spanish'),(79,'es','et','Spanish'),(80,'es','eu','Spanish'),(81,'es','fa','Spanish'),(82,'es','fi','espanja'),(83,'es','ga','Spanish'),(84,'es','he','ספרדית'),(85,'es','hi','Spanish'),(86,'es','hr','Spanish'),(87,'es','hu','spanyol'),(88,'es','hy','Spanish'),(89,'es','id','Spanish'),(90,'es','is','Spanish'),(91,'es','it','Spagnolo'),(92,'es','ja','スペイン語'),(93,'es','ko','스페인어'),(94,'es','ku','Spanish'),(95,'es','la','Spanish'),(96,'es','lv','Spanish'),(97,'es','lt','Spanish'),(98,'es','mk','Spanish'),(99,'es','mt','Spanish'),(100,'es','mo','Spanish'),(101,'es','mn','Spanish'),(102,'es','ne','Spanish'),(103,'es','nl','Spaans'),(104,'es','nb','Spanish'),(105,'es','pa','Spanish'),(106,'es','pl','hiszpański'),(107,'es','pt-pt','Espanhol'),(108,'es','pt-br','Espanhol'),(109,'es','qu','Spanish'),(110,'es','ro','Spaniolă'),(111,'es','ru','Испанский'),(112,'es','sl','Spanish'),(113,'es','so','Spanish'),(114,'es','sq','Spanish'),(115,'es','sr','Spanish'),(116,'es','sv','Spanska'),(117,'es','ta','Spanish'),(118,'es','th','สเปน'),(119,'es','tr','İspanyolca'),(120,'es','uk','Spanish'),(121,'es','ur','Spanish'),(122,'es','uz','Spanish'),(123,'es','vi','Spanish'),(124,'es','yi','Spanish'),(125,'es','zh-hans','西班牙语'),(126,'es','zu','Spanish'),(127,'es','zh-hant','西班牙語'),(128,'es','ms','Spanish'),(129,'de','en','German'),(130,'de','es','Alemán'),(131,'de','de','Deutsch'),(132,'de','fr','Allemand'),(133,'de','ar','الألمانية'),(134,'de','bs','German'),(135,'de','bg','German'),(136,'de','ca','German'),(137,'de','cs','German'),(138,'de','sk','Nemčina'),(139,'de','cy','German'),(140,'de','da','German'),(141,'de','el','Γερμανικα'),(142,'de','eo','German'),(143,'de','et','German'),(144,'de','eu','German'),(145,'de','fa','German'),(146,'de','fi','saksa'),(147,'de','ga','German'),(148,'de','he','גרמנית'),(149,'de','hi','German'),(150,'de','hr','German'),(151,'de','hu','német'),(152,'de','hy','German'),(153,'de','id','German'),(154,'de','is','German'),(155,'de','it','Tedesco'),(156,'de','ja','ドイツ語'),(157,'de','ko','독어'),(158,'de','ku','German'),(159,'de','la','German'),(160,'de','lv','German'),(161,'de','lt','German'),(162,'de','mk','German'),(163,'de','mt','German'),(164,'de','mo','German'),(165,'de','mn','German'),(166,'de','ne','German'),(167,'de','nl','Duits'),(168,'de','nb','German'),(169,'de','pa','German'),(170,'de','pl','niemiecki'),(171,'de','pt-pt','Alemão'),(172,'de','pt-br','Alemão'),(173,'de','qu','German'),(174,'de','ro','Germană'),(175,'de','ru','Немецкий'),(176,'de','sl','German'),(177,'de','so','German'),(178,'de','sq','German'),(179,'de','sr','German'),(180,'de','sv','Tyska'),(181,'de','ta','German'),(182,'de','th','เยอรมัน'),(183,'de','tr','Almanca'),(184,'de','uk','German'),(185,'de','ur','German'),(186,'de','uz','German'),(187,'de','vi','German'),(188,'de','yi','German'),(189,'de','zh-hans','德语'),(190,'de','zu','German'),(191,'de','zh-hant','德語'),(192,'de','ms','German'),(193,'fr','en','French'),(194,'fr','es','Francés'),(195,'fr','de','Französisch'),(196,'fr','fr','Français'),(197,'fr','ar','الفرنسية'),(198,'fr','bs','French'),(199,'fr','bg','French'),(200,'fr','ca','French'),(201,'fr','cs','French'),(202,'fr','sk','Francúzština'),(203,'fr','cy','French'),(204,'fr','da','French'),(205,'fr','el','Γαλλικα'),(206,'fr','eo','French'),(207,'fr','et','French'),(208,'fr','eu','French'),(209,'fr','fa','French'),(210,'fr','fi','ranska'),(211,'fr','ga','French'),(212,'fr','he','צרפתית'),(213,'fr','hi','French'),(214,'fr','hr','French'),(215,'fr','hu','francia'),(216,'fr','hy','French'),(217,'fr','id','French'),(218,'fr','is','French'),(219,'fr','it','Francese'),(220,'fr','ja','フランス語'),(221,'fr','ko','불어'),(222,'fr','ku','French'),(223,'fr','la','French'),(224,'fr','lv','French'),(225,'fr','lt','French'),(226,'fr','mk','French'),(227,'fr','mt','French'),(228,'fr','mo','French'),(229,'fr','mn','French'),(230,'fr','ne','French'),(231,'fr','nl','Frans'),(232,'fr','nb','French'),(233,'fr','pa','French'),(234,'fr','pl','francuski'),(235,'fr','pt-pt','Francês'),(236,'fr','pt-br','Francês'),(237,'fr','qu','French'),(238,'fr','ro','Franceză'),(239,'fr','ru','Французский'),(240,'fr','sl','French'),(241,'fr','so','French'),(242,'fr','sq','French'),(243,'fr','sr','French'),(244,'fr','sv','Franska'),(245,'fr','ta','French'),(246,'fr','th','ฝรั่งเศส'),(247,'fr','tr','Fransızca'),(248,'fr','uk','French'),(249,'fr','ur','French'),(250,'fr','uz','French'),(251,'fr','vi','French'),(252,'fr','yi','French'),(253,'fr','zh-hans','法语'),(254,'fr','zu','French'),(255,'fr','zh-hant','法語'),(256,'fr','ms','French'),(257,'ar','en','Arabic'),(258,'ar','es','Árabe'),(259,'ar','de','Arabisch'),(260,'ar','fr','Arabe'),(261,'ar','ar','العربية'),(262,'ar','bs','Arabic'),(263,'ar','bg','Arabic'),(264,'ar','ca','Arabic'),(265,'ar','cs','Arabic'),(266,'ar','sk','Arabčina'),(267,'ar','cy','Arabic'),(268,'ar','da','Arabic'),(269,'ar','el','Αραβικα'),(270,'ar','eo','Arabic'),(271,'ar','et','Arabic'),(272,'ar','eu','Arabic'),(273,'ar','fa','Arabic'),(274,'ar','fi','arabia'),(275,'ar','ga','Arabic'),(276,'ar','he','ערבית'),(277,'ar','hi','Arabic'),(278,'ar','hr','Arabic'),(279,'ar','hu','arab'),(280,'ar','hy','Arabic'),(281,'ar','id','Arabic'),(282,'ar','is','Arabic'),(283,'ar','it','Arabo'),(284,'ar','ja','アラビア語'),(285,'ar','ko','아랍어'),(286,'ar','ku','Arabic'),(287,'ar','la','Arabic'),(288,'ar','lv','Arabic'),(289,'ar','lt','Arabic'),(290,'ar','mk','Arabic'),(291,'ar','mt','Arabic'),(292,'ar','mo','Arabic'),(293,'ar','mn','Arabic'),(294,'ar','ne','Arabic'),(295,'ar','nl','Arabisch'),(296,'ar','nb','Arabic'),(297,'ar','pa','Arabic'),(298,'ar','pl','arabski'),(299,'ar','pt-pt','Árabe'),(300,'ar','pt-br','Árabe'),(301,'ar','qu','Arabic'),(302,'ar','ro','Arabică'),(303,'ar','ru','Арабский'),(304,'ar','sl','Arabic'),(305,'ar','so','Arabic'),(306,'ar','sq','Arabic'),(307,'ar','sr','Arabic'),(308,'ar','sv','Arabiska'),(309,'ar','ta','Arabic'),(310,'ar','th','อารบิก'),(311,'ar','tr','Arapça'),(312,'ar','uk','Arabic'),(313,'ar','ur','Arabic'),(314,'ar','uz','Arabic'),(315,'ar','vi','Arabic'),(316,'ar','yi','Arabic'),(317,'ar','zh-hans','阿拉伯语'),(318,'ar','zu','Arabic'),(319,'ar','zh-hant','阿拉伯語'),(320,'ar','ms','Arabic'),(321,'bs','en','Bosnian'),(322,'bs','es','Bosnio'),(323,'bs','de','Bosnisch'),(324,'bs','fr','Bosnien'),(325,'bs','ar','البوسنية'),(326,'bs','bs','Bosnian'),(327,'bs','bg','Bosnian'),(328,'bs','ca','Bosnian'),(329,'bs','cs','Bosnian'),(330,'bs','sk','Bosniačtina'),(331,'bs','cy','Bosnian'),(332,'bs','da','Bosnian'),(333,'bs','el','Βοσνιακα'),(334,'bs','eo','Bosnian'),(335,'bs','et','Bosnian'),(336,'bs','eu','Bosnian'),(337,'bs','fa','Bosnian'),(338,'bs','fi','bosnia'),(339,'bs','ga','Bosnian'),(340,'bs','he','Bosnian'),(341,'bs','hi','Bosnian'),(342,'bs','hr','Bosnian'),(343,'bs','hu','bosnyák'),(344,'bs','hy','Bosnian'),(345,'bs','id','Bosnian'),(346,'bs','is','Bosnian'),(347,'bs','it','Bosniaco'),(348,'bs','ja','ボスニア語'),(349,'bs','ko','보즈니아어'),(350,'bs','ku','Bosnian'),(351,'bs','la','Bosnian'),(352,'bs','lv','Bosnian'),(353,'bs','lt','Bosnian'),(354,'bs','mk','Bosnian'),(355,'bs','mt','Bosnian'),(356,'bs','mo','Bosnian'),(357,'bs','mn','Bosnian'),(358,'bs','ne','Bosnian'),(359,'bs','nl','Bosnisch'),(360,'bs','nb','Bosnian'),(361,'bs','pa','Bosnian'),(362,'bs','pl','bośniacki'),(363,'bs','pt-pt','Bósnio'),(364,'bs','pt-br','Bósnio'),(365,'bs','qu','Bosnian'),(366,'bs','ro','Bosniacă'),(367,'bs','ru','Боснийский'),(368,'bs','sl','Bosnian'),(369,'bs','so','Bosnian'),(370,'bs','sq','Bosnian'),(371,'bs','sr','Bosnian'),(372,'bs','sv','Bosniska'),(373,'bs','ta','Bosnian'),(374,'bs','th','บอสเนียน'),(375,'bs','tr','Boşnakça'),(376,'bs','uk','Bosnian'),(377,'bs','ur','Bosnian'),(378,'bs','uz','Bosnian'),(379,'bs','vi','Bosnian'),(380,'bs','yi','Bosnian'),(381,'bs','zh-hans','波斯尼亚语'),(382,'bs','zu','Bosnian'),(383,'bs','zh-hant','波士尼亞語'),(384,'bs','ms','Bosnian'),(385,'bg','en','Bulgarian'),(386,'bg','es','Búlgaro'),(387,'bg','de','Bulgarisch'),(388,'bg','fr','Bulgare'),(389,'bg','ar','البلغارية'),(390,'bg','bs','Bulgarian'),(391,'bg','bg','Bulgarian'),(392,'bg','ca','Bulgarian'),(393,'bg','cs','Bulgarian'),(394,'bg','sk','Bulharčina'),(395,'bg','cy','Bulgarian'),(396,'bg','da','Bulgarian'),(397,'bg','el','Βουλγαρικα'),(398,'bg','eo','Bulgarian'),(399,'bg','et','Bulgarian'),(400,'bg','eu','Bulgarian'),(401,'bg','fa','Bulgarian'),(402,'bg','fi','bulgaria'),(403,'bg','ga','Bulgarian'),(404,'bg','he','Bulgarian'),(405,'bg','hi','Bulgarian'),(406,'bg','hr','Bulgarian'),(407,'bg','hu','bolgár'),(408,'bg','hy','Bulgarian'),(409,'bg','id','Bulgarian'),(410,'bg','is','Bulgarian'),(411,'bg','it','Bulgaro'),(412,'bg','ja','ブルガリア語'),(413,'bg','ko','불가리아어'),(414,'bg','ku','Bulgarian'),(415,'bg','la','Bulgarian'),(416,'bg','lv','Bulgarian'),(417,'bg','lt','Bulgarian'),(418,'bg','mk','Bulgarian'),(419,'bg','mt','Bulgarian'),(420,'bg','mo','Bulgarian'),(421,'bg','mn','Bulgarian'),(422,'bg','ne','Bulgarian'),(423,'bg','nl','Bulgaars'),(424,'bg','nb','Bulgarian'),(425,'bg','pa','Bulgarian'),(426,'bg','pl','bułgarski'),(427,'bg','pt-pt','Búlgaro'),(428,'bg','pt-br','Búlgaro'),(429,'bg','qu','Bulgarian'),(430,'bg','ro','Bulgară'),(431,'bg','ru','Болгарский'),(432,'bg','sl','Bulgarian'),(433,'bg','so','Bulgarian'),(434,'bg','sq','Bulgarian'),(435,'bg','sr','Bulgarian'),(436,'bg','sv','Bulgariska'),(437,'bg','ta','Bulgarian'),(438,'bg','th','บัลแกเรียน'),(439,'bg','tr','Bulgarca'),(440,'bg','uk','Bulgarian'),(441,'bg','ur','Bulgarian'),(442,'bg','uz','Bulgarian'),(443,'bg','vi','Bulgarian'),(444,'bg','yi','Bulgarian'),(445,'bg','zh-hans','保加利亚语'),(446,'bg','zu','Bulgarian'),(447,'bg','zh-hant','保加利亞語'),(448,'bg','ms','Bulgarian'),(449,'ca','en','Catalan'),(450,'ca','es','Catalán'),(451,'ca','de','Katalanisch'),(452,'ca','fr','Catalan'),(453,'ca','ar','الكاتالوينية'),(454,'ca','bs','Catalan'),(455,'ca','bg','Catalan'),(456,'ca','ca','Català'),(457,'ca','cs','Catalan'),(458,'ca','sk','Katalánčina'),(459,'ca','cy','Catalan'),(460,'ca','da','Catalan'),(461,'ca','el','Καταλανικα'),(462,'ca','eo','Catalan'),(463,'ca','et','Catalan'),(464,'ca','eu','Catalan'),(465,'ca','fa','Catalan'),(466,'ca','fi','katalaani'),(467,'ca','ga','Catalan'),(468,'ca','he','Catalan'),(469,'ca','hi','Catalan'),(470,'ca','hr','Catalan'),(471,'ca','hu','katalán'),(472,'ca','hy','Catalan'),(473,'ca','id','Catalan'),(474,'ca','is','Catalan'),(475,'ca','it','Catalano'),(476,'ca','ja','カタルーニャ語'),(477,'ca','ko','카탈로니아어'),(478,'ca','ku','Catalan'),(479,'ca','la','Catalan'),(480,'ca','lv','Catalan'),(481,'ca','lt','Catalan'),(482,'ca','mk','Catalan'),(483,'ca','mt','Catalan'),(484,'ca','mo','Catalan'),(485,'ca','mn','Catalan'),(486,'ca','ne','Catalan'),(487,'ca','nl','Catalaans'),(488,'ca','nb','Catalan'),(489,'ca','pa','Catalan'),(490,'ca','pl','kataloński'),(491,'ca','pt-pt','Catalão'),(492,'ca','pt-br','Catalão'),(493,'ca','qu','Catalan'),(494,'ca','ro','Catalană'),(495,'ca','ru','Каталанский'),(496,'ca','sl','Catalan'),(497,'ca','so','Catalan'),(498,'ca','sq','Catalan'),(499,'ca','sr','Catalan'),(500,'ca','sv','Katalanska'),(501,'ca','ta','Catalan'),(502,'ca','th','คะตะลาน'),(503,'ca','tr','Katalan dili'),(504,'ca','uk','Catalan'),(505,'ca','ur','Catalan'),(506,'ca','uz','Catalan'),(507,'ca','vi','Catalan'),(508,'ca','yi','Catalan'),(509,'ca','zh-hans','加泰罗尼亚语'),(510,'ca','zu','Catalan'),(511,'ca','zh-hant','加泰羅尼亞語'),(512,'ca','ms','Catalan'),(513,'cs','en','Czech'),(514,'cs','es','Checo'),(515,'cs','de','Tschechisch'),(516,'cs','fr','Tchèque'),(517,'cs','ar','التشيكية'),(518,'cs','bs','Czech'),(519,'cs','bg','Czech'),(520,'cs','ca','Czech'),(521,'cs','cs','Čeština'),(522,'cs','sk','Čeština'),(523,'cs','cy','Czech'),(524,'cs','da','Czech'),(525,'cs','el','Τσεχικη'),(526,'cs','eo','Czech'),(527,'cs','et','Czech'),(528,'cs','eu','Czech'),(529,'cs','fa','Czech'),(530,'cs','fi','tsekki'),(531,'cs','ga','Czech'),(532,'cs','he','Czech'),(533,'cs','hi','Czech'),(534,'cs','hr','Czech'),(535,'cs','hu','cseh'),(536,'cs','hy','Czech'),(537,'cs','id','Czech'),(538,'cs','is','Czech'),(539,'cs','it','Ceco'),(540,'cs','ja','チェコ語'),(541,'cs','ko','체코슬로바키아어'),(542,'cs','ku','Czech'),(543,'cs','la','Czech'),(544,'cs','lv','Czech'),(545,'cs','lt','Czech'),(546,'cs','mk','Czech'),(547,'cs','mt','Czech'),(548,'cs','mo','Czech'),(549,'cs','mn','Czech'),(550,'cs','ne','Czech'),(551,'cs','nl','Tsjechisch'),(552,'cs','nb','Czech'),(553,'cs','pa','Czech'),(554,'cs','pl','czeski'),(555,'cs','pt-pt','Tcheco'),(556,'cs','pt-br','Tcheco'),(557,'cs','qu','Czech'),(558,'cs','ro','Cehă'),(559,'cs','ru','Чешский'),(560,'cs','sl','Czech'),(561,'cs','so','Czech'),(562,'cs','sq','Czech'),(563,'cs','sr','Czech'),(564,'cs','sv','Tjeckiska'),(565,'cs','ta','Czech'),(566,'cs','th','เช็ก'),(567,'cs','tr','Çekçe'),(568,'cs','uk','Czech'),(569,'cs','ur','Czech'),(570,'cs','uz','Czech'),(571,'cs','vi','Czech'),(572,'cs','yi','Czech'),(573,'cs','zh-hans','捷克语'),(574,'cs','zu','Czech'),(575,'cs','zh-hant','捷克語'),(576,'cs','ms','Czech'),(577,'sk','en','Slovak'),(578,'sk','es','Eslavo'),(579,'sk','de','Slawisch'),(580,'sk','fr','Slave'),(581,'sk','ar','السلافية'),(582,'sk','bs','Slovak'),(583,'sk','bg','Slovak'),(584,'sk','ca','Slovak'),(585,'sk','cs','Slovak'),(586,'sk','sk','Slovenčina'),(587,'sk','cy','Slovak'),(588,'sk','da','Slovak'),(589,'sk','el','Σλαβικη'),(590,'sk','eo','Slovak'),(591,'sk','et','Slovak'),(592,'sk','eu','Slovak'),(593,'sk','fa','Slovak'),(594,'sk','fi','slaavi'),(595,'sk','ga','Slovak'),(596,'sk','he','Slavic'),(597,'sk','hi','Slovak'),(598,'sk','hr','Slovak'),(599,'sk','hu','szláv'),(600,'sk','hy','Slovak'),(601,'sk','id','Slovak'),(602,'sk','is','Slovak'),(603,'sk','it','Slavo'),(604,'sk','ja','スラヴ語派'),(605,'sk','ko','슬라브어'),(606,'sk','ku','Slovak'),(607,'sk','la','Slovak'),(608,'sk','lv','Slovak'),(609,'sk','lt','Slovak'),(610,'sk','mk','Slovak'),(611,'sk','mt','Slovak'),(612,'sk','mo','Slovak'),(613,'sk','mn','Slovak'),(614,'sk','ne','Slovak'),(615,'sk','nl','Slavisch'),(616,'sk','nb','Slovak'),(617,'sk','pa','Slovak'),(618,'sk','pl','słowacki'),(619,'sk','pt-pt','Eslavo'),(620,'sk','pt-br','Eslavo'),(621,'sk','qu','Slovak'),(622,'sk','ro','Slavă'),(623,'sk','ru','Славянский'),(624,'sk','sl','Slovak'),(625,'sk','so','Slovak'),(626,'sk','sq','Slovak'),(627,'sk','sr','Slovak'),(628,'sk','sv','Slavisk'),(629,'sk','ta','Slovak'),(630,'sk','th','สลาวิก'),(631,'sk','tr','Slav dili'),(632,'sk','uk','Slovak'),(633,'sk','ur','Slovak'),(634,'sk','uz','Slovak'),(635,'sk','vi','Slovak'),(636,'sk','yi','Slovak'),(637,'sk','zh-hans','斯拉夫语'),(638,'sk','zu','Slovak'),(639,'sk','zh-hant','斯拉夫語'),(640,'sk','ms','Slovak'),(641,'cy','en','Welsh'),(642,'cy','es','Galés'),(643,'cy','de','Walisisch'),(644,'cy','fr','Gallois'),(645,'cy','ar','الولزية'),(646,'cy','bs','Welsh'),(647,'cy','bg','Welsh'),(648,'cy','ca','Welsh'),(649,'cy','cs','Welsh'),(650,'cy','sk','Welština'),(651,'cy','cy','Cymraeg'),(652,'cy','da','Welsh'),(653,'cy','el','Welsh'),(654,'cy','eo','Welsh'),(655,'cy','et','Welsh'),(656,'cy','eu','Welsh'),(657,'cy','fa','Welsh'),(658,'cy','fi','kymri'),(659,'cy','ga','Welsh'),(660,'cy','he','Welsh'),(661,'cy','hi','Welsh'),(662,'cy','hr','Welsh'),(663,'cy','hu','vels'),(664,'cy','hy','Welsh'),(665,'cy','id','Welsh'),(666,'cy','is','Welsh'),(667,'cy','it','Gallese'),(668,'cy','ja','ウェールズ語'),(669,'cy','ko','웨일즈어'),(670,'cy','ku','Welsh'),(671,'cy','la','Welsh'),(672,'cy','lv','Welsh'),(673,'cy','lt','Welsh'),(674,'cy','mk','Welsh'),(675,'cy','mt','Welsh'),(676,'cy','mo','Welsh'),(677,'cy','mn','Welsh'),(678,'cy','ne','Welsh'),(679,'cy','nl','Welsh'),(680,'cy','nb','Welsh'),(681,'cy','pa','Welsh'),(682,'cy','pl','walijski'),(683,'cy','pt-pt','Galês'),(684,'cy','pt-br','Galês'),(685,'cy','qu','Welsh'),(686,'cy','ro','Galeză'),(687,'cy','ru','Валлийский'),(688,'cy','sl','Welsh'),(689,'cy','so','Welsh'),(690,'cy','sq','Welsh'),(691,'cy','sr','Welsh'),(692,'cy','sv','Walesiska'),(693,'cy','ta','Welsh'),(694,'cy','th','เวลช์'),(695,'cy','tr','Galce'),(696,'cy','uk','Welsh'),(697,'cy','ur','Welsh'),(698,'cy','uz','Welsh'),(699,'cy','vi','Welsh'),(700,'cy','yi','Welsh'),(701,'cy','zh-hans','威尔士语'),(702,'cy','zu','Welsh'),(703,'cy','zh-hant','威爾士語'),(704,'cy','ms','Welsh'),(705,'da','en','Danish'),(706,'da','es','Danés'),(707,'da','de','Dänisch'),(708,'da','fr','Danois'),(709,'da','ar','الدانماركية'),(710,'da','bs','Danish'),(711,'da','bg','Danish'),(712,'da','ca','Danish'),(713,'da','cs','Danish'),(714,'da','sk','Dánčina'),(715,'da','cy','Danish'),(716,'da','da','Dansk'),(717,'da','el','Δανεζικα'),(718,'da','eo','Danish'),(719,'da','et','Danish'),(720,'da','eu','Danish'),(721,'da','fa','Danish'),(722,'da','fi','tanska'),(723,'da','ga','Danish'),(724,'da','he','דנית'),(725,'da','hi','Danish'),(726,'da','hr','Danish'),(727,'da','hu','dán'),(728,'da','hy','Danish'),(729,'da','id','Danish'),(730,'da','is','Danish'),(731,'da','it','Danese'),(732,'da','ja','デンマーク語'),(733,'da','ko','덴마크어'),(734,'da','ku','Danish'),(735,'da','la','Danish'),(736,'da','lv','Danish'),(737,'da','lt','Danish'),(738,'da','mk','Danish'),(739,'da','mt','Danish'),(740,'da','mo','Danish'),(741,'da','mn','Danish'),(742,'da','ne','Danish'),(743,'da','nl','Deens'),(744,'da','nb','Danish'),(745,'da','pa','Danish'),(746,'da','pl','duński'),(747,'da','pt-pt','Dinamarquês'),(748,'da','pt-br','Dinamarquês'),(749,'da','qu','Danish'),(750,'da','ro','Daneză'),(751,'da','ru','Датский'),(752,'da','sl','Danish'),(753,'da','so','Danish'),(754,'da','sq','Danish'),(755,'da','sr','Danish'),(756,'da','sv','Danska'),(757,'da','ta','Danish'),(758,'da','th','เดนมาร์ก'),(759,'da','tr','Danca'),(760,'da','uk','Danish'),(761,'da','ur','Danish'),(762,'da','uz','Danish'),(763,'da','vi','Danish'),(764,'da','yi','Danish'),(765,'da','zh-hans','丹麦语'),(766,'da','zu','Danish'),(767,'da','zh-hant','丹麥語'),(768,'da','ms','Danish'),(769,'el','en','Greek'),(770,'el','es','Griego'),(771,'el','de','Griechisch'),(772,'el','fr','Grec moderne'),(773,'el','ar','اليونانية'),(774,'el','bs','Greek'),(775,'el','bg','Greek'),(776,'el','ca','Greek'),(777,'el','cs','Greek'),(778,'el','sk','Gréčtina'),(779,'el','cy','Greek'),(780,'el','da','Greek'),(781,'el','el','Ελληνικα'),(782,'el','eo','Greek'),(783,'el','et','Greek'),(784,'el','eu','Greek'),(785,'el','fa','Greek'),(786,'el','fi','kreikka'),(787,'el','ga','Greek'),(788,'el','he','יוונית'),(789,'el','hi','Greek'),(790,'el','hr','Greek'),(791,'el','hu','görög'),(792,'el','hy','Greek'),(793,'el','id','Greek'),(794,'el','is','Greek'),(795,'el','it','Greco'),(796,'el','ja','ギリシア語'),(797,'el','ko','그리스어'),(798,'el','ku','Greek'),(799,'el','la','Greek'),(800,'el','lv','Greek'),(801,'el','lt','Greek'),(802,'el','mk','Greek'),(803,'el','mt','Greek'),(804,'el','mo','Greek'),(805,'el','mn','Greek'),(806,'el','ne','Greek'),(807,'el','nl','Grieks'),(808,'el','nb','Greek'),(809,'el','pa','Greek'),(810,'el','pl','grecki'),(811,'el','pt-pt','Grego'),(812,'el','pt-br','Grego'),(813,'el','qu','Greek'),(814,'el','ro','Greacă'),(815,'el','ru','Греческий'),(816,'el','sl','Greek'),(817,'el','so','Greek'),(818,'el','sq','Greek'),(819,'el','sr','Greek'),(820,'el','sv','Grekiska'),(821,'el','ta','Greek'),(822,'el','th','กรีก'),(823,'el','tr','Yunanca'),(824,'el','uk','Greek'),(825,'el','ur','Greek'),(826,'el','uz','Greek'),(827,'el','vi','Greek'),(828,'el','yi','Greek'),(829,'el','zh-hans','希腊语'),(830,'el','zu','Greek'),(831,'el','zh-hant','希臘語'),(832,'el','ms','Greek'),(833,'eo','en','Esperanto'),(834,'eo','es','Esperanto'),(835,'eo','de','Esperanto'),(836,'eo','fr','Espéranto'),(837,'eo','ar','الاسبرانتو'),(838,'eo','bs','Esperanto'),(839,'eo','bg','Esperanto'),(840,'eo','ca','Esperanto'),(841,'eo','cs','Esperanto'),(842,'eo','sk','Esperanto'),(843,'eo','cy','Esperanto'),(844,'eo','da','Esperanto'),(845,'eo','el','Εσπεραντο'),(846,'eo','eo','Esperanto'),(847,'eo','et','Esperanto'),(848,'eo','eu','Esperanto'),(849,'eo','fa','Esperanto'),(850,'eo','fi','esperanto'),(851,'eo','ga','Esperanto'),(852,'eo','he','Esperanto'),(853,'eo','hi','Esperanto'),(854,'eo','hr','Esperanto'),(855,'eo','hu','eszperantó'),(856,'eo','hy','Esperanto'),(857,'eo','id','Esperanto'),(858,'eo','is','Esperanto'),(859,'eo','it','Esperanto'),(860,'eo','ja','エスペラント語'),(861,'eo','ko','에스페란토어'),(862,'eo','ku','Esperanto'),(863,'eo','la','Esperanto'),(864,'eo','lv','Esperanto'),(865,'eo','lt','Esperanto'),(866,'eo','mk','Esperanto'),(867,'eo','mt','Esperanto'),(868,'eo','mo','Esperanto'),(869,'eo','mn','Esperanto'),(870,'eo','ne','Esperanto'),(871,'eo','nl','Esperanto'),(872,'eo','nb','Esperanto'),(873,'eo','pa','Esperanto'),(874,'eo','pl','esperanto'),(875,'eo','pt-pt','Esperanto'),(876,'eo','pt-br','Esperanto'),(877,'eo','qu','Esperanto'),(878,'eo','ro','Esperanto'),(879,'eo','ru','Эсперанто'),(880,'eo','sl','Esperanto'),(881,'eo','so','Esperanto'),(882,'eo','sq','Esperanto'),(883,'eo','sr','Esperanto'),(884,'eo','sv','Esperanto'),(885,'eo','ta','Esperanto'),(886,'eo','th','เอสเปอรันโต'),(887,'eo','tr','Esperanto'),(888,'eo','uk','Esperanto'),(889,'eo','ur','Esperanto'),(890,'eo','uz','Esperanto'),(891,'eo','vi','Esperanto'),(892,'eo','yi','Esperanto'),(893,'eo','zh-hans','世界语'),(894,'eo','zu','Esperanto'),(895,'eo','zh-hant','世界語'),(896,'eo','ms','Esperanto'),(897,'et','en','Estonian'),(898,'et','es','Estonio'),(899,'et','de','Estnisch'),(900,'et','fr','Estonien'),(901,'et','ar','الأستونية'),(902,'et','bs','Estonian'),(903,'et','bg','Estonian'),(904,'et','ca','Estonian'),(905,'et','cs','Estonian'),(906,'et','sk','Estónčina'),(907,'et','cy','Estonian'),(908,'et','da','Estonian'),(909,'et','el','Εσθονικα'),(910,'et','eo','Estonian'),(911,'et','et','Eesti'),(912,'et','eu','Estonian'),(913,'et','fa','Estonian'),(914,'et','fi','eesti'),(915,'et','ga','Estonian'),(916,'et','he','Estonian'),(917,'et','hi','Estonian'),(918,'et','hr','Estonian'),(919,'et','hu','észt'),(920,'et','hy','Estonian'),(921,'et','id','Estonian'),(922,'et','is','Estonian'),(923,'et','it','Estone'),(924,'et','ja','エストニア語'),(925,'et','ko','에스토니아어'),(926,'et','ku','Estonian'),(927,'et','la','Estonian'),(928,'et','lv','Estonian'),(929,'et','lt','Estonian'),(930,'et','mk','Estonian'),(931,'et','mt','Estonian'),(932,'et','mo','Estonian'),(933,'et','mn','Estonian'),(934,'et','ne','Estonian'),(935,'et','nl','Ests'),(936,'et','nb','Estonian'),(937,'et','pa','Estonian'),(938,'et','pl','estoński'),(939,'et','pt-pt','Estoniano'),(940,'et','pt-br','Estoniano'),(941,'et','qu','Estonian'),(942,'et','ro','Estoniană'),(943,'et','ru','Эстонский'),(944,'et','sl','Estonian'),(945,'et','so','Estonian'),(946,'et','sq','Estonian'),(947,'et','sr','Estonian'),(948,'et','sv','Estniska'),(949,'et','ta','Estonian'),(950,'et','th','เอสโตเนียน'),(951,'et','tr','Estonya dili'),(952,'et','uk','Estonian'),(953,'et','ur','Estonian'),(954,'et','uz','Estonian'),(955,'et','vi','Estonian'),(956,'et','yi','Estonian'),(957,'et','zh-hans','爱沙尼亚语'),(958,'et','zu','Estonian'),(959,'et','zh-hant','愛沙尼亞語'),(960,'et','ms','Estonian'),(961,'eu','en','Basque'),(962,'eu','es','Euskera'),(963,'eu','de','Baskisch'),(964,'eu','fr','Basque'),(965,'eu','ar','لغة الباسك'),(966,'eu','bs','Basque'),(967,'eu','bg','Basque'),(968,'eu','ca','Basque'),(969,'eu','cs','Basque'),(970,'eu','sk','Baskičtina'),(971,'eu','cy','Basque'),(972,'eu','da','Basque'),(973,'eu','el','Βασκικα'),(974,'eu','eo','Basque'),(975,'eu','et','Basque'),(976,'eu','eu','Euskara'),(977,'eu','fa','Basque'),(978,'eu','fi','baski'),(979,'eu','ga','Basque'),(980,'eu','he','Basque'),(981,'eu','hi','Basque'),(982,'eu','hr','Basque'),(983,'eu','hu','baszk'),(984,'eu','hy','Basque'),(985,'eu','id','Basque'),(986,'eu','is','Basque'),(987,'eu','it','Basco'),(988,'eu','ja','バスク語'),(989,'eu','ko','바스크어'),(990,'eu','ku','Basque'),(991,'eu','la','Basque'),(992,'eu','lv','Basque'),(993,'eu','lt','Basque'),(994,'eu','mk','Basque'),(995,'eu','mt','Basque'),(996,'eu','mo','Basque'),(997,'eu','mn','Basque'),(998,'eu','ne','Basque'),(999,'eu','nl','Baskisch'),(1000,'eu','nb','Basque'),(1001,'eu','pa','Basque'),(1002,'eu','pl','baskijski'),(1003,'eu','pt-pt','Basco'),(1004,'eu','pt-br','Basco'),(1005,'eu','qu','Basque'),(1006,'eu','ro','Bască'),(1007,'eu','ru','Баскский'),(1008,'eu','sl','Basque'),(1009,'eu','so','Basque'),(1010,'eu','sq','Basque'),(1011,'eu','sr','Basque'),(1012,'eu','sv','Baskiska'),(1013,'eu','ta','Basque'),(1014,'eu','th','บาสค์'),(1015,'eu','tr','Bask dili'),(1016,'eu','uk','Basque'),(1017,'eu','ur','Basque'),(1018,'eu','uz','Basque'),(1019,'eu','vi','Basque'),(1020,'eu','yi','Basque'),(1021,'eu','zh-hans','巴斯克语'),(1022,'eu','zu','Basque'),(1023,'eu','zh-hant','巴斯克語'),(1024,'eu','ms','Basque'),(1025,'fa','en','Persian'),(1026,'fa','es','Persa'),(1027,'fa','de','Persisch'),(1028,'fa','fr','Perse'),(1029,'fa','ar','الفارسية'),(1030,'fa','bs','Persian'),(1031,'fa','bg','Persian'),(1032,'fa','ca','Persian'),(1033,'fa','cs','Persian'),(1034,'fa','sk','Perzština'),(1035,'fa','cy','Persian'),(1036,'fa','da','Persian'),(1037,'fa','el','Περσικος'),(1038,'fa','eo','Persian'),(1039,'fa','et','Persian'),(1040,'fa','eu','Persian'),(1041,'fa','fa','فارسی'),(1042,'fa','fi','persia'),(1043,'fa','ga','Persian'),(1044,'fa','he','פרסית'),(1045,'fa','hi','Persian'),(1046,'fa','hr','Persian'),(1047,'fa','hu','perzsa'),(1048,'fa','hy','Persian'),(1049,'fa','id','Persian'),(1050,'fa','is','Persian'),(1051,'fa','it','Persiano'),(1052,'fa','ja','ペルシア語'),(1053,'fa','ko','페르시아어'),(1054,'fa','ku','Persian'),(1055,'fa','la','Persian'),(1056,'fa','lv','Persian'),(1057,'fa','lt','Persian'),(1058,'fa','mk','Persian'),(1059,'fa','mt','Persian'),(1060,'fa','mo','Persian'),(1061,'fa','mn','Persian'),(1062,'fa','ne','Persian'),(1063,'fa','nl','Perzisch'),(1064,'fa','nb','Persian'),(1065,'fa','pa','Persian'),(1066,'fa','pl','perski'),(1067,'fa','pt-pt','Persa'),(1068,'fa','pt-br','Persa'),(1069,'fa','qu','Persian'),(1070,'fa','ro','Persană'),(1071,'fa','ru','Персидский'),(1072,'fa','sl','Persian'),(1073,'fa','so','Persian'),(1074,'fa','sq','Persian'),(1075,'fa','sr','Persian'),(1076,'fa','sv','Persiska'),(1077,'fa','ta','Persian'),(1078,'fa','th','เปอร์เซียน'),(1079,'fa','tr','Farsça'),(1080,'fa','uk','Persian'),(1081,'fa','ur','Persian'),(1082,'fa','uz','Persian'),(1083,'fa','vi','Persian'),(1084,'fa','yi','Persian'),(1085,'fa','zh-hans','波斯语'),(1086,'fa','zu','Persian'),(1087,'fa','zh-hant','波斯語'),(1088,'fa','ms','Persian'),(1089,'fi','en','Finnish'),(1090,'fi','es','Finlandés'),(1091,'fi','de','Finnisch'),(1092,'fi','fr','Finnois'),(1093,'fi','ar','الفنلندية'),(1094,'fi','bs','Finnish'),(1095,'fi','bg','Finnish'),(1096,'fi','ca','Finnish'),(1097,'fi','cs','Finnish'),(1098,'fi','sk','Fínština'),(1099,'fi','cy','Finnish'),(1100,'fi','da','Finnish'),(1101,'fi','el','Φινλανδικη'),(1102,'fi','eo','Finnish'),(1103,'fi','et','Finnish'),(1104,'fi','eu','Finnish'),(1105,'fi','fa','Finnish'),(1106,'fi','fi','Suomi'),(1107,'fi','ga','Finnish'),(1108,'fi','he','פינית'),(1109,'fi','hi','Finnish'),(1110,'fi','hr','Finnish'),(1111,'fi','hu','finn'),(1112,'fi','hy','Finnish'),(1113,'fi','id','Finnish'),(1114,'fi','is','Finnish'),(1115,'fi','it','Finlandese'),(1116,'fi','ja','フィンランド語'),(1117,'fi','ko','핀란드어'),(1118,'fi','ku','Finnish'),(1119,'fi','la','Finnish'),(1120,'fi','lv','Finnish'),(1121,'fi','lt','Finnish'),(1122,'fi','mk','Finnish'),(1123,'fi','mt','Finnish'),(1124,'fi','mo','Finnish'),(1125,'fi','mn','Finnish'),(1126,'fi','ne','Finnish'),(1127,'fi','nl','Fins'),(1128,'fi','nb','Finnish'),(1129,'fi','pa','Finnish'),(1130,'fi','pl','fiński'),(1131,'fi','pt-pt','Finlandês'),(1132,'fi','pt-br','Finlandês'),(1133,'fi','qu','Finnish'),(1134,'fi','ro','Finlandeză'),(1135,'fi','ru','Финский'),(1136,'fi','sl','Finnish'),(1137,'fi','so','Finnish'),(1138,'fi','sq','Finnish'),(1139,'fi','sr','Finnish'),(1140,'fi','sv','Finska'),(1141,'fi','ta','Finnish'),(1142,'fi','th','ฟินนิช'),(1143,'fi','tr','Fince'),(1144,'fi','uk','Finnish'),(1145,'fi','ur','Finnish'),(1146,'fi','uz','Finnish'),(1147,'fi','vi','Finnish'),(1148,'fi','yi','Finnish'),(1149,'fi','zh-hans','芬兰语'),(1150,'fi','zu','Finnish'),(1151,'fi','zh-hant','芬蘭語'),(1152,'fi','ms','Finnish'),(1153,'ga','en','Irish'),(1154,'ga','es','Irlandés'),(1155,'ga','de','Irisch'),(1156,'ga','fr','Irlandais'),(1157,'ga','ar','الأيرلندية'),(1158,'ga','bs','Irish'),(1159,'ga','bg','Irish'),(1160,'ga','ca','Irish'),(1161,'ga','cs','Irish'),(1162,'ga','sk','Írština'),(1163,'ga','cy','Irish'),(1164,'ga','da','Irish'),(1165,'ga','el','Ιρλανδικα'),(1166,'ga','eo','Irish'),(1167,'ga','et','Irish'),(1168,'ga','eu','Irish'),(1169,'ga','fa','Irish'),(1170,'ga','fi','iiri'),(1171,'ga','ga','Gaeilge'),(1172,'ga','he','אירית'),(1173,'ga','hi','Irish'),(1174,'ga','hr','Irish'),(1175,'ga','hu','ír'),(1176,'ga','hy','Irish'),(1177,'ga','id','Irish'),(1178,'ga','is','Irish'),(1179,'ga','it','Irlandese'),(1180,'ga','ja','アイルランド語'),(1181,'ga','ko','아일랜드어'),(1182,'ga','ku','Irish'),(1183,'ga','la','Irish'),(1184,'ga','lv','Irish'),(1185,'ga','lt','Irish'),(1186,'ga','mk','Irish'),(1187,'ga','mt','Irish'),(1188,'ga','mo','Irish'),(1189,'ga','mn','Irish'),(1190,'ga','ne','Irish'),(1191,'ga','nl','Iers'),(1192,'ga','nb','Irish'),(1193,'ga','pa','Irish'),(1194,'ga','pl','irlandzki'),(1195,'ga','pt-pt','Irlandês'),(1196,'ga','pt-br','Irlandês'),(1197,'ga','qu','Irish'),(1198,'ga','ro','Irlandeză'),(1199,'ga','ru','Ирландский'),(1200,'ga','sl','Irish'),(1201,'ga','so','Irish'),(1202,'ga','sq','Irish'),(1203,'ga','sr','Irish'),(1204,'ga','sv','Irländska'),(1205,'ga','ta','Irish'),(1206,'ga','th','ไอริช'),(1207,'ga','tr','İrlanda dili'),(1208,'ga','uk','Irish'),(1209,'ga','ur','Irish'),(1210,'ga','uz','Irish'),(1211,'ga','vi','Irish'),(1212,'ga','yi','Irish'),(1213,'ga','zh-hans','爱尔兰语'),(1214,'ga','zu','Irish'),(1215,'ga','zh-hant','愛爾蘭語'),(1216,'ga','ms','Irish'),(1217,'he','en','Hebrew'),(1218,'he','es','Hebreo'),(1219,'he','de','Hebräisch'),(1220,'he','fr','Hébreu'),(1221,'he','ar','العبرية'),(1222,'he','bs','Hebrew'),(1223,'he','bg','Hebrew'),(1224,'he','ca','Hebrew'),(1225,'he','cs','Hebrew'),(1226,'he','sk','Hebrejčina'),(1227,'he','cy','Hebrew'),(1228,'he','da','Hebrew'),(1229,'he','el','Εβραικα'),(1230,'he','eo','Hebrew'),(1231,'he','et','Hebrew'),(1232,'he','eu','Hebrew'),(1233,'he','fa','Hebrew'),(1234,'he','fi','heprea'),(1235,'he','ga','Hebrew'),(1236,'he','he','עברית'),(1237,'he','hi','Hebrew'),(1238,'he','hr','Hebrew'),(1239,'he','hu','héber'),(1240,'he','hy','Hebrew'),(1241,'he','id','Hebrew'),(1242,'he','is','Hebrew'),(1243,'he','it','Ebraico'),(1244,'he','ja','ヘブライ語'),(1245,'he','ko','히브리어'),(1246,'he','ku','Hebrew'),(1247,'he','la','Hebrew'),(1248,'he','lv','Hebrew'),(1249,'he','lt','Hebrew'),(1250,'he','mk','Hebrew'),(1251,'he','mt','Hebrew'),(1252,'he','mo','Hebrew'),(1253,'he','mn','Hebrew'),(1254,'he','ne','Hebrew'),(1255,'he','nl','Hebreeuws'),(1256,'he','nb','Hebrew'),(1257,'he','pa','Hebrew'),(1258,'he','pl','hebrajski'),(1259,'he','pt-pt','Hebraico'),(1260,'he','pt-br','Hebraico'),(1261,'he','qu','Hebrew'),(1262,'he','ro','Ebraică'),(1263,'he','ru','Иврит'),(1264,'he','sl','Hebrew'),(1265,'he','so','Hebrew'),(1266,'he','sq','Hebrew'),(1267,'he','sr','Hebrew'),(1268,'he','sv','Hebreiska'),(1269,'he','ta','Hebrew'),(1270,'he','th','ฮิบรู'),(1271,'he','tr','İbranice'),(1272,'he','uk','Hebrew'),(1273,'he','ur','Hebrew'),(1274,'he','uz','Hebrew'),(1275,'he','vi','Hebrew'),(1276,'he','yi','Hebrew'),(1277,'he','zh-hans','希伯来语'),(1278,'he','zu','Hebrew'),(1279,'he','zh-hant','希伯來語'),(1280,'he','ms','Hebrew'),(1281,'hi','en','Hindi'),(1282,'hi','es','Hindi'),(1283,'hi','de','Hindi'),(1284,'hi','fr','Hindi'),(1285,'hi','ar','الهندية'),(1286,'hi','bs','Hindi'),(1287,'hi','bg','Hindi'),(1288,'hi','ca','Hindi'),(1289,'hi','cs','Hindi'),(1290,'hi','sk','Hindčina'),(1291,'hi','cy','Hindi'),(1292,'hi','da','Hindi'),(1293,'hi','el','Ινδικα'),(1294,'hi','eo','Hindi'),(1295,'hi','et','Hindi'),(1296,'hi','eu','Hindi'),(1297,'hi','fa','Hindi'),(1298,'hi','fi','hindi'),(1299,'hi','ga','Hindi'),(1300,'hi','he','הודית'),(1301,'hi','hi','हिन्दी'),(1302,'hi','hr','Hindi'),(1303,'hi','hu','hindi'),(1304,'hi','hy','Hindi'),(1305,'hi','id','Hindi'),(1306,'hi','is','Hindi'),(1307,'hi','it','Hindi'),(1308,'hi','ja','ヒンディー語'),(1309,'hi','ko','힌두어'),(1310,'hi','ku','Hindi'),(1311,'hi','la','Hindi'),(1312,'hi','lv','Hindi'),(1313,'hi','lt','Hindi'),(1314,'hi','mk','Hindi'),(1315,'hi','mt','Hindi'),(1316,'hi','mo','Hindi'),(1317,'hi','mn','Hindi'),(1318,'hi','ne','Hindi'),(1319,'hi','nl','Hindi'),(1320,'hi','nb','Hindi'),(1321,'hi','pa','Hindi'),(1322,'hi','pl','hindi'),(1323,'hi','pt-pt','Hindi'),(1324,'hi','pt-br','Hindi'),(1325,'hi','qu','Hindi'),(1326,'hi','ro','Hindi'),(1327,'hi','ru','Хинди'),(1328,'hi','sl','Hindi'),(1329,'hi','so','Hindi'),(1330,'hi','sq','Hindi'),(1331,'hi','sr','Hindi'),(1332,'hi','sv','Hindi'),(1333,'hi','ta','Hindi'),(1334,'hi','th','ฮินดิ'),(1335,'hi','tr','Hintçe'),(1336,'hi','uk','Hindi'),(1337,'hi','ur','Hindi'),(1338,'hi','uz','Hindi'),(1339,'hi','vi','Hindi'),(1340,'hi','yi','Hindi'),(1341,'hi','zh-hans','印地语'),(1342,'hi','zu','Hindi'),(1343,'hi','zh-hant','印地語'),(1344,'hi','ms','Hindi'),(1345,'hr','en','Croatian'),(1346,'hr','es','Croata'),(1347,'hr','de','Kroatisch'),(1348,'hr','fr','Croate'),(1349,'hr','ar','الكرواتية'),(1350,'hr','bs','Croatian'),(1351,'hr','bg','Croatian'),(1352,'hr','ca','Croatian'),(1353,'hr','cs','Croatian'),(1354,'hr','sk','Chorvátština'),(1355,'hr','cy','Croatian'),(1356,'hr','da','Croatian'),(1357,'hr','el','Κροατικα'),(1358,'hr','eo','Croatian'),(1359,'hr','et','Croatian'),(1360,'hr','eu','Croatian'),(1361,'hr','fa','Croatian'),(1362,'hr','fi','kroatia'),(1363,'hr','ga','Croatian'),(1364,'hr','he','קרוטאית'),(1365,'hr','hi','Croatian'),(1366,'hr','hr','Hrvatski'),(1367,'hr','hu','horvát'),(1368,'hr','hy','Croatian'),(1369,'hr','id','Croatian'),(1370,'hr','is','Croatian'),(1371,'hr','it','Croato'),(1372,'hr','ja','クロアチア語'),(1373,'hr','ko','크로아시아어'),(1374,'hr','ku','Croatian'),(1375,'hr','la','Croatian'),(1376,'hr','lv','Croatian'),(1377,'hr','lt','Croatian'),(1378,'hr','mk','Croatian'),(1379,'hr','mt','Croatian'),(1380,'hr','mo','Croatian'),(1381,'hr','mn','Croatian'),(1382,'hr','ne','Croatian'),(1383,'hr','nl','Kroatisch'),(1384,'hr','nb','Croatian'),(1385,'hr','pa','Croatian'),(1386,'hr','pl','chorwacki'),(1387,'hr','pt-pt','Croata'),(1388,'hr','pt-br','Croata'),(1389,'hr','qu','Croatian'),(1390,'hr','ro','Croată'),(1391,'hr','ru','Хорватский'),(1392,'hr','sl','Croatian'),(1393,'hr','so','Croatian'),(1394,'hr','sq','Croatian'),(1395,'hr','sr','Croatian'),(1396,'hr','sv','Kroatiska'),(1397,'hr','ta','Croatian'),(1398,'hr','th','โครเอเชีย'),(1399,'hr','tr','Hırvatça'),(1400,'hr','uk','Croatian'),(1401,'hr','ur','Croatian'),(1402,'hr','uz','Croatian'),(1403,'hr','vi','Croatian'),(1404,'hr','yi','Croatian'),(1405,'hr','zh-hans','克罗地亚语'),(1406,'hr','zu','Croatian'),(1407,'hr','zh-hant','克羅地亞語'),(1408,'hr','ms','Croatian'),(1409,'hu','en','Hungarian'),(1410,'hu','es','Húngaro'),(1411,'hu','de','Ungarisch'),(1412,'hu','fr','Hongrois'),(1413,'hu','ar','الهنغارية'),(1414,'hu','bs','Hungarian'),(1415,'hu','bg','Hungarian'),(1416,'hu','ca','Hungarian'),(1417,'hu','cs','Hungarian'),(1418,'hu','sk','Maďarčina'),(1419,'hu','cy','Hungarian'),(1420,'hu','da','Hungarian'),(1421,'hu','el','Ουγγρικα'),(1422,'hu','eo','Hungarian'),(1423,'hu','et','Hungarian'),(1424,'hu','eu','Hungarian'),(1425,'hu','fa','Hungarian'),(1426,'hu','fi','unkari'),(1427,'hu','ga','Hungarian'),(1428,'hu','he','הונגרית'),(1429,'hu','hi','Hungarian'),(1430,'hu','hr','Hungarian'),(1431,'hu','hu','Magyar'),(1432,'hu','hy','Hungarian'),(1433,'hu','id','Hungarian'),(1434,'hu','is','Hungarian'),(1435,'hu','it','Ungherese'),(1436,'hu','ja','ハンガリー語'),(1437,'hu','ko','헝가리어'),(1438,'hu','ku','Hungarian'),(1439,'hu','la','Hungarian'),(1440,'hu','lv','Hungarian'),(1441,'hu','lt','Hungarian'),(1442,'hu','mk','Hungarian'),(1443,'hu','mt','Hungarian'),(1444,'hu','mo','Hungarian'),(1445,'hu','mn','Hungarian'),(1446,'hu','ne','Hungarian'),(1447,'hu','nl','Hongaars'),(1448,'hu','nb','Hungarian'),(1449,'hu','pa','Hungarian'),(1450,'hu','pl','węgierski'),(1451,'hu','pt-pt','Húngaro'),(1452,'hu','pt-br','Húngaro'),(1453,'hu','qu','Hungarian'),(1454,'hu','ro','Ungară'),(1455,'hu','ru','Венгерский'),(1456,'hu','sl','Hungarian'),(1457,'hu','so','Hungarian'),(1458,'hu','sq','Hungarian'),(1459,'hu','sr','Hungarian'),(1460,'hu','sv','Ungerska'),(1461,'hu','ta','Hungarian'),(1462,'hu','th','ฮังการี'),(1463,'hu','tr','Macarca'),(1464,'hu','uk','Hungarian'),(1465,'hu','ur','Hungarian'),(1466,'hu','uz','Hungarian'),(1467,'hu','vi','Hungarian'),(1468,'hu','yi','Hungarian'),(1469,'hu','zh-hans','匈牙利语'),(1470,'hu','zu','Hungarian'),(1471,'hu','zh-hant','匈牙利語'),(1472,'hu','ms','Hungarian'),(1473,'hy','en','Armenian'),(1474,'hy','es','Armenio'),(1475,'hy','de','Armenisch'),(1476,'hy','fr','Arménien'),(1477,'hy','ar','الأرمينية'),(1478,'hy','bs','Armenian'),(1479,'hy','bg','Armenian'),(1480,'hy','ca','Armenian'),(1481,'hy','cs','Armenian'),(1482,'hy','sk','Arménčina'),(1483,'hy','cy','Armenian'),(1484,'hy','da','Armenian'),(1485,'hy','el','Αρμενικα'),(1486,'hy','eo','Armenian'),(1487,'hy','et','Armenian'),(1488,'hy','eu','Armenian'),(1489,'hy','fa','Armenian'),(1490,'hy','fi','armenia'),(1491,'hy','ga','Armenian'),(1492,'hy','he','Armenian'),(1493,'hy','hi','Armenian'),(1494,'hy','hr','Armenian'),(1495,'hy','hu','örmény'),(1496,'hy','hy','Armenian'),(1497,'hy','id','Armenian'),(1498,'hy','is','Armenian'),(1499,'hy','it','Armeno'),(1500,'hy','ja','アルメニア語'),(1501,'hy','ko','아르메니아어'),(1502,'hy','ku','Armenian'),(1503,'hy','la','Armenian'),(1504,'hy','lv','Armenian'),(1505,'hy','lt','Armenian'),(1506,'hy','mk','Armenian'),(1507,'hy','mt','Armenian'),(1508,'hy','mo','Armenian'),(1509,'hy','mn','Armenian'),(1510,'hy','ne','Armenian'),(1511,'hy','nl','Armeens'),(1512,'hy','nb','Armenian'),(1513,'hy','pa','Armenian'),(1514,'hy','pl','ormiański'),(1515,'hy','pt-pt','Arménio'),(1516,'hy','pt-br','Arménio'),(1517,'hy','qu','Armenian'),(1518,'hy','ro','Armeană'),(1519,'hy','ru','Армянский'),(1520,'hy','sl','Armenian'),(1521,'hy','so','Armenian'),(1522,'hy','sq','Armenian'),(1523,'hy','sr','Armenian'),(1524,'hy','sv','Armeniska'),(1525,'hy','ta','Armenian'),(1526,'hy','th','อาร์เมเนีย'),(1527,'hy','tr','Ermenice'),(1528,'hy','uk','Armenian'),(1529,'hy','ur','Armenian'),(1530,'hy','uz','Armenian'),(1531,'hy','vi','Armenian'),(1532,'hy','yi','Armenian'),(1533,'hy','zh-hans','亚美尼亚语'),(1534,'hy','zu','Armenian'),(1535,'hy','zh-hant','亞美尼亞語'),(1536,'hy','ms','Armenian'),(1537,'id','en','Indonesian'),(1538,'id','es','Indonesio'),(1539,'id','de','Indonesisch'),(1540,'id','fr','Indonésien'),(1541,'id','ar','الأندونيسية'),(1542,'id','bs','Indonesian'),(1543,'id','bg','Indonesian'),(1544,'id','ca','Indonesian'),(1545,'id','cs','Indonesian'),(1546,'id','sk','Indonézčina'),(1547,'id','cy','Indonesian'),(1548,'id','da','Indonesian'),(1549,'id','el','Ινδονησιακα'),(1550,'id','eo','Indonesian'),(1551,'id','et','Indonesian'),(1552,'id','eu','Indonesian'),(1553,'id','fa','Indonesian'),(1554,'id','fi','indonesia'),(1555,'id','ga','Indonesian'),(1556,'id','he','Indonesian'),(1557,'id','hi','Indonesian'),(1558,'id','hr','Indonesian'),(1559,'id','hu','indonéz'),(1560,'id','hy','Indonesian'),(1561,'id','id','Indonesia'),(1562,'id','is','Indonesian'),(1563,'id','it','Indonesiano'),(1564,'id','ja','インドネシア語'),(1565,'id','ko','인도네시아어'),(1566,'id','ku','Indonesian'),(1567,'id','la','Indonesian'),(1568,'id','lv','Indonesian'),(1569,'id','lt','Indonesian'),(1570,'id','mk','Indonesian'),(1571,'id','mt','Indonesian'),(1572,'id','mo','Indonesian'),(1573,'id','mn','Indonesian'),(1574,'id','ne','Indonesian'),(1575,'id','nl','Indonesisch'),(1576,'id','nb','Indonesian'),(1577,'id','pa','Indonesian'),(1578,'id','pl','indonezyjski'),(1579,'id','pt-pt','Indonésio'),(1580,'id','pt-br','Indonésio'),(1581,'id','qu','Indonesian'),(1582,'id','ro','Indoneziană'),(1583,'id','ru','Индонезийский'),(1584,'id','sl','Indonesian'),(1585,'id','so','Indonesian'),(1586,'id','sq','Indonesian'),(1587,'id','sr','Indonesian'),(1588,'id','sv','Indonesiska'),(1589,'id','ta','Indonesian'),(1590,'id','th','อินโดนีเซีย'),(1591,'id','tr','Endonezya dili'),(1592,'id','uk','Indonesian'),(1593,'id','ur','Indonesian'),(1594,'id','uz','Indonesian'),(1595,'id','vi','Indonesian'),(1596,'id','yi','Indonesian'),(1597,'id','zh-hans','印度尼西亚语'),(1598,'id','zu','Indonesian'),(1599,'id','zh-hant','印尼語'),(1600,'id','ms','Indonesian'),(1601,'is','en','Icelandic'),(1602,'is','es','Islandés'),(1603,'is','de','Isländisch'),(1604,'is','fr','Islandais'),(1605,'is','ar','الأيسلاندية'),(1606,'is','bs','Icelandic'),(1607,'is','bg','Icelandic'),(1608,'is','ca','Icelandic'),(1609,'is','cs','Icelandic'),(1610,'is','sk','Islančina'),(1611,'is','cy','Icelandic'),(1612,'is','da','Icelandic'),(1613,'is','el','Ισλανδικα'),(1614,'is','eo','Icelandic'),(1615,'is','et','Icelandic'),(1616,'is','eu','Icelandic'),(1617,'is','fa','Icelandic'),(1618,'is','fi','islanti'),(1619,'is','ga','Icelandic'),(1620,'is','he','Icelandic'),(1621,'is','hi','Icelandic'),(1622,'is','hr','Icelandic'),(1623,'is','hu','izlandi'),(1624,'is','hy','Icelandic'),(1625,'is','id','Icelandic'),(1626,'is','is','Íslenska'),(1627,'is','it','Islandese'),(1628,'is','ja','アイスランド語'),(1629,'is','ko','아이슬랜드어'),(1630,'is','ku','Icelandic'),(1631,'is','la','Icelandic'),(1632,'is','lv','Icelandic'),(1633,'is','lt','Icelandic'),(1634,'is','mk','Icelandic'),(1635,'is','mt','Icelandic'),(1636,'is','mo','Icelandic'),(1637,'is','mn','Icelandic'),(1638,'is','ne','Icelandic'),(1639,'is','nl','Ijslands'),(1640,'is','nb','Icelandic'),(1641,'is','pa','Icelandic'),(1642,'is','pl','islandzki'),(1643,'is','pt-pt','Islandês'),(1644,'is','pt-br','Islandês'),(1645,'is','qu','Icelandic'),(1646,'is','ro','Islandeză'),(1647,'is','ru','Исландский'),(1648,'is','sl','Icelandic'),(1649,'is','so','Icelandic'),(1650,'is','sq','Icelandic'),(1651,'is','sr','Icelandic'),(1652,'is','sv','Isländska'),(1653,'is','ta','Icelandic'),(1654,'is','th','ไอซ์แลนด์'),(1655,'is','tr','İzlandaca'),(1656,'is','uk','Icelandic'),(1657,'is','ur','Icelandic'),(1658,'is','uz','Icelandic'),(1659,'is','vi','Icelandic'),(1660,'is','yi','Icelandic'),(1661,'is','zh-hans','冰岛语'),(1662,'is','zu','Icelandic'),(1663,'is','zh-hant','冰島語'),(1664,'is','ms','Icelandic'),(1665,'it','en','Italian'),(1666,'it','es','Italiano'),(1667,'it','de','Italienisch'),(1668,'it','fr','Italien'),(1669,'it','ar','الإيطالية'),(1670,'it','bs','Italian'),(1671,'it','bg','Italian'),(1672,'it','ca','Italian'),(1673,'it','cs','Italian'),(1674,'it','sk','Taliančina'),(1675,'it','cy','Italian'),(1676,'it','da','Italian'),(1677,'it','el','Ιταλικα'),(1678,'it','eo','Italian'),(1679,'it','et','Italian'),(1680,'it','eu','Italian'),(1681,'it','fa','Italian'),(1682,'it','fi','italia'),(1683,'it','ga','Italian'),(1684,'it','he','איטלקית'),(1685,'it','hi','Italian'),(1686,'it','hr','Italian'),(1687,'it','hu','olasz'),(1688,'it','hy','Italian'),(1689,'it','id','Italian'),(1690,'it','is','Italian'),(1691,'it','it','Italiano'),(1692,'it','ja','イタリア語'),(1693,'it','ko','이태리어'),(1694,'it','ku','Italian'),(1695,'it','la','Italian'),(1696,'it','lv','Italian'),(1697,'it','lt','Italian'),(1698,'it','mk','Italian'),(1699,'it','mt','Italian'),(1700,'it','mo','Italian'),(1701,'it','mn','Italian'),(1702,'it','ne','Italian'),(1703,'it','nl','Italiaans'),(1704,'it','nb','Italian'),(1705,'it','pa','Italian'),(1706,'it','pl','włoski'),(1707,'it','pt-pt','Italiano'),(1708,'it','pt-br','Italiano'),(1709,'it','qu','Italian'),(1710,'it','ro','Italiană'),(1711,'it','ru','Итальянский'),(1712,'it','sl','Italian'),(1713,'it','so','Italian'),(1714,'it','sq','Italian'),(1715,'it','sr','Italian'),(1716,'it','sv','Italienska'),(1717,'it','ta','Italian'),(1718,'it','th','อิตาลี'),(1719,'it','tr','İtalyanca'),(1720,'it','uk','Italian'),(1721,'it','ur','Italian'),(1722,'it','uz','Italian'),(1723,'it','vi','Italian'),(1724,'it','yi','Italian'),(1725,'it','zh-hans','意大利语'),(1726,'it','zu','Italian'),(1727,'it','zh-hant','義大利語'),(1728,'it','ms','Italian'),(1729,'ja','en','Japanese'),(1730,'ja','es','Japonés'),(1731,'ja','de','Japanisch'),(1732,'ja','fr','Japonais'),(1733,'ja','ar','اليابانية'),(1734,'ja','bs','Japanese'),(1735,'ja','bg','Japanese'),(1736,'ja','ca','Japanese'),(1737,'ja','cs','Japanese'),(1738,'ja','sk','Japonština'),(1739,'ja','cy','Japanese'),(1740,'ja','da','Japanese'),(1741,'ja','el','Ιαπωνικα'),(1742,'ja','eo','Japanese'),(1743,'ja','et','Japanese'),(1744,'ja','eu','Japanese'),(1745,'ja','fa','Japanese'),(1746,'ja','fi','japani'),(1747,'ja','ga','Japanese'),(1748,'ja','he','יפנית'),(1749,'ja','hi','Japanese'),(1750,'ja','hr','Japanese'),(1751,'ja','hu','japán'),(1752,'ja','hy','Japanese'),(1753,'ja','id','Japanese'),(1754,'ja','is','Japanese'),(1755,'ja','it','Giapponese'),(1756,'ja','ja','日本語'),(1757,'ja','ko','일어'),(1758,'ja','ku','Japanese'),(1759,'ja','la','Japanese'),(1760,'ja','lv','Japanese'),(1761,'ja','lt','Japanese'),(1762,'ja','mk','Japanese'),(1763,'ja','mt','Japanese'),(1764,'ja','mo','Japanese'),(1765,'ja','mn','Japanese'),(1766,'ja','ne','Japanese'),(1767,'ja','nl','Japans'),(1768,'ja','nb','Japanese'),(1769,'ja','pa','Japanese'),(1770,'ja','pl','japoński'),(1771,'ja','pt-pt','Japonês'),(1772,'ja','pt-br','Japonês'),(1773,'ja','qu','Japanese'),(1774,'ja','ro','Japoneză'),(1775,'ja','ru','Японский'),(1776,'ja','sl','Japanese'),(1777,'ja','so','Japanese'),(1778,'ja','sq','Japanese'),(1779,'ja','sr','Japanese'),(1780,'ja','sv','Japanska'),(1781,'ja','ta','Japanese'),(1782,'ja','th','ญี่ปุ่น'),(1783,'ja','tr','Japonca'),(1784,'ja','uk','Japanese'),(1785,'ja','ur','Japanese'),(1786,'ja','uz','Japanese'),(1787,'ja','vi','Japanese'),(1788,'ja','yi','Japanese'),(1789,'ja','zh-hans','日语'),(1790,'ja','zu','Japanese'),(1791,'ja','zh-hant','日語'),(1792,'ja','ms','Japanese'),(1793,'ko','en','Korean'),(1794,'ko','es','Coreano'),(1795,'ko','de','Koreanisch'),(1796,'ko','fr','Coréen'),(1797,'ko','ar','الكورية'),(1798,'ko','bs','Korean'),(1799,'ko','bg','Korean'),(1800,'ko','ca','Korean'),(1801,'ko','cs','Korean'),(1802,'ko','sk','Kórejčina'),(1803,'ko','cy','Korean'),(1804,'ko','da','Korean'),(1805,'ko','el','Κορεατικα'),(1806,'ko','eo','Korean'),(1807,'ko','et','Korean'),(1808,'ko','eu','Korean'),(1809,'ko','fa','Korean'),(1810,'ko','fi','korea'),(1811,'ko','ga','Korean'),(1812,'ko','he','קוראנית'),(1813,'ko','hi','Korean'),(1814,'ko','hr','Korean'),(1815,'ko','hu','koreai'),(1816,'ko','hy','Korean'),(1817,'ko','id','Korean'),(1818,'ko','is','Korean'),(1819,'ko','it','Coreano'),(1820,'ko','ja','韓国語'),(1821,'ko','ko','한국어'),(1822,'ko','ku','Korean'),(1823,'ko','la','Korean'),(1824,'ko','lv','Korean'),(1825,'ko','lt','Korean'),(1826,'ko','mk','Korean'),(1827,'ko','mt','Korean'),(1828,'ko','mo','Korean'),(1829,'ko','mn','Korean'),(1830,'ko','ne','Korean'),(1831,'ko','nl','Koreaans'),(1832,'ko','nb','Korean'),(1833,'ko','pa','Korean'),(1834,'ko','pl','koreański'),(1835,'ko','pt-pt','Coreano'),(1836,'ko','pt-br','Coreano'),(1837,'ko','qu','Korean'),(1838,'ko','ro','Coreană'),(1839,'ko','ru','Корейский'),(1840,'ko','sl','Korean'),(1841,'ko','so','Korean'),(1842,'ko','sq','Korean'),(1843,'ko','sr','Korean'),(1844,'ko','sv','Koreanska'),(1845,'ko','ta','Korean'),(1846,'ko','th','เกาหลี'),(1847,'ko','tr','Kore dili'),(1848,'ko','uk','Korean'),(1849,'ko','ur','Korean'),(1850,'ko','uz','Korean'),(1851,'ko','vi','Korean'),(1852,'ko','yi','Korean'),(1853,'ko','zh-hans','韩语'),(1854,'ko','zu','Korean'),(1855,'ko','zh-hant','韓語'),(1856,'ko','ms','Korean'),(1857,'ku','en','Kurdish'),(1858,'ku','es','Kurdo'),(1859,'ku','de','Kurdisch'),(1860,'ku','fr','Kurde'),(1861,'ku','ar','الكردية'),(1862,'ku','bs','Kurdish'),(1863,'ku','bg','Kurdish'),(1864,'ku','ca','Kurdish'),(1865,'ku','cs','Kurdish'),(1866,'ku','sk','Kurdština'),(1867,'ku','cy','Kurdish'),(1868,'ku','da','Kurdish'),(1869,'ku','el','Κουρδικα'),(1870,'ku','eo','Kurdish'),(1871,'ku','et','Kurdish'),(1872,'ku','eu','Kurdish'),(1873,'ku','fa','Kurdish'),(1874,'ku','fi','kurdi'),(1875,'ku','ga','Kurdish'),(1876,'ku','he','Kurdish'),(1877,'ku','hi','Kurdish'),(1878,'ku','hr','Kurdish'),(1879,'ku','hu','kurd'),(1880,'ku','hy','Kurdish'),(1881,'ku','id','Kurdish'),(1882,'ku','is','Kurdish'),(1883,'ku','it','Curdo'),(1884,'ku','ja','クルド語'),(1885,'ku','ko','쿠르드어'),(1886,'ku','ku','Kurdish'),(1887,'ku','la','Kurdish'),(1888,'ku','lv','Kurdish'),(1889,'ku','lt','Kurdish'),(1890,'ku','mk','Kurdish'),(1891,'ku','mt','Kurdish'),(1892,'ku','mo','Kurdish'),(1893,'ku','mn','Kurdish'),(1894,'ku','ne','Kurdish'),(1895,'ku','nl','Koerdish'),(1896,'ku','nb','Kurdish'),(1897,'ku','pa','Kurdish'),(1898,'ku','pl','kurdyjski'),(1899,'ku','pt-pt','Curdo'),(1900,'ku','pt-br','Curdo'),(1901,'ku','qu','Kurdish'),(1902,'ku','ro','Kurdă'),(1903,'ku','ru','Курдский'),(1904,'ku','sl','Kurdish'),(1905,'ku','so','Kurdish'),(1906,'ku','sq','Kurdish'),(1907,'ku','sr','Kurdish'),(1908,'ku','sv','Kurdiska'),(1909,'ku','ta','Kurdish'),(1910,'ku','th','เคอร์ดิช'),(1911,'ku','tr','Kürtçe'),(1912,'ku','uk','Kurdish'),(1913,'ku','ur','Kurdish'),(1914,'ku','uz','Kurdish'),(1915,'ku','vi','Kurdish'),(1916,'ku','yi','Kurdish'),(1917,'ku','zh-hans','库尔德语'),(1918,'ku','zu','Kurdish'),(1919,'ku','zh-hant','庫爾德語'),(1920,'ku','ms','Kurdish'),(1921,'la','en','Latin'),(1922,'la','es','Latín'),(1923,'la','de','Latein'),(1924,'la','fr','Latin'),(1925,'la','ar','اللاتينية'),(1926,'la','bs','Latin'),(1927,'la','bg','Latin'),(1928,'la','ca','Latin'),(1929,'la','cs','Latin'),(1930,'la','sk','Latinčina'),(1931,'la','cy','Latin'),(1932,'la','da','Latin'),(1933,'la','el','Λατινικη'),(1934,'la','eo','Latin'),(1935,'la','et','Latin'),(1936,'la','eu','Latin'),(1937,'la','fa','Latin'),(1938,'la','fi','latina'),(1939,'la','ga','Latin'),(1940,'la','he','לטינית'),(1941,'la','hi','Latin'),(1942,'la','hr','Latin'),(1943,'la','hu','latin'),(1944,'la','hy','Latin'),(1945,'la','id','Latin'),(1946,'la','is','Latin'),(1947,'la','it','Latino'),(1948,'la','ja','ラテン語'),(1949,'la','ko','라틴어'),(1950,'la','ku','Latin'),(1951,'la','la','Latin'),(1952,'la','lv','Latin'),(1953,'la','lt','Latin'),(1954,'la','mk','Latin'),(1955,'la','mt','Latin'),(1956,'la','mo','Latin'),(1957,'la','mn','Latin'),(1958,'la','ne','Latin'),(1959,'la','nl','Latijn'),(1960,'la','nb','Latin'),(1961,'la','pa','Latin'),(1962,'la','pl','łaciński'),(1963,'la','pt-pt','Latim'),(1964,'la','pt-br','Latim'),(1965,'la','qu','Latin'),(1966,'la','ro','Latină'),(1967,'la','ru','Латинский'),(1968,'la','sl','Latin'),(1969,'la','so','Latin'),(1970,'la','sq','Latin'),(1971,'la','sr','Latin'),(1972,'la','sv','Latin'),(1973,'la','ta','Latin'),(1974,'la','th','ละติน'),(1975,'la','tr','Latince'),(1976,'la','uk','Latin'),(1977,'la','ur','Latin'),(1978,'la','uz','Latin'),(1979,'la','vi','Latin'),(1980,'la','yi','Latin'),(1981,'la','zh-hans','拉丁语'),(1982,'la','zu','Latin'),(1983,'la','zh-hant','拉丁語'),(1984,'la','ms','Latin'),(1985,'lv','en','Latvian'),(1986,'lv','es','Letón'),(1987,'lv','de','Lettisch'),(1988,'lv','fr','Letton'),(1989,'lv','ar','اللاتفية'),(1990,'lv','bs','Latvian'),(1991,'lv','bg','Latvian'),(1992,'lv','ca','Latvian'),(1993,'lv','cs','Latvian'),(1994,'lv','sk','Lotyština'),(1995,'lv','cy','Latvian'),(1996,'lv','da','Latvian'),(1997,'lv','el','Λετονικα'),(1998,'lv','eo','Latvian'),(1999,'lv','et','Latvian'),(2000,'lv','eu','Latvian'),(2001,'lv','fa','Latvian'),(2002,'lv','fi','latvia'),(2003,'lv','ga','Latvian'),(2004,'lv','he','Latvian'),(2005,'lv','hi','Latvian'),(2006,'lv','hr','Latvian'),(2007,'lv','hu','lett'),(2008,'lv','hy','Latvian'),(2009,'lv','id','Latvian'),(2010,'lv','is','Latvian'),(2011,'lv','it','Lettone'),(2012,'lv','ja','ラトビア語'),(2013,'lv','ko','라트비아어'),(2014,'lv','ku','Latvian'),(2015,'lv','la','Latvian'),(2016,'lv','lv','Latviešu'),(2017,'lv','lt','Latvian'),(2018,'lv','mk','Latvian'),(2019,'lv','mt','Latvian'),(2020,'lv','mo','Latvian'),(2021,'lv','mn','Latvian'),(2022,'lv','ne','Latvian'),(2023,'lv','nl','Lets'),(2024,'lv','nb','Latvian'),(2025,'lv','pa','Latvian'),(2026,'lv','pl','łotewski'),(2027,'lv','pt-pt','Letão'),(2028,'lv','pt-br','Letão'),(2029,'lv','qu','Latvian'),(2030,'lv','ro','Letoniană'),(2031,'lv','ru','латышский'),(2032,'lv','sl','Latvian'),(2033,'lv','so','Latvian'),(2034,'lv','sq','Latvian'),(2035,'lv','sr','Latvian'),(2036,'lv','sv','Lettiska'),(2037,'lv','ta','Latvian'),(2038,'lv','th','ลัตเวีย'),(2039,'lv','tr','Letonca'),(2040,'lv','uk','Latvian'),(2041,'lv','ur','Latvian'),(2042,'lv','uz','Latvian'),(2043,'lv','vi','Latvian'),(2044,'lv','yi','Latvian'),(2045,'lv','zh-hans','拉脱维亚语'),(2046,'lv','zu','Latvian'),(2047,'lv','zh-hant','拉脫維亞語'),(2048,'lv','ms','Latvian'),(2049,'lt','en','Lithuanian'),(2050,'lt','es','Lituano'),(2051,'lt','de','Litauisch'),(2052,'lt','fr','Lituanien'),(2053,'lt','ar','اللتوانية'),(2054,'lt','bs','Lithuanian'),(2055,'lt','bg','Lithuanian'),(2056,'lt','ca','Lithuanian'),(2057,'lt','cs','Lithuanian'),(2058,'lt','sk','Litovčina'),(2059,'lt','cy','Lithuanian'),(2060,'lt','da','Lithuanian'),(2061,'lt','el','Λιθουανικα'),(2062,'lt','eo','Lithuanian'),(2063,'lt','et','Lithuanian'),(2064,'lt','eu','Lithuanian'),(2065,'lt','fa','Lithuanian'),(2066,'lt','fi','liettua'),(2067,'lt','ga','Lithuanian'),(2068,'lt','he','Lithuanian'),(2069,'lt','hi','Lithuanian'),(2070,'lt','hr','Lithuanian'),(2071,'lt','hu','litván'),(2072,'lt','hy','Lithuanian'),(2073,'lt','id','Lithuanian'),(2074,'lt','is','Lithuanian'),(2075,'lt','it','Lituano'),(2076,'lt','ja','リトアニア語'),(2077,'lt','ko','리투아니아어'),(2078,'lt','ku','Lithuanian'),(2079,'lt','la','Lithuanian'),(2080,'lt','lv','Lithuanian'),(2081,'lt','lt','Lithuanian'),(2082,'lt','mk','Lithuanian'),(2083,'lt','mt','Lithuanian'),(2084,'lt','mo','Lithuanian'),(2085,'lt','mn','Lithuanian'),(2086,'lt','ne','Lithuanian'),(2087,'lt','nl','Litouws'),(2088,'lt','nb','Lithuanian'),(2089,'lt','pa','Lithuanian'),(2090,'lt','pl','litewski'),(2091,'lt','pt-pt','Lituano'),(2092,'lt','pt-br','Lituano'),(2093,'lt','qu','Lithuanian'),(2094,'lt','ro','Lituaniană'),(2095,'lt','ru','Литовский'),(2096,'lt','sl','Lithuanian'),(2097,'lt','so','Lithuanian'),(2098,'lt','sq','Lithuanian'),(2099,'lt','sr','Lithuanian'),(2100,'lt','sv','Litauiska'),(2101,'lt','ta','Lithuanian'),(2102,'lt','th','ลิธัวเนีย'),(2103,'lt','tr','Litvanyaca'),(2104,'lt','uk','Lithuanian'),(2105,'lt','ur','Lithuanian'),(2106,'lt','uz','Lithuanian'),(2107,'lt','vi','Lithuanian'),(2108,'lt','yi','Lithuanian'),(2109,'lt','zh-hans','立陶宛语'),(2110,'lt','zu','Lithuanian'),(2111,'lt','zh-hant','立陶宛語'),(2112,'lt','ms','Lithuanian'),(2113,'mk','en','Macedonian'),(2114,'mk','es','Macedonio'),(2115,'mk','de','Mazedonisch'),(2116,'mk','fr','Macédonien'),(2117,'mk','ar','المقدونية'),(2118,'mk','bs','Macedonian'),(2119,'mk','bg','Macedonian'),(2120,'mk','ca','Macedonian'),(2121,'mk','cs','Macedonian'),(2122,'mk','sk','Macedónština'),(2123,'mk','cy','Macedonian'),(2124,'mk','da','Macedonian'),(2125,'mk','el','Μακεδονικο'),(2126,'mk','eo','Macedonian'),(2127,'mk','et','Macedonian'),(2128,'mk','eu','Macedonian'),(2129,'mk','fa','Macedonian'),(2130,'mk','fi','makedonia'),(2131,'mk','ga','Macedonian'),(2132,'mk','he','Macedonian'),(2133,'mk','hi','Macedonian'),(2134,'mk','hr','Macedonian'),(2135,'mk','hu','macedón'),(2136,'mk','hy','Macedonian'),(2137,'mk','id','Macedonian'),(2138,'mk','is','Macedonian'),(2139,'mk','it','Macedone'),(2140,'mk','ja','マケドニア語'),(2141,'mk','ko','마케도니아어'),(2142,'mk','ku','Macedonian'),(2143,'mk','la','Macedonian'),(2144,'mk','lv','Macedonian'),(2145,'mk','lt','Macedonian'),(2146,'mk','mk','Macedonian'),(2147,'mk','mt','Macedonian'),(2148,'mk','mo','Macedonian'),(2149,'mk','mn','Macedonian'),(2150,'mk','ne','Macedonian'),(2151,'mk','nl','Macedonisch'),(2152,'mk','nb','Macedonian'),(2153,'mk','pa','Macedonian'),(2154,'mk','pl','macedoński'),(2155,'mk','pt-pt','Macedônio'),(2156,'mk','pt-br','Macedônio'),(2157,'mk','qu','Macedonian'),(2158,'mk','ro','Macedoniană'),(2159,'mk','ru','Македонский'),(2160,'mk','sl','Macedonian'),(2161,'mk','so','Macedonian'),(2162,'mk','sq','Macedonian'),(2163,'mk','sr','Macedonian'),(2164,'mk','sv','Makedonska'),(2165,'mk','ta','Macedonian'),(2166,'mk','th','มาซิโดเนีย'),(2167,'mk','tr','Makedonyaca'),(2168,'mk','uk','Macedonian'),(2169,'mk','ur','Macedonian'),(2170,'mk','uz','Macedonian'),(2171,'mk','vi','Macedonian'),(2172,'mk','yi','Macedonian'),(2173,'mk','zh-hans','马其顿语'),(2174,'mk','zu','Macedonian'),(2175,'mk','zh-hant','馬其頓語'),(2176,'mk','ms','Macedonian'),(2177,'mt','en','Maltese'),(2178,'mt','es','Maltés'),(2179,'mt','de','Maltesisch'),(2180,'mt','fr','Maltais'),(2181,'mt','ar','المالطية'),(2182,'mt','bs','Maltese'),(2183,'mt','bg','Maltese'),(2184,'mt','ca','Maltese'),(2185,'mt','cs','Maltese'),(2186,'mt','sk','Maltézština'),(2187,'mt','cy','Maltese'),(2188,'mt','da','Maltese'),(2189,'mt','el','Μαλτεζικα'),(2190,'mt','eo','Maltese'),(2191,'mt','et','Maltese'),(2192,'mt','eu','Maltese'),(2193,'mt','fa','Maltese'),(2194,'mt','fi','malta'),(2195,'mt','ga','Maltese'),(2196,'mt','he','Maltese'),(2197,'mt','hi','Maltese'),(2198,'mt','hr','Maltese'),(2199,'mt','hu','máltai'),(2200,'mt','hy','Maltese'),(2201,'mt','id','Maltese'),(2202,'mt','is','Maltese'),(2203,'mt','it','Maltese'),(2204,'mt','ja','マルタ語'),(2205,'mt','ko','몰타어'),(2206,'mt','ku','Maltese'),(2207,'mt','la','Maltese'),(2208,'mt','lv','Maltese'),(2209,'mt','lt','Maltese'),(2210,'mt','mk','Maltese'),(2211,'mt','mt','Maltese'),(2212,'mt','mo','Maltese'),(2213,'mt','mn','Maltese'),(2214,'mt','ne','Maltese'),(2215,'mt','nl','Maltees'),(2216,'mt','nb','Maltese'),(2217,'mt','pa','Maltese'),(2218,'mt','pl','maltański'),(2219,'mt','pt-pt','Maltês'),(2220,'mt','pt-br','Maltês'),(2221,'mt','qu','Maltese'),(2222,'mt','ro','Malteză'),(2223,'mt','ru','Мальтийский'),(2224,'mt','sl','Maltese'),(2225,'mt','so','Maltese'),(2226,'mt','sq','Maltese'),(2227,'mt','sr','Maltese'),(2228,'mt','sv','Maltesiska'),(2229,'mt','ta','Maltese'),(2230,'mt','th','มอลทีส'),(2231,'mt','tr','Malta dili'),(2232,'mt','uk','Maltese'),(2233,'mt','ur','Maltese'),(2234,'mt','uz','Maltese'),(2235,'mt','vi','Maltese'),(2236,'mt','yi','Maltese'),(2237,'mt','zh-hans','马耳他语'),(2238,'mt','zu','Maltese'),(2239,'mt','zh-hant','馬爾他語'),(2240,'mt','ms','Maltese'),(2241,'mo','en','Moldavian'),(2242,'mo','es','Moldavo'),(2243,'mo','de','Moldavisch'),(2244,'mo','fr','Moldave'),(2245,'mo','ar','المولدوفية'),(2246,'mo','bs','Moldavian'),(2247,'mo','bg','Moldavian'),(2248,'mo','ca','Moldavian'),(2249,'mo','cs','Moldavian'),(2250,'mo','sk','Moldavčina'),(2251,'mo','cy','Moldavian'),(2252,'mo','da','Moldavian'),(2253,'mo','el','Μολδαβικα'),(2254,'mo','eo','Moldavian'),(2255,'mo','et','Moldavian'),(2256,'mo','eu','Moldavian'),(2257,'mo','fa','Moldavian'),(2258,'mo','fi','moldavia'),(2259,'mo','ga','Moldavian'),(2260,'mo','he','Moldavian'),(2261,'mo','hi','Moldavian'),(2262,'mo','hr','Moldavian'),(2263,'mo','hu','moldovai'),(2264,'mo','hy','Moldavian'),(2265,'mo','id','Moldavian'),(2266,'mo','is','Moldavian'),(2267,'mo','it','Moldavo'),(2268,'mo','ja','モルダビア語'),(2269,'mo','ko','몰다비아어'),(2270,'mo','ku','Moldavian'),(2271,'mo','la','Moldavian'),(2272,'mo','lv','Moldavian'),(2273,'mo','lt','Moldavian'),(2274,'mo','mk','Moldavian'),(2275,'mo','mt','Moldavian'),(2276,'mo','mo','Moldavian'),(2277,'mo','mn','Moldavian'),(2278,'mo','ne','Moldavian'),(2279,'mo','nl','Moldavisch'),(2280,'mo','nb','Moldavian'),(2281,'mo','pa','Moldavian'),(2282,'mo','pl','mołdawski'),(2283,'mo','pt-pt','Moldavo'),(2284,'mo','pt-br','Moldavo'),(2285,'mo','qu','Moldavian'),(2286,'mo','ro','Moldoveană'),(2287,'mo','ru','Молдавский'),(2288,'mo','sl','Moldavian'),(2289,'mo','so','Moldavian'),(2290,'mo','sq','Moldavian'),(2291,'mo','sr','Moldavian'),(2292,'mo','sv','Moldaviska'),(2293,'mo','ta','Moldavian'),(2294,'mo','th','มอลดาเวียน'),(2295,'mo','tr','Moldovyaca'),(2296,'mo','uk','Moldavian'),(2297,'mo','ur','Moldavian'),(2298,'mo','uz','Moldavian'),(2299,'mo','vi','Moldavian'),(2300,'mo','yi','Moldavian'),(2301,'mo','zh-hans','摩尔达维亚语'),(2302,'mo','zu','Moldavian'),(2303,'mo','zh-hant','摩爾達維亞語'),(2304,'mo','ms','Moldavian'),(2305,'mn','en','Mongolian'),(2306,'mn','es','Mongol'),(2307,'mn','de','Mongolisch'),(2308,'mn','fr','Mongol'),(2309,'mn','ar','المنغولية'),(2310,'mn','bs','Mongolian'),(2311,'mn','bg','Mongolian'),(2312,'mn','ca','Mongolian'),(2313,'mn','cs','Mongolian'),(2314,'mn','sk','Mongolština'),(2315,'mn','cy','Mongolian'),(2316,'mn','da','Mongolian'),(2317,'mn','el','Μογγολικα'),(2318,'mn','eo','Mongolian'),(2319,'mn','et','Mongolian'),(2320,'mn','eu','Mongolian'),(2321,'mn','fa','Mongolian'),(2322,'mn','fi','mongoli'),(2323,'mn','ga','Mongolian'),(2324,'mn','he','Mongolian'),(2325,'mn','hi','Mongolian'),(2326,'mn','hr','Mongolian'),(2327,'mn','hu','mongol'),(2328,'mn','hy','Mongolian'),(2329,'mn','id','Mongolian'),(2330,'mn','is','Mongolian'),(2331,'mn','it','Mongolo'),(2332,'mn','ja','モンゴル語'),(2333,'mn','ko','몽골어'),(2334,'mn','ku','Mongolian'),(2335,'mn','la','Mongolian'),(2336,'mn','lv','Mongolian'),(2337,'mn','lt','Mongolian'),(2338,'mn','mk','Mongolian'),(2339,'mn','mt','Mongolian'),(2340,'mn','mo','Mongolian'),(2341,'mn','mn','Mongolian'),(2342,'mn','ne','Mongolian'),(2343,'mn','nl','Mongools'),(2344,'mn','nb','Mongolian'),(2345,'mn','pa','Mongolian'),(2346,'mn','pl','mongolski'),(2347,'mn','pt-pt','Mongolian'),(2348,'mn','pt-br','Mongolian'),(2349,'mn','qu','Mongolian'),(2350,'mn','ro','Mongoleză'),(2351,'mn','ru','Монгольский'),(2352,'mn','sl','Mongolian'),(2353,'mn','so','Mongolian'),(2354,'mn','sq','Mongolian'),(2355,'mn','sr','Mongolian'),(2356,'mn','sv','Mongoliska'),(2357,'mn','ta','Mongolian'),(2358,'mn','th','มองโกเลีย'),(2359,'mn','tr','Mongolca'),(2360,'mn','uk','Mongolian'),(2361,'mn','ur','Mongolian'),(2362,'mn','uz','Mongolian'),(2363,'mn','vi','Mongolian'),(2364,'mn','yi','Mongolian'),(2365,'mn','zh-hans','蒙古语'),(2366,'mn','zu','Mongolian'),(2367,'mn','zh-hant','蒙古語'),(2368,'mn','ms','Mongolian'),(2369,'ne','en','Nepali'),(2370,'ne','es','Nepalí'),(2371,'ne','de','Nepali'),(2372,'ne','fr','Népalais'),(2373,'ne','ar','النيبالية'),(2374,'ne','bs','Nepali'),(2375,'ne','bg','Nepali'),(2376,'ne','ca','Nepali'),(2377,'ne','cs','Nepali'),(2378,'ne','sk','Nepálčina'),(2379,'ne','cy','Nepali'),(2380,'ne','da','Nepali'),(2381,'ne','el','Νεπαλι'),(2382,'ne','eo','Nepali'),(2383,'ne','et','Nepali'),(2384,'ne','eu','Nepali'),(2385,'ne','fa','Nepali'),(2386,'ne','fi','nepali'),(2387,'ne','ga','Nepali'),(2388,'ne','he','Nepali'),(2389,'ne','hi','Nepali'),(2390,'ne','hr','Nepali'),(2391,'ne','hu','nepáli'),(2392,'ne','hy','Nepali'),(2393,'ne','id','Nepali'),(2394,'ne','is','Nepali'),(2395,'ne','it','Nepalese'),(2396,'ne','ja','ネパール語'),(2397,'ne','ko','네팔어'),(2398,'ne','ku','Nepali'),(2399,'ne','la','Nepali'),(2400,'ne','lv','Nepali'),(2401,'ne','lt','Nepali'),(2402,'ne','mk','Nepali'),(2403,'ne','mt','Nepali'),(2404,'ne','mo','Nepali'),(2405,'ne','mn','Nepali'),(2406,'ne','ne','Nepali'),(2407,'ne','nl','Nepalees'),(2408,'ne','nb','Nepali'),(2409,'ne','pa','Nepali'),(2410,'ne','pl','nepalski'),(2411,'ne','pt-pt','Nepali'),(2412,'ne','pt-br','Nepali'),(2413,'ne','qu','Nepali'),(2414,'ne','ro','Nepaleză'),(2415,'ne','ru','Непальский'),(2416,'ne','sl','Nepali'),(2417,'ne','so','Nepali'),(2418,'ne','sq','Nepali'),(2419,'ne','sr','Nepali'),(2420,'ne','sv','Nepalesiska'),(2421,'ne','ta','Nepali'),(2422,'ne','th','เนปาล'),(2423,'ne','tr','Nepal dili'),(2424,'ne','uk','Nepali'),(2425,'ne','ur','Nepali'),(2426,'ne','uz','Nepali'),(2427,'ne','vi','Nepali'),(2428,'ne','yi','Nepali'),(2429,'ne','zh-hans','尼泊尔语'),(2430,'ne','zu','Nepali'),(2431,'ne','zh-hant','尼泊爾語'),(2432,'ne','ms','Nepali'),(2433,'nl','en','Dutch'),(2434,'nl','es','Holandés'),(2435,'nl','de','Holländisch'),(2436,'nl','fr','Néerlandais'),(2437,'nl','ar','الهولندية'),(2438,'nl','bs','Dutch'),(2439,'nl','bg','Dutch'),(2440,'nl','ca','Dutch'),(2441,'nl','cs','Dutch'),(2442,'nl','sk','Holandčina'),(2443,'nl','cy','Dutch'),(2444,'nl','da','Dutch'),(2445,'nl','el','Ολλανδικα'),(2446,'nl','eo','Dutch'),(2447,'nl','et','Dutch'),(2448,'nl','eu','Dutch'),(2449,'nl','fa','Dutch'),(2450,'nl','fi','hollanti'),(2451,'nl','ga','Dutch'),(2452,'nl','he','הולנדית'),(2453,'nl','hi','Dutch'),(2454,'nl','hr','Dutch'),(2455,'nl','hu','holland'),(2456,'nl','hy','Dutch'),(2457,'nl','id','Dutch'),(2458,'nl','is','Dutch'),(2459,'nl','it','Neerlandese'),(2460,'nl','ja','オランダ語'),(2461,'nl','ko','화란어'),(2462,'nl','ku','Dutch'),(2463,'nl','la','Dutch'),(2464,'nl','lv','Dutch'),(2465,'nl','lt','Dutch'),(2466,'nl','mk','Dutch'),(2467,'nl','mt','Dutch'),(2468,'nl','mo','Dutch'),(2469,'nl','mn','Dutch'),(2470,'nl','ne','Dutch'),(2471,'nl','nl','Nederlands'),(2472,'nl','nb','Dutch'),(2473,'nl','pa','Dutch'),(2474,'nl','pl','holenderski'),(2475,'nl','pt-pt','Holandês'),(2476,'nl','pt-br','Holandês'),(2477,'nl','qu','Dutch'),(2478,'nl','ro','Olaneză'),(2479,'nl','ru','Голландский'),(2480,'nl','sl','Dutch'),(2481,'nl','so','Dutch'),(2482,'nl','sq','Dutch'),(2483,'nl','sr','Dutch'),(2484,'nl','sv','Nederländska'),(2485,'nl','ta','Dutch'),(2486,'nl','th','ดัตช์'),(2487,'nl','tr','Hollandaca'),(2488,'nl','uk','Dutch'),(2489,'nl','ur','Dutch'),(2490,'nl','uz','Dutch'),(2491,'nl','vi','Dutch'),(2492,'nl','yi','Dutch'),(2493,'nl','zh-hans','荷兰语'),(2494,'nl','zu','Dutch'),(2495,'nl','zh-hant','荷蘭語'),(2496,'nl','ms','Dutch'),(2497,'nb','en','Norwegian Bokmål'),(2498,'nb','es','Bokmål'),(2499,'nb','de','Norwegisch (Buchsprache)'),(2500,'nb','fr','Norvégien Bokmål'),(2501,'nb','ar','البوكمالية النرويجية'),(2502,'nb','bs','Norwegian Bokmål'),(2503,'nb','bg','Norwegian Bokmål'),(2504,'nb','ca','Norwegian Bokmål'),(2505,'nb','cs','Norwegian Bokmål'),(2506,'nb','sk','Nórsky jazyk Bokmål'),(2507,'nb','cy','Norwegian Bokmål'),(2508,'nb','da','Norwegian Bokmål'),(2509,'nb','el','Νορβηγικα'),(2510,'nb','eo','Norwegian Bokmål'),(2511,'nb','et','Norwegian Bokmål'),(2512,'nb','eu','Norwegian Bokmål'),(2513,'nb','fa','Norwegian Bokmål'),(2514,'nb','fi','kirjanorja'),(2515,'nb','ga','Norwegian Bokmål'),(2516,'nb','he','נורווגית'),(2517,'nb','hi','Norwegian Bokmål'),(2518,'nb','hr','Norwegian Bokmål'),(2519,'nb','hu','norvég bokmål'),(2520,'nb','hy','Norwegian Bokmål'),(2521,'nb','id','Norwegian Bokmål'),(2522,'nb','is','Norwegian Bokmål'),(2523,'nb','it','Norvegese Bokmål'),(2524,'nb','ja','ノルウェー・ブークモール'),(2525,'nb','ko','노르웨이 보크말어'),(2526,'nb','ku','Norwegian Bokmål'),(2527,'nb','la','Norwegian Bokmål'),(2528,'nb','lv','Norwegian Bokmål'),(2529,'nb','lt','Norwegian Bokmål'),(2530,'nb','mk','Norwegian Bokmål'),(2531,'nb','mt','Norwegian Bokmål'),(2532,'nb','mo','Norwegian Bokmål'),(2533,'nb','mn','Norwegian Bokmål'),(2534,'nb','ne','Norwegian Bokmål'),(2535,'nb','nl','Noors Bokmål'),(2536,'nb','nb','Norwegian Bokmål'),(2537,'nb','pa','Norwegian Bokmål'),(2538,'nb','pl','norweski bokmål'),(2539,'nb','pt-pt','Norueguês'),(2540,'nb','pt-br','Norueguês'),(2541,'nb','qu','Norwegian Bokmål'),(2542,'nb','ro','Bokmål (norvegiană)'),(2543,'nb','ru','Норвежский букмол'),(2544,'nb','sl','Norwegian Bokmål'),(2545,'nb','so','Norwegian Bokmål'),(2546,'nb','sq','Norwegian Bokmål'),(2547,'nb','sr','Norwegian Bokmål'),(2548,'nb','sv','Norskt Bokmål'),(2549,'nb','ta','Norwegian Bokmål'),(2550,'nb','th','นอร์วิเจียนบอกมาล'),(2551,'nb','tr','Bokmal Norveç dili'),(2552,'nb','uk','Norwegian Bokmål'),(2553,'nb','ur','Norwegian Bokmål'),(2554,'nb','uz','Norwegian Bokmål'),(2555,'nb','vi','Norwegian Bokmål'),(2556,'nb','yi','Norwegian Bokmål'),(2557,'nb','zh-hans','挪威布克莫尔语'),(2558,'nb','zu','Norwegian Bokmål'),(2559,'nb','zh-hant','挪威布克莫爾語'),(2560,'nb','ms','Norwegian Bokmål'),(2561,'pa','en','Punjabi'),(2562,'pa','es','Panyabí'),(2563,'pa','de','Pandschabi'),(2564,'pa','fr','Panjabi'),(2565,'pa','ar','البنجابية'),(2566,'pa','bs','Punjabi'),(2567,'pa','bg','Punjabi'),(2568,'pa','ca','Punjabi'),(2569,'pa','cs','Punjabi'),(2570,'pa','sk','Pandžábčina'),(2571,'pa','cy','Punjabi'),(2572,'pa','da','Punjabi'),(2573,'pa','el','Panjabi'),(2574,'pa','eo','Punjabi'),(2575,'pa','et','Punjabi'),(2576,'pa','eu','Punjabi'),(2577,'pa','fa','Punjabi'),(2578,'pa','fi','pandzabi'),(2579,'pa','ga','Punjabi'),(2580,'pa','he','Punjabi'),(2581,'pa','hi','Punjabi'),(2582,'pa','hr','Punjabi'),(2583,'pa','hu','pandzsábi'),(2584,'pa','hy','Punjabi'),(2585,'pa','id','Punjabi'),(2586,'pa','is','Punjabi'),(2587,'pa','it','Panjabi'),(2588,'pa','ja','パンジャーブ語'),(2589,'pa','ko','펀자브어'),(2590,'pa','ku','Punjabi'),(2591,'pa','la','Punjabi'),(2592,'pa','lv','Punjabi'),(2593,'pa','lt','Punjabi'),(2594,'pa','mk','Punjabi'),(2595,'pa','mt','Punjabi'),(2596,'pa','mo','Punjabi'),(2597,'pa','mn','Punjabi'),(2598,'pa','ne','Punjabi'),(2599,'pa','nl','Punjabi'),(2600,'pa','nb','Punjabi'),(2601,'pa','pa','Punjabi'),(2602,'pa','pl','pendżabi'),(2603,'pa','pt-pt','Panjabi'),(2604,'pa','pt-br','Panjabi'),(2605,'pa','qu','Punjabi'),(2606,'pa','ro','Punjabi'),(2607,'pa','ru','Панджаби'),(2608,'pa','sl','Punjabi'),(2609,'pa','so','Punjabi'),(2610,'pa','sq','Punjabi'),(2611,'pa','sr','Punjabi'),(2612,'pa','sv','Punjabi'),(2613,'pa','ta','Punjabi'),(2614,'pa','th','ปัญจาบ'),(2615,'pa','tr','Pencapça'),(2616,'pa','uk','Punjabi'),(2617,'pa','ur','Punjabi'),(2618,'pa','uz','Punjabi'),(2619,'pa','vi','Punjabi'),(2620,'pa','yi','Punjabi'),(2621,'pa','zh-hans','旁遮普语'),(2622,'pa','zu','Punjabi'),(2623,'pa','zh-hant','旁遮普語'),(2624,'pa','ms','Punjabi'),(2625,'pl','en','Polish'),(2626,'pl','es','Polaco'),(2627,'pl','de','Polnisch'),(2628,'pl','fr','Polonais'),(2629,'pl','ar','البولندية'),(2630,'pl','bs','Polish'),(2631,'pl','bg','Polish'),(2632,'pl','ca','Polish'),(2633,'pl','cs','Polish'),(2634,'pl','sk','Polština'),(2635,'pl','cy','Polish'),(2636,'pl','da','Polish'),(2637,'pl','el','Πολωνικα'),(2638,'pl','eo','Polish'),(2639,'pl','et','Polish'),(2640,'pl','eu','Polish'),(2641,'pl','fa','Polish'),(2642,'pl','fi','puola'),(2643,'pl','ga','Polish'),(2644,'pl','he','פולנית'),(2645,'pl','hi','Polish'),(2646,'pl','hr','Polish'),(2647,'pl','hu','lengyel'),(2648,'pl','hy','Polish'),(2649,'pl','id','Polish'),(2650,'pl','is','Polish'),(2651,'pl','it','Polacco'),(2652,'pl','ja','ポーランド語'),(2653,'pl','ko','폴란드어'),(2654,'pl','ku','Polish'),(2655,'pl','la','Polish'),(2656,'pl','lv','Polish'),(2657,'pl','lt','Polish'),(2658,'pl','mk','Polish'),(2659,'pl','mt','Polish'),(2660,'pl','mo','Polish'),(2661,'pl','mn','Polish'),(2662,'pl','ne','Polish'),(2663,'pl','nl','Pools'),(2664,'pl','nb','Polish'),(2665,'pl','pa','Polish'),(2666,'pl','pl','polski'),(2667,'pl','pt-pt','Polonês'),(2668,'pl','pt-br','Polonês'),(2669,'pl','qu','Polish'),(2670,'pl','ro','Poloneză'),(2671,'pl','ru','Польский'),(2672,'pl','sl','Polish'),(2673,'pl','so','Polish'),(2674,'pl','sq','Polish'),(2675,'pl','sr','Polish'),(2676,'pl','sv','Polska'),(2677,'pl','ta','Polish'),(2678,'pl','th','โปแลนด์'),(2679,'pl','tr','Polonyaca'),(2680,'pl','uk','Polish'),(2681,'pl','ur','Polish'),(2682,'pl','uz','Polish'),(2683,'pl','vi','Polish'),(2684,'pl','yi','Polish'),(2685,'pl','zh-hans','波兰语'),(2686,'pl','zu','Polish'),(2687,'pl','zh-hant','波蘭語'),(2688,'pl','ms','Polish'),(2689,'pt-pt','en','Portuguese (Portugal)'),(2690,'pt-pt','es','Portugués, Portugal'),(2691,'pt-pt','de','Portugiesisch, Portugal'),(2692,'pt-pt','fr','Portugais - du Portugal'),(2693,'pt-pt','ar','البرتغالية ، البرتغال'),(2694,'pt-pt','bs','Portuguese, Portugal'),(2695,'pt-pt','bg','Portuguese, Portugal'),(2696,'pt-pt','ca','Portuguese, Portugal'),(2697,'pt-pt','cs','Portuguese, Portugal'),(2698,'pt-pt','sk','Portugalština'),(2699,'pt-pt','cy','Portuguese, Portugal'),(2700,'pt-pt','da','Portuguese, Portugal'),(2701,'pt-pt','el','Πορτογαλικα'),(2702,'pt-pt','eo','Portuguese, Portugal'),(2703,'pt-pt','et','Portuguese, Portugal'),(2704,'pt-pt','eu','Portuguese, Portugal'),(2705,'pt-pt','fa','Portuguese, Portugal'),(2706,'pt-pt','fi','portugali'),(2707,'pt-pt','ga','Portuguese, Portugal'),(2708,'pt-pt','he','פורטוגזית'),(2709,'pt-pt','hi','Portuguese, Portugal'),(2710,'pt-pt','hr','Portuguese, Portugal'),(2711,'pt-pt','hu','portugál'),(2712,'pt-pt','hy','Portuguese, Portugal'),(2713,'pt-pt','id','Portuguese, Portugal'),(2714,'pt-pt','is','Portuguese, Portugal'),(2715,'pt-pt','it','Portoghese, Portogallo'),(2716,'pt-pt','ja','ポルトガル語'),(2717,'pt-pt','ko','포르투갈 포르투갈어'),(2718,'pt-pt','ku','Portuguese, Portugal'),(2719,'pt-pt','la','Portuguese, Portugal'),(2720,'pt-pt','lv','Portuguese, Portugal'),(2721,'pt-pt','lt','Portuguese, Portugal'),(2722,'pt-pt','mk','Portuguese, Portugal'),(2723,'pt-pt','mt','Portuguese, Portugal'),(2724,'pt-pt','mo','Portuguese, Portugal'),(2725,'pt-pt','mn','Portuguese, Portugal'),(2726,'pt-pt','ne','Portuguese, Portugal'),(2727,'pt-pt','nl','Portugees, Portugal'),(2728,'pt-pt','nb','Portuguese, Portugal'),(2729,'pt-pt','pa','Portuguese, Portugal'),(2730,'pt-pt','pl','portugalski, Portugalia'),(2731,'pt-pt','pt-pt','Português'),(2732,'pt-pt','pt-br','Português'),(2733,'pt-pt','qu','Portuguese, Portugal'),(2734,'pt-pt','ro','Portugheză (Portugalia)'),(2735,'pt-pt','ru','Португальский, Португалия'),(2736,'pt-pt','sl','Portuguese, Portugal'),(2737,'pt-pt','so','Portuguese, Portugal'),(2738,'pt-pt','sq','Portuguese, Portugal'),(2739,'pt-pt','sr','Portuguese, Portugal'),(2740,'pt-pt','sv','Portugisiska, Portugal'),(2741,'pt-pt','ta','Portuguese, Portugal'),(2742,'pt-pt','th','โปรตุเกส'),(2743,'pt-pt','tr','Portekizce, Portekiz'),(2744,'pt-pt','uk','Portuguese, Portugal'),(2745,'pt-pt','ur','Portuguese, Portugal'),(2746,'pt-pt','uz','Portuguese, Portugal'),(2747,'pt-pt','vi','Portuguese, Portugal'),(2748,'pt-pt','yi','Portuguese, Portugal'),(2749,'pt-pt','zh-hans','葡萄牙语（葡萄牙）'),(2750,'pt-pt','zu','Portuguese, Portugal'),(2751,'pt-pt','zh-hant','葡萄牙語（葡萄牙）'),(2752,'pt-pt','ms','Portuguese, Portugal'),(2753,'pt-br','en','Portuguese (Brazil)'),(2754,'pt-br','es','Portugués, Brasil'),(2755,'pt-br','de','Portugiesisch, Brasilien'),(2756,'pt-br','fr','Portugais - du Brésil'),(2757,'pt-br','ar','البرتغالية ،البرازيل'),(2758,'pt-br','bs','Portuguese, Brazil'),(2759,'pt-br','bg','Portuguese, Brazil'),(2760,'pt-br','ca','Portuguese, Brazil'),(2761,'pt-br','cs','Portuguese, Brazil'),(2762,'pt-br','sk','Brazílska Portugalština'),(2763,'pt-br','cy','Portuguese, Brazil'),(2764,'pt-br','da','Portuguese, Brazil'),(2765,'pt-br','el','Πορτογαλικα'),(2766,'pt-br','eo','Portuguese, Brazil'),(2767,'pt-br','et','Portuguese, Brazil'),(2768,'pt-br','eu','Portuguese, Brazil'),(2769,'pt-br','fa','Portuguese, Brazil'),(2770,'pt-br','fi','Brasilian portugali'),(2771,'pt-br','ga','Portuguese, Brazil'),(2772,'pt-br','he','פורטוגזית'),(2773,'pt-br','hi','Portuguese, Brazil'),(2774,'pt-br','hr','Portuguese, Brazil'),(2775,'pt-br','hu','brazil'),(2776,'pt-br','hy','Portuguese, Brazil'),(2777,'pt-br','id','Portuguese, Brazil'),(2778,'pt-br','is','Portuguese, Brazil'),(2779,'pt-br','it','Portoghese, Brasile'),(2780,'pt-br','ja','ポルトガル語（ブラジル）'),(2781,'pt-br','ko','브라질 포르투갈어'),(2782,'pt-br','ku','Portuguese, Brazil'),(2783,'pt-br','la','Portuguese, Brazil'),(2784,'pt-br','lv','Portuguese, Brazil'),(2785,'pt-br','lt','Portuguese, Brazil'),(2786,'pt-br','mk','Portuguese, Brazil'),(2787,'pt-br','mt','Portuguese, Brazil'),(2788,'pt-br','mo','Portuguese, Brazil'),(2789,'pt-br','mn','Portuguese, Brazil'),(2790,'pt-br','ne','Portuguese, Brazil'),(2791,'pt-br','nl','Portugees, Brazilië'),(2792,'pt-br','nb','Portuguese, Brazil'),(2793,'pt-br','pa','Portuguese, Brazil'),(2794,'pt-br','pl','portugalski, Brazylia'),(2795,'pt-br','pt-pt','Português'),(2796,'pt-br','pt-br','Português'),(2797,'pt-br','qu','Portuguese, Brazil'),(2798,'pt-br','ro','Portugheză (Brazilia)'),(2799,'pt-br','ru','Португальский, Бразилия'),(2800,'pt-br','sl','Portuguese, Brazil'),(2801,'pt-br','so','Portuguese, Brazil'),(2802,'pt-br','sq','Portuguese, Brazil'),(2803,'pt-br','sr','Portuguese, Brazil'),(2804,'pt-br','sv','Portugisiska, Brasilien'),(2805,'pt-br','ta','Portuguese, Brazil'),(2806,'pt-br','th','โปรตุเกสบราซิล'),(2807,'pt-br','tr','Portekizce, Brezilya'),(2808,'pt-br','uk','Portuguese, Brazil'),(2809,'pt-br','ur','Portuguese, Brazil'),(2810,'pt-br','uz','Portuguese, Brazil'),(2811,'pt-br','vi','Portuguese, Brazil'),(2812,'pt-br','yi','Portuguese, Brazil'),(2813,'pt-br','zh-hans','葡萄牙语（巴西）'),(2814,'pt-br','zu','Portuguese, Brazil'),(2815,'pt-br','zh-hant','葡萄牙語（巴西）'),(2816,'pt-br','ms','Portuguese, Brazil'),(2817,'qu','en','Quechua'),(2818,'qu','es','Quechua'),(2819,'qu','de','Quechua'),(2820,'qu','fr','Quechua'),(2821,'qu','ar','الكويتشوا'),(2822,'qu','bs','Quechua'),(2823,'qu','bg','Quechua'),(2824,'qu','ca','Quechua'),(2825,'qu','cs','Quechua'),(2826,'qu','sk','Jazyk Quechua'),(2827,'qu','cy','Quechua'),(2828,'qu','da','Quechua'),(2829,'qu','el','Κετσουα'),(2830,'qu','eo','Quechua'),(2831,'qu','et','Quechua'),(2832,'qu','eu','Quechua'),(2833,'qu','fa','Quechua'),(2834,'qu','fi','ketsua'),(2835,'qu','ga','Quechua'),(2836,'qu','he','Quechua'),(2837,'qu','hi','Quechua'),(2838,'qu','hr','Quechua'),(2839,'qu','hu','quechua'),(2840,'qu','hy','Quechua'),(2841,'qu','id','Quechua'),(2842,'qu','is','Quechua'),(2843,'qu','it','Quechua'),(2844,'qu','ja','ケチュア語'),(2845,'qu','ko','케추아어'),(2846,'qu','ku','Quechua'),(2847,'qu','la','Quechua'),(2848,'qu','lv','Quechua'),(2849,'qu','lt','Quechua'),(2850,'qu','mk','Quechua'),(2851,'qu','mt','Quechua'),(2852,'qu','mo','Quechua'),(2853,'qu','mn','Quechua'),(2854,'qu','ne','Quechua'),(2855,'qu','nl','Quechua'),(2856,'qu','nb','Quechua'),(2857,'qu','pa','Quechua'),(2858,'qu','pl','keczua'),(2859,'qu','pt-pt','Quechua'),(2860,'qu','pt-br','Quechua'),(2861,'qu','qu','Quechua'),(2862,'qu','ro','Quechuană'),(2863,'qu','ru','Кечуа'),(2864,'qu','sl','Quechua'),(2865,'qu','so','Quechua'),(2866,'qu','sq','Quechua'),(2867,'qu','sr','Quechua'),(2868,'qu','sv','Quechua'),(2869,'qu','ta','Quechua'),(2870,'qu','th','คิวชัว'),(2871,'qu','tr','Quechua dili'),(2872,'qu','uk','Quechua'),(2873,'qu','ur','Quechua'),(2874,'qu','uz','Quechua'),(2875,'qu','vi','Quechua'),(2876,'qu','yi','Quechua'),(2877,'qu','zh-hans','盖丘亚语'),(2878,'qu','zu','Quechua'),(2879,'qu','zh-hant','蓋丘亞語'),(2880,'qu','ms','Quechua'),(2881,'ro','en','Romanian'),(2882,'ro','es','Rumano'),(2883,'ro','de','Rumänisch'),(2884,'ro','fr','Roumain'),(2885,'ro','ar','الرومانية'),(2886,'ro','bs','Romanian'),(2887,'ro','bg','Romanian'),(2888,'ro','ca','Romanian'),(2889,'ro','cs','Romanian'),(2890,'ro','sk','Rumunčina'),(2891,'ro','cy','Romanian'),(2892,'ro','da','Romanian'),(2893,'ro','el','Ρουμανικα'),(2894,'ro','eo','Romanian'),(2895,'ro','et','Romanian'),(2896,'ro','eu','Romanian'),(2897,'ro','fa','Romanian'),(2898,'ro','fi','romania'),(2899,'ro','ga','Romanian'),(2900,'ro','he','רומנית'),(2901,'ro','hi','Romanian'),(2902,'ro','hr','Romanian'),(2903,'ro','hu','román'),(2904,'ro','hy','Romanian'),(2905,'ro','id','Romanian'),(2906,'ro','is','Romanian'),(2907,'ro','it','Rumeno'),(2908,'ro','ja','ルーマニア語'),(2909,'ro','ko','로마니아어'),(2910,'ro','ku','Romanian'),(2911,'ro','la','Romanian'),(2912,'ro','lv','Romanian'),(2913,'ro','lt','Romanian'),(2914,'ro','mk','Romanian'),(2915,'ro','mt','Romanian'),(2916,'ro','mo','Romanian'),(2917,'ro','mn','Romanian'),(2918,'ro','ne','Romanian'),(2919,'ro','nl','Roemeens'),(2920,'ro','nb','Romanian'),(2921,'ro','pa','Romanian'),(2922,'ro','pl','rumuński'),(2923,'ro','pt-pt','Romeno'),(2924,'ro','pt-br','Romeno'),(2925,'ro','qu','Romanian'),(2926,'ro','ro','Română'),(2927,'ro','ru','Румынский'),(2928,'ro','sl','Romanian'),(2929,'ro','so','Romanian'),(2930,'ro','sq','Romanian'),(2931,'ro','sr','Romanian'),(2932,'ro','sv','Rumänska'),(2933,'ro','ta','Romanian'),(2934,'ro','th','โรมาเนีย'),(2935,'ro','tr','Rumence'),(2936,'ro','uk','Romanian'),(2937,'ro','ur','Romanian'),(2938,'ro','uz','Romanian'),(2939,'ro','vi','Romanian'),(2940,'ro','yi','Romanian'),(2941,'ro','zh-hans','罗马尼亚语'),(2942,'ro','zu','Romanian'),(2943,'ro','zh-hant','羅馬尼亞語'),(2944,'ro','ms','Romanian'),(2945,'ru','en','Russian'),(2946,'ru','es','Ruso'),(2947,'ru','de','Russisch'),(2948,'ru','fr','Russe'),(2949,'ru','ar','الروسية'),(2950,'ru','bs','Russian'),(2951,'ru','bg','Russian'),(2952,'ru','ca','Russian'),(2953,'ru','cs','Russian'),(2954,'ru','sk','Ruština'),(2955,'ru','cy','Russian'),(2956,'ru','da','Russian'),(2957,'ru','el','Ρωσικα'),(2958,'ru','eo','Russian'),(2959,'ru','et','Russian'),(2960,'ru','eu','Russian'),(2961,'ru','fa','Russian'),(2962,'ru','fi','venäjä'),(2963,'ru','ga','Russian'),(2964,'ru','he','רוסית'),(2965,'ru','hi','Russian'),(2966,'ru','hr','Russian'),(2967,'ru','hu','orosz'),(2968,'ru','hy','Russian'),(2969,'ru','id','Russian'),(2970,'ru','is','Russian'),(2971,'ru','it','Russo'),(2972,'ru','ja','ロシア語'),(2973,'ru','ko','러시아어'),(2974,'ru','ku','Russian'),(2975,'ru','la','Russian'),(2976,'ru','lv','Russian'),(2977,'ru','lt','Russian'),(2978,'ru','mk','Russian'),(2979,'ru','mt','Russian'),(2980,'ru','mo','Russian'),(2981,'ru','mn','Russian'),(2982,'ru','ne','Russian'),(2983,'ru','nl','Russisch'),(2984,'ru','nb','Russian'),(2985,'ru','pa','Russian'),(2986,'ru','pl','rosyjski'),(2987,'ru','pt-pt','Russo'),(2988,'ru','pt-br','Russo'),(2989,'ru','qu','Russian'),(2990,'ru','ro','Rusă'),(2991,'ru','ru','Русский'),(2992,'ru','sl','Russian'),(2993,'ru','so','Russian'),(2994,'ru','sq','Russian'),(2995,'ru','sr','Russian'),(2996,'ru','sv','Ryska'),(2997,'ru','ta','Russian'),(2998,'ru','th','รัสเซีย'),(2999,'ru','tr','Rusça'),(3000,'ru','uk','Russian'),(3001,'ru','ur','Russian'),(3002,'ru','uz','Russian'),(3003,'ru','vi','Russian'),(3004,'ru','yi','Russian'),(3005,'ru','zh-hans','俄语'),(3006,'ru','zu','Russian'),(3007,'ru','zh-hant','俄語'),(3008,'ru','ms','Russian'),(3009,'sl','en','Slovenian'),(3010,'sl','es','Esloveno'),(3011,'sl','de','Slowenisch'),(3012,'sl','fr','Slovène'),(3013,'sl','ar','السلوفانية'),(3014,'sl','bs','Slovenian'),(3015,'sl','bg','Slovenian'),(3016,'sl','ca','Slovenian'),(3017,'sl','cs','Slovenian'),(3018,'sl','sk','Slovinčina'),(3019,'sl','cy','Slovenian'),(3020,'sl','da','Slovenian'),(3021,'sl','el','Σλοβενικα'),(3022,'sl','eo','Slovenian'),(3023,'sl','et','Slovenian'),(3024,'sl','eu','Slovenian'),(3025,'sl','fa','Slovenian'),(3026,'sl','fi','sloveeni'),(3027,'sl','ga','Slovenian'),(3028,'sl','he','Slovenian'),(3029,'sl','hi','Slovenian'),(3030,'sl','hr','Slovenian'),(3031,'sl','hu','szlovén'),(3032,'sl','hy','Slovenian'),(3033,'sl','id','Slovenian'),(3034,'sl','is','Slovenian'),(3035,'sl','it','Sloveno'),(3036,'sl','ja','スロベニア語'),(3037,'sl','ko','슬로베니아어'),(3038,'sl','ku','Slovenian'),(3039,'sl','la','Slovenian'),(3040,'sl','lv','Slovenian'),(3041,'sl','lt','Slovenian'),(3042,'sl','mk','Slovenian'),(3043,'sl','mt','Slovenian'),(3044,'sl','mo','Slovenian'),(3045,'sl','mn','Slovenian'),(3046,'sl','ne','Slovenian'),(3047,'sl','nl','Sloveens'),(3048,'sl','nb','Slovenian'),(3049,'sl','pa','Slovenian'),(3050,'sl','pl','słoweński'),(3051,'sl','pt-pt','Esloveno'),(3052,'sl','pt-br','Esloveno'),(3053,'sl','qu','Slovenian'),(3054,'sl','ro','Slovenă'),(3055,'sl','ru','Словенский'),(3056,'sl','sl','Slovenian'),(3057,'sl','so','Slovenian'),(3058,'sl','sq','Slovenian'),(3059,'sl','sr','Slovenian'),(3060,'sl','sv','Slovenska'),(3061,'sl','ta','Slovenian'),(3062,'sl','th','สโลวีเนียน'),(3063,'sl','tr','Sloven dili'),(3064,'sl','uk','Slovenian'),(3065,'sl','ur','Slovenian'),(3066,'sl','uz','Slovenian'),(3067,'sl','vi','Slovenian'),(3068,'sl','yi','Slovenian'),(3069,'sl','zh-hans','斯洛文尼亚语'),(3070,'sl','zu','Slovenian'),(3071,'sl','zh-hant','斯洛文尼亞語'),(3072,'sl','ms','Slovenian'),(3073,'so','en','Somali'),(3074,'so','es','Somalí'),(3075,'so','de','Somali'),(3076,'so','fr','Somali'),(3077,'so','ar','الصومالية'),(3078,'so','bs','Somali'),(3079,'so','bg','Somali'),(3080,'so','ca','Somali'),(3081,'so','cs','Somali'),(3082,'so','sk','Somálčina'),(3083,'so','cy','Somali'),(3084,'so','da','Somali'),(3085,'so','el','Somali'),(3086,'so','eo','Somali'),(3087,'so','et','Somali'),(3088,'so','eu','Somali'),(3089,'so','fa','Somali'),(3090,'so','fi','somali'),(3091,'so','ga','Somali'),(3092,'so','he','Somali'),(3093,'so','hi','Somali'),(3094,'so','hr','Somali'),(3095,'so','hu','szomáli'),(3096,'so','hy','Somali'),(3097,'so','id','Somali'),(3098,'so','is','Somali'),(3099,'so','it','Somalo'),(3100,'so','ja','ソマリ語'),(3101,'so','ko','소말리아어'),(3102,'so','ku','Somali'),(3103,'so','la','Somali'),(3104,'so','lv','Somali'),(3105,'so','lt','Somali'),(3106,'so','mk','Somali'),(3107,'so','mt','Somali'),(3108,'so','mo','Somali'),(3109,'so','mn','Somali'),(3110,'so','ne','Somali'),(3111,'so','nl','Somalisch'),(3112,'so','nb','Somali'),(3113,'so','pa','Somali'),(3114,'so','pl','somalijski'),(3115,'so','pt-pt','Somali'),(3116,'so','pt-br','Somali'),(3117,'so','qu','Somali'),(3118,'so','ro','Somaleză'),(3119,'so','ru','Сомалийский'),(3120,'so','sl','Somali'),(3121,'so','so','Somali'),(3122,'so','sq','Somali'),(3123,'so','sr','Somali'),(3124,'so','sv','Somaliska'),(3125,'so','ta','Somali'),(3126,'so','th','โซมาลี'),(3127,'so','tr','Somalice'),(3128,'so','uk','Somali'),(3129,'so','ur','Somali'),(3130,'so','uz','Somali'),(3131,'so','vi','Somali'),(3132,'so','yi','Somali'),(3133,'so','zh-hans','索马里语'),(3134,'so','zu','Somali'),(3135,'so','zh-hant','索馬里語'),(3136,'so','ms','Somali'),(3137,'sq','en','Albanian'),(3138,'sq','es','Albanés'),(3139,'sq','de','Albanisch'),(3140,'sq','fr','Albanais'),(3141,'sq','ar','الألبانية'),(3142,'sq','bs','Albanian'),(3143,'sq','bg','Albanian'),(3144,'sq','ca','Albanian'),(3145,'sq','cs','Albanian'),(3146,'sq','sk','Albánčina'),(3147,'sq','cy','Albanian'),(3148,'sq','da','Albanian'),(3149,'sq','el','Αλβανικα'),(3150,'sq','eo','Albanian'),(3151,'sq','et','Albanian'),(3152,'sq','eu','Albanian'),(3153,'sq','fa','Albanian'),(3154,'sq','fi','albania'),(3155,'sq','ga','Albanian'),(3156,'sq','he','Albanian'),(3157,'sq','hi','Albanian'),(3158,'sq','hr','Albanian'),(3159,'sq','hu','albán'),(3160,'sq','hy','Albanian'),(3161,'sq','id','Albanian'),(3162,'sq','is','Albanian'),(3163,'sq','it','Albanese'),(3164,'sq','ja','アルバニア語'),(3165,'sq','ko','알바니아어'),(3166,'sq','ku','Albanian'),(3167,'sq','la','Albanian'),(3168,'sq','lv','Albanian'),(3169,'sq','lt','Albanian'),(3170,'sq','mk','Albanian'),(3171,'sq','mt','Albanian'),(3172,'sq','mo','Albanian'),(3173,'sq','mn','Albanian'),(3174,'sq','ne','Albanian'),(3175,'sq','nl','Albaans'),(3176,'sq','nb','Albanian'),(3177,'sq','pa','Albanian'),(3178,'sq','pl','albański'),(3179,'sq','pt-pt','Albanês'),(3180,'sq','pt-br','Albanês'),(3181,'sq','qu','Albanian'),(3182,'sq','ro','Albaneză'),(3183,'sq','ru','Албанский'),(3184,'sq','sl','Albanian'),(3185,'sq','so','Albanian'),(3186,'sq','sq','Albanian'),(3187,'sq','sr','Albanian'),(3188,'sq','sv','Albanska'),(3189,'sq','ta','Albanian'),(3190,'sq','th','อัลเบเนีย'),(3191,'sq','tr','Arnavutça'),(3192,'sq','uk','Albanian'),(3193,'sq','ur','Albanian'),(3194,'sq','uz','Albanian'),(3195,'sq','vi','Albanian'),(3196,'sq','yi','Albanian'),(3197,'sq','zh-hans','阿尔巴尼亚语'),(3198,'sq','zu','Albanian'),(3199,'sq','zh-hant','阿爾巴尼亞語'),(3200,'sq','ms','Albanian'),(3201,'sr','en','Serbian'),(3202,'sr','es','Serbio'),(3203,'sr','de','Serbisch'),(3204,'sr','fr','Serbe'),(3205,'sr','ar','الصربية'),(3206,'sr','bs','Serbian'),(3207,'sr','bg','Serbian'),(3208,'sr','ca','Serbian'),(3209,'sr','cs','Serbian'),(3210,'sr','sk','Srbština'),(3211,'sr','cy','Serbian'),(3212,'sr','da','Serbian'),(3213,'sr','el','Σερβικα'),(3214,'sr','eo','Serbian'),(3215,'sr','et','Serbian'),(3216,'sr','eu','Serbian'),(3217,'sr','fa','Serbian'),(3218,'sr','fi','serbia'),(3219,'sr','ga','Serbian'),(3220,'sr','he','Serbian'),(3221,'sr','hi','Serbian'),(3222,'sr','hr','Serbian'),(3223,'sr','hu','szerb'),(3224,'sr','hy','Serbian'),(3225,'sr','id','Serbian'),(3226,'sr','is','Serbian'),(3227,'sr','it','Serbo'),(3228,'sr','ja','セルビア語'),(3229,'sr','ko','세르비아어'),(3230,'sr','ku','Serbian'),(3231,'sr','la','Serbian'),(3232,'sr','lv','Serbian'),(3233,'sr','lt','Serbian'),(3234,'sr','mk','Serbian'),(3235,'sr','mt','Serbian'),(3236,'sr','mo','Serbian'),(3237,'sr','mn','Serbian'),(3238,'sr','ne','Serbian'),(3239,'sr','nl','Servisch'),(3240,'sr','nb','Serbian'),(3241,'sr','pa','Serbian'),(3242,'sr','pl','serbski'),(3243,'sr','pt-pt','Sérvio'),(3244,'sr','pt-br','Sérvio'),(3245,'sr','qu','Serbian'),(3246,'sr','ro','Sârbă'),(3247,'sr','ru','Сербский'),(3248,'sr','sl','Serbian'),(3249,'sr','so','Serbian'),(3250,'sr','sq','Serbian'),(3251,'sr','sr','Serbian'),(3252,'sr','sv','Serbiska'),(3253,'sr','ta','Serbian'),(3254,'sr','th','เซอร์เบีย'),(3255,'sr','tr','Sırpça'),(3256,'sr','uk','Serbian'),(3257,'sr','ur','Serbian'),(3258,'sr','uz','Serbian'),(3259,'sr','vi','Serbian'),(3260,'sr','yi','Serbian'),(3261,'sr','zh-hans','赛尔维亚语'),(3262,'sr','zu','Serbian'),(3263,'sr','zh-hant','賽爾維亞語'),(3264,'sr','ms','Serbian'),(3265,'sv','en','Swedish'),(3266,'sv','es','Sueco'),(3267,'sv','de','Schwedisch'),(3268,'sv','fr','Suédois'),(3269,'sv','ar','السويدية'),(3270,'sv','bs','Swedish'),(3271,'sv','bg','Swedish'),(3272,'sv','ca','Swedish'),(3273,'sv','cs','Swedish'),(3274,'sv','sk','Švédština'),(3275,'sv','cy','Swedish'),(3276,'sv','da','Swedish'),(3277,'sv','el','Σουηδικη'),(3278,'sv','eo','Swedish'),(3279,'sv','et','Swedish'),(3280,'sv','eu','Swedish'),(3281,'sv','fa','Swedish'),(3282,'sv','fi','ruotsi'),(3283,'sv','ga','Swedish'),(3284,'sv','he','שוודית'),(3285,'sv','hi','Swedish'),(3286,'sv','hr','Swedish'),(3287,'sv','hu','svéd'),(3288,'sv','hy','Swedish'),(3289,'sv','id','Swedish'),(3290,'sv','is','Swedish'),(3291,'sv','it','Svedese'),(3292,'sv','ja','スウェーデン語'),(3293,'sv','ko','스웨덴어'),(3294,'sv','ku','Swedish'),(3295,'sv','la','Swedish'),(3296,'sv','lv','Swedish'),(3297,'sv','lt','Swedish'),(3298,'sv','mk','Swedish'),(3299,'sv','mt','Swedish'),(3300,'sv','mo','Swedish'),(3301,'sv','mn','Swedish'),(3302,'sv','ne','Swedish'),(3303,'sv','nl','Zweeds'),(3304,'sv','nb','Swedish'),(3305,'sv','pa','Swedish'),(3306,'sv','pl','szwedzki'),(3307,'sv','pt-pt','Sueco'),(3308,'sv','pt-br','Sueco'),(3309,'sv','qu','Swedish'),(3310,'sv','ro','Suedeză'),(3311,'sv','ru','Шведский'),(3312,'sv','sl','Swedish'),(3313,'sv','so','Swedish'),(3314,'sv','sq','Swedish'),(3315,'sv','sr','Swedish'),(3316,'sv','sv','Svenska'),(3317,'sv','ta','Swedish'),(3318,'sv','th','สวีเดน'),(3319,'sv','tr','İsveççe'),(3320,'sv','uk','Swedish'),(3321,'sv','ur','Swedish'),(3322,'sv','uz','Swedish'),(3323,'sv','vi','Swedish'),(3324,'sv','yi','Swedish'),(3325,'sv','zh-hans','瑞典语'),(3326,'sv','zu','Swedish'),(3327,'sv','zh-hant','瑞典語'),(3328,'sv','ms','Swedish'),(3329,'ta','en','Tamil'),(3330,'ta','es','Tamil'),(3331,'ta','de','Tamil'),(3332,'ta','fr','Tamoul'),(3333,'ta','ar','التاميلية'),(3334,'ta','bs','Tamil'),(3335,'ta','bg','Tamil'),(3336,'ta','ca','Tamil'),(3337,'ta','cs','Tamil'),(3338,'ta','sk','Tamilčina'),(3339,'ta','cy','Tamil'),(3340,'ta','da','Tamil'),(3341,'ta','el','Ταμιλ'),(3342,'ta','eo','Tamil'),(3343,'ta','et','Tamil'),(3344,'ta','eu','Tamil'),(3345,'ta','fa','Tamil'),(3346,'ta','fi','tamili'),(3347,'ta','ga','Tamil'),(3348,'ta','he','Tamil'),(3349,'ta','hi','Tamil'),(3350,'ta','hr','Tamil'),(3351,'ta','hu','tamil'),(3352,'ta','hy','Tamil'),(3353,'ta','id','Tamil'),(3354,'ta','is','Tamil'),(3355,'ta','it','Tamil'),(3356,'ta','ja','タミル語'),(3357,'ta','ko','타밀어'),(3358,'ta','ku','Tamil'),(3359,'ta','la','Tamil'),(3360,'ta','lv','Tamil'),(3361,'ta','lt','Tamil'),(3362,'ta','mk','Tamil'),(3363,'ta','mt','Tamil'),(3364,'ta','mo','Tamil'),(3365,'ta','mn','Tamil'),(3366,'ta','ne','Tamil'),(3367,'ta','nl','Tamil'),(3368,'ta','nb','Tamil'),(3369,'ta','pa','Tamil'),(3370,'ta','pl','tamilski'),(3371,'ta','pt-pt','Tamil'),(3372,'ta','pt-br','Tamil'),(3373,'ta','qu','Tamil'),(3374,'ta','ro','Tamilă'),(3375,'ta','ru','Тамильский'),(3376,'ta','sl','Tamil'),(3377,'ta','so','Tamil'),(3378,'ta','sq','Tamil'),(3379,'ta','sr','Tamil'),(3380,'ta','sv','Tamil'),(3381,'ta','ta','Tamil'),(3382,'ta','th','ทมิฬ'),(3383,'ta','tr','Tamil dili'),(3384,'ta','uk','Tamil'),(3385,'ta','ur','Tamil'),(3386,'ta','uz','Tamil'),(3387,'ta','vi','Tamil'),(3388,'ta','yi','Tamil'),(3389,'ta','zh-hans','泰米尔语'),(3390,'ta','zu','Tamil'),(3391,'ta','zh-hant','泰米爾語'),(3392,'ta','ms','Tamil'),(3393,'th','en','Thai'),(3394,'th','es','Tailandés'),(3395,'th','de','Thai'),(3396,'th','fr','Thaï'),(3397,'th','ar','التايلندية'),(3398,'th','bs','Thai'),(3399,'th','bg','Thai'),(3400,'th','ca','Thai'),(3401,'th','cs','Thai'),(3402,'th','sk','Thajština'),(3403,'th','cy','Thai'),(3404,'th','da','Thai'),(3405,'th','el','Thai'),(3406,'th','eo','Thai'),(3407,'th','et','Thai'),(3408,'th','eu','Thai'),(3409,'th','fa','Thai'),(3410,'th','fi','thai'),(3411,'th','ga','Thai'),(3412,'th','he','Thai'),(3413,'th','hi','Thai'),(3414,'th','hr','Thai'),(3415,'th','hu','tájföldi'),(3416,'th','hy','Thai'),(3417,'th','id','Thai'),(3418,'th','is','Thai'),(3419,'th','it','Thai'),(3420,'th','ja','タイ語'),(3421,'th','ko','태국어'),(3422,'th','ku','Thai'),(3423,'th','la','Thai'),(3424,'th','lv','Thai'),(3425,'th','lt','Thai'),(3426,'th','mk','Thai'),(3427,'th','mt','Thai'),(3428,'th','mo','Thai'),(3429,'th','mn','Thai'),(3430,'th','ne','Thai'),(3431,'th','nl','Thai'),(3432,'th','nb','Thai'),(3433,'th','pa','Thai'),(3434,'th','pl','tajski'),(3435,'th','pt-pt','Tailandês'),(3436,'th','pt-br','Tailandês'),(3437,'th','qu','Thai'),(3438,'th','ro','Tailandeză'),(3439,'th','ru','Тайский'),(3440,'th','sl','Thai'),(3441,'th','so','Thai'),(3442,'th','sq','Thai'),(3443,'th','sr','Thai'),(3444,'th','sv','Thailändska'),(3445,'th','ta','Thai'),(3446,'th','th','ไทย'),(3447,'th','tr','Tayca'),(3448,'th','uk','Thai'),(3449,'th','ur','Thai'),(3450,'th','uz','Thai'),(3451,'th','vi','Thai'),(3452,'th','yi','Thai'),(3453,'th','zh-hans','泰语'),(3454,'th','zu','Thai'),(3455,'th','zh-hant','泰語'),(3456,'th','ms','Thai'),(3457,'tr','en','Turkish'),(3458,'tr','es','Turco'),(3459,'tr','de','Türkisch'),(3460,'tr','fr','Turc'),(3461,'tr','ar','التركية'),(3462,'tr','bs','Turkish'),(3463,'tr','bg','Turkish'),(3464,'tr','ca','Turkish'),(3465,'tr','cs','Turkish'),(3466,'tr','sk','Turečtina'),(3467,'tr','cy','Turkish'),(3468,'tr','da','Turkish'),(3469,'tr','el','Τουρκικα'),(3470,'tr','eo','Turkish'),(3471,'tr','et','Turkish'),(3472,'tr','eu','Turkish'),(3473,'tr','fa','Turkish'),(3474,'tr','fi','turkki'),(3475,'tr','ga','Turkish'),(3476,'tr','he','תורכית'),(3477,'tr','hi','Turkish'),(3478,'tr','hr','Turkish'),(3479,'tr','hu','török'),(3480,'tr','hy','Turkish'),(3481,'tr','id','Turkish'),(3482,'tr','is','Turkish'),(3483,'tr','it','Turco'),(3484,'tr','ja','トルコ語'),(3485,'tr','ko','터어키어'),(3486,'tr','ku','Turkish'),(3487,'tr','la','Turkish'),(3488,'tr','lv','Turkish'),(3489,'tr','lt','Turkish'),(3490,'tr','mk','Turkish'),(3491,'tr','mt','Turkish'),(3492,'tr','mo','Turkish'),(3493,'tr','mn','Turkish'),(3494,'tr','ne','Turkish'),(3495,'tr','nl','Turks'),(3496,'tr','nb','Turkish'),(3497,'tr','pa','Turkish'),(3498,'tr','pl','turecki'),(3499,'tr','pt-pt','Turco'),(3500,'tr','pt-br','Turco'),(3501,'tr','qu','Turkish'),(3502,'tr','ro','Turcă'),(3503,'tr','ru','Турецкий'),(3504,'tr','sl','Turkish'),(3505,'tr','so','Turkish'),(3506,'tr','sq','Turkish'),(3507,'tr','sr','Turkish'),(3508,'tr','sv','Turkiska'),(3509,'tr','ta','Turkish'),(3510,'tr','th','ตุรกี'),(3511,'tr','tr','Türkçe'),(3512,'tr','uk','Turkish'),(3513,'tr','ur','Turkish'),(3514,'tr','uz','Turkish'),(3515,'tr','vi','Turkish'),(3516,'tr','yi','Turkish'),(3517,'tr','zh-hans','土耳其语'),(3518,'tr','zu','Turkish'),(3519,'tr','zh-hant','土耳其語'),(3520,'tr','ms','Turkish'),(3521,'uk','en','Ukrainian'),(3522,'uk','es','Ucraniano'),(3523,'uk','de','Ukrainisch'),(3524,'uk','fr','Ukrainien'),(3525,'uk','ar','الأوكرانية'),(3526,'uk','bs','Ukrainian'),(3527,'uk','bg','Ukrainian'),(3528,'uk','ca','Ukrainian'),(3529,'uk','cs','Ukrainian'),(3530,'uk','sk','Ukrajinčina'),(3531,'uk','cy','Ukrainian'),(3532,'uk','da','Ukrainian'),(3533,'uk','el','Ουκρανικα'),(3534,'uk','eo','Ukrainian'),(3535,'uk','et','Ukrainian'),(3536,'uk','eu','Ukrainian'),(3537,'uk','fa','Ukrainian'),(3538,'uk','fi','ukraina'),(3539,'uk','ga','Ukrainian'),(3540,'uk','he','Ukrainian'),(3541,'uk','hi','Ukrainian'),(3542,'uk','hr','Ukrainian'),(3543,'uk','hu','ukrán'),(3544,'uk','hy','Ukrainian'),(3545,'uk','id','Ukrainian'),(3546,'uk','is','Ukrainian'),(3547,'uk','it','Ucraino'),(3548,'uk','ja','ウクライナ語'),(3549,'uk','ko','우크라이나어'),(3550,'uk','ku','Ukrainian'),(3551,'uk','la','Ukrainian'),(3552,'uk','lv','Ukrainian'),(3553,'uk','lt','Ukrainian'),(3554,'uk','mk','Ukrainian'),(3555,'uk','mt','Ukrainian'),(3556,'uk','mo','Ukrainian'),(3557,'uk','mn','Ukrainian'),(3558,'uk','ne','Ukrainian'),(3559,'uk','nl','Oekraïens'),(3560,'uk','nb','Ukrainian'),(3561,'uk','pa','Ukrainian'),(3562,'uk','pl','ukraiński'),(3563,'uk','pt-pt','Ucraniano'),(3564,'uk','pt-br','Ucraniano'),(3565,'uk','qu','Ukrainian'),(3566,'uk','ro','Ucrainiană'),(3567,'uk','ru','Украинский'),(3568,'uk','sl','Ukrainian'),(3569,'uk','so','Ukrainian'),(3570,'uk','sq','Ukrainian'),(3571,'uk','sr','Ukrainian'),(3572,'uk','sv','Ukrainska'),(3573,'uk','ta','Ukrainian'),(3574,'uk','th','ยูเครน'),(3575,'uk','tr','Ukraynaca'),(3576,'uk','uk','Ukrainian'),(3577,'uk','ur','Ukrainian'),(3578,'uk','uz','Ukrainian'),(3579,'uk','vi','Ukrainian'),(3580,'uk','yi','Ukrainian'),(3581,'uk','zh-hans','乌克兰语'),(3582,'uk','zu','Ukrainian'),(3583,'uk','zh-hant','烏克蘭語'),(3584,'uk','ms','Ukrainian'),(3585,'ur','en','Urdu'),(3586,'ur','es','Urdu'),(3587,'ur','de','Urdu'),(3588,'ur','fr','Ourdu'),(3589,'ur','ar','الأردية'),(3590,'ur','bs','Urdu'),(3591,'ur','bg','Urdu'),(3592,'ur','ca','Urdu'),(3593,'ur','cs','Urdu'),(3594,'ur','sk','Urdština'),(3595,'ur','cy','Urdu'),(3596,'ur','da','Urdu'),(3597,'ur','el','Ουρντου'),(3598,'ur','eo','Urdu'),(3599,'ur','et','Urdu'),(3600,'ur','eu','Urdu'),(3601,'ur','fa','Urdu'),(3602,'ur','fi','urdu'),(3603,'ur','ga','Urdu'),(3604,'ur','he','Urdu'),(3605,'ur','hi','Urdu'),(3606,'ur','hr','Urdu'),(3607,'ur','hu','urdu'),(3608,'ur','hy','Urdu'),(3609,'ur','id','Urdu'),(3610,'ur','is','Urdu'),(3611,'ur','it','Urdu'),(3612,'ur','ja','ウルドゥー語'),(3613,'ur','ko','우르두어'),(3614,'ur','ku','Urdu'),(3615,'ur','la','Urdu'),(3616,'ur','lv','Urdu'),(3617,'ur','lt','Urdu'),(3618,'ur','mk','Urdu'),(3619,'ur','mt','Urdu'),(3620,'ur','mo','Urdu'),(3621,'ur','mn','Urdu'),(3622,'ur','ne','Urdu'),(3623,'ur','nl','Urdu'),(3624,'ur','nb','Urdu'),(3625,'ur','pa','Urdu'),(3626,'ur','pl','urdu'),(3627,'ur','pt-pt','Urdu'),(3628,'ur','pt-br','Urdu'),(3629,'ur','qu','Urdu'),(3630,'ur','ro','Urdu'),(3631,'ur','ru','Урду'),(3632,'ur','sl','Urdu'),(3633,'ur','so','Urdu'),(3634,'ur','sq','Urdu'),(3635,'ur','sr','Urdu'),(3636,'ur','sv','Urdu'),(3637,'ur','ta','Urdu'),(3638,'ur','th','อุรดู'),(3639,'ur','tr','Urduca'),(3640,'ur','uk','Urdu'),(3641,'ur','ur','Urdu'),(3642,'ur','uz','Urdu'),(3643,'ur','vi','Urdu'),(3644,'ur','yi','Urdu'),(3645,'ur','zh-hans','乌尔都语'),(3646,'ur','zu','Urdu'),(3647,'ur','zh-hant','烏爾都語'),(3648,'ur','ms','Urdu'),(3649,'uz','en','Uzbek'),(3650,'uz','es','Uzbeko'),(3651,'uz','de','Usbekisch'),(3652,'uz','fr','Ouzbek'),(3653,'uz','ar','الاوزباكية'),(3654,'uz','bs','Uzbek'),(3655,'uz','bg','Uzbek'),(3656,'uz','ca','Uzbek'),(3657,'uz','cs','Uzbek'),(3658,'uz','sk','Uzbekčina'),(3659,'uz','cy','Uzbek'),(3660,'uz','da','Uzbek'),(3661,'uz','el','Ουζμπεκικα'),(3662,'uz','eo','Uzbek'),(3663,'uz','et','Uzbek'),(3664,'uz','eu','Uzbek'),(3665,'uz','fa','Uzbek'),(3666,'uz','fi','uzbekki'),(3667,'uz','ga','Uzbek'),(3668,'uz','he','Uzbek'),(3669,'uz','hi','Uzbek'),(3670,'uz','hr','Uzbek'),(3671,'uz','hu','üzbég'),(3672,'uz','hy','Uzbek'),(3673,'uz','id','Uzbek'),(3674,'uz','is','Uzbek'),(3675,'uz','it','Uzbeco'),(3676,'uz','ja','ウズベク語'),(3677,'uz','ko','우즈베크어'),(3678,'uz','ku','Uzbek'),(3679,'uz','la','Uzbek'),(3680,'uz','lv','Uzbek'),(3681,'uz','lt','Uzbek'),(3682,'uz','mk','Uzbek'),(3683,'uz','mt','Uzbek'),(3684,'uz','mo','Uzbek'),(3685,'uz','mn','Uzbek'),(3686,'uz','ne','Uzbek'),(3687,'uz','nl','Oezbeeks'),(3688,'uz','nb','Uzbek'),(3689,'uz','pa','Uzbek'),(3690,'uz','pl','uzbecki'),(3691,'uz','pt-pt','Uzbeque'),(3692,'uz','pt-br','Uzbeque'),(3693,'uz','qu','Uzbek'),(3694,'uz','ro','Uzbecă'),(3695,'uz','ru','Узбекский'),(3696,'uz','sl','Uzbek'),(3697,'uz','so','Uzbek'),(3698,'uz','sq','Uzbek'),(3699,'uz','sr','Uzbek'),(3700,'uz','sv','Uzbekiska'),(3701,'uz','ta','Uzbek'),(3702,'uz','th','อุซเบก'),(3703,'uz','tr','Özbekçe'),(3704,'uz','uk','Uzbek'),(3705,'uz','ur','Uzbek'),(3706,'uz','uz','Uzbek'),(3707,'uz','vi','Uzbek'),(3708,'uz','yi','Uzbek'),(3709,'uz','zh-hans','乌兹别克语'),(3710,'uz','zu','Uzbek'),(3711,'uz','zh-hant','烏茲別克語'),(3712,'uz','ms','Uzbek'),(3713,'vi','en','Vietnamese'),(3714,'vi','es','Vietnamita'),(3715,'vi','de','Vietnamesisch'),(3716,'vi','fr','Vietnamien'),(3717,'vi','ar','الفيتنامية'),(3718,'vi','bs','Vietnamese'),(3719,'vi','bg','Vietnamese'),(3720,'vi','ca','Vietnamese'),(3721,'vi','cs','Vietnamese'),(3722,'vi','sk','Vietnamčina'),(3723,'vi','cy','Vietnamese'),(3724,'vi','da','Vietnamese'),(3725,'vi','el','Βιετναμεζικα'),(3726,'vi','eo','Vietnamese'),(3727,'vi','et','Vietnamese'),(3728,'vi','eu','Vietnamese'),(3729,'vi','fa','Vietnamese'),(3730,'vi','fi','vietnam'),(3731,'vi','ga','Vietnamese'),(3732,'vi','he','Vietnamese'),(3733,'vi','hi','Vietnamese'),(3734,'vi','hr','Vietnamese'),(3735,'vi','hu','vietnámi'),(3736,'vi','hy','Vietnamese'),(3737,'vi','id','Vietnamese'),(3738,'vi','is','Vietnamese'),(3739,'vi','it','Vietnamita'),(3740,'vi','ja','ベトナム語'),(3741,'vi','ko','베트남어'),(3742,'vi','ku','Vietnamese'),(3743,'vi','la','Vietnamese'),(3744,'vi','lv','Vietnamese'),(3745,'vi','lt','Vietnamese'),(3746,'vi','mk','Vietnamese'),(3747,'vi','mt','Vietnamese'),(3748,'vi','mo','Vietnamese'),(3749,'vi','mn','Vietnamese'),(3750,'vi','ne','Vietnamese'),(3751,'vi','nl','Vietnamees'),(3752,'vi','nb','Vietnamese'),(3753,'vi','pa','Vietnamese'),(3754,'vi','pl','wietnamski'),(3755,'vi','pt-pt','Vietnamita'),(3756,'vi','pt-br','Vietnamita'),(3757,'vi','qu','Vietnamese'),(3758,'vi','ro','Vietnameză'),(3759,'vi','ru','Вьетнамский'),(3760,'vi','sl','Vietnamese'),(3761,'vi','so','Vietnamese'),(3762,'vi','sq','Vietnamese'),(3763,'vi','sr','Vietnamese'),(3764,'vi','sv','Vietnamesiska'),(3765,'vi','ta','Vietnamese'),(3766,'vi','th','เวียดนาม'),(3767,'vi','tr','Vietnamca'),(3768,'vi','uk','Vietnamese'),(3769,'vi','ur','Vietnamese'),(3770,'vi','uz','Vietnamese'),(3771,'vi','vi','Vietnamese'),(3772,'vi','yi','Vietnamese'),(3773,'vi','zh-hans','越南语'),(3774,'vi','zu','Vietnamese'),(3775,'vi','zh-hant','越南語'),(3776,'vi','ms','Vietnamese'),(3777,'yi','en','Yiddish'),(3778,'yi','es','Yidis'),(3779,'yi','de','Jiddisch'),(3780,'yi','fr','Yiddish'),(3781,'yi','ar','اليديشية'),(3782,'yi','bs','Yiddish'),(3783,'yi','bg','Yiddish'),(3784,'yi','ca','Yiddish'),(3785,'yi','cs','Yiddish'),(3786,'yi','sk','Jidiš'),(3787,'yi','cy','Yiddish'),(3788,'yi','da','Yiddish'),(3789,'yi','el','Γιντις'),(3790,'yi','eo','Yiddish'),(3791,'yi','et','Yiddish'),(3792,'yi','eu','Yiddish'),(3793,'yi','fa','Yiddish'),(3794,'yi','fi','jiddi'),(3795,'yi','ga','Yiddish'),(3796,'yi','he','יידיש'),(3797,'yi','hi','Yiddish'),(3798,'yi','hr','Yiddish'),(3799,'yi','hu','jiddis'),(3800,'yi','hy','Yiddish'),(3801,'yi','id','Yiddish'),(3802,'yi','is','Yiddish'),(3803,'yi','it','Yiddish'),(3804,'yi','ja','イディッシュ語'),(3805,'yi','ko','이디시어'),(3806,'yi','ku','Yiddish'),(3807,'yi','la','Yiddish'),(3808,'yi','lv','Yiddish'),(3809,'yi','lt','Yiddish'),(3810,'yi','mk','Yiddish'),(3811,'yi','mt','Yiddish'),(3812,'yi','mo','Yiddish'),(3813,'yi','mn','Yiddish'),(3814,'yi','ne','Yiddish'),(3815,'yi','nl','Jiddisch'),(3816,'yi','nb','Yiddish'),(3817,'yi','pa','Yiddish'),(3818,'yi','pl','jidysz'),(3819,'yi','pt-pt','Yiddish'),(3820,'yi','pt-br','Yiddish'),(3821,'yi','qu','Yiddish'),(3822,'yi','ro','Idiş'),(3823,'yi','ru','Идиш'),(3824,'yi','sl','Yiddish'),(3825,'yi','so','Yiddish'),(3826,'yi','sq','Yiddish'),(3827,'yi','sr','Yiddish'),(3828,'yi','sv','Jiddisch'),(3829,'yi','ta','Yiddish'),(3830,'yi','th','ยิชดิช'),(3831,'yi','tr','Eski İbranice'),(3832,'yi','uk','Yiddish'),(3833,'yi','ur','Yiddish'),(3834,'yi','uz','Yiddish'),(3835,'yi','vi','Yiddish'),(3836,'yi','yi','Yiddish'),(3837,'yi','zh-hans','依地语'),(3838,'yi','zu','Yiddish'),(3839,'yi','zh-hant','依地語'),(3840,'yi','ms','Yiddish'),(3841,'zh-hans','en','Chinese (Simplified)'),(3842,'zh-hans','es','Chino simplificado'),(3843,'zh-hans','de','Vereinfachtes Chinesisch'),(3844,'zh-hans','fr','Chinois simplifié'),(3845,'zh-hans','ar','الصينية المبسطة'),(3846,'zh-hans','bs','Chinese (Simplified)'),(3847,'zh-hans','bg','Chinese (Simplified)'),(3848,'zh-hans','ca','Chinese (Simplified)'),(3849,'zh-hans','cs','Chinese (Simplified)'),(3850,'zh-hans','sk','Zjednodušená Čínština'),(3851,'zh-hans','cy','Chinese (Simplified)'),(3852,'zh-hans','da','Chinese (Simplified)'),(3853,'zh-hans','el','Κινεζικα'),(3854,'zh-hans','eo','Chinese (Simplified)'),(3855,'zh-hans','et','Chinese (Simplified)'),(3856,'zh-hans','eu','Chinese (Simplified)'),(3857,'zh-hans','fa','Chinese (Simplified)'),(3858,'zh-hans','fi','kiina'),(3859,'zh-hans','ga','Chinese (Simplified)'),(3860,'zh-hans','he','סינית'),(3861,'zh-hans','hi','Chinese (Simplified)'),(3862,'zh-hans','hr','Chinese (Simplified)'),(3863,'zh-hans','hu','egyszerűsített kínai'),(3864,'zh-hans','hy','Chinese (Simplified)'),(3865,'zh-hans','id','Chinese (Simplified)'),(3866,'zh-hans','is','Chinese (Simplified)'),(3867,'zh-hans','it','Cinese semplificato'),(3868,'zh-hans','ja','簡体中国語'),(3869,'zh-hans','ko','중국어 간체'),(3870,'zh-hans','ku','Chinese (Simplified)'),(3871,'zh-hans','la','Chinese (Simplified)'),(3872,'zh-hans','lv','Chinese (Simplified)'),(3873,'zh-hans','lt','Chinese (Simplified)'),(3874,'zh-hans','mk','Chinese (Simplified)'),(3875,'zh-hans','mt','Chinese (Simplified)'),(3876,'zh-hans','mo','Chinese (Simplified)'),(3877,'zh-hans','mn','Chinese (Simplified)'),(3878,'zh-hans','ne','Chinese (Simplified)'),(3879,'zh-hans','nl','Vereenvoudigd Chinees'),(3880,'zh-hans','nb','Chinese (Simplified)'),(3881,'zh-hans','pa','Chinese (Simplified)'),(3882,'zh-hans','pl','chiński uproszczony'),(3883,'zh-hans','pt-pt','Chinês'),(3884,'zh-hans','pt-br','Chinês'),(3885,'zh-hans','qu','Chinese (Simplified)'),(3886,'zh-hans','ro','Chineza simplificată'),(3887,'zh-hans','ru','Упрощенный китайский'),(3888,'zh-hans','sl','Chinese (Simplified)'),(3889,'zh-hans','so','Chinese (Simplified)'),(3890,'zh-hans','sq','Chinese (Simplified)'),(3891,'zh-hans','sr','Chinese (Simplified)'),(3892,'zh-hans','sv','Förenklad kinesiska'),(3893,'zh-hans','ta','Chinese (Simplified)'),(3894,'zh-hans','th','จีนประยุกต์'),(3895,'zh-hans','tr','Modern Çince'),(3896,'zh-hans','uk','Chinese (Simplified)'),(3897,'zh-hans','ur','Chinese (Simplified)'),(3898,'zh-hans','uz','Chinese (Simplified)'),(3899,'zh-hans','vi','Chinese (Simplified)'),(3900,'zh-hans','yi','Chinese (Simplified)'),(3901,'zh-hans','zh-hans','简体中文'),(3902,'zh-hans','zu','Chinese (Simplified)'),(3903,'zh-hans','zh-hant','簡體中文'),(3904,'zh-hans','ms','Chinese (Simplified)'),(3905,'zu','en','Zulu'),(3906,'zu','es','Zulú'),(3907,'zu','de','Zulu'),(3908,'zu','fr','Zoulou'),(3909,'zu','ar','الزولو'),(3910,'zu','bs','Zulu'),(3911,'zu','bg','Zulu'),(3912,'zu','ca','Zulu'),(3913,'zu','cs','Zulu'),(3914,'zu','sk','Jazyk Zulu'),(3915,'zu','cy','Zulu'),(3916,'zu','da','Zulu'),(3917,'zu','el','Ζουλου'),(3918,'zu','eo','Zulu'),(3919,'zu','et','Zulu'),(3920,'zu','eu','Zulu'),(3921,'zu','fa','Zulu'),(3922,'zu','fi','zulu'),(3923,'zu','ga','Zulu'),(3924,'zu','he','Zulu'),(3925,'zu','hi','Zulu'),(3926,'zu','hr','Zulu'),(3927,'zu','hu','zulu'),(3928,'zu','hy','Zulu'),(3929,'zu','id','Zulu'),(3930,'zu','is','Zulu'),(3931,'zu','it','Zulu'),(3932,'zu','ja','ズールー語'),(3933,'zu','ko','줄루어'),(3934,'zu','ku','Zulu'),(3935,'zu','la','Zulu'),(3936,'zu','lv','Zulu'),(3937,'zu','lt','Zulu'),(3938,'zu','mk','Zulu'),(3939,'zu','mt','Zulu'),(3940,'zu','mo','Zulu'),(3941,'zu','mn','Zulu'),(3942,'zu','ne','Zulu'),(3943,'zu','nl','Zulu'),(3944,'zu','nb','Zulu'),(3945,'zu','pa','Zulu'),(3946,'zu','pl','zuluski'),(3947,'zu','pt-pt','Zulu'),(3948,'zu','pt-br','Zulu'),(3949,'zu','qu','Zulu'),(3950,'zu','ro','Zulu'),(3951,'zu','ru','Зулу'),(3952,'zu','sl','Zulu'),(3953,'zu','so','Zulu'),(3954,'zu','sq','Zulu'),(3955,'zu','sr','Zulu'),(3956,'zu','sv','Zulu'),(3957,'zu','ta','Zulu'),(3958,'zu','th','ซูลู'),(3959,'zu','tr','Zulu dili'),(3960,'zu','uk','Zulu'),(3961,'zu','ur','Zulu'),(3962,'zu','uz','Zulu'),(3963,'zu','vi','Zulu'),(3964,'zu','yi','Zulu'),(3965,'zu','zh-hans','祖鲁语'),(3966,'zu','zu','Zulu'),(3967,'zu','zh-hant','祖魯語'),(3968,'zu','ms','Zulu'),(3969,'zh-hant','en','Chinese (Traditional)'),(3970,'zh-hant','es','Chino tradicional'),(3971,'zh-hant','de','Traditionelles Chinesisch'),(3972,'zh-hant','fr','Chinois traditionnel'),(3973,'zh-hant','ar','الصينية التقليدية'),(3974,'zh-hant','bs','Chinese (Traditional)'),(3975,'zh-hant','bg','Chinese (Traditional)'),(3976,'zh-hant','ca','Chinese (Traditional)'),(3977,'zh-hant','cs','Chinese (Traditional)'),(3978,'zh-hant','sk','Tradičná Čínština'),(3979,'zh-hant','cy','Chinese (Traditional)'),(3980,'zh-hant','da','Chinese (Traditional)'),(3981,'zh-hant','el','Κινεζικα'),(3982,'zh-hant','eo','Chinese (Traditional)'),(3983,'zh-hant','et','Chinese (Traditional)'),(3984,'zh-hant','eu','Chinese (Traditional)'),(3985,'zh-hant','fa','Chinese (Traditional)'),(3986,'zh-hant','fi','perinteinen kiina'),(3987,'zh-hant','ga','Chinese (Traditional)'),(3988,'zh-hant','he','סינית מסורתית'),(3989,'zh-hant','hi','Chinese (Traditional)'),(3990,'zh-hant','hr','Chinese (Traditional)'),(3991,'zh-hant','hu','hagyományos kínai'),(3992,'zh-hant','hy','Chinese (Traditional)'),(3993,'zh-hant','id','Chinese (Traditional)'),(3994,'zh-hant','is','Chinese (Traditional)'),(3995,'zh-hant','it','Cinese tradizionale'),(3996,'zh-hant','ja','繁体中国語'),(3997,'zh-hant','ko','중국어 번체'),(3998,'zh-hant','ku','Chinese (Traditional)'),(3999,'zh-hant','la','Chinese (Traditional)'),(4000,'zh-hant','lv','Chinese (Traditional)'),(4001,'zh-hant','lt','Chinese (Traditional)'),(4002,'zh-hant','mk','Chinese (Traditional)'),(4003,'zh-hant','mt','Chinese (Traditional)'),(4004,'zh-hant','mo','Chinese (Traditional)'),(4005,'zh-hant','mn','Chinese (Traditional)'),(4006,'zh-hant','ne','Chinese (Traditional)'),(4007,'zh-hant','nl','Traditioneel Chinees'),(4008,'zh-hant','nb','Chinese (Traditional)'),(4009,'zh-hant','pa','Chinese (Traditional)'),(4010,'zh-hant','pl','chiński tradycyjny'),(4011,'zh-hant','pt-pt','Chinês'),(4012,'zh-hant','pt-br','Chinês'),(4013,'zh-hant','qu','Chinese (Traditional)'),(4014,'zh-hant','ro','Chineza tradiţională'),(4015,'zh-hant','ru','Традиционный китайский'),(4016,'zh-hant','sl','Chinese (Traditional)'),(4017,'zh-hant','so','Chinese (Traditional)'),(4018,'zh-hant','sq','Chinese (Traditional)'),(4019,'zh-hant','sr','Chinese (Traditional)'),(4020,'zh-hant','sv','Traditionell kinesiska'),(4021,'zh-hant','ta','Chinese (Traditional)'),(4022,'zh-hant','th','จีนดั้งเดิม'),(4023,'zh-hant','tr','Klasik Çince'),(4024,'zh-hant','uk','Chinese (Traditional)'),(4025,'zh-hant','ur','Chinese (Traditional)'),(4026,'zh-hant','uz','Chinese (Traditional)'),(4027,'zh-hant','vi','Chinese (Traditional)'),(4028,'zh-hant','yi','Chinese (Traditional)'),(4029,'zh-hant','zh-hans','繁体中文'),(4030,'zh-hant','zu','Chinese (Traditional)'),(4031,'zh-hant','zh-hant','繁體中文'),(4032,'zh-hant','ms','Chinese (Traditional)'),(4033,'ms','en','Malay'),(4034,'ms','es','Malayo'),(4035,'ms','de','Malay'),(4036,'ms','fr','Malay'),(4037,'ms','ar','Malay'),(4038,'ms','bs','Malay'),(4039,'ms','bg','Malay'),(4040,'ms','ca','Malay'),(4041,'ms','cs','Malay'),(4042,'ms','sk','Malay'),(4043,'ms','cy','Malay'),(4044,'ms','da','Malay'),(4045,'ms','el','Malay'),(4046,'ms','eo','Malay'),(4047,'ms','et','Malay'),(4048,'ms','eu','Malay'),(4049,'ms','fa','Malay'),(4050,'ms','fi','Malay'),(4051,'ms','ga','Malay'),(4052,'ms','he','Malay'),(4053,'ms','hi','Malay'),(4054,'ms','hr','Malay'),(4055,'ms','hu','Malay'),(4056,'ms','hy','Malay'),(4057,'ms','id','Malay'),(4058,'ms','is','Malay'),(4059,'ms','it','Malay'),(4060,'ms','ja','Malay'),(4061,'ms','ko','Malay'),(4062,'ms','ku','Malay'),(4063,'ms','la','Malay'),(4064,'ms','lv','Malay'),(4065,'ms','lt','Malay'),(4066,'ms','mk','Malay'),(4067,'ms','mt','Malay'),(4068,'ms','mo','Malay'),(4069,'ms','mn','Malay'),(4070,'ms','ne','Malay'),(4071,'ms','nl','Malay'),(4072,'ms','nb','Malay'),(4073,'ms','pa','Malay'),(4074,'ms','pl','Malay'),(4075,'ms','pt-pt','Malaio'),(4076,'ms','pt-br','Malaio'),(4077,'ms','qu','Malay'),(4078,'ms','ro','Malay'),(4079,'ms','ru','Malay'),(4080,'ms','sl','Malay'),(4081,'ms','so','Malay'),(4082,'ms','sq','Malay'),(4083,'ms','sr','Malay'),(4084,'ms','sv','Malay'),(4085,'ms','ta','Malay'),(4086,'ms','th','Malay'),(4087,'ms','tr','Malay'),(4088,'ms','uk','Malay'),(4089,'ms','ur','Malay'),(4090,'ms','uz','Malay'),(4091,'ms','vi','Malay'),(4092,'ms','yi','Malay'),(4093,'ms','zh-hans','Malay'),(4094,'ms','zu','Malay'),(4095,'ms','zh-hant','Malay'),(4096,'ms','ms','Melayu');

--
